File: /var/www/vhosts/aceitunaslosada.com/logs/proxy_access_log
204.12.208.18 - - [26/Sep/2025:06:35:51 +0000] "GET /wp-content/plb692e7/index.php HTTP/1.1" 301 162 "http://aceitunaslosada.com/wp-content/plb692e7/index.php" "Mozilla/5.0 (Windows NT 5.1; rv:6.0) Gecko/20100101 Firefox/6.0"
204.12.208.18 - - [26/Sep/2025:06:48:43 +0000] "GET /wp-content/plb692e7/index.php HTTP/1.1" 301 162 "http://aceitunaslosada.com/wp-content/plb692e7/index.php" "Mozilla/4.0 (compatible; GoogleToolbar 5.0.2124.2070; Windows 6.0; MSIE 8.0.6001.18241)"
204.12.208.18 - - [26/Sep/2025:07:02:00 +0000] "GET /wp-content/plb692e7/index.php HTTP/1.1" 301 162 "http://aceitunaslosada.com/wp-content/plb692e7/index.php" "Mozilla/5.0 (Macintosh; Intel Mac OS X 10_6_8) AppleWebKit/534.30 (KHTML, like Gecko) Chrome/12.0.742.112 Safari/534.30"
204.12.208.18 - - [26/Sep/2025:07:02:20 +0000] "GET /wp-content/plb692e7/index.php HTTP/1.1" 301 162 "http://aceitunaslosada.com/wp-content/plb692e7/index.php" "Mozilla/5.0 (Macintosh; U; PPC Mac OS X; ja-jp) AppleWebKit/523.12.2 (KHTML, like Gecko) Version/3.0.4 Safari/523.12.2"
216.244.66.231 - - [26/Sep/2025:07:02:21 +0000] "GET /robots.txt HTTP/1.1" 301 162 "-" "Mozilla/5.0 (compatible; DotBot/1.2; +https://opensiteexplorer.org/dotbot; help@moz.com)"
204.12.208.18 - - [26/Sep/2025:07:15:54 +0000] "GET /wp-content/plb692e7/index.php HTTP/1.1" 301 162 "http://aceitunaslosada.com/wp-content/plb692e7/index.php" "Mozilla/5.0 (Macintosh; U; Intel Mac OS X 10_5_6; ja-jp) AppleWebKit/525.27.1 (KHTML, like Gecko) Version/3.2.1 Safari/525.27.1"
35.89.185.7 - - [26/Sep/2025:07:27:07 +0000] "HEAD / HTTP/1.1" 301 0 "-" "Opera/9.80 (Windows NT 6.1; U; ja) Presto/2.5.22 Version/10.50"
103.131.71.134 - - [26/Sep/2025:07:27:57 +0000] "GET /robots.txt HTTP/1.1" 301 162 "-" "Mozilla/5.0 (compatible; coccocbot-web/1.0; +http://help.coccoc.com/searchengine)"
204.12.208.18 - - [26/Sep/2025:07:29:14 +0000] "GET /wp-content/plb692e7/index.php HTTP/1.1" 301 162 "http://aceitunaslosada.com/wp-content/plb692e7/index.php" "Opera/9.80 (Windows NT 6.1; U; ja) Presto/2.9.168 Version/11.50"
173.208.148.34 - - [26/Sep/2025:07:41:41 +0000] "GET /index.php?params=1 HTTP/1.1" 301 162 "-" "Mozilla/5.0 (Windows NT 10.0; Win64; x64) AppleWebKit/537.36 (KHTML, like Gecko) Chrome/91.0.4472.106 Safari/537.36"
204.12.208.18 - - [26/Sep/2025:07:42:26 +0000] "GET /wp-content/plb692e7/index.php HTTP/1.1" 301 162 "http://aceitunaslosada.com/wp-content/plb692e7/index.php" "Mozilla/5.0 (Windows NT 6.1) AppleWebKit/535.1 (KHTML, like Gecko) Chrome/13.0.782.107 Safari/535.1"
63.141.250.58 - - [26/Sep/2025:07:54:16 +0000] "GET /index.php?params=1 HTTP/1.1" 301 162 "-" "Mozilla/5.0 (Windows NT 10.0; Win64; x64) AppleWebKit/537.36 (KHTML, like Gecko) Chrome/91.0.4472.106 Safari/537.36"
204.12.208.18 - - [26/Sep/2025:07:55:40 +0000] "GET /wp-content/plb692e7/index.php HTTP/1.1" 301 162 "http://aceitunaslosada.com/wp-content/plb692e7/index.php" "Mozilla/5.0 (Macintosh; U; Intel Mac OS X 10_5_5; ja-jp) AppleWebKit/525.26.2 (KHTML, like Gecko) Version/3.2 Safari/525.26.12"
204.12.208.18 - - [26/Sep/2025:07:56:00 +0000] "GET /wp-content/plb692e7/index.php HTTP/1.1" 301 162 "http://aceitunaslosada.com/wp-content/plb692e7/index.php" "Mozilla/4.0 (compatible; MSIE 7.0; Windows NT 6.0; SLCC1; .NET CLR 2.0.50727; Media Center PC 5.0; .NET CLR 3.0.04506; InfoPath.1)"
216.244.66.231 - - [26/Sep/2025:07:57:40 +0000] "GET /robots.txt HTTP/1.1" 301 162 "-" "Mozilla/5.0 (compatible; DotBot/1.2; +https://opensiteexplorer.org/dotbot; help@moz.com)"
103.168.207.43 - - [26/Sep/2025:08:01:15 +0000] "GET /wp-json/wp/v2/posts HTTP/1.1" 301 162 "-" "Mozilla/5.0 (Windows NT 10.0; Win64; x64) AppleWebKit/537.36 (KHTML, like Gecko) Chrome/120.0.0.0 Safari/537.36"
204.12.208.18 - - [26/Sep/2025:08:09:30 +0000] "GET /wp-content/plb692e7/index.php HTTP/1.1" 301 162 "http://aceitunaslosada.com/wp-content/plb692e7/index.php" "Mozilla/5.0 (Windows NT 6.0; rv:7.0.1) Gecko/20100101 Firefox/7.0.1"
204.12.208.18 - - [26/Sep/2025:08:09:50 +0000] "GET /wp-content/plb692e7/index.php HTTP/1.1" 301 162 "http://aceitunaslosada.com/wp-content/plb692e7/index.php" "Mozilla/5.0 (Macintosh; U; Intel Mac OS X 10_6_3; ja-jp) AppleWebKit/531.21.11 (KHTML, like Gecko) Version/4.0.4 Safari/531.21.10"
204.12.208.18 - - [26/Sep/2025:08:22:46 +0000] "GET /wp-content/plb692e7/index.php HTTP/1.1" 301 162 "http://aceitunaslosada.com/wp-content/plb692e7/index.php" "Mozilla/5.0 (Macintosh; Intel Mac OS X 10_6_8) AppleWebKit/534.30 (KHTML, like Gecko) Chrome/12.0.742.112 Safari/534.30"
204.12.208.18 - - [26/Sep/2025:08:23:06 +0000] "GET /wp-content/plb692e7/index.php HTTP/1.1" 301 162 "http://aceitunaslosada.com/wp-content/plb692e7/index.php" "Mozilla/5.0 (Macintosh; Intel Mac OS X 10.6; rv:6.0.2) Gecko/20100101 Firefox/6.0.2"
204.12.208.18 - - [26/Sep/2025:08:36:06 +0000] "GET /wp-content/plb692e7/index.php HTTP/1.1" 301 162 "http://aceitunaslosada.com/wp-content/plb692e7/index.php" "Mozilla/5.0 (Windows NT 5.1) AppleWebKit/535.2 (KHTML, like Gecko) Chrome/15.0.874.120 Safari/535.2"
202.137.122.231 - - [26/Sep/2025:08:40:22 +0000] "GET /wp-json/wp/v2/posts HTTP/1.1" 301 162 "-" "Mozilla/5.0 (Windows NT 10.0; Win64; x64) AppleWebKit/537.36 (KHTML, like Gecko) Chrome/120.0.0.0 Safari/537.36"
204.12.208.18 - - [26/Sep/2025:08:48:41 +0000] "GET /wp-content/plb692e7/index.php HTTP/1.1" 301 162 "http://aceitunaslosada.com/wp-content/plb692e7/index.php" "Mozilla/5.0 (Macintosh; U; PPC Mac OS X 10_4_11; ja-jp) AppleWebKit/525.18 (KHTML, like Gecko) Version/3.1.2 Safari/525.22"
204.12.208.18 - - [26/Sep/2025:09:01:36 +0000] "GET /wp-content/plb692e7/index.php HTTP/1.1" 301 162 "http://aceitunaslosada.com/wp-content/plb692e7/index.php" "Mozilla/5.0 (Macintosh; U; PPC Mac OS X 10_4_11; ja-jp) AppleWebKit/525.18 (KHTML, like Gecko) Version/3.1.2 Safari/525.22"
204.12.208.18 - - [26/Sep/2025:09:01:56 +0000] "GET /wp-content/plb692e7/index.php HTTP/1.1" 301 162 "http://aceitunaslosada.com/wp-content/plb692e7/index.php" "Mozilla/5.0 (compatible; MSIE 9.0; Windows NT 6.1; WOW64; Trident/5.0)"
198.181.163.253 - - [26/Sep/2025:09:11:56 +0000] "GET / HTTP/1.0" 301 162 "http://aceitunaslosada.com/" "Mozilla/5.0 (Windows NT 10.0; Win64; x64) AppleWebKit/537.36 (KHTML, like Gecko) Chrome/131.0.0.0 Safari/537.36"
204.12.208.18 - - [26/Sep/2025:09:15:19 +0000] "GET /wp-content/plb692e7/index.php HTTP/1.1" 301 162 "http://aceitunaslosada.com/wp-content/plb692e7/index.php" "Mozilla/5.0 (Macintosh; Intel Mac OS X 10_6_8) AppleWebKit/535.1 (KHTML, like Gecko) Chrome/13.0.782.112 Safari/535.1"
204.12.208.18 - - [26/Sep/2025:09:28:14 +0000] "GET /wp-content/plb692e7/index.php HTTP/1.1" 301 162 "http://aceitunaslosada.com/wp-content/plb692e7/index.php" "Mozilla/5.0 (Macintosh; U; Intel Mac OS X; ja-jp) AppleWebKit/523.10.3 (KHTML, like Gecko) Version/3.0.4 Safari/523.10"
179.43.132.160 - - [26/Sep/2025:09:29:13 +0000] "GET / HTTP/1.1" 301 162 "-" "Mozilla/5.0 (Windows NT 10.0; Win64; x64; rv:61.0) Gecko/20100101 Firefox/61.0"
185.177.72.22 - - [26/Sep/2025:09:29:21 +0000] "GET / HTTP/1.1" 301 162 "-" "python-httpx/0.28.1"
90.166.53.86 - - [26/Sep/2025:09:30:51 +0000] "GET /firma-losada/twitter.png HTTP/1.1" 301 162 "-" "Mozilla/4.0 (compatible; ms-office; MSOffice 16)"
90.166.53.86 - - [26/Sep/2025:09:30:51 +0000] "GET /firma-losada/google_plus.png HTTP/1.1" 301 162 "-" "Mozilla/4.0 (compatible; ms-office; MSOffice 16)"
90.166.53.86 - - [26/Sep/2025:09:30:51 +0000] "GET /firma-losada/facebook.png HTTP/1.1" 301 162 "-" "Mozilla/4.0 (compatible; ms-office; MSOffice 16)"
90.166.53.86 - - [26/Sep/2025:09:30:51 +0000] "GET /firma-losada/youtube.png HTTP/1.1" 301 162 "-" "Mozilla/4.0 (compatible; ms-office; MSOffice 16)"
90.166.53.86 - - [26/Sep/2025:09:30:51 +0000] "GET /firma-losada/logo-losada-2.jpg HTTP/1.1" 301 162 "-" "Mozilla/4.0 (compatible; ms-office; MSOffice 16)"
90.166.53.86 - - [26/Sep/2025:09:30:51 +0000] "GET /firma-losada/pinterest.png HTTP/1.1" 301 162 "-" "Mozilla/4.0 (compatible; ms-office; MSOffice 16)"
205.185.193.123 - - [26/Sep/2025:09:31:40 +0000] "GET / HTTP/1.0" 301 162 "http://aceitunaslosada.com/" "Mozilla/5.0 (Windows NT 10.0; Win64; x64) AppleWebKit/537.36 (KHTML, like Gecko) Chrome/129.0.0.0 Safari/537.36"
90.166.53.86 - - [26/Sep/2025:09:31:52 +0000] "GET /firma-losada/youtube.png HTTP/1.1" 301 162 "-" "Mozilla/4.0 (compatible; ms-office; MSOffice 16)"
90.166.53.86 - - [26/Sep/2025:09:31:52 +0000] "GET /firma-losada/twitter.png HTTP/1.1" 301 162 "-" "Mozilla/4.0 (compatible; ms-office; MSOffice 16)"
90.166.53.86 - - [26/Sep/2025:09:31:52 +0000] "GET /firma-losada/pinterest.png HTTP/1.1" 301 162 "-" "Mozilla/4.0 (compatible; ms-office; MSOffice 16)"
90.166.53.86 - - [26/Sep/2025:09:31:52 +0000] "GET /firma-losada/google_plus.png HTTP/1.1" 301 162 "-" "Mozilla/4.0 (compatible; ms-office; MSOffice 16)"
90.166.53.86 - - [26/Sep/2025:09:31:52 +0000] "GET /firma-losada/logo-losada-2.jpg HTTP/1.1" 301 162 "-" "Mozilla/4.0 (compatible; ms-office; MSOffice 16)"
90.166.53.86 - - [26/Sep/2025:09:31:52 +0000] "GET /firma-losada/facebook.png HTTP/1.1" 301 162 "-" "Mozilla/4.0 (compatible; ms-office; MSOffice 16)"
49.51.183.15 - - [26/Sep/2025:09:39:14 +0000] "GET / HTTP/1.1" 301 162 "-" "Mozilla/5.0 (iPhone; CPU iPhone OS 13_2_3 like Mac OS X) AppleWebKit/605.1.15 (KHTML, like Gecko) Version/13.0.3 Mobile/15E148 Safari/604.1"
204.12.208.18 - - [26/Sep/2025:09:41:31 +0000] "GET /wp-content/plb692e7/index.php HTTP/1.1" 301 162 "http://aceitunaslosada.com/wp-content/plb692e7/index.php" "Mozilla/5.0 (Macintosh; Intel Mac OS X 10_6_8) AppleWebKit/534.24 (KHTML, like Gecko) Iron/11.0.700.2 Chrome/11.0.700.2 Safari/534.24"
204.12.208.18 - - [26/Sep/2025:09:54:50 +0000] "GET /wp-content/plb692e7/index.php HTTP/1.1" 301 162 "http://aceitunaslosada.com/wp-content/plb692e7/index.php" "Mozilla/5.0 (compatible; MSIE 9.0; Windows NT 6.0; Trident/5.0)"
204.12.208.18 - - [26/Sep/2025:09:55:10 +0000] "GET /wp-content/plb692e7/index.php HTTP/1.1" 301 162 "http://aceitunaslosada.com/wp-content/plb692e7/index.php" "Mozilla/5.0 (Macintosh; Intel Mac OS X 10_6_8) AppleWebKit/535.7 (KHTML, like Gecko) Chrome/16.0.912.75 Safari/535.7"
204.12.208.18 - - [26/Sep/2025:10:08:01 +0000] "GET /wp-content/plb692e7/index.php HTTP/1.1" 301 162 "http://aceitunaslosada.com/wp-content/plb692e7/index.php" "Mozilla/4.0 (compatible; GoogleToolbar 5.0.2124.2070; Windows 6.0; MSIE 8.0.6001.18241)"
204.12.208.18 - - [26/Sep/2025:10:08:21 +0000] "GET /wp-content/plb692e7/index.php HTTP/1.1" 301 162 "http://aceitunaslosada.com/wp-content/plb692e7/index.php" "Mozilla/4.0 (compatible; MSIE 7.0; Windows NT 5.1; SV1; .NET CLR 1.1.4322; .NET CLR 2.0.50727; InfoPath.1)"
69.16.157.190 - - [26/Sep/2025:10:13:15 +0000] "GET / HTTP/1.0" 301 162 "http://aceitunaslosada.com/" "Mozilla/5.0 (Windows NT 10.0; Win64; x64) AppleWebKit/537.36 (KHTML, like Gecko) Chrome/131.0.0.0 Safari/537.36"
43.173.180.74 - - [26/Sep/2025:10:14:36 +0000] "GET / HTTP/1.1" 301 162 "-" "Mozilla/5.0 (Windows NT 10.0; Win64; x64) AppleWebKit/537.36 (KHTML, like Gecko) Chrome/109.0.0.0 Safari/537.36"
204.12.208.18 - - [26/Sep/2025:10:16:23 +0000] "GET /wp-content/plb692e7/index.php HTTP/1.1" 301 162 "http://aceitunaslosada.com/wp-content/plb692e7/index.php" "Mozilla/4.0 (compatible; MSIE 7.0; Windows NT 5.1; SV1)"
204.12.208.18 - - [26/Sep/2025:10:28:47 +0000] "GET /wp-content/plb692e7/index.php HTTP/1.1" 301 162 "http://aceitunaslosada.com/wp-content/plb692e7/index.php" "Mozilla/4.0 (compatible; MSIE 7.0; Windows NT 6.0; SLCC1; .NET CLR 2.0.50727; Media Center PC 5.0; .NET CLR 3.0.04506)"
204.12.208.18 - - [26/Sep/2025:10:40:25 +0000] "GET /wp-content/plb692e7/index.php HTTP/1.1" 301 162 "http://aceitunaslosada.com/wp-content/plb692e7/index.php" "Mozilla/5.0 (Macintosh; Intel Mac OS X 10.7; rv:7.0.1) Gecko/20100101 Firefox/7.0.1"
204.12.208.18 - - [26/Sep/2025:10:40:45 +0000] "GET /wp-content/plb692e7/index.php HTTP/1.1" 301 162 "http://aceitunaslosada.com/wp-content/plb692e7/index.php" "Mozilla/5.0 (compatible; MSIE 9.0; Windows NT 6.1; WOW64; Trident/5.0)"
204.12.208.18 - - [26/Sep/2025:10:51:21 +0000] "GET /wp-content/plb692e7/index.php HTTP/1.1" 301 162 "http://aceitunaslosada.com/wp-content/plb692e7/index.php" "Mozilla/5.0 (Windows NT 6.1) AppleWebKit/535.1 (KHTML, like Gecko) Chrome/13.0.782.107 Safari/535.1"
204.12.208.18 - - [26/Sep/2025:10:51:41 +0000] "GET /wp-content/plb692e7/index.php HTTP/1.1" 301 162 "http://aceitunaslosada.com/wp-content/plb692e7/index.php" "Mozilla/4.0 (compatible; MSIE 6.0; X11; Linux i686; ja) Opera 10.10"
204.12.208.18 - - [26/Sep/2025:11:02:55 +0000] "GET /wp-content/plb692e7/index.php HTTP/1.1" 301 162 "http://aceitunaslosada.com/wp-content/plb692e7/index.php" "Mozilla/5.0 (Macintosh; Intel Mac OS X 10.7; rv:7.0.1) Gecko/20100101 Firefox/7.0.1"
204.12.208.18 - - [26/Sep/2025:11:03:15 +0000] "GET /wp-content/plb692e7/index.php HTTP/1.1" 301 162 "http://aceitunaslosada.com/wp-content/plb692e7/index.php" "Mozilla/5.0 (Macintosh; U; Intel Mac OS X 10_6_3; ja-jp) AppleWebKit/531.21.11 (KHTML, like Gecko) Version/4.0.4 Safari/531.21.10"
101.99.88.90 - - [26/Sep/2025:11:13:34 +0000] "GET /product001 HTTP/1.1" 301 162 "-" "Mozilla/5.0 (compatible; Googlebot/2.1; +http://www.google.com/bot.html)"
101.99.88.90 - - [26/Sep/2025:11:13:36 +0000] "GET / HTTP/1.1" 301 162 "-" "Mozilla/5.0 (compatible; Googlebot/2.1; +http://www.google.com/bot.html)"
216.244.66.231 - - [26/Sep/2025:11:14:04 +0000] "GET /robots.txt HTTP/1.1" 301 162 "-" "Mozilla/5.0 (compatible; DotBot/1.2; +https://opensiteexplorer.org/dotbot; help@moz.com)"
204.12.208.18 - - [26/Sep/2025:11:15:11 +0000] "GET /wp-content/plb692e7/index.php HTTP/1.1" 301 162 "http://aceitunaslosada.com/wp-content/plb692e7/index.php" "Mozilla/5.0 (Macintosh; Intel Mac OS X 10_8) AppleWebKit/536.25 (KHTML, like Gecko) Version/6.0 Safari/536.25"
204.12.208.18 - - [26/Sep/2025:11:27:04 +0000] "GET /wp-content/plb692e7/index.php HTTP/1.1" 301 162 "http://aceitunaslosada.com/wp-content/plb692e7/index.php" "Mozilla/5.0 (Macintosh; U; PPC Mac OS X; ja-jp) AppleWebKit/523.10.6 (KHTML, like Gecko) Version/3.0.4 Safari/523.10.6"
204.12.208.18 - - [26/Sep/2025:11:27:24 +0000] "GET /wp-content/plb692e7/index.php HTTP/1.1" 301 162 "http://aceitunaslosada.com/wp-content/plb692e7/index.php" "Mozilla/5.0 (compatible; MSIE 10.0; Windows NT 6.2; Trident/6.0)"
204.12.208.18 - - [26/Sep/2025:11:38:36 +0000] "GET /wp-content/plb692e7/index.php HTTP/1.1" 301 162 "http://aceitunaslosada.com/wp-content/plb692e7/index.php" "Mozilla/5.0 (Macintosh; U; PPC Mac OS X 10_4_11; ja-jp) AppleWebKit/525.13 (KHTML, like Gecko) Version/3.1 Safari/525.13"
5.62.47.237 - - [26/Sep/2025:11:48:33 +0000] "GET / HTTP/1.1" 301 162 "-" "Mozilla/5.0 (Windows NT 10.0; Win64; x64; Xbox; Xbox One) AppleWebKit/537.36 (KHTML, like Gecko) Chrome/114.0.0.0 Safari/537.36 Edge/44.18363.8131"
204.12.208.18 - - [26/Sep/2025:11:50:04 +0000] "GET /wp-content/plb692e7/index.php HTTP/1.1" 301 162 "http://aceitunaslosada.com/wp-content/plb692e7/index.php" "Mozilla/5.0 (Windows NT 5.1; rv:6.0) Gecko/20100101 Firefox/6.0"
204.12.208.18 - - [26/Sep/2025:11:50:24 +0000] "GET /wp-content/plb692e7/index.php HTTP/1.1" 301 162 "http://aceitunaslosada.com/wp-content/plb692e7/index.php" "Mozilla/5.0 (Windows NT 5.1; rv:6.0) Gecko/20100101 Firefox/6.0"
222.79.104.23 - - [26/Sep/2025:11:56:33 +0000] "GET / HTTP/1.1" 301 162 "-" "Mozilla/5.0 (iPhone; CPU iPhone OS 13_2_3 like Mac OS X) AppleWebKit/605.1.15 (KHTML, like Gecko) Version/13.0.3 Mobile/15E148 Safari/604.1"
18.195.12.68 - - [26/Sep/2025:11:58:14 +0000] "GET /firma-losada/twitter.png HTTP/1.1" 301 162 "-" "Mozilla/5.0 (Windows NT 10.0; Win64; x64) AppleWebKit/537.36 (KHTML, like Gecko) Chrome/139.0.0.0 Safari/537.36"
35.158.118.89 - - [26/Sep/2025:11:58:14 +0000] "GET /firma-losada/logo-losada-2.jpg HTTP/1.1" 301 162 "-" "Mozilla/5.0 (Windows NT 10.0; Win64; x64) AppleWebKit/537.36 (KHTML, like Gecko) Chrome/139.0.0.0 Safari/537.36"
18.159.213.171 - - [26/Sep/2025:11:58:14 +0000] "GET /firma-losada/facebook.png HTTP/1.1" 301 162 "-" "Mozilla/5.0 (Windows NT 10.0; Win64; x64) AppleWebKit/537.36 (KHTML, like Gecko) Chrome/139.0.0.0 Safari/537.36"
18.195.12.68 - - [26/Sep/2025:11:58:14 +0000] "GET /firma-losada/twitter.png HTTP/1.1" 301 162 "-" "Mozilla/5.0 (Windows NT 10.0; Win64; x64) AppleWebKit/537.36 (KHTML, like Gecko) Chrome/139.0.0.0 Safari/537.36"
18.159.213.171 - - [26/Sep/2025:11:58:14 +0000] "GET /firma-losada/facebook.png HTTP/1.1" 301 162 "-" "Mozilla/5.0 (Windows NT 10.0; Win64; x64) AppleWebKit/537.36 (KHTML, like Gecko) Chrome/139.0.0.0 Safari/537.36"
35.158.118.89 - - [26/Sep/2025:11:58:14 +0000] "GET /firma-losada/google_plus.png HTTP/1.1" 301 162 "-" "Mozilla/5.0 (Windows NT 10.0; Win64; x64) AppleWebKit/537.36 (KHTML, like Gecko) Chrome/139.0.0.0 Safari/537.36"
18.159.213.171 - - [26/Sep/2025:11:58:14 +0000] "GET /firma-losada/youtube.png HTTP/1.1" 301 162 "-" "Mozilla/5.0 (Windows NT 10.0; Win64; x64) AppleWebKit/537.36 (KHTML, like Gecko) Chrome/139.0.0.0 Safari/537.36"
35.158.118.89 - - [26/Sep/2025:11:58:14 +0000] "GET /firma-losada/youtube.png HTTP/1.1" 301 162 "-" "Mozilla/5.0 (Windows NT 10.0; Win64; x64) AppleWebKit/537.36 (KHTML, like Gecko) Chrome/139.0.0.0 Safari/537.36"
35.158.118.89 - - [26/Sep/2025:11:58:14 +0000] "GET /firma-losada/pinterest.png HTTP/1.1" 301 162 "-" "Mozilla/5.0 (Windows NT 10.0; Win64; x64) AppleWebKit/537.36 (KHTML, like Gecko) Chrome/139.0.0.0 Safari/537.36"
18.159.213.171 - - [26/Sep/2025:11:58:14 +0000] "GET /firma-losada/logo-losada-2.jpg HTTP/1.1" 301 162 "-" "Mozilla/5.0 (Windows NT 10.0; Win64; x64) AppleWebKit/537.36 (KHTML, like Gecko) Chrome/139.0.0.0 Safari/537.36"
18.159.213.171 - - [26/Sep/2025:11:58:14 +0000] "GET /firma-losada/pinterest.png HTTP/1.1" 301 162 "-" "Mozilla/5.0 (Windows NT 10.0; Win64; x64) AppleWebKit/537.36 (KHTML, like Gecko) Chrome/139.0.0.0 Safari/537.36"
18.159.213.171 - - [26/Sep/2025:11:58:14 +0000] "GET /firma-losada/google_plus.png HTTP/1.1" 301 162 "-" "Mozilla/5.0 (Windows NT 10.0; Win64; x64) AppleWebKit/537.36 (KHTML, like Gecko) Chrome/139.0.0.0 Safari/537.36"
213.229.136.14 - - [26/Sep/2025:11:58:15 +0000] "GET /firma-losada/youtube.png HTTP/1.1" 301 162 "-" "Mozilla/4.0 (compatible; ms-office; MSOffice 16)"
213.229.136.14 - - [26/Sep/2025:11:58:15 +0000] "GET /firma-losada/twitter.png HTTP/1.1" 301 162 "-" "Mozilla/4.0 (compatible; ms-office; MSOffice 16)"
213.229.136.14 - - [26/Sep/2025:11:58:15 +0000] "GET /firma-losada/google_plus.png HTTP/1.1" 301 162 "-" "Mozilla/4.0 (compatible; ms-office; MSOffice 16)"
213.229.136.14 - - [26/Sep/2025:11:58:15 +0000] "GET /firma-losada/logo-losada-2.jpg HTTP/1.1" 301 162 "-" "Mozilla/4.0 (compatible; ms-office; MSOffice 16)"
213.229.136.14 - - [26/Sep/2025:11:58:15 +0000] "GET /firma-losada/logo-losada-2.jpg HTTP/1.1" 301 162 "-" "Mozilla/4.0 (compatible; ms-office; MSOffice 16)"
213.229.136.14 - - [26/Sep/2025:11:58:15 +0000] "GET /firma-losada/facebook.png HTTP/1.1" 301 162 "-" "Mozilla/4.0 (compatible; ms-office; MSOffice 16)"
213.229.136.14 - - [26/Sep/2025:11:58:15 +0000] "GET /firma-losada/twitter.png HTTP/1.1" 301 162 "-" "Mozilla/4.0 (compatible; ms-office; MSOffice 16)"
213.229.136.14 - - [26/Sep/2025:11:58:15 +0000] "GET /firma-losada/youtube.png HTTP/1.1" 301 162 "-" "Mozilla/4.0 (compatible; ms-office; MSOffice 16)"
213.229.136.14 - - [26/Sep/2025:11:58:15 +0000] "GET /firma-losada/pinterest.png HTTP/1.1" 301 162 "-" "Mozilla/4.0 (compatible; ms-office; MSOffice 16)"
213.229.136.14 - - [26/Sep/2025:11:58:15 +0000] "GET /firma-losada/facebook.png HTTP/1.1" 301 162 "-" "Mozilla/4.0 (compatible; ms-office; MSOffice 16)"
213.229.136.14 - - [26/Sep/2025:11:58:15 +0000] "GET /firma-losada/google_plus.png HTTP/1.1" 301 162 "-" "Mozilla/4.0 (compatible; ms-office; MSOffice 16)"
213.229.136.14 - - [26/Sep/2025:11:58:15 +0000] "GET /firma-losada/pinterest.png HTTP/1.1" 301 162 "-" "Mozilla/4.0 (compatible; ms-office; MSOffice 16)"
52.167.144.56 - - [26/Sep/2025:11:58:18 +0000] "GET /robots.txt HTTP/1.1" 301 162 "-" "Mozilla/5.0 AppleWebKit/537.36 (KHTML, like Gecko; compatible; bingbot/2.0; +http://www.bing.com/bingbot.htm) Chrome/116.0.1938.76 Safari/537.36"
52.167.144.221 - - [26/Sep/2025:11:58:27 +0000] "GET /licoresgourmet-horeca-nicaragua/ HTTP/1.1" 301 162 "-" "Mozilla/5.0 AppleWebKit/537.36 (KHTML, like Gecko; compatible; bingbot/2.0; +http://www.bing.com/bingbot.htm) Chrome/116.0.1938.76 Safari/537.36"
204.12.208.18 - - [26/Sep/2025:12:01:32 +0000] "GET /wp-content/plb692e7/index.php HTTP/1.1" 301 162 "http://aceitunaslosada.com/wp-content/plb692e7/index.php" "Mozilla/5.0 (Macintosh; Intel Mac OS X 10_6_8) AppleWebKit/534.24 (KHTML, like Gecko) Iron/11.0.700.2 Chrome/11.0.700.2 Safari/534.24"
216.244.66.231 - - [26/Sep/2025:12:07:23 +0000] "GET /robots.txt HTTP/1.1" 301 162 "-" "Mozilla/5.0 (compatible; DotBot/1.2; +https://opensiteexplorer.org/dotbot; help@moz.com)"
204.12.208.18 - - [26/Sep/2025:12:13:30 +0000] "GET /wp-content/plb692e7/index.php HTTP/1.1" 301 162 "http://aceitunaslosada.com/wp-content/plb692e7/index.php" "Mozilla/4.0 (compatible; MSIE 6.0; X11; Linux i686; ja) Opera 10.10"
204.12.208.18 - - [26/Sep/2025:12:13:50 +0000] "GET /wp-content/plb692e7/index.php HTTP/1.1" 301 162 "http://aceitunaslosada.com/wp-content/plb692e7/index.php" "Mozilla/5.0 (Macintosh; Intel Mac OS X 10_6_8) AppleWebKit/535.7 (KHTML, like Gecko) Chrome/16.0.912.75 Safari/535.7"
196.251.117.250 - - [26/Sep/2025:12:19:11 +0000] "GET /about.php?action=p&api=p&path=p&token= HTTP/1.1" 301 162 "www.google.com" "Mozlila/5.0 (Linux; Android 7.0; SM-G892A Bulid/NRD90M; wv) AppleWebKit/537.36 (KHTML, like Gecko) Version/4.0 Chrome/60.0.3112.107 Moblie Safari/537.36"
20.171.57.133 - - [26/Sep/2025:12:22:06 +0000] "GET //wp-content/plugins/fix/up.php HTTP/1.1" 301 162 "-" "Mozilla/5.0 (Windows NT 10.0; Win64; x64) AppleWebKit/537.36 (KHTML, like Gecko) Chrome/85.0.4183.102 Safari/537.36"
204.12.208.18 - - [26/Sep/2025:12:25:12 +0000] "GET /wp-content/plb692e7/index.php HTTP/1.1" 301 162 "http://aceitunaslosada.com/wp-content/plb692e7/index.php" "Mozilla/5.0 (Windows NT 6.0; rv:7.0.1) Gecko/20100101 Firefox/7.0.1"
204.12.208.18 - - [26/Sep/2025:12:36:12 +0000] "GET /wp-content/plb692e7/index.php HTTP/1.1" 301 162 "http://aceitunaslosada.com/wp-content/plb692e7/index.php" "Mozilla/5.0 (compatible; MSIE 10.0; Windows NT 6.2; ARM; Trident/6.0)"
43.166.239.145 - - [26/Sep/2025:12:36:22 +0000] "GET / HTTP/1.1" 301 162 "-" "Mozilla/5.0 (iPhone; CPU iPhone OS 13_2_3 like Mac OS X) AppleWebKit/605.1.15 (KHTML, like Gecko) Version/13.0.3 Mobile/15E148 Safari/604.1"
204.12.208.18 - - [26/Sep/2025:12:36:32 +0000] "GET /wp-content/plb692e7/index.php HTTP/1.1" 301 162 "http://aceitunaslosada.com/wp-content/plb692e7/index.php" "Mozilla/4.0 (compatible; MSIE 7.0; Windows NT 5.1; SV1; .NET CLR 1.0.3705; .NET CLR 2.0.50727; .NET CLR 1.1.4322)"
199.45.154.115 - - [26/Sep/2025:12:41:16 +0000] "GET / HTTP/1.1" 301 162 "-" "Mozilla/5.0 (compatible; CensysInspect/1.1; +https://about.censys.io/)"
196.251.86.13 - - [26/Sep/2025:12:42:18 +0000] "GET /index.php?option=com_adsmanager&task=upload&tmpl=component HTTP/1.1" 301 162 "-" "ALittle Client"
204.12.208.18 - - [26/Sep/2025:12:48:00 +0000] "GET /wp-content/plb692e7/index.php HTTP/1.1" 301 162 "http://aceitunaslosada.com/wp-content/plb692e7/index.php" "Mozilla/5.0 (Macintosh; Intel Mac OS X 10_8) AppleWebKit/536.25 (KHTML, like Gecko) Version/6.0 Safari/536.25"
204.12.208.18 - - [26/Sep/2025:12:59:22 +0000] "GET /wp-content/plb692e7/index.php HTTP/1.1" 301 162 "http://aceitunaslosada.com/wp-content/plb692e7/index.php" "Mozilla/5.0 (Macintosh; U; PPC Mac OS X; ja-jp) AppleWebKit/523.12 (KHTML, like Gecko) Version/3.0.4 Safari/523.12"
204.12.208.18 - - [26/Sep/2025:13:10:57 +0000] "GET /wp-content/plb692e7/index.php HTTP/1.1" 301 162 "http://aceitunaslosada.com/wp-content/plb692e7/index.php" "Mozilla/4.0 (compatible; MSIE 7.0; Windows NT 5.1; SV1)"
204.12.208.18 - - [26/Sep/2025:13:11:17 +0000] "GET /wp-content/plb692e7/index.php HTTP/1.1" 301 162 "http://aceitunaslosada.com/wp-content/plb692e7/index.php" "Mozilla/5.0 (compatible; MSIE 9.0; Windows NT 6.1; WOW64; Trident/5.0)"
204.12.208.18 - - [26/Sep/2025:13:21:53 +0000] "GET /wp-content/plb692e7/index.php HTTP/1.1" 301 162 "http://aceitunaslosada.com/wp-content/plb692e7/index.php" "Mozilla/4.0 (compatible; MSIE 8.0; Windows NT 5.1; Trident/4.0; .NET CLR 2.0.50727; InfoPath.1"
204.12.208.18 - - [26/Sep/2025:13:22:13 +0000] "GET /wp-content/plb692e7/index.php HTTP/1.1" 301 162 "http://aceitunaslosada.com/wp-content/plb692e7/index.php" "Mozilla/5.0 (Macintosh; U; PPC Mac OS X; ja-jp) AppleWebKit/523.12 (KHTML, like Gecko) Version/3.0.4 Safari/523.12"
204.12.208.18 - - [26/Sep/2025:13:33:11 +0000] "GET /wp-content/plb692e7/index.php HTTP/1.1" 301 162 "http://aceitunaslosada.com/wp-content/plb692e7/index.php" "Mozilla/5.0 (Windows NT 5.1) AppleWebKit/534.30 (KHTML, like Gecko) Chrome/12.0.742.122 Safari/534.30 ChromePlus/1.6.3.1"
204.12.208.18 - - [26/Sep/2025:13:42:49 +0000] "GET /wp-content/plb692e7/index.php HTTP/1.1" 301 162 "http://aceitunaslosada.com/wp-content/plb692e7/index.php" "Mozilla/5.0 (Macintosh; Intel Mac OS X 10_6_8) AppleWebKit/535.1 (KHTML, like Gecko) Chrome/13.0.782.112 Safari/535.1"
204.12.208.18 - - [26/Sep/2025:13:44:04 +0000] "GET /wp-content/plb692e7/index.php HTTP/1.1" 301 162 "http://aceitunaslosada.com/wp-content/plb692e7/index.php" "Mozilla/5.0 (compatible; MSIE 10.0; Windows NT 6.2; ARM; Trident/6.0)"
204.12.208.18 - - [26/Sep/2025:13:44:09 +0000] "GET /wp-content/plb692e7/index.php HTTP/1.1" 301 162 "http://aceitunaslosada.com/wp-content/plb692e7/index.php" "Mozilla/5.0 (Macintosh; Intel Mac OS X 10_6_8) AppleWebKit/535.1 (KHTML, like Gecko) Chrome/14.0.835.202 Safari/535.1"
204.12.208.18 - - [26/Sep/2025:13:55:16 +0000] "GET /wp-content/plb692e7/index.php HTTP/1.1" 301 162 "http://aceitunaslosada.com/wp-content/plb692e7/index.php" "Mozilla/5.0 (Macintosh; U; Intel Mac OS X 10_5_5; ja-jp) AppleWebKit/525.26.2 (KHTML, like Gecko) Version/3.2 Safari/525.26.12"
204.12.208.18 - - [26/Sep/2025:13:55:36 +0000] "GET /wp-content/plb692e7/index.php HTTP/1.1" 301 162 "http://aceitunaslosada.com/wp-content/plb692e7/index.php" "Mozilla/5.0 (Macintosh; Intel Mac OS X 10_6_8) AppleWebKit/535.1 (KHTML, like Gecko) Chrome/14.0.835.202 Safari/535.1"
204.12.208.18 - - [26/Sep/2025:14:06:37 +0000] "GET /wp-content/plb692e7/index.php HTTP/1.1" 301 162 "http://aceitunaslosada.com/wp-content/plb692e7/index.php" "Mozilla/4.0 (compatible; MSIE 7.0; Windows NT 6.0; SLCC1; .NET CLR 2.0.50727; Media Center PC 5.0; .NET CLR 3.0.04506)"
123.6.49.50 - - [26/Sep/2025:14:17:21 +0000] "GET / HTTP/1.1" 301 162 "-" "Mozilla/5.0 (Linux; Android 10; HUAWEI P30 Pro) AppleWebKit/537.36 (KHTML, like Gecko) Chrome/89.0.4389.105 Mobile Safari/537.36"
204.12.208.18 - - [26/Sep/2025:14:18:32 +0000] "GET /wp-content/plb692e7/index.php HTTP/1.1" 301 162 "http://aceitunaslosada.com/wp-content/plb692e7/index.php" "Mozilla/5.0 (compatible; MSIE 9.0; Windows NT 6.1; WOW64; Trident/5.0; Sleipnir/2.9.8)"
204.12.208.18 - - [26/Sep/2025:14:18:52 +0000] "GET /wp-content/plb692e7/index.php HTTP/1.1" 301 162 "http://aceitunaslosada.com/wp-content/plb692e7/index.php" "Mozilla/4.0 (compatible; MSIE 7.0; Windows NT 5.1; SV1)"
44.245.217.223 - - [26/Sep/2025:14:24:06 +0000] "GET / HTTP/1.1" 301 162 "-" "Mozilla/5.0 (Windows NT 10.0; Win64; x64) AppleWebKit/537.36 (KHTML, like Gecko) Chrome/113.0.0.0 Safari/537.36"
35.91.162.205 - - [26/Sep/2025:14:24:07 +0000] "GET / HTTP/1.1" 301 162 "-" "Mozilla/5.0 (Windows NT 10.0; Win64; x64) AppleWebKit/537.36 (KHTML, like Gecko) Chrome/113.0.0.0 Safari/537.36"
204.12.208.18 - - [26/Sep/2025:14:30:00 +0000] "GET /wp-content/plb692e7/index.php HTTP/1.1" 301 162 "http://aceitunaslosada.com/wp-content/plb692e7/index.php" "Mozilla/5.0 (Macintosh; U; Intel Mac OS X; ja-jp) AppleWebKit/523.10.3 (KHTML, like Gecko) Version/3.0.4 Safari/523.10"
204.12.208.18 - - [26/Sep/2025:14:30:20 +0000] "GET /wp-content/plb692e7/index.php HTTP/1.1" 301 162 "http://aceitunaslosada.com/wp-content/plb692e7/index.php" "Mozilla/5.0 (compatible; MSIE 9.0; Windows NT 6.1; WOW64; Trident/5.0; SLCC2; .NET CLR 2.0.50727; .NET CLR 3.5.30729; .NET CLR 3.0.30729; Media Center PC 6.0; MAGW; .NET4.0C; Lunascape 6.5.8.24780)"
66.249.79.8 - - [26/Sep/2025:14:37:04 +0000] "GET /ads.txt HTTP/1.1" 301 162 "-" "Mozilla/5.0 (compatible; Googlebot/2.1; +http://www.google.com/bot.html)"
204.12.208.18 - - [26/Sep/2025:14:41:21 +0000] "GET /wp-content/plb692e7/index.php HTTP/1.1" 301 162 "http://aceitunaslosada.com/wp-content/plb692e7/index.php" "Mozilla/5.0 (Macintosh; U; Intel Mac OS X 10_6_2; ja-jp) AppleWebKit/531.21.8 (KHTML, like Gecko) Version/4.0.4 Safari/531.21.10"
204.12.208.18 - - [26/Sep/2025:14:52:37 +0000] "GET /wp-content/plb692e7/index.php HTTP/1.1" 301 162 "http://aceitunaslosada.com/wp-content/plb692e7/index.php" "Mozilla/5.0 (Windows NT 6.1; WOW64) AppleWebKit/535.7 (KHTML, like Gecko) Chrome/16.0.912.75 Safari/535.7"
204.12.208.18 - - [26/Sep/2025:15:03:56 +0000] "GET /wp-content/plb692e7/index.php HTTP/1.1" 301 162 "http://aceitunaslosada.com/wp-content/plb692e7/index.php" "Mozilla/5.0 (Macintosh; U; Intel Mac OS X 10_6_3; ja-jp) AppleWebKit/531.21.11 (KHTML, like Gecko) Version/4.0.4 Safari/531.21.10"
54.39.203.59 - - [26/Sep/2025:15:07:06 +0000] "GET /robots.txt HTTP/1.1" 301 162 "-" "Mozilla/5.0 (compatible; AhrefsBot/7.0; +http://ahrefs.com/robot/)"
77.35.58.117 - - [26/Sep/2025:15:08:07 +0000] "GET / HTTP/1.0" 301 162 "http://aceitunaslosada.com/" "Mozilla/5.0 (Windows NT 10.0; Win64; x64) AppleWebKit/537.36 (KHTML, like Gecko) Chrome/129.0.0.0 Safari/537.36"
31.221.158.193 - - [26/Sep/2025:15:13:22 +0000] "GET / HTTP/1.1" 301 162 "-" "Mozilla/5.0 (compatible; Googlebot/2.1; +http://www.google.com/bot.html)"
204.12.208.18 - - [26/Sep/2025:15:15:47 +0000] "GET /wp-content/plb692e7/index.php HTTP/1.1" 301 162 "http://aceitunaslosada.com/wp-content/plb692e7/index.php" "Mozilla/4.0 (compatible; MSIE 7.0; Windows NT 5.1; SV1; .NET CLR 1.1.4322; .NET CLR 2.0.50727; InfoPath.1)"
204.12.208.18 - - [26/Sep/2025:15:16:07 +0000] "GET /wp-content/plb692e7/index.php HTTP/1.1" 301 162 "http://aceitunaslosada.com/wp-content/plb692e7/index.php" "Mozilla/4.0 (compatible; MSIE 8.0; Windows NT 5.1; Trident/4.0; .NET CLR 2.0.50727; .NET CLR 3.0.04506.30; .NET CLR 3.0.04506.648)"
112.86.225.30 - - [26/Sep/2025:15:22:03 +0000] "GET / HTTP/1.1" 301 162 "-" "Sogou web spider/4.0(+http://www.sogou.com/docs/help/webmasters.htm#07)"
85.190.14.34 - - [26/Sep/2025:15:24:33 +0000] "GET / HTTP/1.1" 301 162 "-" "GuzzleHttp/7"
204.12.208.18 - - [26/Sep/2025:15:26:52 +0000] "GET /wp-content/plb692e7/index.php HTTP/1.1" 301 162 "http://aceitunaslosada.com/wp-content/plb692e7/index.php" "Mozilla/5.0 (compatible; MSIE 10.0; Windows NT 6.2; Win64; x64; Trident/6.0)"
54.236.1.52 - - [26/Sep/2025:15:27:06 +0000] "GET /en/olives-and-imagination/ HTTP/1.1" 301 162 "-" "Mozilla/5.0 (compatible; Pinterestbot/1.0; +http://www.pinterest.com/bot.html)"
103.131.71.239 - - [26/Sep/2025:15:33:30 +0000] "GET /robots.txt HTTP/1.1" 301 162 "-" "Mozilla/5.0 (compatible; coccocbot-web/1.0; +http://help.coccoc.com/searchengine)"
43.135.142.37 - - [26/Sep/2025:15:35:47 +0000] "GET / HTTP/1.1" 301 162 "-" "Mozilla/5.0 (iPhone; CPU iPhone OS 13_2_3 like Mac OS X) AppleWebKit/605.1.15 (KHTML, like Gecko) Version/13.0.3 Mobile/15E148 Safari/604.1"
204.12.208.18 - - [26/Sep/2025:15:38:02 +0000] "GET /wp-content/plb692e7/index.php HTTP/1.1" 301 162 "http://aceitunaslosada.com/wp-content/plb692e7/index.php" "Mozilla/5.0 (Windows NT 5.1) AppleWebKit/534.30 (KHTML, like Gecko) Chrome/12.0.742.122 Safari/534.30 ChromePlus/1.6.3.1"
204.12.208.18 - - [26/Sep/2025:15:49:28 +0000] "GET /wp-content/plb692e7/index.php HTTP/1.1" 301 162 "http://aceitunaslosada.com/wp-content/plb692e7/index.php" "Mozilla/5.0 (Macintosh; U; PPC Mac OS X; ja-jp) AppleWebKit/523.12.2 (KHTML, like Gecko) Version/3.0.4 Safari/523.12.2"
223.109.252.240 - - [26/Sep/2025:15:52:16 +0000] "GET / HTTP/1.1" 301 162 "-" "Sogou web spider/4.0(+http://www.sogou.com/docs/help/webmasters.htm#07)"
121.229.185.160 - - [26/Sep/2025:15:57:04 +0000] "GET / HTTP/1.1" 301 162 "-" "Mozilla/5.0 (iPhone; CPU iPhone OS 13_2_3 like Mac OS X) AppleWebKit/605.1.15 (KHTML, like Gecko) Version/13.0.3 Mobile/15E148 Safari/604.1"
204.12.208.18 - - [26/Sep/2025:16:00:41 +0000] "GET /wp-content/plb692e7/index.php HTTP/1.1" 301 162 "http://aceitunaslosada.com/wp-content/plb692e7/index.php" "Mozilla/4.0 (compatible; MSIE 7.0; Windows NT 5.1; SV1; .NET CLR 1.0.3705; .NET CLR 2.0.50727; .NET CLR 1.1.4322)"
204.12.208.18 - - [26/Sep/2025:16:01:02 +0000] "GET /wp-content/plb692e7/index.php HTTP/1.1" 301 162 "http://aceitunaslosada.com/wp-content/plb692e7/index.php" "Mozilla/5.0 (Macintosh; U; PPC Mac OS X; ja-jp) AppleWebKit/523.12 (KHTML, like Gecko) Version/3.0.4 Safari/523.12"
101.99.88.90 - - [26/Sep/2025:16:04:11 +0000] "GET / HTTP/1.1" 301 162 "-" "Mozilla/5.0 (compatible; Googlebot/2.1; +http://www.google.com/bot.html)"
101.99.88.90 - - [26/Sep/2025:16:04:14 +0000] "GET /wp-content/plb692e7/index.php HTTP/1.1" 301 162 "-" "-"
204.12.208.18 - - [26/Sep/2025:16:11:53 +0000] "GET /wp-content/plb692e7/index.php HTTP/1.1" 301 162 "http://aceitunaslosada.com/wp-content/plb692e7/index.php" "Mozilla/4.0 (compatible; MSIE 8.0; Windows NT 5.1; Trident/4.0; .NET CLR 2.0.50727; .NET CLR 3.0.04506.30; .NET CLR 3.0.04506.648)"
43.173.181.172 - - [26/Sep/2025:16:23:03 +0000] "GET / HTTP/1.1" 301 162 "-" "Mozilla/5.0 (Windows NT 10.0; Win64; x64) AppleWebKit/537.36 (KHTML, like Gecko) Chrome/108.0.0.0 Safari/537.36"
204.12.208.18 - - [26/Sep/2025:16:23:08 +0000] "GET /wp-content/plb692e7/index.php HTTP/1.1" 301 162 "http://aceitunaslosada.com/wp-content/plb692e7/index.php" "Mozilla/5.0 (compatible; MSIE 10.0; Windows NT 6.2; Trident/6.0)"
204.12.208.18 - - [26/Sep/2025:16:34:19 +0000] "GET /wp-content/plb692e7/index.php HTTP/1.1" 301 162 "http://aceitunaslosada.com/wp-content/plb692e7/index.php" "Mozilla/5.0 (Macintosh; Intel Mac OS X 10_7_2) AppleWebKit/535.2 (KHTML, like Gecko) Chrome/15.0.874.106 Safari/535.2"
204.12.208.18 - - [26/Sep/2025:16:34:39 +0000] "GET /wp-content/plb692e7/index.php HTTP/1.1" 301 162 "http://aceitunaslosada.com/wp-content/plb692e7/index.php" "Mozilla/4.0 (compatible; GoogleToolbar 5.0.2124.2070; Windows 6.0; MSIE 8.0.6001.18241)"
204.12.208.18 - - [26/Sep/2025:16:45:33 +0000] "GET /wp-content/plb692e7/index.php HTTP/1.1" 301 162 "http://aceitunaslosada.com/wp-content/plb692e7/index.php" "Mozilla/4.0 (compatible; MSIE 6.0; X11; Linux i686; ja) Opera 10.10"
109.122.245.82 - - [26/Sep/2025:16:47:38 +0000] "GET /de/summer-fancy-food-2014-ny/ HTTP/1.1" 301 162 "http://aceitunaslosada.com/" "Mozilla/5.0 (X11; Fedora; Linux x86_64; rv:114.0) Gecko/20100101 Firefox/114.0"
66.249.79.135 - - [26/Sep/2025:16:52:11 +0000] "GET /robots.txt HTTP/1.1" 301 162 "-" "Mozilla/5.0 (compatible; Googlebot/2.1; +http://www.google.com/bot.html)"
66.249.79.134 - - [26/Sep/2025:16:52:11 +0000] "GET / HTTP/1.1" 301 162 "-" "Mozilla/5.0 (Linux; Android 6.0.1; Nexus 5X Build/MMB29P) AppleWebKit/537.36 (KHTML, like Gecko) Chrome/139.0.7258.127 Mobile Safari/537.36 (compatible; Googlebot/2.1; +http://www.google.com/bot.html)"
66.249.79.134 - - [26/Sep/2025:16:52:20 +0000] "GET / HTTP/1.1" 301 162 "-" "Mozilla/5.0 (compatible; Googlebot/2.1; +http://www.google.com/bot.html)"
66.249.79.134 - - [26/Sep/2025:16:52:20 +0000] "GET / HTTP/1.1" 301 162 "-" "Mozilla/5.0 (Linux; Android 6.0.1; Nexus 5X Build/MMB29P) AppleWebKit/537.36 (KHTML, like Gecko) Chrome/99.0.4844.84 Mobile Safari/537.36 (compatible; Googlebot/2.1; +http://www.google.com/bot.html)"
204.12.208.18 - - [26/Sep/2025:16:56:45 +0000] "GET /wp-content/plb692e7/index.php HTTP/1.1" 301 162 "http://aceitunaslosada.com/wp-content/plb692e7/index.php" "Mozilla/5.0 (X11; Linux i686) AppleWebKit/535.2 (KHTML, like Gecko) Ubuntu/10.04 Chromium/15.0.874.106 Chrome/15.0.874.106 Safari/535.2"
222.94.226.190 - - [26/Sep/2025:17:02:03 +0000] "GET / HTTP/1.1" 301 162 "-" "Sogou web spider/4.0(+http://www.sogou.com/docs/help/webmasters.htm#07)"
204.12.208.18 - - [26/Sep/2025:17:07:47 +0000] "GET /wp-content/plb692e7/index.php HTTP/1.1" 301 162 "http://aceitunaslosada.com/wp-content/plb692e7/index.php" "Mozilla/5.0 (Macintosh; U; PPC Mac OS X; ja-jp) AppleWebKit/523.10.6 (KHTML, like Gecko) Version/3.0.4 Safari/523.10.6"
204.12.208.18 - - [26/Sep/2025:17:19:15 +0000] "GET /wp-content/plb692e7/index.php HTTP/1.1" 301 162 "http://aceitunaslosada.com/wp-content/plb692e7/index.php" "Mozilla/5.0 (Macintosh; Intel Mac OS X 10.5; rv:8.0.1) Gecko/20100101 Firefox/8.0.1"
196.251.86.100 - - [26/Sep/2025:17:24:10 +0000] "GET //wp-content/plugins/fix/up.php HTTP/1.1" 301 162 "-" "Mozilla/5.0 (Windows NT 10.0; Win64; x64) AppleWebKit/537.36 (KHTML, like Gecko) Chrome/85.0.4183.102 Safari/537.36"
141.255.132.247 - - [26/Sep/2025:17:25:45 +0000] "GET / HTTP/1.1" 301 162 "-" "Mozilla/5.0 (Macintosh; Intel Mac OS X 10_15_7) AppleWebKit/605.1.15 (KHTML, like Gecko) Version/18.6 Safari/605.1.15"
204.12.208.18 - - [26/Sep/2025:17:30:11 +0000] "GET /wp-content/plb692e7/index.php HTTP/1.1" 301 162 "http://aceitunaslosada.com/wp-content/plb692e7/index.php" "Mozilla/5.0 (Macintosh; Intel Mac OS X 10_6_8) AppleWebKit/535.1 (KHTML, like Gecko) RockMelt/0.9.64.361 Chrome/13.0.782.218 Safari/535.1"
204.12.208.18 - - [26/Sep/2025:17:30:31 +0000] "GET /wp-content/plb692e7/index.php HTTP/1.1" 301 162 "http://aceitunaslosada.com/wp-content/plb692e7/index.php" "Mozilla/5.0 (compatible; MSIE 10.0; Windows NT 6.1; Trident/6.0)"
216.244.66.231 - - [26/Sep/2025:17:35:11 +0000] "GET /robots.txt HTTP/1.1" 301 162 "-" "Mozilla/5.0 (compatible; DotBot/1.2; +https://opensiteexplorer.org/dotbot; help@moz.com)"
204.12.208.18 - - [26/Sep/2025:17:41:24 +0000] "GET /wp-content/plb692e7/index.php HTTP/1.1" 301 162 "http://aceitunaslosada.com/wp-content/plb692e7/index.php" "Mozilla/5.0 (Macintosh; U; PPC Mac OS X; ja-jp) AppleWebKit/522.11.1 (KHTML, like Gecko) Version/3.0.3 Safari/522.12.1"
204.12.208.18 - - [26/Sep/2025:17:52:19 +0000] "GET /wp-content/plb692e7/index.php HTTP/1.1" 301 162 "http://aceitunaslosada.com/wp-content/plb692e7/index.php" "Mozilla/5.0 (Macintosh; Intel Mac OS X 10.5; rv:5.0.1) Gecko/20100101 Firefox/5.0.1"
204.12.208.18 - - [26/Sep/2025:17:52:39 +0000] "GET /wp-content/plb692e7/index.php HTTP/1.1" 301 162 "http://aceitunaslosada.com/wp-content/plb692e7/index.php" "Mozilla/5.0 (Macintosh; Intel Mac OS X 10_6_8) AppleWebKit/534.30 (KHTML, like Gecko) Chrome/12.0.742.112 Safari/534.30"
204.12.208.18 - - [26/Sep/2025:18:03:13 +0000] "GET /wp-content/plb692e7/index.php HTTP/1.1" 301 162 "http://aceitunaslosada.com/wp-content/plb692e7/index.php" "Mozilla/5.0 (compatible; MSIE 9.0; Windows NT 6.1; WOW64; Trident/5.0; Sleipnir/2.9.8)"
204.12.208.18 - - [26/Sep/2025:18:03:33 +0000] "GET /wp-content/plb692e7/index.php HTTP/1.1" 301 162 "http://aceitunaslosada.com/wp-content/plb692e7/index.php" "Mozilla/5.0 (Macintosh; Intel Mac OS X 10.6; rv:6.0.2) Gecko/20100101 Firefox/6.0.2"
204.12.208.18 - - [26/Sep/2025:18:14:51 +0000] "GET /wp-content/plb692e7/index.php HTTP/1.1" 301 162 "http://aceitunaslosada.com/wp-content/plb692e7/index.php" "Mozilla/5.0 (Macintosh; U; Intel Mac OS X 10_6_2; ja-jp) AppleWebKit/531.21.8 (KHTML, like Gecko) Version/4.0.4 Safari/531.21.10"
204.12.208.18 - - [26/Sep/2025:18:15:11 +0000] "GET /wp-content/plb692e7/index.php HTTP/1.1" 301 162 "http://aceitunaslosada.com/wp-content/plb692e7/index.php" "Mozilla/5.0 (Macintosh; Intel Mac OS X 10.5; rv:8.0.1) Gecko/20100101 Firefox/8.0.1"
195.211.188.185 - - [26/Sep/2025:18:19:04 +0000] "GET / HTTP/1.1" 301 162 "-" "Go-http-client/1.1"
204.12.208.18 - - [26/Sep/2025:18:25:53 +0000] "GET /wp-content/plb692e7/index.php HTTP/1.1" 301 162 "http://aceitunaslosada.com/wp-content/plb692e7/index.php" "Mozilla/4.0 (compatible; GoogleToolbar 5.0.2124.2070; Windows 6.0; MSIE 8.0.6001.18241)"
204.12.208.18 - - [26/Sep/2025:18:26:13 +0000] "GET /wp-content/plb692e7/index.php HTTP/1.1" 301 162 "http://aceitunaslosada.com/wp-content/plb692e7/index.php" "Mozilla/5.0 (Macintosh; Intel Mac OS X 10_6_8) AppleWebKit/535.7 (KHTML, like Gecko) Chrome/16.0.912.75 Safari/535.7"
216.244.66.231 - - [26/Sep/2025:18:32:02 +0000] "GET /robots.txt HTTP/1.1" 301 162 "-" "Mozilla/5.0 (compatible; DotBot/1.2; +https://opensiteexplorer.org/dotbot; help@moz.com)"
204.12.208.18 - - [26/Sep/2025:18:37:16 +0000] "GET /wp-content/plb692e7/index.php HTTP/1.1" 301 162 "http://aceitunaslosada.com/wp-content/plb692e7/index.php" "Mozilla/5.0 (Windows NT 6.1; WOW64; rv:9.0.1) Gecko/20100101 Firefox/9.0.1"
204.12.208.18 - - [26/Sep/2025:18:48:35 +0000] "GET /wp-content/plb692e7/index.php HTTP/1.1" 301 162 "http://aceitunaslosada.com/wp-content/plb692e7/index.php" "Mozilla/5.0 (Macintosh; U; PPC Mac OS X 10_4_11; ja-jp) AppleWebKit/525.18 (KHTML, like Gecko) Version/3.1.2 Safari/525.22"
49.51.178.45 - - [26/Sep/2025:18:54:20 +0000] "GET / HTTP/1.1" 301 162 "-" "Mozilla/5.0 (iPhone; CPU iPhone OS 13_2_3 like Mac OS X) AppleWebKit/605.1.15 (KHTML, like Gecko) Version/13.0.3 Mobile/15E148 Safari/604.1"
204.12.208.18 - - [26/Sep/2025:18:59:43 +0000] "GET /wp-content/plb692e7/index.php HTTP/1.1" 301 162 "http://aceitunaslosada.com/wp-content/plb692e7/index.php" "Mozilla/5.0 (Macintosh; Intel Mac OS X 10.5; rv:8.0.1) Gecko/20100101 Firefox/8.0.1"
204.12.208.18 - - [26/Sep/2025:19:10:54 +0000] "GET /wp-content/plb692e7/index.php HTTP/1.1" 301 162 "http://aceitunaslosada.com/wp-content/plb692e7/index.php" "Mozilla/5.0 (Macintosh; Intel Mac OS X 10_6_8) AppleWebKit/534.57.2 (KHTML, like Gecko) Version/5.1.7 Safari/534.57.2"
204.12.208.18 - - [26/Sep/2025:19:22:07 +0000] "GET /wp-content/plb692e7/index.php HTTP/1.1" 301 162 "http://aceitunaslosada.com/wp-content/plb692e7/index.php" "Mozilla/5.0 (compatible; MSIE 9.0; Windows NT 6.1; WOW64; Trident/5.0; SLCC2; .NET CLR 2.0.50727; .NET CLR 3.5.30729; .NET CLR 3.0.30729; Media Center PC 6.0; MAGW; .NET4.0C; Lunascape 6.5.8.24780)"
204.12.208.18 - - [26/Sep/2025:19:22:27 +0000] "GET /wp-content/plb692e7/index.php HTTP/1.1" 301 162 "http://aceitunaslosada.com/wp-content/plb692e7/index.php" "Mozilla/4.0 (compatible; MSIE 8.0; Windows NT 5.1; Trident/4.0; EasyBits GO v1.0; InfoPath.1; .NET CLR 2.0.50727; .NET CLR 3.0.4506.2152; .NET CLR 3.5.30729)"
204.12.208.18 - - [26/Sep/2025:19:33:16 +0000] "GET /wp-content/plb692e7/index.php HTTP/1.1" 301 162 "http://aceitunaslosada.com/wp-content/plb692e7/index.php" "Mozilla/5.0 (Macintosh; U; PPC Mac OS X; ja-jp) AppleWebKit/523.10.6 (KHTML, like Gecko) Version/3.0.4 Safari/523.10.6"
103.31.178.235 - - [26/Sep/2025:19:33:59 +0000] "GET /wp- HTTP/1.1" 301 162 "-" "Mozilla/5.0 (Windows NT 10.0; Win64; x64; rv:89.0) Gecko/20100101 Firefox/89.0"
103.131.71.232 - - [26/Sep/2025:19:40:10 +0000] "GET /robots.txt HTTP/1.1" 301 162 "-" "Mozilla/5.0 (compatible; coccocbot-web/1.0; +http://help.coccoc.com/searchengine)"