123.21.178.250 - - [30/Sep/2025:06:57:48 +0000] "GET /cUhjpB2notW?path=/var/www/vhosts/aceitunaslosada.com/web/c55e4 HTTP/1.0" 200 6701 "-" "Mozilla/5.0 (iPhone; CPU iPhone OS 17_3 like Mac OS X) AppleWebKit/605.1.15 (KHTML, like Gecko) EdgiOS/121.0.2277.107 Version/17.0 Mobile/15E148 Safari/604.1"
123.23.92.121 - - [30/Sep/2025:06:57:49 +0000] "GET /ptcNg2SyIZk33 HTTP/1.0" 200 8575 "-" "Mozilla/5.0 (iPhone; CPU iPhone OS 17_0_3 like Mac OS X) AppleWebKit/605.1.15 (KHTML, like Gecko) Version/17.0.3 Mobile/15E148 Safari/604.1 RDDocuments/8.7.2.978"
34.225.243.131 - - [30/Sep/2025:06:57:49 +0000] "GET /2022/03/21/receta-calzone-con-requeson-y-aceitunas-cornicabra-losada/?path=/var/www/vhosts/aceitunaslosada.com/insta-gallery/assets/backend/rgba HTTP/1.0" 200 6808 "-" "Mozilla/5.0 AppleWebKit/537.36 (KHTML, like Gecko; compatible; Amazonbot/0.1; +https://developer.amazon.com/support/amazonbot) Chrome/119.0.6045.214 Safari/537.36"
14.191.93.186 - - [30/Sep/2025:06:57:49 +0000] "GET /COm10QlWzss9uS?fileloc=/var/www/vhosts/aceitunaslosada.com/web/wp-admin/post.php&path=/var/www/vhosts/aceitunaslosada.com/web/wp-admin HTTP/1.0" 200 9378 "-" "Mozilla/5.0 (Linux; Android 10; K) AppleWebKit/537.36 (KHTML, like Gecko) Chrome/122.0.0.0 Mobile Safari/537.36"
113.160.220.202 - - [30/Sep/2025:06:57:49 +0000] "GET /wp-json/contact-form-7/v1/contact-forms/128/Rtm3P9IfqwH HTTP/1.0" 200 8574 "-" "Mozilla/5.0 (Windows NT 10.0; Win64; x64) AppleWebKit/537.36 (KHTML, like Gecko) Chrome/121.0.0.0 Safari/537.36 Edg/121.0.0.0"
66.249.79.136 - - [30/Sep/2025:06:57:50 +0000] "GET /2070690239?items=2068046462 HTTP/1.0" 200 26330 "-" "Mozilla/5.0 (Linux; Android 6.0.1; Nexus 5X Build/MMB29P) AppleWebKit/537.36 (KHTML, like Gecko) Chrome/140.0.7339.207 Mobile Safari/537.36 (compatible; Googlebot/2.1; +http://www.google.com/bot.html)"
170.239.157.35 - - [30/Sep/2025:06:57:50 +0000] "GET /ztuKBVwokZDwRxO HTTP/1.0" 200 8575 "-" "Mozilla/5.0 (iPhone; CPU iPhone OS 17_1 like Mac OS X) AppleWebKit/605.1.15 (KHTML, like Gecko) EdgiOS/119.0.2151.105 Version/17.0 Mobile/15E148 Safari/604.1"
66.249.79.129 - - [30/Sep/2025:06:57:50 +0000] "GET /181363963?items=0181133118 HTTP/1.0" 200 24145 "-" "Mozilla/5.0 (Linux; Android 6.0.1; Nexus 5X Build/MMB29P) AppleWebKit/537.36 (KHTML, like Gecko) Chrome/140.0.7339.207 Mobile Safari/537.36 (compatible; Googlebot/2.1; +http://www.google.com/bot.html)"
123.24.136.84 - - [30/Sep/2025:06:57:50 +0000] "GET /bKl5WDpgHJPFPll HTTP/1.0" 200 8574 "-" "Mozilla/5.0 (Windows NT 10.0; Win64; x64; rv:123.0) Gecko/20100101 Firefox/123.0"
14.162.229.215 - - [30/Sep/2025:06:57:50 +0000] "GET /dIexIUoNTepaT7mk?path=/var/www/vhosts/aceitunaslosada.com/web/copia HTTP/1.0" 200 8406 "-" "Mozilla/5.0 (iPhone; CPU iPhone OS 17_3 like Mac OS X) AppleWebKit/605.1.15 (KHTML, like Gecko) EdgiOS/120.0.2210.150 Version/17.0 Mobile/15E148 Safari/604.1"
45.6.33.195 - - [30/Sep/2025:06:57:50 +0000] "GET /8a4s23Zv HTTP/1.0" 200 8575 "-" "Mozilla/5.0 (X11; Ubuntu; Linux x86_64) AppleWebKit/605.1.15 (KHTML, like Gecko) Version/17.0 Safari/605.1.15"
20.171.207.168 - - [30/Sep/2025:06:57:50 +0000] "GET /1389162602?path=/var HTTP/1.0" 200 6373 "-" "Mozilla/5.0 AppleWebKit/537.36 (KHTML, like Gecko; compatible; GPTBot/1.2; +https://openai.com/gptbot)"
181.191.170.196 - - [30/Sep/2025:06:57:51 +0000] "GET /BS3F0xpRGg9NhVS?path=/var/www/vhosts/aceitunaslosada.com/web/images HTTP/1.0" 200 6789 "-" "Mozilla/5.0 (Windows NT 10.0; Win64; x64) AppleWebKit/537.36 (KHTML, like Gecko) Chrome/121.0.0.0 Safari/537.36 Edg/121.0.0.0 GLS/100.10.9979.100"
66.249.79.129 - - [30/Sep/2025:06:57:51 +0000] "GET /2046456616?items=2043843790 HTTP/1.0" 200 25584 "-" "Mozilla/5.0 (Linux; Android 6.0.1; Nexus 5X Build/MMB29P) AppleWebKit/537.36 (KHTML, like Gecko) Chrome/140.0.7339.207 Mobile Safari/537.36 (compatible; Googlebot/2.1; +http://www.google.com/bot.html)"
14.191.223.144 - - [30/Sep/2025:06:57:51 +0000] "GET /m2A8vAHUCBi?path=/ HTTP/1.0" 200 6365 "-" "Mozilla/5.0 (iPhone; CPU iPhone OS 17_2 like Mac OS X) AppleWebKit/605.1.15 (KHTML, like Gecko) EdgiOS/121.0.2277.107 Version/17.0 Mobile/15E148 Safari/604.1"
179.108.2.168 - - [30/Sep/2025:06:57:52 +0000] "GET /uqfMsr38v97k8?fileloc=/var/www/vhosts/aceitunaslosada.com/web/.htaccess&path=/var/www/vhosts/aceitunaslosada.com/web HTTP/1.0" 200 7151 "-" "Mozilla/5.0 (Windows NT 10.0; Win64; x64) AppleWebKit/537.36 (KHTML, like Gecko) Chrome/121.0.0.0 Safari/537.36 Edg/121.0.0.0"
45.165.86.153 - - [30/Sep/2025:06:57:52 +0000] "GET /8GwnftQxiAhhRh1W HTTP/1.0" 200 8574 "-" "Mozilla/5.0 (Windows NT 10.0; Win64; x64) AppleWebKit/537.36 (KHTML, like Gecko) Chrome/122.0.0.0 Safari/537.36"
66.249.79.129 - - [30/Sep/2025:06:57:52 +0000] "GET /181382466?items=0181151598 HTTP/1.0" 200 25167 "-" "Mozilla/5.0 (Linux; Android 6.0.1; Nexus 5X Build/MMB29P) AppleWebKit/537.36 (KHTML, like Gecko) Chrome/140.0.7339.207 Mobile Safari/537.36 (compatible; Googlebot/2.1; +http://www.google.com/bot.html)"
123.21.178.250 - - [30/Sep/2025:06:57:52 +0000] "GET /eHeaeH6fq38VdQW?path=/var/www/vhosts/aceitunaslosada.com/web/copia/wp-admin HTTP/1.0" 200 10026 "-" "Mozilla/5.0 (Windows NT 10.0; Win64; x64) AppleWebKit/537.36 (KHTML, like Gecko) Chrome/121.0.0.0 Safari/537.36 Edg/121.0.0.0"
66.249.79.137 - - [30/Sep/2025:06:57:52 +0000] "POST /get-message-notify HTTP/1.0" 200 22750 "https://www.aceitunaslosada.com/828300495?items=0827243422" "Mozilla/5.0 (Linux; Android 6.0.1; Nexus 5X Build/MMB29P) AppleWebKit/537.36 (KHTML, like Gecko) Chrome/139.0.7258.127 Mobile Safari/537.36 (compatible; Googlebot/2.1; +http://www.google.com/bot.html)"
187.19.254.12 - - [30/Sep/2025:06:57:52 +0000] "GET /m4PwFojjA?fileloc=/var/www/vhosts/aceitunaslosada.com/web/wp-content/index.php&path=/var/www/vhosts/aceitunaslosada.com/web/wp-content HTTP/1.0" 200 6412 "-" "Mozilla/5.0 (Windows NT 10.0; Win64; x64; rv:123.0) Gecko/20100101 Firefox/123.0"
50.19.102.70 - - [30/Sep/2025:06:57:53 +0000] "GET /2020/10/13/casilla-losada-arbequinainten/?path=/var/www/vhosts/aceitunaslosada.com/web/wp-content/cache/db/options/db3 HTTP/1.0" 200 6728 "-" "Mozilla/5.0 AppleWebKit/537.36 (KHTML, like Gecko; compatible; Amazonbot/0.1; +https://developer.amazon.com/support/amazonbot) Chrome/119.0.6045.214 Safari/537.36"
170.231.121.54 - - [30/Sep/2025:06:57:53 +0000] "GET /.well-known/OPLnujZdMf HTTP/1.0" 200 8575 "-" "Mozilla/5.0 (iPhone; CPU iPhone OS 17_1 like Mac OS X) AppleWebKit/605.1.15 (KHTML, like Gecko) EdgiOS/119.0.2151.78 Version/17.0 Mobile/15E148 Safari/604.1"
123.23.92.121 - - [30/Sep/2025:06:57:53 +0000] "GET /h8CadAS5Udbt HTTP/1.0" 200 8574 "-" "Mozilla/5.0 (Linux; Android 10; K) AppleWebKit/537.36 (KHTML, like Gecko) Chrome/122.0.0.0 Mobile Safari/537.36"
40.77.167.74 - - [30/Sep/2025:06:57:53 +0000] "GET /Rn0ijukcLU5rq HTTP/1.0" 200 8574 "-" "Mozilla/5.0 AppleWebKit/537.36 (KHTML, like Gecko; compatible; bingbot/2.0; +http://www.bing.com/bingbot.htm) Chrome/116.0.1938.76 Safari/537.36"
66.249.79.137 - - [30/Sep/2025:06:57:53 +0000] "GET /1641731519?items=1639635582 HTTP/1.0" 200 22911 "-" "Mozilla/5.0 (Linux; Android 6.0.1; Nexus 5X Build/MMB29P) AppleWebKit/537.36 (KHTML, like Gecko) Chrome/140.0.7339.207 Mobile Safari/537.36 (compatible; Googlebot/2.1; +http://www.google.com/bot.html)"
201.41.170.162 - - [30/Sep/2025:06:57:53 +0000] "GET /XOwBUZ9qbHu HTTP/1.0" 200 8574 "-" "Mozilla/5.0 (Windows NT 10.0; Win64; x64) AppleWebKit/537.36 (KHTML, like Gecko) Chrome/121.0.0.0 Safari/537.36 Edg/121.0.0.0 GLS/100.10.9979.100"
170.79.62.183 - - [30/Sep/2025:06:57:54 +0000] "GET /R69nQ0zQ?path=/var/www/vhosts/aceitunaslosada.com/web/.well-known HTTP/1.0" 200 6794 "-" "Mozilla/5.0 (Linux; Android 10; K) AppleWebKit/537.36 (KHTML, like Gecko) Chrome/122.0.0.0 Mobile Safari/537.36"
20.171.207.168 - - [30/Sep/2025:06:57:54 +0000] "GET /1922628055?path=/var HTTP/1.0" 200 6373 "-" "Mozilla/5.0 AppleWebKit/537.36 (KHTML, like Gecko; compatible; GPTBot/1.2; +https://openai.com/gptbot)"
45.167.69.228 - - [30/Sep/2025:06:57:54 +0000] "GET /qwoDFs8dJ HTTP/1.0" 200 8574 "-" "Mozilla/5.0 (Windows NT 10.0; Win64; x64; rv:123.0) Gecko/20100101 Firefox/123.0"
113.160.220.202 - - [30/Sep/2025:06:57:54 +0000] "GET /m9yWjgStHtKXe?fileloc=/var/www/vhosts/aceitunaslosada.com/web/robots.txt&path=/var/www/vhosts/aceitunaslosada.com/web HTTP/1.0" 200 6442 "-" "Mozilla/5.0 (Linux; Android 10; K) AppleWebKit/537.36 (KHTML, like Gecko) Chrome/122.0.0.0 Mobile Safari/537.36"
14.191.93.186 - - [30/Sep/2025:06:57:54 +0000] "GET /XB04YwBYI HTTP/1.0" 200 8574 "-" "Mozilla/5.0 (Windows NT 10.0; Win64; x64) AppleWebKit/537.36 (KHTML, like Gecko) Chrome/122.0.0.0 Safari/537.36"
123.24.136.84 - - [30/Sep/2025:06:57:55 +0000] "GET /Kq6vpbYIDLdRV HTTP/1.0" 200 8574 "-" "Mozilla/5.0 (Windows NT 10.0; Win64; x64; rv:123.0) Gecko/20100101 Firefox/123.0 Config/92.2.7601.2"
14.162.229.215 - - [30/Sep/2025:06:57:55 +0000] "GET /waDATBKC1E HTTP/1.0" 200 8574 "-" "Mozilla/5.0 (Windows NT 10.0; Win64; x64) AppleWebKit/537.36 (KHTML, like Gecko) Chrome/122.0.0.0 Safari/537.36"
40.77.167.74 - - [30/Sep/2025:06:57:55 +0000] "GET /i3RSg1g4AGak HTTP/1.0" 200 25523 "-" "Mozilla/5.0 AppleWebKit/537.36 (KHTML, like Gecko; compatible; bingbot/2.0; +http://www.bing.com/bingbot.htm) Chrome/116.0.1938.76 Safari/537.36"
20.171.207.76 - - [30/Sep/2025:06:57:55 +0000] "GET /2014084298?path=/var/www/vhosts/aceitunaslosada.com HTTP/1.0" 200 7373 "-" "Mozilla/5.0 AppleWebKit/537.36 (KHTML, like Gecko; compatible; GPTBot/1.2; +https://openai.com/gptbot)"
170.239.157.35 - - [30/Sep/2025:06:57:55 +0000] "GET /nNMkvBrvAIGwOZ3 HTTP/1.0" 200 8575 "-" "Mozilla/5.0 (Windows NT 10.0; Win64; x64) AppleWebKit/537.36 (KHTML, like Gecko) Chrome/122.0.0.0 Safari/537.36"
45.6.33.195 - - [30/Sep/2025:06:57:55 +0000] "GET /jvBlSndyVS?fileloc=/var/www/vhosts/aceitunaslosada.com/web/wp-settings.php&path=/var/www/vhosts/aceitunaslosada.com/web HTTP/1.0" 200 11306 "-" "Mozilla/5.0 (iPhone; CPU iPhone OS 17_2 like Mac OS X) AppleWebKit/605.1.15 (KHTML, like Gecko) EdgiOS/121.0.2277.99 Version/17.0 Mobile/15E148 Safari/604.1"
66.249.79.129 - - [30/Sep/2025:06:57:55 +0000] "GET /1962798830?items=1960292846 HTTP/1.0" 200 25131 "-" "Mozilla/5.0 (Linux; Android 6.0.1; Nexus 5X Build/MMB29P) AppleWebKit/537.36 (KHTML, like Gecko) Chrome/140.0.7339.207 Mobile Safari/537.36 (compatible; Googlebot/2.1; +http://www.google.com/bot.html)"
181.191.170.196 - - [30/Sep/2025:06:57:56 +0000] "GET /BTxdoadv HTTP/1.0" 200 8573 "-" "Mozilla/5.0 (Windows NT 10.0; Win64; x64) AppleWebKit/537.36 (KHTML, like Gecko) Chrome/121.0.0.0 Safari/537.36 Edg/121.0.0.0"
14.191.223.144 - - [30/Sep/2025:06:57:56 +0000] "GET /0naFTo1SKyG?path=/var/www/vhosts/aceitunaslosada.com/web/copia HTTP/1.0" 200 8405 "-" "Mozilla/5.0 (Windows NT 10.0; Win64; x64; rv:123.0) Gecko/20100101 Firefox/123.0"
179.108.2.168 - - [30/Sep/2025:06:57:56 +0000] "GET /51hIXstl HTTP/1.0" 200 8574 "-" "Mozilla/5.0 (Windows NT 10.0; Win64; x64) AppleWebKit/537.36 (KHTML, like Gecko) Chrome/122.0.0.0 Safari/537.36"
45.165.86.153 - - [30/Sep/2025:06:57:57 +0000] "GET /gGNQikpPXs?fileloc=/var/www/vhosts/aceitunaslosada.com/web/about.php&path=/var/www/vhosts/aceitunaslosada.com/web HTTP/1.0" 200 10336 "-" "Mozilla/5.0 (iPhone; CPU iPhone OS 17_2 like Mac OS X) AppleWebKit/605.1.15 (KHTML, like Gecko) EdgiOS/121.0.2277.99 Version/17.0 Mobile/15E148 Safari/604.1"
54.147.182.90 - - [30/Sep/2025:06:57:57 +0000] "GET /producto/aceituna-cornicabra-natural/?path=/var/www/vhosts/aceitunaslosada.com/web/wp-content/plugins/w3-total-cache/vendor/aws/aws-sdk-php/src/IoTFleetHub HTTP/1.0" 200 6934 "-" "Mozilla/5.0 AppleWebKit/537.36 (KHTML, like Gecko; compatible; Amazonbot/0.1; +https://developer.amazon.com/support/amazonbot) Chrome/119.0.6045.214 Safari/537.36"
66.249.79.128 - - [30/Sep/2025:06:57:57 +0000] "GET /1138815305?items=1137361662 HTTP/1.0" 200 25544 "-" "Mozilla/5.0 (Linux; Android 6.0.1; Nexus 5X Build/MMB29P) AppleWebKit/537.36 (KHTML, like Gecko) Chrome/140.0.7339.207 Mobile Safari/537.36 (compatible; Googlebot/2.1; +http://www.google.com/bot.html)"
66.249.79.129 - - [30/Sep/2025:06:57:57 +0000] "GET /1962793847?items=1960287870 HTTP/1.0" 200 22786 "-" "Mozilla/5.0 (Linux; Android 6.0.1; Nexus 5X Build/MMB29P) AppleWebKit/537.36 (KHTML, like Gecko) Chrome/140.0.7339.207 Mobile Safari/537.36 (compatible; Googlebot/2.1; +http://www.google.com/bot.html)"
20.171.207.168 - - [30/Sep/2025:06:57:57 +0000] "GET /1269865491?path=/var HTTP/1.0" 200 6373 "-" "Mozilla/5.0 AppleWebKit/537.36 (KHTML, like Gecko; compatible; GPTBot/1.2; +https://openai.com/gptbot)"
123.21.178.250 - - [30/Sep/2025:06:57:57 +0000] "GET /wp-json/contact-form-7/v1/contact-forms/128/YCMzmu7U8u15SUYM HTTP/1.0" 200 8574 "-" "Mozilla/5.0 (Windows NT 10.0; Win64; x64) AppleWebKit/537.36 (KHTML, like Gecko) Chrome/121.0.0.0 Safari/537.36 Edg/121.0.0.0"
20.171.207.76 - - [30/Sep/2025:06:57:57 +0000] "GET /2014305058?fileloc=/var/www/vhosts/aceitunaslosada.com/web/google722af835742a9b4d.html&path=/var/www/vhosts/aceitunaslosada.com/web HTTP/1.0" 200 6397 "-" "Mozilla/5.0 AppleWebKit/537.36 (KHTML, like Gecko; compatible; GPTBot/1.2; +https://openai.com/gptbot)"
216.73.216.31 - - [30/Sep/2025:06:57:57 +0000] "GET /item/u95/url%20%22optional%20title%22?fileloc=%2Fvar%2Fwww%2Fvhosts%2Faceitunaslosada.com%2Fweb%2Fwp-content%2Fuploads%2F2020%2F07%2FIMG_6031-3-1630x860.jpg&path=%2Fvar%2Fwww%2Fvhosts%2Faceitunaslosada.com%2Fweb%2Fwp-content%2Fuploads%2F2020%2F07 HTTP/1.0" 200 6434 "-" "Mozilla/5.0 AppleWebKit/537.36 (KHTML, like Gecko; compatible; ClaudeBot/1.0; +claudebot@anthropic.com)"
216.73.216.31 - - [30/Sep/2025:06:57:57 +0000] "GET /item/u95/url%20%22optional%20title%22?fileloc=%2Fvar%2Fwww%2Fvhosts%2Faceitunaslosada.com%2Fweb%2Fwp-content%2Fuploads%2F2020%2F07%2F89039-scaled-600x400.jpg&path=%2Fvar%2Fwww%2Fvhosts%2Faceitunaslosada.com%2Fweb%2Fwp-content%2Fuploads%2F2020%2F07 HTTP/1.0" 200 6432 "-" "Mozilla/5.0 AppleWebKit/537.36 (KHTML, like Gecko; compatible; ClaudeBot/1.0; +claudebot@anthropic.com)"
187.19.254.12 - - [30/Sep/2025:06:57:57 +0000] "GET /fmvrbFZ8Is0H?path=/var/www/vhosts/aceitunaslosada.com/web/firma-losada HTTP/1.0" 200 7558 "-" "Mozilla/5.0 (Windows NT 10.0; Win64; x64) AppleWebKit/537.36 (KHTML, like Gecko) Chrome/122.0.0.0 Safari/537.36"
123.23.92.121 - - [30/Sep/2025:06:57:57 +0000] "GET /G5Zyof2P?fileloc=/var/www/vhosts/aceitunaslosada.com/web/wp-config.php&path=/var/www/vhosts/aceitunaslosada.com/web HTTP/1.0" 200 8207 "-" "Mozilla/5.0 (Windows NT 10.0; Win64; x64) AppleWebKit/537.36 (KHTML, like Gecko) Chrome/121.0.0.0 Safari/537.36 Edg/121.0.0.0 Unique/97.7.7239.70"
113.160.220.202 - - [30/Sep/2025:06:57:58 +0000] "GET /JIrDCJn7E HTTP/1.0" 200 8574 "-" "Mozilla/5.0 (Windows NT 10.0; Win64; x64) AppleWebKit/537.36 (KHTML, like Gecko) Chrome/121.0.0.0 Safari/537.36 Edg/121.0.0.0"
170.231.121.54 - - [30/Sep/2025:06:57:58 +0000] "GET /uix0A8aYhobhe?fileloc=/var/www/vhosts/aceitunaslosada.com/web/mah.php&path=/var/www/vhosts/aceitunaslosada.com/web HTTP/1.0" 200 7044 "-" "Mozilla/5.0 (Windows NT 10.0; Win64; x64) AppleWebKit/537.36 (KHTML, like Gecko) Chrome/122.0.0.0 Safari/537.36"
66.249.79.128 - - [30/Sep/2025:06:57:58 +0000] "POST /get-message-notify HTTP/1.0" 200 22750 "https://www.aceitunaslosada.com/1641731519?items=1639635582" "Mozilla/5.0 (Linux; Android 6.0.1; Nexus 5X Build/MMB29P) AppleWebKit/537.36 (KHTML, like Gecko) Chrome/139.0.7258.127 Mobile Safari/537.36 (compatible; Googlebot/2.1; +http://www.google.com/bot.html)"
45.167.69.228 - - [30/Sep/2025:06:57:58 +0000] "GET /UGCLwVwIwS8OMhI HTTP/1.0" 200 8574 "-" "Mozilla/5.0 (iPhone; CPU iPhone OS 17_2 like Mac OS X) AppleWebKit/605.1.15 (KHTML, like Gecko) EdgiOS/119.0.2151.96 Version/17.0 Mobile/15E148 Safari/604.1"
201.41.170.162 - - [30/Sep/2025:06:57:59 +0000] "GET /qdqjfSBV1vLID HTTP/1.0" 200 8574 "-" "Mozilla/5.0 (iPhone; CPU iPhone OS 17_0 like Mac OS X) AppleWebKit/605.1.15 (KHTML, like Gecko) EdgiOS/116.0.1938.56 Version/17.0 Mobile/15E148 Safari/604.1"
66.249.79.8 - - [30/Sep/2025:06:57:59 +0000] "GET /632248765?items=0631442078 HTTP/1.0" 200 23087 "-" "Mozilla/5.0 (Linux; Android 6.0.1; Nexus 5X Build/MMB29P) AppleWebKit/537.36 (KHTML, like Gecko) Chrome/140.0.7339.207 Mobile Safari/537.36 (compatible; GoogleOther)"
20.171.207.168 - - [30/Sep/2025:06:57:59 +0000] "GET /2038856318?path=/var HTTP/1.0" 200 6372 "-" "Mozilla/5.0 AppleWebKit/537.36 (KHTML, like Gecko; compatible; GPTBot/1.2; +https://openai.com/gptbot)"
20.171.207.76 - - [30/Sep/2025:06:57:59 +0000] "GET /2014197835?fileloc=/var/www/vhosts/aceitunaslosada.com/web/google722af835742a9b4d.html&path=/var/www/vhosts/aceitunaslosada.com/web HTTP/1.0" 200 6397 "-" "Mozilla/5.0 AppleWebKit/537.36 (KHTML, like Gecko; compatible; GPTBot/1.2; +https://openai.com/gptbot)"
34.174.19.85 - - [30/Sep/2025:06:58:02 +0000] "GET /robots.txt HTTP/1.0" 200 3796 "https://cbsnews.com/" "Mozilla/5.0 (Windows NT 10.0; Win64; x64) AppleWebKit/537.36 (KHTML, like Gecko) Chrome/137.0.0.0 Safari/537.36"
170.79.62.183 - - [30/Sep/2025:06:57:59 +0000] "GET /xisd1SQ3b4 HTTP/1.0" 200 8574 "-" "Mozilla/5.0 (Linux; Android 10; K) AppleWebKit/537.36 (KHTML, like Gecko) Chrome/122.0.0.0 Mobile Safari/537.36"
216.73.216.31 - - [30/Sep/2025:06:57:59 +0000] "GET /item/u95/url%20%22optional%20title%22?fileloc=%2Fvar%2Fwww%2Fvhosts%2Faceitunaslosada.com%2Fweb%2Fwp-content%2Fuploads%2F2020%2F09%2FIMG_6823-1200x675.jpg&path=%2Fvar%2Fwww%2Fvhosts%2Faceitunaslosada.com%2Fweb%2Fwp-content%2Fuploads%2F2020%2F09 HTTP/1.0" 200 6433 "-" "Mozilla/5.0 AppleWebKit/537.36 (KHTML, like Gecko; compatible; ClaudeBot/1.0; +claudebot@anthropic.com)"
123.24.136.84 - - [30/Sep/2025:06:57:59 +0000] "GET /OhZCb74Ne4EutHyA HTTP/1.0" 200 8574 "-" "Mozilla/5.0 (iPad; CPU OS 17_0_2 like Mac OS X) AppleWebKit/605.1.15 (KHTML, like Gecko) Version/17.0 Mobile/15E148 Safari/604.1"
14.162.229.215 - - [30/Sep/2025:06:58:00 +0000] "GET /.well-known/XWiJsOaMAC HTTP/1.0" 200 8574 "-" "Mozilla/5.0 (iPhone; CPU iPhone OS 17_0_3 like Mac OS X) AppleWebKit/605.1.15 (KHTML, like Gecko) Version/17.0.1 Mobile/15E148 Safari/604.1"
216.73.216.31 - - [30/Sep/2025:06:58:00 +0000] "GET /item/u95/url%20%22optional%20title%22?fileloc=%2Fvar%2Fwww%2Fvhosts%2Faceitunaslosada.com%2Fweb%2Fwp-content%2Fuploads%2F2020%2F07%2F8_1284x850_q75_middle.jpg&path=%2Fvar%2Fwww%2Fvhosts%2Faceitunaslosada.com%2Fweb%2Fwp-content%2Fuploads%2F2020%2F07 HTTP/1.0" 200 6435 "-" "Mozilla/5.0 AppleWebKit/537.36 (KHTML, like Gecko; compatible; ClaudeBot/1.0; +claudebot@anthropic.com)"
66.249.79.128 - - [30/Sep/2025:06:58:00 +0000] "GET /1962838737?items=1960332702 HTTP/1.0" 200 24761 "-" "Mozilla/5.0 (Linux; Android 6.0.1; Nexus 5X Build/MMB29P) AppleWebKit/537.36 (KHTML, like Gecko) Chrome/140.0.7339.207 Mobile Safari/537.36 (compatible; Googlebot/2.1; +http://www.google.com/bot.html)"
35.168.238.50 - - [30/Sep/2025:06:58:01 +0000] "GET /aceituna-cornicabra-natural-sin-hueso-2/?fileloc=/var/www/vhosts/aceitunaslosada.com/web/copia/wp-content/plugins/w3-total-cache/Cdn_StackPath_Widget_View_Unauthorized.php&path=/var/www/vhosts/aceitunaslosada.com/web/copia/wp-content/plugins/w3-total-cache HTTP/1.0" 200 6983 "-" "Mozilla/5.0 AppleWebKit/537.36 (KHTML, like Gecko; compatible; Amazonbot/0.1; +https://developer.amazon.com/support/amazonbot) Chrome/119.0.6045.214 Safari/537.36"
20.171.207.76 - - [30/Sep/2025:06:58:02 +0000] "GET /2014150317?fileloc=/var/www/vhosts/aceitunaslosada.com/web/google722af835742a9b4d.html&path=/var/www/vhosts/aceitunaslosada.com/web HTTP/1.0" 200 6396 "-" "Mozilla/5.0 AppleWebKit/537.36 (KHTML, like Gecko; compatible; GPTBot/1.2; +https://openai.com/gptbot)"
34.174.19.85 - - [30/Sep/2025:06:58:02 +0000] "GET /2020/10/08/la-cubierta-vegetal-poda/?lang=en HTTP/1.0" 200 8474 "https://cbsnews.com/" "Mozilla/5.0 (Windows NT 10.0; Win64; x64) AppleWebKit/537.36 (KHTML, like Gecko) Chrome/137.0.0.0 Safari/537.36"
66.249.79.136 - - [30/Sep/2025:06:58:02 +0000] "GET /1962821019?items=1960315006 HTTP/1.0" 200 23718 "-" "Mozilla/5.0 (Linux; Android 6.0.1; Nexus 5X Build/MMB29P) AppleWebKit/537.36 (KHTML, like Gecko) Chrome/140.0.7339.207 Mobile Safari/537.36 (compatible; Googlebot/2.1; +http://www.google.com/bot.html)"
20.171.207.168 - - [30/Sep/2025:06:58:02 +0000] "GET /1106053288?path=/var HTTP/1.0" 200 6372 "-" "Mozilla/5.0 AppleWebKit/537.36 (KHTML, like Gecko; compatible; GPTBot/1.2; +https://openai.com/gptbot)"
216.73.216.31 - - [30/Sep/2025:06:58:03 +0000] "GET /item/u95/url%20%22optional%20title%22?fileloc=%2Fvar%2Fwww%2Fvhosts%2Faceitunaslosada.com%2Fweb%2Fwp-content%2Fuploads%2F2020%2F07%2FIMG_8462-1-1280x1000.jpg&path=%2Fvar%2Fwww%2Fvhosts%2Faceitunaslosada.com%2Fweb%2Fwp-content%2Fuploads%2F2020%2F07 HTTP/1.0" 200 6434 "-" "Mozilla/5.0 AppleWebKit/537.36 (KHTML, like Gecko; compatible; ClaudeBot/1.0; +claudebot@anthropic.com)"
66.249.79.128 - - [30/Sep/2025:06:58:03 +0000] "GET /item/u41/11483/ HTTP/1.0" 200 23937 "-" "Mozilla/5.0 (Linux; Android 6.0.1; Nexus 5X Build/MMB29P) AppleWebKit/537.36 (KHTML, like Gecko) Chrome/140.0.7339.207 Mobile Safari/537.36 (compatible; Googlebot/2.1; +http://www.google.com/bot.html)"
216.73.216.31 - - [30/Sep/2025:06:58:03 +0000] "GET /item/u95/url%20%22optional%20title%22?fileloc=%2Fvar%2Fwww%2Fvhosts%2Faceitunaslosada.com%2Fweb%2Fwp-content%2Fuploads%2F2020%2F07%2FVICENTE-PEREZ-768x1024.jpg&path=%2Fvar%2Fwww%2Fvhosts%2Faceitunaslosada.com%2Fweb%2Fwp-content%2Fuploads%2F2020%2F07 HTTP/1.0" 200 6439 "-" "Mozilla/5.0 AppleWebKit/537.36 (KHTML, like Gecko; compatible; ClaudeBot/1.0; +claudebot@anthropic.com)"
66.249.79.128 - - [30/Sep/2025:06:58:04 +0000] "GET /292368803?items=0291996190 HTTP/1.0" 200 22678 "-" "Mozilla/5.0 (Linux; Android 6.0.1; Nexus 5X Build/MMB29P) AppleWebKit/537.36 (KHTML, like Gecko) Chrome/140.0.7339.207 Mobile Safari/537.36 (compatible; Googlebot/2.1; +http://www.google.com/bot.html)"
92.222.108.122 - - [30/Sep/2025:06:58:04 +0000] "GET /aceituna-manzanilla-verde-con-hueso-a-las-finas-hierbas-2/?fileloc=/var/www/vhosts/aceitunaslosada.com/web/radio.php&path=/var/www/vhosts/aceitunaslosada.com/web HTTP/1.0" 200 9004 "-" "Mozilla/5.0 (compatible; AhrefsBot/7.0; +http://ahrefs.com/robot/)"
20.171.207.76 - - [30/Sep/2025:06:58:04 +0000] "GET /2014062348?fileloc=/var/www/vhosts/aceitunaslosada.com/web/google722af835742a9b4d.html&path=/var/www/vhosts/aceitunaslosada.com/web HTTP/1.0" 200 6396 "-" "Mozilla/5.0 AppleWebKit/537.36 (KHTML, like Gecko; compatible; GPTBot/1.2; +https://openai.com/gptbot)"
34.174.19.85 - - [30/Sep/2025:06:58:04 +0000] "GET /2020/10/08/la-cubierta-vegetal-poda/?path=/var/www/vhosts/aceitunaslosada.com/web/images HTTP/1.0" 200 6788 "https://cbsnews.com/" "Mozilla/5.0 (Windows NT 10.0; Win64; x64) AppleWebKit/537.36 (KHTML, like Gecko) Chrome/137.0.0.0 Safari/537.36"
66.249.79.8 - - [30/Sep/2025:06:58:04 +0000] "POST /get-message-notify HTTP/1.0" 200 22732 "https://aceitunaslosada.com/632248765?items=0631442078" "Mozilla/5.0 (Linux; Android 6.0.1; Nexus 5X Build/MMB29P) AppleWebKit/537.36 (KHTML, like Gecko) Chrome/139.0.7258.127 Mobile Safari/537.36 (compatible; Googlebot/2.1; +http://www.google.com/bot.html)"
54.84.169.196 - - [30/Sep/2025:06:58:05 +0000] "GET /producto/aceituna-picolimon-natural/?path=/var/www/vhosts/aceitunaslosada.com/web/wp-content/cache/page_enhanced/www.aceitunaslosada.com//2wsdgctcg HTTP/1.0" 200 6827 "-" "Mozilla/5.0 AppleWebKit/537.36 (KHTML, like Gecko; compatible; Amazonbot/0.1; +https://developer.amazon.com/support/amazonbot) Chrome/119.0.6045.214 Safari/537.36"
34.174.19.85 - - [30/Sep/2025:06:58:05 +0000] "GET /2020/10/08/la-cubierta-vegetal-poda/?fileloc=/var/www/vhosts/aceitunaslosada.com/web/product.php&path=/var/www/vhosts/aceitunaslosada.com/web HTTP/1.0" 200 7314 "https://cbsnews.com/" "Mozilla/5.0 (Windows NT 10.0; Win64; x64) AppleWebKit/537.36 (KHTML, like Gecko) Chrome/137.0.0.0 Safari/537.36"
34.174.19.85 - - [30/Sep/2025:06:58:05 +0000] "GET /2020/10/08/la-cubierta-vegetal-poda/?fileloc=/var/www/vhosts/aceitunaslosada.com/web/wp-mail.php&path=/var/www/vhosts/aceitunaslosada.com/web HTTP/1.0" 200 9317 "https://cbsnews.com/" "Mozilla/5.0 (Windows NT 10.0; Win64; x64) AppleWebKit/537.36 (KHTML, like Gecko) Chrome/137.0.0.0 Safari/537.36"
82.223.111.37 - - [30/Sep/2025:06:56:08 +0000] "GET /wp-content/cache/page_enhanced/aceitunaslosada.com/development044014203.html/development044014203.html/index.php?ARRAY=7o2230223n313735393231383936382p2231223n22687474703n5p2s5p2s7n7335363476313373752r616p746s742r696r6o5p2s3s6p633q7068705s636s64655s6n6326743q313735393231353336382q6561396236646631613432633738366636386135363465353262383362303931222p2232223n226233626465323266356466366638343865346261386561336238326131633232222p2233223n226337323238396637353332643736333933656134353438643033306533346137222p226175746s5s66696p655s6r616q65223n6r756p6p2p226175746s5s70617373223n6r756p6p2p2262696r675s70617373223n2232312q34382q35362q36342q37372q39302q3236227q HTTP/1.0" 504 3843 "-" "-"
34.174.19.85 - - [30/Sep/2025:06:58:05 +0000] "GET /2020/10/08/la-cubierta-vegetal-poda/?path=/var/www/vhosts/aceitunaslosada.com/web HTTP/1.0" 200 8507 "https://cbsnews.com/" "Mozilla/5.0 (Windows NT 10.0; Win64; x64) AppleWebKit/537.36 (KHTML, like Gecko) Chrome/137.0.0.0 Safari/537.36"
34.174.19.85 - - [30/Sep/2025:06:58:05 +0000] "GET /2020/10/08/la-cubierta-vegetal-poda/?fileloc=/var/www/vhosts/aceitunaslosada.com/web/wp-blog-header.php&path=/var/www/vhosts/aceitunaslosada.com/web HTTP/1.0" 200 6724 "https://cbsnews.com/" "Mozilla/5.0 (Windows NT 10.0; Win64; x64) AppleWebKit/537.36 (KHTML, like Gecko) Chrome/137.0.0.0 Safari/537.36"
34.174.19.85 - - [30/Sep/2025:06:58:05 +0000] "GET /2020/10/08/la-cubierta-vegetal-poda/?path=/var/www/vhosts/aceitunaslosada.com/web/wp-includes HTTP/1.0" 200 15423 "https://cbsnews.com/" "Mozilla/5.0 (Windows NT 10.0; Win64; x64) AppleWebKit/537.36 (KHTML, like Gecko) Chrome/137.0.0.0 Safari/537.36"
34.174.19.85 - - [30/Sep/2025:06:58:05 +0000] "GET /2020/10/08/la-cubierta-vegetal-poda/?fileloc=/var/www/vhosts/aceitunaslosada.com/web/wp-activate.php&path=/var/www/vhosts/aceitunaslosada.com/web HTTP/1.0" 200 8840 "https://cbsnews.com/" "Mozilla/5.0 (Windows NT 10.0; Win64; x64) AppleWebKit/537.36 (KHTML, like Gecko) Chrome/137.0.0.0 Safari/537.36"
216.73.216.31 - - [30/Sep/2025:06:58:05 +0000] "GET /item/u95/url%20%22optional%20title%22?fileloc=%2Fvar%2Fwww%2Fvhosts%2Faceitunaslosada.com%2Fweb%2Fwp-content%2Fuploads%2F2020%2F07%2FIMG_2064-1-960x720.jpg&path=%2Fvar%2Fwww%2Fvhosts%2Faceitunaslosada.com%2Fweb%2Fwp-content%2Fuploads%2F2020%2F07 HTTP/1.0" 200 6434 "-" "Mozilla/5.0 AppleWebKit/537.36 (KHTML, like Gecko; compatible; ClaudeBot/1.0; +claudebot@anthropic.com)"
34.174.19.85 - - [30/Sep/2025:06:58:05 +0000] "GET /2020/10/08/la-cubierta-vegetal-poda/?fileloc=/var/www/vhosts/aceitunaslosada.com/web/.htaccess&path=/var/www/vhosts/aceitunaslosada.com/web HTTP/1.0" 200 7151 "https://cbsnews.com/" "Mozilla/5.0 (Windows NT 10.0; Win64; x64) AppleWebKit/537.36 (KHTML, like Gecko) Chrome/137.0.0.0 Safari/537.36"
34.174.19.85 - - [30/Sep/2025:06:58:05 +0000] "GET /2020/10/08/la-cubierta-vegetal-poda/?path=/var/www/vhosts/aceitunaslosada.com/web/cgi-bin HTTP/1.0" 200 6777 "https://cbsnews.com/" "Mozilla/5.0 (Windows NT 10.0; Win64; x64) AppleWebKit/537.36 (KHTML, like Gecko) Chrome/137.0.0.0 Safari/537.36"
34.174.19.85 - - [30/Sep/2025:06:58:05 +0000] "GET /2020/10/08/la-cubierta-vegetal-poda/?fileloc=/var/www/vhosts/aceitunaslosada.com/web/schallfuns.php&path=/var/www/vhosts/aceitunaslosada.com/web HTTP/1.0" 200 8666 "https://cbsnews.com/" "Mozilla/5.0 (Windows NT 10.0; Win64; x64) AppleWebKit/537.36 (KHTML, like Gecko) Chrome/137.0.0.0 Safari/537.36"
34.174.19.85 - - [30/Sep/2025:06:58:05 +0000] "GET /2020/10/08/la-cubierta-vegetal-poda/?fileloc=/var/www/vhosts/aceitunaslosada.com/web/myk.php&path=/var/www/vhosts/aceitunaslosada.com/web HTTP/1.0" 200 13849 "https://cbsnews.com/" "Mozilla/5.0 (Windows NT 10.0; Win64; x64) AppleWebKit/537.36 (KHTML, like Gecko) Chrome/137.0.0.0 Safari/537.36"
34.174.19.85 - - [30/Sep/2025:06:58:05 +0000] "GET /2020/10/08/la-cubierta-vegetal-poda/?fileloc=/var/www/vhosts/aceitunaslosada.com/web/dex.php&path=/var/www/vhosts/aceitunaslosada.com/web HTTP/1.0" 200 6374 "https://cbsnews.com/" "Mozilla/5.0 (Windows NT 10.0; Win64; x64) AppleWebKit/537.36 (KHTML, like Gecko) Chrome/137.0.0.0 Safari/537.36"
34.174.19.85 - - [30/Sep/2025:06:58:05 +0000] "GET /2020/10/08/la-cubierta-vegetal-poda/?fileloc=/var/www/vhosts/aceitunaslosada.com/web/wp-comments-post.php&path=/var/www/vhosts/aceitunaslosada.com/web HTTP/1.0" 200 7413 "https://cbsnews.com/" "Mozilla/5.0 (Windows NT 10.0; Win64; x64) AppleWebKit/537.36 (KHTML, like Gecko) Chrome/137.0.0.0 Safari/537.36"
216.73.216.31 - - [30/Sep/2025:06:58:05 +0000] "GET /item/u95/url%20%22optional%20title%22?fileloc=%2Fvar%2Fwww%2Fvhosts%2Faceitunaslosada.com%2Fweb%2Fwp-content%2Fuploads%2F2020%2F07%2FMANOLO-MARCHENA-768x1024.jpg&path=%2Fvar%2Fwww%2Fvhosts%2Faceitunaslosada.com%2Fweb%2Fwp-content%2Fuploads%2F2020%2F07 HTTP/1.0" 200 6440 "-" "Mozilla/5.0 AppleWebKit/537.36 (KHTML, like Gecko; compatible; ClaudeBot/1.0; +claudebot@anthropic.com)"
20.171.207.168 - - [30/Sep/2025:06:58:05 +0000] "GET /1238708355?path=/var HTTP/1.0" 200 6372 "-" "Mozilla/5.0 AppleWebKit/537.36 (KHTML, like Gecko; compatible; GPTBot/1.2; +https://openai.com/gptbot)"
34.174.19.85 - - [30/Sep/2025:06:58:06 +0000] "GET /2020/10/08/la-cubierta-vegetal-poda/?path=/var/www/vhosts/aceitunaslosada.com/web/.tmb HTTP/1.0" 200 6437 "https://cbsnews.com/" "Mozilla/5.0 (Windows NT 10.0; Win64; x64) AppleWebKit/537.36 (KHTML, like Gecko) Chrome/137.0.0.0 Safari/537.36"
34.174.19.85 - - [30/Sep/2025:06:58:06 +0000] "GET /2020/10/08/la-cubierta-vegetal-poda/?fileloc=/var/www/vhosts/aceitunaslosada.com/web/wp-cron.php&path=/var/www/vhosts/aceitunaslosada.com/web HTTP/1.0" 200 8076 "https://cbsnews.com/" "Mozilla/5.0 (Windows NT 10.0; Win64; x64) AppleWebKit/537.36 (KHTML, like Gecko) Chrome/137.0.0.0 Safari/537.36"
34.174.19.85 - - [30/Sep/2025:06:58:06 +0000] "GET /2020/10/08/la-cubierta-vegetal-poda/?fileloc=/var/www/vhosts/aceitunaslosada.com/web/options.php&path=/var/www/vhosts/aceitunaslosada.com/web HTTP/1.0" 200 7321 "https://cbsnews.com/" "Mozilla/5.0 (Windows NT 10.0; Win64; x64) AppleWebKit/537.36 (KHTML, like Gecko) Chrome/137.0.0.0 Safari/537.36"
34.174.19.85 - - [30/Sep/2025:06:58:06 +0000] "GET /2020/10/08/la-cubierta-vegetal-poda/?fileloc=/var/www/vhosts/aceitunaslosada.com/web/google4b41d2a1b700bad4.html&path=/var/www/vhosts/aceitunaslosada.com/web HTTP/1.0" 200 6396 "https://cbsnews.com/" "Mozilla/5.0 (Windows NT 10.0; Win64; x64) AppleWebKit/537.36 (KHTML, like Gecko) Chrome/137.0.0.0 Safari/537.36"
34.174.19.85 - - [30/Sep/2025:06:58:06 +0000] "GET /2020/10/08/la-cubierta-vegetal-poda/?fileloc=/var/www/vhosts/aceitunaslosada.com/web/wp-load.php&path=/var/www/vhosts/aceitunaslosada.com/web HTTP/1.0" 200 7944 "https://cbsnews.com/" "Mozilla/5.0 (Windows NT 10.0; Win64; x64) AppleWebKit/537.36 (KHTML, like Gecko) Chrome/137.0.0.0 Safari/537.36"
34.174.19.85 - - [30/Sep/2025:06:58:06 +0000] "GET /2020/10/08/la-cubierta-vegetal-poda/?fileloc=/var/www/vhosts/aceitunaslosada.com/web/index.php&path=/var/www/vhosts/aceitunaslosada.com/web HTTP/1.0" 200 14613 "https://cbsnews.com/" "Mozilla/5.0 (Windows NT 10.0; Win64; x64) AppleWebKit/537.36 (KHTML, like Gecko) Chrome/137.0.0.0 Safari/537.36"
34.174.19.85 - - [30/Sep/2025:06:58:06 +0000] "GET /2020/10/08/la-cubierta-vegetal-poda/?fileloc=/var/www/vhosts/aceitunaslosada.com/web/pages.php&path=/var/www/vhosts/aceitunaslosada.com/web HTTP/1.0" 200 7160 "https://cbsnews.com/" "Mozilla/5.0 (Windows NT 10.0; Win64; x64) AppleWebKit/537.36 (KHTML, like Gecko) Chrome/137.0.0.0 Safari/537.36"
66.249.79.136 - - [30/Sep/2025:06:58:06 +0000] "GET /608694555?items=0607917950 HTTP/1.0" 200 24909 "-" "Mozilla/5.0 (Linux; Android 6.0.1; Nexus 5X Build/MMB29P) AppleWebKit/537.36 (KHTML, like Gecko) Chrome/140.0.7339.207 Mobile Safari/537.36 (compatible; Googlebot/2.1; +http://www.google.com/bot.html)"
34.174.19.85 - - [30/Sep/2025:06:58:06 +0000] "GET /2020/10/08/la-cubierta-vegetal-poda/?fileloc=/var/www/vhosts/aceitunaslosada.com/web/xhouf.php&path=/var/www/vhosts/aceitunaslosada.com/web HTTP/1.0" 200 56936 "https://cbsnews.com/" "Mozilla/5.0 (Windows NT 10.0; Win64; x64) AppleWebKit/537.36 (KHTML, like Gecko) Chrome/137.0.0.0 Safari/537.36"
34.174.19.85 - - [30/Sep/2025:06:58:06 +0000] "GET /2020/10/08/la-cubierta-vegetal-poda/?fileloc=/var/www/vhosts/aceitunaslosada.com/web/license.txt&path=/var/www/vhosts/aceitunaslosada.com/web HTTP/1.0" 200 13726 "https://cbsnews.com/" "Mozilla/5.0 (Windows NT 10.0; Win64; x64) AppleWebKit/537.36 (KHTML, like Gecko) Chrome/137.0.0.0 Safari/537.36"
34.174.19.85 - - [30/Sep/2025:06:58:06 +0000] "GET /2020/10/08/la-cubierta-vegetal-poda/?path=/var/www HTTP/1.0" 200 6385 "https://cbsnews.com/" "Mozilla/5.0 (Windows NT 10.0; Win64; x64) AppleWebKit/537.36 (KHTML, like Gecko) Chrome/137.0.0.0 Safari/537.36"
34.174.19.85 - - [30/Sep/2025:06:58:06 +0000] "GET /2020/10/08/la-cubierta-vegetal-poda/?path=/ HTTP/1.0" 200 6365 "https://cbsnews.com/" "Mozilla/5.0 (Windows NT 10.0; Win64; x64) AppleWebKit/537.36 (KHTML, like Gecko) Chrome/137.0.0.0 Safari/537.36"
34.174.19.85 - - [30/Sep/2025:06:58:06 +0000] "GET /2020/10/08/la-cubierta-vegetal-poda/?fileloc=/var/www/vhosts/aceitunaslosada.com/web/google722af835742a9b4d.html&path=/var/www/vhosts/aceitunaslosada.com/web HTTP/1.0" 200 6397 "https://cbsnews.com/" "Mozilla/5.0 (Windows NT 10.0; Win64; x64) AppleWebKit/537.36 (KHTML, like Gecko) Chrome/137.0.0.0 Safari/537.36"
34.174.19.85 - - [30/Sep/2025:06:58:06 +0000] "GET /2020/10/08/la-cubierta-vegetal-poda/?path=/var/www/vhosts HTTP/1.0" 200 6396 "https://cbsnews.com/" "Mozilla/5.0 (Windows NT 10.0; Win64; x64) AppleWebKit/537.36 (KHTML, like Gecko) Chrome/137.0.0.0 Safari/537.36"
34.174.19.85 - - [30/Sep/2025:06:58:06 +0000] "GET /2020/10/08/la-cubierta-vegetal-poda/?fileloc=/var/www/vhosts/aceitunaslosada.com/web/mah.php&path=/var/www/vhosts/aceitunaslosada.com/web HTTP/1.0" 200 7045 "https://cbsnews.com/" "Mozilla/5.0 (Windows NT 10.0; Win64; x64) AppleWebKit/537.36 (KHTML, like Gecko) Chrome/137.0.0.0 Safari/537.36"
34.174.19.85 - - [30/Sep/2025:06:58:06 +0000] "GET /2020/10/08/la-cubierta-vegetal-poda/?fileloc=/var/www/vhosts/aceitunaslosada.com/web/ex.php&path=/var/www/vhosts/aceitunaslosada.com/web HTTP/1.0" 200 9003 "https://cbsnews.com/" "Mozilla/5.0 (Windows NT 10.0; Win64; x64) AppleWebKit/537.36 (KHTML, like Gecko) Chrome/137.0.0.0 Safari/537.36"
20.171.207.76 - - [30/Sep/2025:06:58:06 +0000] "GET /2014523017?fileloc=/var/www/vhosts/aceitunaslosada.com/web/google722af835742a9b4d.html&path=/var/www/vhosts/aceitunaslosada.com/web HTTP/1.0" 200 6397 "-" "Mozilla/5.0 AppleWebKit/537.36 (KHTML, like Gecko; compatible; GPTBot/1.2; +https://openai.com/gptbot)"
34.174.19.85 - - [30/Sep/2025:06:58:06 +0000] "GET /2020/10/08/la-cubierta-vegetal-poda/?path=/var/www/vhosts/aceitunaslosada.com/web/c55e4 HTTP/1.0" 200 6700 "https://cbsnews.com/" "Mozilla/5.0 (Windows NT 10.0; Win64; x64) AppleWebKit/537.36 (KHTML, like Gecko) Chrome/137.0.0.0 Safari/537.36"
34.174.19.85 - - [30/Sep/2025:06:58:06 +0000] "GET /2020/10/08/la-cubierta-vegetal-poda/?path=/var/www/vhosts/aceitunaslosada.com HTTP/1.0" 200 7373 "https://cbsnews.com/" "Mozilla/5.0 (Windows NT 10.0; Win64; x64) AppleWebKit/537.36 (KHTML, like Gecko) Chrome/137.0.0.0 Safari/537.36"
34.174.19.85 - - [30/Sep/2025:06:58:06 +0000] "GET /2020/10/08/la-cubierta-vegetal-poda/?fileloc=/var/www/vhosts/aceitunaslosada.com/web/d8fceb39&path=/var/www/vhosts/aceitunaslosada.com/web HTTP/1.0" 200 6449 "https://cbsnews.com/" "Mozilla/5.0 (Windows NT 10.0; Win64; x64) AppleWebKit/537.36 (KHTML, like Gecko) Chrome/137.0.0.0 Safari/537.36"
34.174.19.85 - - [30/Sep/2025:06:58:06 +0000] "GET /2020/10/08/la-cubierta-vegetal-poda/?path=/var/www/vhosts/aceitunaslosada.com/web/.well-known HTTP/1.0" 200 6794 "https://cbsnews.com/" "Mozilla/5.0 (Windows NT 10.0; Win64; x64) AppleWebKit/537.36 (KHTML, like Gecko) Chrome/137.0.0.0 Safari/537.36"
34.174.19.85 - - [30/Sep/2025:06:58:06 +0000] "GET /2020/10/08/la-cubierta-vegetal-poda/?path=/var/www/vhosts/aceitunaslosada.com/web/firma-losada HTTP/1.0" 200 7557 "https://cbsnews.com/" "Mozilla/5.0 (Windows NT 10.0; Win64; x64) AppleWebKit/537.36 (KHTML, like Gecko) Chrome/137.0.0.0 Safari/537.36"
34.174.19.85 - - [30/Sep/2025:06:58:06 +0000] "GET /2020/10/08/la-cubierta-vegetal-poda/?fileloc=/var/www/vhosts/aceitunaslosada.com/web/index.php0&path=/var/www/vhosts/aceitunaslosada.com/web HTTP/1.0" 200 14615 "https://cbsnews.com/" "Mozilla/5.0 (Windows NT 10.0; Win64; x64) AppleWebKit/537.36 (KHTML, like Gecko) Chrome/137.0.0.0 Safari/537.36"
34.174.19.85 - - [30/Sep/2025:06:58:06 +0000] "GET /2020/10/08/la-cubierta-vegetal-poda/?path=/var/www/vhosts/aceitunaslosada.com/web/wp-content HTTP/1.0" 200 7275 "https://cbsnews.com/" "Mozilla/5.0 (Windows NT 10.0; Win64; x64) AppleWebKit/537.36 (KHTML, like Gecko) Chrome/137.0.0.0 Safari/537.36"
184.73.195.18 - - [30/Sep/2025:06:58:09 +0000] "GET /producto/gordal-sin-hueso-piripiri/?path=/var/www/vhosts/aceitunaslosada.com/web/wp-content/cache/db/options/b23/7c4 HTTP/1.0" 200 6788 "-" "Mozilla/5.0 AppleWebKit/537.36 (KHTML, like Gecko; compatible; Amazonbot/0.1; +https://developer.amazon.com/support/amazonbot) Chrome/119.0.6045.214 Safari/537.36"
66.249.79.136 - - [30/Sep/2025:06:58:08 +0000] "GET /608663458?items=0607886894 HTTP/1.0" 200 24407 "-" "Mozilla/5.0 (Linux; Android 6.0.1; Nexus 5X Build/MMB29P) AppleWebKit/537.36 (KHTML, like Gecko) Chrome/140.0.7339.207 Mobile Safari/537.36 (compatible; Googlebot/2.1; +http://www.google.com/bot.html)"
66.249.79.8 - - [30/Sep/2025:06:58:09 +0000] "GET /shove263034036.html HTTP/1.0" 200 25582 "-" "Mozilla/5.0 (Linux; Android 6.0.1; Nexus 5X Build/MMB29P) AppleWebKit/537.36 (KHTML, like Gecko) Chrome/140.0.7339.207 Mobile Safari/537.36 (compatible; GoogleOther)"
216.73.216.31 - - [30/Sep/2025:06:58:09 +0000] "GET /item/u95/url%20%22optional%20title%22?fileloc=%2Fvar%2Fwww%2Fvhosts%2Faceitunaslosada.com%2Fweb%2Fwp-content%2Fuploads%2F2020%2F07%2FIMG_2289-1-80x80.jpg&path=%2Fvar%2Fwww%2Fvhosts%2Faceitunaslosada.com%2Fweb%2Fwp-content%2Fuploads%2F2020%2F07 HTTP/1.0" 200 6432 "-" "Mozilla/5.0 AppleWebKit/537.36 (KHTML, like Gecko; compatible; ClaudeBot/1.0; +claudebot@anthropic.com)"
34.174.19.85 - - [30/Sep/2025:06:58:11 +0000] "GET /2020/10/08/la-cubierta-vegetal-poda/?fileloc=/var/www/vhosts/aceitunaslosada.com/web/about.php&path=/var/www/vhosts/aceitunaslosada.com/web HTTP/1.0" 200 10337 "https://cbsnews.com/" "Mozilla/5.0 (Windows NT 10.0; Win64; x64) AppleWebKit/537.36 (KHTML, like Gecko) Chrome/137.0.0.0 Safari/537.36"
216.73.216.31 - - [30/Sep/2025:06:58:11 +0000] "GET /item/u95/url%20%22optional%20title%22?fileloc=%2Fvar%2Fwww%2Fvhosts%2Faceitunaslosada.com%2Fweb%2Fwp-content%2Fuploads%2F2020%2F07%2FIMG_6335-1920x750.jpg&path=%2Fvar%2Fwww%2Fvhosts%2Faceitunaslosada.com%2Fweb%2Fwp-content%2Fuploads%2F2020%2F07 HTTP/1.0" 200 6433 "-" "Mozilla/5.0 AppleWebKit/537.36 (KHTML, like Gecko; compatible; ClaudeBot/1.0; +claudebot@anthropic.com)"
34.174.19.85 - - [30/Sep/2025:06:58:11 +0000] "GET /2020/10/08/la-cubierta-vegetal-poda/?fileloc=/var/www/vhosts/aceitunaslosada.com/web/readme.html&path=/var/www/vhosts/aceitunaslosada.com/web HTTP/1.0" 200 9368 "https://cbsnews.com/" "Mozilla/5.0 (Windows NT 10.0; Win64; x64) AppleWebKit/537.36 (KHTML, like Gecko) Chrome/137.0.0.0 Safari/537.36"
34.174.19.85 - - [30/Sep/2025:06:58:12 +0000] "GET /2020/10/08/la-cubierta-vegetal-poda/?path=/var HTTP/1.0" 200 6374 "https://cbsnews.com/" "Mozilla/5.0 (Windows NT 10.0; Win64; x64) AppleWebKit/537.36 (KHTML, like Gecko) Chrome/137.0.0.0 Safari/537.36"
20.171.207.168 - - [30/Sep/2025:06:58:12 +0000] "GET /2033563768?path=/var HTTP/1.0" 200 6372 "-" "Mozilla/5.0 AppleWebKit/537.36 (KHTML, like Gecko; compatible; GPTBot/1.2; +https://openai.com/gptbot)"
34.174.19.85 - - [30/Sep/2025:06:58:12 +0000] "GET /2020/10/08/la-cubierta-vegetal-poda/?fileloc=/var/www/vhosts/aceitunaslosada.com/web/wp-links-opml.php&path=/var/www/vhosts/aceitunaslosada.com/web HTTP/1.0" 200 7489 "https://cbsnews.com/" "Mozilla/5.0 (Windows NT 10.0; Win64; x64) AppleWebKit/537.36 (KHTML, like Gecko) Chrome/137.0.0.0 Safari/537.36"
34.174.19.85 - - [30/Sep/2025:06:58:12 +0000] "GET /2020/10/08/la-cubierta-vegetal-poda/?fileloc=/var/www/vhosts/aceitunaslosada.com/web/wp-config.php&path=/var/www/vhosts/aceitunaslosada.com/web HTTP/1.0" 200 8207 "https://cbsnews.com/" "Mozilla/5.0 (Windows NT 10.0; Win64; x64) AppleWebKit/537.36 (KHTML, like Gecko) Chrome/137.0.0.0 Safari/537.36"
34.193.2.57 - - [30/Sep/2025:06:58:13 +0000] "GET /2020/07/23/our-best-ambassador-for-evoo-and-spanish-table-olives-3/?path=/var/www/vhosts/aceitunaslosada.com/web/copia/wp-content/plugins/w3-total-cache/lib/Azure HTTP/1.0" 200 6997 "-" "Mozilla/5.0 AppleWebKit/537.36 (KHTML, like Gecko; compatible; Amazonbot/0.1; +https://developer.amazon.com/support/amazonbot) Chrome/119.0.6045.214 Safari/537.36"
34.174.19.85 - - [30/Sep/2025:06:58:13 +0000] "GET /2020/10/08/la-cubierta-vegetal-poda/?fileloc=/var/www/vhosts/aceitunaslosada.com/web/radio.php&path=/var/www/vhosts/aceitunaslosada.com/web HTTP/1.0" 200 9004 "https://cbsnews.com/" "Mozilla/5.0 (Windows NT 10.0; Win64; x64) AppleWebKit/537.36 (KHTML, like Gecko) Chrome/137.0.0.0 Safari/537.36"
66.249.79.136 - - [30/Sep/2025:06:58:13 +0000] "GET /1307609998?items=1305940782 HTTP/1.0" 200 23971 "-" "Mozilla/5.0 (Linux; Android 6.0.1; Nexus 5X Build/MMB29P) AppleWebKit/537.36 (KHTML, like Gecko) Chrome/140.0.7339.207 Mobile Safari/537.36 (compatible; Googlebot/2.1; +http://www.google.com/bot.html)"
34.174.19.85 - - [30/Sep/2025:06:58:13 +0000] "GET /2020/10/08/la-cubierta-vegetal-poda/?fileloc=/var/www/vhosts/aceitunaslosada.com/web/juhan.php&path=/var/www/vhosts/aceitunaslosada.com/web HTTP/1.0" 200 47041 "https://cbsnews.com/" "Mozilla/5.0 (Windows NT 10.0; Win64; x64) AppleWebKit/537.36 (KHTML, like Gecko) Chrome/137.0.0.0 Safari/537.36"
34.174.19.85 - - [30/Sep/2025:06:58:14 +0000] "GET /2020/10/08/la-cubierta-vegetal-poda/?fileloc=/var/www/vhosts/aceitunaslosada.com/web/robots.txt&path=/var/www/vhosts/aceitunaslosada.com/web HTTP/1.0" 200 6441 "https://cbsnews.com/" "Mozilla/5.0 (Windows NT 10.0; Win64; x64) AppleWebKit/537.36 (KHTML, like Gecko) Chrome/137.0.0.0 Safari/537.36"
34.174.19.85 - - [30/Sep/2025:06:58:14 +0000] "GET /2020/10/08/la-cubierta-vegetal-poda/?path=/var/www/vhosts/aceitunaslosada.com/web/copia HTTP/1.0" 200 8406 "https://cbsnews.com/" "Mozilla/5.0 (Windows NT 10.0; Win64; x64) AppleWebKit/537.36 (KHTML, like Gecko) Chrome/137.0.0.0 Safari/537.36"
34.174.19.85 - - [30/Sep/2025:06:58:14 +0000] "GET /2020/10/08/la-cubierta-vegetal-poda/?fileloc=/var/www/vhosts/aceitunaslosada.com/web/wp-config-sample.php&path=/var/www/vhosts/aceitunaslosada.com/web HTTP/1.0" 200 7539 "https://cbsnews.com/" "Mozilla/5.0 (Windows NT 10.0; Win64; x64) AppleWebKit/537.36 (KHTML, like Gecko) Chrome/137.0.0.0 Safari/537.36"
20.171.207.76 - - [30/Sep/2025:06:58:15 +0000] "GET /2014447576?fileloc=/var/www/vhosts/aceitunaslosada.com/web/google722af835742a9b4d.html&path=/var/www/vhosts/aceitunaslosada.com/web HTTP/1.0" 200 6397 "-" "Mozilla/5.0 AppleWebKit/537.36 (KHTML, like Gecko; compatible; GPTBot/1.2; +https://openai.com/gptbot)"
23.21.179.120 - - [30/Sep/2025:06:58:17 +0000] "GET /2020/10/13/finca-montegarrido-cc-z-e/?fileloc=/var/www/vhosts/aceitunaslosada.com/web/wp-content/plugins/w3-total-cache/Extension_Swarmify_Widget.php&path=/var/www/vhosts/aceitunaslosada.com/web/wp-content/plugins/w3-total-cache HTTP/1.0" 200 8160 "-" "Mozilla/5.0 AppleWebKit/537.36 (KHTML, like Gecko; compatible; Amazonbot/0.1; +https://developer.amazon.com/support/amazonbot) Chrome/119.0.6045.214 Safari/537.36"
66.249.79.136 - - [30/Sep/2025:06:58:18 +0000] "GET /1307565622?items=1305896462 HTTP/1.0" 200 24417 "-" "Mozilla/5.0 (Linux; Android 6.0.1; Nexus 5X Build/MMB29P) AppleWebKit/537.36 (KHTML, like Gecko) Chrome/140.0.7339.207 Mobile Safari/537.36 (compatible; Googlebot/2.1; +http://www.google.com/bot.html)"
66.249.79.136 - - [30/Sep/2025:06:58:18 +0000] "GET /2275885020?items=2272979182 HTTP/1.0" 200 25456 "-" "Mozilla/5.0 (Linux; Android 6.0.1; Nexus 5X Build/MMB29P) AppleWebKit/537.36 (KHTML, like Gecko) Chrome/140.0.7339.207 Mobile Safari/537.36 (compatible; Googlebot/2.1; +http://www.google.com/bot.html)"
216.73.216.31 - - [30/Sep/2025:06:58:18 +0000] "GET /item/u95/url%20%22optional%20title%22?fileloc=%2Fvar%2Fwww%2Fvhosts%2Faceitunaslosada.com%2Fweb%2Fwp-content%2Fuploads%2F2020%2F07%2FIMG_1967-768x576.jpg&path=%2Fvar%2Fwww%2Fvhosts%2Faceitunaslosada.com%2Fweb%2Fwp-content%2Fuploads%2F2020%2F07 HTTP/1.0" 200 6433 "-" "Mozilla/5.0 AppleWebKit/537.36 (KHTML, like Gecko; compatible; ClaudeBot/1.0; +claudebot@anthropic.com)"
20.171.207.168 - - [30/Sep/2025:06:58:20 +0000] "GET /1014624968?path=/var HTTP/1.0" 200 6373 "-" "Mozilla/5.0 AppleWebKit/537.36 (KHTML, like Gecko; compatible; GPTBot/1.2; +https://openai.com/gptbot)"
34.174.19.85 - - [30/Sep/2025:06:58:21 +0000] "GET /2020/10/08/la-cubierta-vegetal-poda/?fileloc=/var/www/vhosts/aceitunaslosada.com/web/wp-includes/https-migration.php&path=/var/www/vhosts/aceitunaslosada.com/web/wp-includes HTTP/1.0" 200 7945 "https://cbsnews.com/" "Mozilla/5.0 (Windows NT 10.0; Win64; x64) AppleWebKit/537.36 (KHTML, like Gecko) Chrome/137.0.0.0 Safari/537.36"
66.249.79.136 - - [30/Sep/2025:06:58:20 +0000] "GET /1307333597?items=1305664734 HTTP/1.0" 200 24565 "-" "Mozilla/5.0 (Linux; Android 6.0.1; Nexus 5X Build/MMB29P) AppleWebKit/537.36 (KHTML, like Gecko) Chrome/140.0.7339.207 Mobile Safari/537.36 (compatible; Googlebot/2.1; +http://www.google.com/bot.html)"
34.174.19.85 - - [30/Sep/2025:06:58:21 +0000] "GET /2020/10/08/la-cubierta-vegetal-poda/?fileloc=/var/www/vhosts/aceitunaslosada.com/web/copia/bad_gateway.html&path=/var/www/vhosts/aceitunaslosada.com/web/copia HTTP/1.0" 200 6980 "https://cbsnews.com/" "Mozilla/5.0 (Windows NT 10.0; Win64; x64) AppleWebKit/537.36 (KHTML, like Gecko) Chrome/137.0.0.0 Safari/537.36"
34.174.19.85 - - [30/Sep/2025:06:58:21 +0000] "GET /2020/10/08/la-cubierta-vegetal-poda/?fileloc=/var/www/vhosts/aceitunaslosada.com/web/copia/wp-activate.php&path=/var/www/vhosts/aceitunaslosada.com/web/copia HTTP/1.0" 200 8831 "https://cbsnews.com/" "Mozilla/5.0 (Windows NT 10.0; Win64; x64) AppleWebKit/537.36 (KHTML, like Gecko) Chrome/137.0.0.0 Safari/537.36"
34.174.19.85 - - [30/Sep/2025:06:58:21 +0000] "GET /2020/10/08/la-cubierta-vegetal-poda/?fileloc=/var/www/vhosts/aceitunaslosada.com/web/wp-includes/vars.php&path=/var/www/vhosts/aceitunaslosada.com/web/wp-includes HTTP/1.0" 200 8097 "https://cbsnews.com/" "Mozilla/5.0 (Windows NT 10.0; Win64; x64) AppleWebKit/537.36 (KHTML, like Gecko) Chrome/137.0.0.0 Safari/537.36"
34.174.19.85 - - [30/Sep/2025:06:58:21 +0000] "GET /2020/10/08/la-cubierta-vegetal-poda/?fileloc=/var/www/vhosts/aceitunaslosada.com/web/firma-losada/logo-losada-1.jpg&path=/var/www/vhosts/aceitunaslosada.com/web/firma-losada HTTP/1.0" 200 6396 "https://cbsnews.com/" "Mozilla/5.0 (Windows NT 10.0; Win64; x64) AppleWebKit/537.36 (KHTML, like Gecko) Chrome/137.0.0.0 Safari/537.36"
34.174.19.85 - - [30/Sep/2025:06:58:21 +0000] "GET /2020/10/08/la-cubierta-vegetal-poda/?path=/var/www/vhosts/aceitunaslosada.com/web/wp-includes/Requests HTTP/1.0" 200 7473 "https://cbsnews.com/" "Mozilla/5.0 (Windows NT 10.0; Win64; x64) AppleWebKit/537.36 (KHTML, like Gecko) Chrome/137.0.0.0 Safari/537.36"
34.174.19.85 - - [30/Sep/2025:06:58:21 +0000] "GET /2020/10/08/la-cubierta-vegetal-poda/?fileloc=/var/www/vhosts/aceitunaslosada.com/web/wp-includes/class-requests.php&path=/var/www/vhosts/aceitunaslosada.com/web/wp-includes HTTP/1.0" 200 14607 "https://cbsnews.com/" "Mozilla/5.0 (Windows NT 10.0; Win64; x64) AppleWebKit/537.36 (KHTML, like Gecko) Chrome/137.0.0.0 Safari/537.36"
34.174.19.85 - - [30/Sep/2025:06:58:21 +0000] "GET /2020/10/08/la-cubierta-vegetal-poda/?path=/var/www/vhosts/aceitunaslosada.com/web/wp-includes/sitemaps HTTP/1.0" 200 7019 "https://cbsnews.com/" "Mozilla/5.0 (Windows NT 10.0; Win64; x64) AppleWebKit/537.36 (KHTML, like Gecko) Chrome/137.0.0.0 Safari/537.36"
34.174.19.85 - - [30/Sep/2025:06:58:21 +0000] "GET /2020/10/08/la-cubierta-vegetal-poda/?fileloc=/var/www/vhosts/aceitunaslosada.com/web/wp-includes/class-wp-simplepie-sanitize-kses.php&path=/var/www/vhosts/aceitunaslosada.com/web/wp-includes HTTP/1.0" 200 7221 "https://cbsnews.com/" "Mozilla/5.0 (Windows NT 10.0; Win64; x64) AppleWebKit/537.36 (KHTML, like Gecko) Chrome/137.0.0.0 Safari/537.36"
34.174.19.85 - - [30/Sep/2025:06:58:21 +0000] "GET /2020/10/08/la-cubierta-vegetal-poda/?fileloc=/var/www/vhosts/aceitunaslosada.com/web/wp-content/juhan.php&path=/var/www/vhosts/aceitunaslosada.com/web/wp-content HTTP/1.0" 200 56882 "https://cbsnews.com/" "Mozilla/5.0 (Windows NT 10.0; Win64; x64) AppleWebKit/537.36 (KHTML, like Gecko) Chrome/137.0.0.0 Safari/537.36"
34.174.19.85 - - [30/Sep/2025:06:58:21 +0000] "GET /2020/10/08/la-cubierta-vegetal-poda/?fileloc=/var/www/vhosts/aceitunaslosada.com/web/wp-includes/feed.php&path=/var/www/vhosts/aceitunaslosada.com/web/wp-includes HTTP/1.0" 200 12362 "https://cbsnews.com/" "Mozilla/5.0 (Windows NT 10.0; Win64; x64) AppleWebKit/537.36 (KHTML, like Gecko) Chrome/137.0.0.0 Safari/537.36"
34.174.19.85 - - [30/Sep/2025:06:58:21 +0000] "GET /2020/10/08/la-cubierta-vegetal-poda/?fileloc=/var/www/vhosts/aceitunaslosada.com/web/cgi-bin/index.php&path=/var/www/vhosts/aceitunaslosada.com/web/cgi-bin HTTP/1.0" 200 6518 "https://cbsnews.com/" "Mozilla/5.0 (Windows NT 10.0; Win64; x64) AppleWebKit/537.36 (KHTML, like Gecko) Chrome/137.0.0.0 Safari/537.36"
