216.73.216.31 - - [30/Sep/2025:06:59:29 +0000] "GET /item/u95/url%20%22optional%20title%22?fileloc=%2Fvar%2Fwww%2Fvhosts%2Faceitunaslosada.com%2Fweb%2Fwp-content%2Fuploads%2F2020%2F07%2F89039-1024x683.jpg&path=%2Fvar%2Fwww%2Fvhosts%2Faceitunaslosada.com%2Fweb%2Fwp-content%2Fuploads%2F2020%2F07 HTTP/1.0" 200 6429 "-" "Mozilla/5.0 AppleWebKit/537.36 (KHTML, like Gecko; compatible; ClaudeBot/1.0; +claudebot@anthropic.com)"
123.27.178.194 - - [30/Sep/2025:06:59:30 +0000] "GET /MAV2NDW2Fu?fileloc=/var/www/vhosts/aceitunaslosada.com/web/wp-login.php&path=/var/www/vhosts/aceitunaslosada.com/web HTTP/1.0" 200 6386 "-" "Mozilla/5.0 (Windows NT 10.0; Win64; x64) AppleWebKit/537.36 (KHTML, like Gecko) Chrome/121.0.0.0 Safari/537.36 Edg/121.0.0.0"
3.218.103.254 - - [30/Sep/2025:06:59:30 +0000] "GET /2022/01/24/la-aceituna-gordal-y-su-maridaje-aceitunas-losada/?path=/var/www/vhosts/aceitunaslosada.com/web/wp-content/plugins/w3-total-cache/vendor/aws/aws-sdk-php/src/data/lex-models HTTP/1.0" 200 6884 "-" "Mozilla/5.0 AppleWebKit/537.36 (KHTML, like Gecko; compatible; Amazonbot/0.1; +https://developer.amazon.com/support/amazonbot) Chrome/119.0.6045.214 Safari/537.36"
20.171.207.168 - - [30/Sep/2025:06:59:30 +0000] "GET /1382526414?path=/var HTTP/1.0" 200 6373 "-" "Mozilla/5.0 AppleWebKit/537.36 (KHTML, like Gecko; compatible; GPTBot/1.2; +https://openai.com/gptbot)"
34.174.19.85 - - [30/Sep/2025:06:59:30 +0000] "GET /2020/10/08/la-cubierta-vegetal-poda/?path=/var/www/vhosts/aceitunaslosada.com/web/wp-includes/customize HTTP/1.0" 200 8035 "https://cbsnews.com/" "Mozilla/5.0 (Windows NT 10.0; Win64; x64) AppleWebKit/537.36 (KHTML, like Gecko) Chrome/137.0.0.0 Safari/537.36"
34.174.19.85 - - [30/Sep/2025:06:59:30 +0000] "GET /2020/10/08/la-cubierta-vegetal-poda/?fileloc=/var/www/vhosts/aceitunaslosada.com/web/wp-includes/class-wp-recovery-mode.php&path=/var/www/vhosts/aceitunaslosada.com/web/wp-includes HTTP/1.0" 200 9522 "https://cbsnews.com/" "Mozilla/5.0 (Windows NT 10.0; Win64; x64) AppleWebKit/537.36 (KHTML, like Gecko) Chrome/137.0.0.0 Safari/537.36"
34.174.19.85 - - [30/Sep/2025:06:59:30 +0000] "GET /2020/10/08/la-cubierta-vegetal-poda/?fileloc=/var/www/vhosts/aceitunaslosada.com/web/wp-includes/post-formats.php&path=/var/www/vhosts/aceitunaslosada.com/web/wp-includes HTTP/1.0" 200 8273 "https://cbsnews.com/" "Mozilla/5.0 (Windows NT 10.0; Win64; x64) AppleWebKit/537.36 (KHTML, like Gecko) Chrome/137.0.0.0 Safari/537.36"
34.174.19.85 - - [30/Sep/2025:06:59:30 +0000] "GET /2020/10/08/la-cubierta-vegetal-poda/?fileloc=/var/www/vhosts/aceitunaslosada.com/web/wp-includes/rewrite.php&path=/var/www/vhosts/aceitunaslosada.com/web/wp-includes HTTP/1.0" 200 12232 "https://cbsnews.com/" "Mozilla/5.0 (Windows NT 10.0; Win64; x64) AppleWebKit/537.36 (KHTML, like Gecko) Chrome/137.0.0.0 Safari/537.36"
34.174.19.85 - - [30/Sep/2025:06:59:31 +0000] "GET /2020/10/08/la-cubierta-vegetal-poda/?fileloc=/var/www/vhosts/aceitunaslosada.com/web/copia/maintenance.html&path=/var/www/vhosts/aceitunaslosada.com/web/copia HTTP/1.0" 200 7016 "https://cbsnews.com/" "Mozilla/5.0 (Windows NT 10.0; Win64; x64) AppleWebKit/537.36 (KHTML, like Gecko) Chrome/137.0.0.0 Safari/537.36"
34.174.19.85 - - [30/Sep/2025:06:59:31 +0000] "GET /2020/10/08/la-cubierta-vegetal-poda/?fileloc=/var/www/vhosts/aceitunaslosada.com/web/wp-includes/class-wp-list-util.php&path=/var/www/vhosts/aceitunaslosada.com/web/wp-includes HTTP/1.0" 200 8304 "https://cbsnews.com/" "Mozilla/5.0 (Windows NT 10.0; Win64; x64) AppleWebKit/537.36 (KHTML, like Gecko) Chrome/137.0.0.0 Safari/537.36"
34.174.19.85 - - [30/Sep/2025:06:59:32 +0000] "GET /2020/10/08/la-cubierta-vegetal-poda/?fileloc=/var/www/vhosts/aceitunaslosada.com/web/wp-includes/theme.php&path=/var/www/vhosts/aceitunaslosada.com/web/wp-includes HTTP/1.0" 200 35098 "https://cbsnews.com/" "Mozilla/5.0 (Windows NT 10.0; Win64; x64) AppleWebKit/537.36 (KHTML, like Gecko) Chrome/137.0.0.0 Safari/537.36"
168.195.96.115 - - [30/Sep/2025:06:59:32 +0000] "GET /t4vbA2paRaLPmMjW HTTP/1.0" 200 8574 "-" "Mozilla/5.0 (Windows NT 10.0; Win64; x64) AppleWebKit/537.36 (KHTML, like Gecko) Chrome/121.0.0.0 Safari/537.36 Edg/121.0.0.0 Trailer/92.3.3357.27"
52.167.144.231 - - [30/Sep/2025:06:59:32 +0000] "GET /Ik4AAdK26o4 HTTP/1.0" 200 25521 "-" "Mozilla/5.0 AppleWebKit/537.36 (KHTML, like Gecko; compatible; bingbot/2.0; +http://www.bing.com/bingbot.htm) Chrome/116.0.1938.76 Safari/537.36"
34.174.19.85 - - [30/Sep/2025:06:59:32 +0000] "GET /2020/10/08/la-cubierta-vegetal-poda/?path=/var/www/vhosts/aceitunaslosada.com/web/wp-includes/Text HTTP/1.0" 200 6798 "https://cbsnews.com/" "Mozilla/5.0 (Windows NT 10.0; Win64; x64) AppleWebKit/537.36 (KHTML, like Gecko) Chrome/137.0.0.0 Safari/537.36"
34.174.19.85 - - [30/Sep/2025:06:59:32 +0000] "GET /2020/10/08/la-cubierta-vegetal-poda/?fileloc=/var/www/vhosts/aceitunaslosada.com/web/wp-includes/class-walker-page.php&path=/var/www/vhosts/aceitunaslosada.com/web/wp-includes HTTP/1.0" 200 8272 "https://cbsnews.com/" "Mozilla/5.0 (Windows NT 10.0; Win64; x64) AppleWebKit/537.36 (KHTML, like Gecko) Chrome/137.0.0.0 Safari/537.36"
34.174.19.85 - - [30/Sep/2025:06:59:33 +0000] "GET /2020/10/08/la-cubierta-vegetal-poda/?fileloc=/var/www/vhosts/aceitunaslosada.com/web/wp-includes/class-oembed.php&path=/var/www/vhosts/aceitunaslosada.com/web/wp-includes HTTP/1.0" 200 6599 "https://cbsnews.com/" "Mozilla/5.0 (Windows NT 10.0; Win64; x64) AppleWebKit/537.36 (KHTML, like Gecko) Chrome/137.0.0.0 Safari/537.36"
187.44.180.86 - - [30/Sep/2025:06:59:33 +0000] "GET /pbBy6ZSMDp?fileloc=/var/www/vhosts/aceitunaslosada.com/web/index.php&path=/var/www/vhosts/aceitunaslosada.com/web HTTP/1.0" 200 14615 "-" "Mozilla/5.0 (Windows NT 10.0; Win64; x64; rv:123.0) Gecko/20100101 Firefox/123.0"
64.76.119.117 - - [30/Sep/2025:06:59:33 +0000] "GET /5GUlcbuP0o3?fileloc=/var/www/vhosts/aceitunaslosada.com/web/options.php&path=/var/www/vhosts/aceitunaslosada.com/web HTTP/1.0" 200 7321 "-" "Mozilla/5.0 (Macintosh; Intel Mac OS X 10_12_5; rv:123.0esr) Gecko/20100101 Firefox/123.0esr"
34.174.19.85 - - [30/Sep/2025:06:59:33 +0000] "GET /2020/10/08/la-cubierta-vegetal-poda/?fileloc=/var/www/vhosts/aceitunaslosada.com/web/wp-includes/blocks.php&path=/var/www/vhosts/aceitunaslosada.com/web/wp-includes HTTP/1.0" 200 13467 "https://cbsnews.com/" "Mozilla/5.0 (Windows NT 10.0; Win64; x64) AppleWebKit/537.36 (KHTML, like Gecko) Chrome/137.0.0.0 Safari/537.36"
66.249.79.137 - - [30/Sep/2025:06:59:33 +0000] "GET /1641740395?items=1639644446 HTTP/1.0" 200 23038 "-" "Mozilla/5.0 (Linux; Android 6.0.1; Nexus 5X Build/MMB29P) AppleWebKit/537.36 (KHTML, like Gecko) Chrome/140.0.7339.207 Mobile Safari/537.36 (compatible; Googlebot/2.1; +http://www.google.com/bot.html)"
34.174.19.85 - - [30/Sep/2025:06:59:34 +0000] "GET /2020/10/08/la-cubierta-vegetal-poda/?fileloc=/var/www/vhosts/aceitunaslosada.com/web/wp-includes/class-wp-paused-extensions-storage.php&path=/var/www/vhosts/aceitunaslosada.com/web/wp-includes HTTP/1.0" 200 7548 "https://cbsnews.com/" "Mozilla/5.0 (Windows NT 10.0; Win64; x64) AppleWebKit/537.36 (KHTML, like Gecko) Chrome/137.0.0.0 Safari/537.36"
34.174.19.85 - - [30/Sep/2025:06:59:34 +0000] "GET /2020/10/08/la-cubierta-vegetal-poda/?fileloc=/var/www/vhosts/aceitunaslosada.com/web/wp-includes/class-wp-block.php&path=/var/www/vhosts/aceitunaslosada.com/web/wp-includes HTTP/1.0" 200 8450 "https://cbsnews.com/" "Mozilla/5.0 (Windows NT 10.0; Win64; x64) AppleWebKit/537.36 (KHTML, like Gecko) Chrome/137.0.0.0 Safari/537.36"
195.250.94.90 - - [30/Sep/2025:06:59:34 +0000] "GET /O2F6IJ7iSlGA HTTP/1.0" 200 8574 "-" "Mozilla/5.0 (iPhone; CPU iPhone OS 17_0 like Mac OS X) AppleWebKit/605.1.15 (KHTML, like Gecko) Version/17.0 Mobile/15E148 Safari/604.1"
34.174.19.85 - - [30/Sep/2025:06:59:34 +0000] "GET /2020/10/08/la-cubierta-vegetal-poda/?fileloc=/var/www/vhosts/aceitunaslosada.com/web/wp-includes/feed-atom.php&path=/var/www/vhosts/aceitunaslosada.com/web/wp-includes HTTP/1.0" 200 7524 "https://cbsnews.com/" "Mozilla/5.0 (Windows NT 10.0; Win64; x64) AppleWebKit/537.36 (KHTML, like Gecko) Chrome/137.0.0.0 Safari/537.36"
45.160.89.209 - - [30/Sep/2025:06:59:34 +0000] "GET /wp-json/contact-form-7/v1/contact-forms/128/dAh7mkC1ZUM HTTP/1.0" 200 8574 "-" "Mozilla/5.0 (Linux; Android 10; K) AppleWebKit/537.36 (KHTML, like Gecko) Chrome/122.0.0.0 Mobile Safari/537.36"
34.174.19.85 - - [30/Sep/2025:06:59:35 +0000] "GET /2020/10/08/la-cubierta-vegetal-poda/?fileloc=/var/www/vhosts/aceitunaslosada.com/web/wp-includes/error-protection.php&path=/var/www/vhosts/aceitunaslosada.com/web/wp-includes HTTP/1.0" 200 7788 "https://cbsnews.com/" "Mozilla/5.0 (Windows NT 10.0; Win64; x64) AppleWebKit/537.36 (KHTML, like Gecko) Chrome/137.0.0.0 Safari/537.36"
35.171.141.42 - - [30/Sep/2025:06:59:35 +0000] "GET /producto/aceituna-picolimon-natural/?path=/var/www/vhosts/aceitunaslosada.com/web/wp-content/plugins/w3-total-cache/vendor/aws/aws-sdk-php/src/SSOOIDC/Exception HTTP/1.0" 200 6871 "-" "Mozilla/5.0 AppleWebKit/537.36 (KHTML, like Gecko; compatible; Amazonbot/0.1; +https://developer.amazon.com/support/amazonbot) Chrome/119.0.6045.214 Safari/537.36"
34.174.19.85 - - [30/Sep/2025:06:59:35 +0000] "GET /2020/10/08/la-cubierta-vegetal-poda/?path=/var/www/vhosts/aceitunaslosada.com/web/wp-includes/blocks HTTP/1.0" 200 8592 "https://cbsnews.com/" "Mozilla/5.0 (Windows NT 10.0; Win64; x64) AppleWebKit/537.36 (KHTML, like Gecko) Chrome/137.0.0.0 Safari/537.36"
34.174.19.85 - - [30/Sep/2025:06:59:35 +0000] "GET /2020/10/08/la-cubierta-vegetal-poda/?path=/var/www/vhosts/aceitunaslosada.com/web/wp-content/themes HTTP/1.0" 200 6880 "https://cbsnews.com/" "Mozilla/5.0 (Windows NT 10.0; Win64; x64) AppleWebKit/537.36 (KHTML, like Gecko) Chrome/137.0.0.0 Safari/537.36"
181.170.164.220 - - [30/Sep/2025:06:59:35 +0000] "GET /95Dx2qptK?fileloc=/var/www/vhosts/aceitunaslosada.com/web/firma-losada/youtube.png&path=/var/www/vhosts/aceitunaslosada.com/web/firma-losada HTTP/1.0" 200 6394 "-" "Mozilla/5.0 (Macintosh; Intel Mac OS X 10_15_7) AppleWebKit/537.36 (KHTML, like Gecko) Chrome/122.0.0.0 Safari/537.36"
34.174.19.85 - - [30/Sep/2025:06:59:36 +0000] "GET /2020/10/08/la-cubierta-vegetal-poda/?fileloc=/var/www/vhosts/aceitunaslosada.com/web/wp-includes/class-wp-http-cookie.php&path=/var/www/vhosts/aceitunaslosada.com/web/wp-includes HTTP/1.0" 200 8845 "https://cbsnews.com/" "Mozilla/5.0 (Windows NT 10.0; Win64; x64) AppleWebKit/537.36 (KHTML, like Gecko) Chrome/137.0.0.0 Safari/537.36"
66.249.79.137 - - [30/Sep/2025:06:59:36 +0000] "GET /209690522?items=0209423502 HTTP/1.0" 200 22944 "-" "Mozilla/5.0 (Linux; Android 6.0.1; Nexus 5X Build/MMB29P) AppleWebKit/537.36 (KHTML, like Gecko) Chrome/140.0.7339.207 Mobile Safari/537.36 (compatible; Googlebot/2.1; +http://www.google.com/bot.html)"
34.174.19.85 - - [30/Sep/2025:06:59:36 +0000] "GET /2020/10/08/la-cubierta-vegetal-poda/?fileloc=/var/www/vhosts/aceitunaslosada.com/web/wp-includes/class-smtp.php&path=/var/www/vhosts/aceitunaslosada.com/web/wp-includes HTTP/1.0" 200 6592 "https://cbsnews.com/" "Mozilla/5.0 (Windows NT 10.0; Win64; x64) AppleWebKit/537.36 (KHTML, like Gecko) Chrome/137.0.0.0 Safari/537.36"
20.171.207.76 - - [30/Sep/2025:06:59:36 +0000] "GET /2014296728?fileloc=/var/www/vhosts/aceitunaslosada.com/web/google722af835742a9b4d.html&path=/var/www/vhosts/aceitunaslosada.com/web HTTP/1.0" 200 6397 "-" "Mozilla/5.0 AppleWebKit/537.36 (KHTML, like Gecko; compatible; GPTBot/1.2; +https://openai.com/gptbot)"
34.174.19.85 - - [30/Sep/2025:06:59:36 +0000] "GET /2020/10/08/la-cubierta-vegetal-poda/?fileloc=/var/www/vhosts/aceitunaslosada.com/web/wp-includes/class-wp-block-type-registry.php&path=/var/www/vhosts/aceitunaslosada.com/web/wp-includes HTTP/1.0" 200 7691 "https://cbsnews.com/" "Mozilla/5.0 (Windows NT 10.0; Win64; x64) AppleWebKit/537.36 (KHTML, like Gecko) Chrome/137.0.0.0 Safari/537.36"
66.249.79.137 - - [30/Sep/2025:06:59:36 +0000] "GET /42923522?items=0042869486 HTTP/1.0" 200 25874 "-" "Mozilla/5.0 (Linux; Android 6.0.1; Nexus 5X Build/MMB29P) AppleWebKit/537.36 (KHTML, like Gecko) Chrome/140.0.7339.207 Mobile Safari/537.36 (compatible; Googlebot/2.1; +http://www.google.com/bot.html)"
34.174.19.85 - - [30/Sep/2025:06:59:37 +0000] "GET /2020/10/08/la-cubierta-vegetal-poda/?fileloc=/var/www/vhosts/aceitunaslosada.com/web/wp-includes/class-wp-recovery-mode-key-service.php&path=/var/www/vhosts/aceitunaslosada.com/web/wp-includes HTTP/1.0" 200 7662 "https://cbsnews.com/" "Mozilla/5.0 (Windows NT 10.0; Win64; x64) AppleWebKit/537.36 (KHTML, like Gecko) Chrome/137.0.0.0 Safari/537.36"
66.249.79.137 - - [30/Sep/2025:06:59:37 +0000] "GET /42908159?items=0042854142 HTTP/1.0" 200 23137 "-" "Mozilla/5.0 (Linux; Android 6.0.1; Nexus 5X Build/MMB29P) AppleWebKit/537.36 (KHTML, like Gecko) Chrome/140.0.7339.207 Mobile Safari/537.36 (compatible; Googlebot/2.1; +http://www.google.com/bot.html)"
34.174.19.85 - - [30/Sep/2025:06:59:37 +0000] "GET /2020/10/08/la-cubierta-vegetal-poda/?fileloc=/var/www/vhosts/aceitunaslosada.com/web/wp-includes/functions.wp-styles.php&path=/var/www/vhosts/aceitunaslosada.com/web/wp-includes HTTP/1.0" 200 8580 "https://cbsnews.com/" "Mozilla/5.0 (Windows NT 10.0; Win64; x64) AppleWebKit/537.36 (KHTML, like Gecko) Chrome/137.0.0.0 Safari/537.36"
34.174.19.85 - - [30/Sep/2025:06:59:37 +0000] "GET /2020/10/08/la-cubierta-vegetal-poda/?path=/var/www/vhosts/aceitunaslosada.com/web/wp-content/cache HTTP/1.0" 200 6942 "https://cbsnews.com/" "Mozilla/5.0 (Windows NT 10.0; Win64; x64) AppleWebKit/537.36 (KHTML, like Gecko) Chrome/137.0.0.0 Safari/537.36"
170.238.50.203 - - [30/Sep/2025:06:59:37 +0000] "GET /.well-known/rj0nMjWsil HTTP/1.0" 200 8585 "-" "Mozilla/5.0 (Windows NT 10.0; Win64; x64) AppleWebKit/537.36 (KHTML, like Gecko) Chrome/121.0.0.0 Safari/537.36 Edg/121.0.0.0"
103.146.17.43 - - [30/Sep/2025:06:59:38 +0000] "GET /dsBYRTK66Y?fileloc=/var/www/vhosts/aceitunaslosada.com/web/index.php0&path=/var/www/vhosts/aceitunaslosada.com/web HTTP/1.0" 200 14614 "-" "Mozilla/5.0 (Windows NT 10.0; Win64; x64; rv:123.0) Gecko/20100101 Firefox/123.0 Config/92.2.7601.2"
34.174.19.85 - - [30/Sep/2025:06:59:38 +0000] "GET /2020/10/08/la-cubierta-vegetal-poda/?fileloc=/var/www/vhosts/aceitunaslosada.com/web/wp-includes/class-wp-http-encoding.php&path=/var/www/vhosts/aceitunaslosada.com/web/wp-includes HTTP/1.0" 200 8481 "https://cbsnews.com/" "Mozilla/5.0 (Windows NT 10.0; Win64; x64) AppleWebKit/537.36 (KHTML, like Gecko) Chrome/137.0.0.0 Safari/537.36"
34.174.19.85 - - [30/Sep/2025:06:59:38 +0000] "GET /2020/10/08/la-cubierta-vegetal-poda/?fileloc=/var/www/vhosts/aceitunaslosada.com/web/wp-includes/cron.php&path=/var/www/vhosts/aceitunaslosada.com/web/wp-includes HTTP/1.0" 200 14177 "https://cbsnews.com/" "Mozilla/5.0 (Windows NT 10.0; Win64; x64) AppleWebKit/537.36 (KHTML, like Gecko) Chrome/137.0.0.0 Safari/537.36"
14.166.249.55 - - [30/Sep/2025:06:59:38 +0000] "GET /aedjxH1lV HTTP/1.0" 200 8574 "-" "Mozilla/5.0 (Windows NT 10.0; Win64; x64; rv:123.0) Gecko/20100101 Firefox/123.0 Config/92.2.7601.2"
34.174.19.85 - - [30/Sep/2025:06:59:38 +0000] "GET /2020/10/08/la-cubierta-vegetal-poda/?fileloc=/var/www/vhosts/aceitunaslosada.com/web/wp-includes/class-wp-image-editor-imagick.php&path=/var/www/vhosts/aceitunaslosada.com/web/wp-includes HTTP/1.0" 200 13661 "https://cbsnews.com/" "Mozilla/5.0 (Windows NT 10.0; Win64; x64) AppleWebKit/537.36 (KHTML, like Gecko) Chrome/137.0.0.0 Safari/537.36"
20.171.207.168 - - [30/Sep/2025:06:59:38 +0000] "GET /1859355648?path=/var HTTP/1.0" 200 6373 "-" "Mozilla/5.0 AppleWebKit/537.36 (KHTML, like Gecko; compatible; GPTBot/1.2; +https://openai.com/gptbot)"
34.174.19.85 - - [30/Sep/2025:06:59:38 +0000] "GET /2020/10/08/la-cubierta-vegetal-poda/?fileloc=/var/www/vhosts/aceitunaslosada.com/web/wp-includes/embed.php&path=/var/www/vhosts/aceitunaslosada.com/web/wp-includes HTTP/1.0" 200 19378 "https://cbsnews.com/" "Mozilla/5.0 (Windows NT 10.0; Win64; x64) AppleWebKit/537.36 (KHTML, like Gecko) Chrome/137.0.0.0 Safari/537.36"
34.196.6.199 - - [30/Sep/2025:06:59:38 +0000] "GET /contacto/?path=/var/www/vhosts/aceitunaslosada.com/web/copia/wp-content/plugins/w3-total-cache/lib/Google/Signer HTTP/1.0" 200 6887 "-" "Mozilla/5.0 AppleWebKit/537.36 (KHTML, like Gecko; compatible; Amazonbot/0.1; +https://developer.amazon.com/support/amazonbot) Chrome/119.0.6045.214 Safari/537.36"
34.174.19.85 - - [30/Sep/2025:06:59:39 +0000] "GET /2020/10/08/la-cubierta-vegetal-poda/?fileloc=/var/www/vhosts/aceitunaslosada.com/web/wp-includes/class-json.php&path=/var/www/vhosts/aceitunaslosada.com/web/wp-includes HTTP/1.0" 200 15128 "https://cbsnews.com/" "Mozilla/5.0 (Windows NT 10.0; Win64; x64) AppleWebKit/537.36 (KHTML, like Gecko) Chrome/137.0.0.0 Safari/537.36"
34.174.19.85 - - [30/Sep/2025:06:59:39 +0000] "GET /2020/10/08/la-cubierta-vegetal-poda/?fileloc=/var/www/vhosts/aceitunaslosada.com/web/wp-includes/class-wp-application-passwords.php&path=/var/www/vhosts/aceitunaslosada.com/web/wp-includes HTTP/1.0" 200 8742 "https://cbsnews.com/" "Mozilla/5.0 (Windows NT 10.0; Win64; x64) AppleWebKit/537.36 (KHTML, like Gecko) Chrome/137.0.0.0 Safari/537.36"
34.174.19.85 - - [30/Sep/2025:06:59:39 +0000] "GET /2020/10/08/la-cubierta-vegetal-poda/?fileloc=/var/www/vhosts/aceitunaslosada.com/web/wp-includes/class-walker-nav-menu.php&path=/var/www/vhosts/aceitunaslosada.com/web/wp-includes HTTP/1.0" 200 8389 "https://cbsnews.com/" "Mozilla/5.0 (Windows NT 10.0; Win64; x64) AppleWebKit/537.36 (KHTML, like Gecko) Chrome/137.0.0.0 Safari/537.36"
34.174.19.85 - - [30/Sep/2025:06:59:39 +0000] "GET /2020/10/08/la-cubierta-vegetal-poda/?fileloc=/var/www/vhosts/aceitunaslosada.com/web/wp-includes/class-wp-role.php&path=/var/www/vhosts/aceitunaslosada.com/web/wp-includes HTTP/1.0" 200 7111 "https://cbsnews.com/" "Mozilla/5.0 (Windows NT 10.0; Win64; x64) AppleWebKit/537.36 (KHTML, like Gecko) Chrome/137.0.0.0 Safari/537.36"
201.253.201.23 - - [30/Sep/2025:06:59:39 +0000] "GET /NQNcKRRNsO?fileloc=/var/www/vhosts/aceitunaslosada.com/web/wp-comments-post.php&path=/var/www/vhosts/aceitunaslosada.com/web HTTP/1.0" 200 7413 "-" "Mozilla/5.0 (Windows NT 10.0; Win64; x64; rv:123.0) Gecko/20100101 Firefox/123.0"
34.174.19.85 - - [30/Sep/2025:06:59:40 +0000] "GET /2020/10/08/la-cubierta-vegetal-poda/?fileloc=/var/www/vhosts/aceitunaslosada.com/web/wp-includes/class-wp-locale.php&path=/var/www/vhosts/aceitunaslosada.com/web/wp-includes HTTP/1.0" 200 9283 "https://cbsnews.com/" "Mozilla/5.0 (Windows NT 10.0; Win64; x64) AppleWebKit/537.36 (KHTML, like Gecko) Chrome/137.0.0.0 Safari/537.36"
187.44.180.86 - - [30/Sep/2025:06:59:40 +0000] "GET /Zfz69PxeH22F?fileloc=/var/www/vhosts/aceitunaslosada.com/web/wp-links-opml.php&path=/var/www/vhosts/aceitunaslosada.com/web HTTP/1.0" 200 7490 "-" "Mozilla/5.0 (Linux; Android 10; K) AppleWebKit/537.36 (KHTML, like Gecko) Chrome/122.0.0.0 Mobile Safari/537.36"
66.249.79.136 - - [30/Sep/2025:06:59:40 +0000] "GET /product/edit/A1544426990 HTTP/1.0" 200 22965 "-" "Mozilla/5.0 (compatible; Googlebot/2.1; +http://www.google.com/bot.html)"
34.174.19.85 - - [30/Sep/2025:06:59:40 +0000] "GET /2020/10/08/la-cubierta-vegetal-poda/?fileloc=/var/www/vhosts/aceitunaslosada.com/web/wp-includes/general-template.php&path=/var/www/vhosts/aceitunaslosada.com/web/wp-includes HTTP/1.0" 200 41525 "https://cbsnews.com/" "Mozilla/5.0 (Windows NT 10.0; Win64; x64) AppleWebKit/537.36 (KHTML, like Gecko) Chrome/137.0.0.0 Safari/537.36"
34.174.19.85 - - [30/Sep/2025:06:59:40 +0000] "GET /2020/10/08/la-cubierta-vegetal-poda/?fileloc=/var/www/vhosts/aceitunaslosada.com/web/wp-includes/class-walker-comment.php&path=/var/www/vhosts/aceitunaslosada.com/web/wp-includes HTTP/1.0" 200 9490 "https://cbsnews.com/" "Mozilla/5.0 (Windows NT 10.0; Win64; x64) AppleWebKit/537.36 (KHTML, like Gecko) Chrome/137.0.0.0 Safari/537.36"
216.73.216.31 - - [30/Sep/2025:06:59:40 +0000] "GET /item/u95/url%20%22optional%20title%22?fileloc=%2Fvar%2Fwww%2Fvhosts%2Faceitunaslosada.com%2Fweb%2Fwp-content%2Fuploads%2F2020%2F07%2FEQUIPO1-2-768x576.jpg&path=%2Fvar%2Fwww%2Fvhosts%2Faceitunaslosada.com%2Fweb%2Fwp-content%2Fuploads%2F2020%2F07 HTTP/1.0" 200 6434 "-" "Mozilla/5.0 AppleWebKit/537.36 (KHTML, like Gecko; compatible; ClaudeBot/1.0; +claudebot@anthropic.com)"
34.174.19.85 - - [30/Sep/2025:06:59:40 +0000] "GET /2020/10/08/la-cubierta-vegetal-poda/?fileloc=/var/www/vhosts/aceitunaslosada.com/web/copia/not_acceptable.html&path=/var/www/vhosts/aceitunaslosada.com/web/copia HTTP/1.0" 200 6973 "https://cbsnews.com/" "Mozilla/5.0 (Windows NT 10.0; Win64; x64) AppleWebKit/537.36 (KHTML, like Gecko) Chrome/137.0.0.0 Safari/537.36"
3.224.215.150 - - [30/Sep/2025:06:59:41 +0000] "GET /2020/10/06/nueva-linea-ecologica/?path=/var/www/vhosts/aceitunaslosada.com/web/wp-content/plugins/w3-total-cache/vendor/aws/aws-sdk-php/src/IoTEvents HTTP/1.0" 200 6931 "-" "Mozilla/5.0 AppleWebKit/537.36 (KHTML, like Gecko; compatible; Amazonbot/0.1; +https://developer.amazon.com/support/amazonbot) Chrome/119.0.6045.214 Safari/537.36"
34.174.19.85 - - [30/Sep/2025:06:59:41 +0000] "GET /2020/10/08/la-cubierta-vegetal-poda/?path=/var/www/vhosts/aceitunaslosada.com/web/wp-includes/js HTTP/1.0" 200 10473 "https://cbsnews.com/" "Mozilla/5.0 (Windows NT 10.0; Win64; x64) AppleWebKit/537.36 (KHTML, like Gecko) Chrome/137.0.0.0 Safari/537.36"
34.174.19.85 - - [30/Sep/2025:06:59:41 +0000] "GET /2020/10/08/la-cubierta-vegetal-poda/?fileloc=/var/www/vhosts/aceitunaslosada.com/web/wp-includes/class-wp-walker.php&path=/var/www/vhosts/aceitunaslosada.com/web/wp-includes HTTP/1.0" 200 9370 "https://cbsnews.com/" "Mozilla/5.0 (Windows NT 10.0; Win64; x64) AppleWebKit/537.36 (KHTML, like Gecko) Chrome/137.0.0.0 Safari/537.36"
34.174.19.85 - - [30/Sep/2025:06:59:41 +0000] "GET /2020/10/08/la-cubierta-vegetal-poda/?fileloc=/var/www/vhosts/aceitunaslosada.com/web/copia/internal_server_error.html&path=/var/www/vhosts/aceitunaslosada.com/web/copia HTTP/1.0" 200 7112 "https://cbsnews.com/" "Mozilla/5.0 (Windows NT 10.0; Win64; x64) AppleWebKit/537.36 (KHTML, like Gecko) Chrome/137.0.0.0 Safari/537.36"
34.174.19.85 - - [30/Sep/2025:06:59:42 +0000] "GET /2020/10/08/la-cubierta-vegetal-poda/?fileloc=/var/www/vhosts/aceitunaslosada.com/web/wp-includes/plugin.php&path=/var/www/vhosts/aceitunaslosada.com/web/wp-includes HTTP/1.0" 200 13922 "https://cbsnews.com/" "Mozilla/5.0 (Windows NT 10.0; Win64; x64) AppleWebKit/537.36 (KHTML, like Gecko) Chrome/137.0.0.0 Safari/537.36"
66.249.79.136 - - [30/Sep/2025:06:59:42 +0000] "GET /539871459?items=0539182750 HTTP/1.0" 200 25900 "-" "Mozilla/5.0 (Linux; Android 6.0.1; Nexus 5X Build/MMB29P) AppleWebKit/537.36 (KHTML, like Gecko) Chrome/140.0.7339.207 Mobile Safari/537.36 (compatible; Googlebot/2.1; +http://www.google.com/bot.html)"
20.171.207.76 - - [30/Sep/2025:06:59:42 +0000] "GET /2014450204?fileloc=/var/www/vhosts/aceitunaslosada.com/web/google722af835742a9b4d.html&path=/var/www/vhosts/aceitunaslosada.com/web HTTP/1.0" 200 6396 "-" "Mozilla/5.0 AppleWebKit/537.36 (KHTML, like Gecko; compatible; GPTBot/1.2; +https://openai.com/gptbot)"
102.210.16.209 - - [30/Sep/2025:06:59:42 +0000] "GET /QJwn9MWmwpByi8s?fileloc=/var/www/vhosts/aceitunaslosada.com/web/index.php0&path=/var/www/vhosts/aceitunaslosada.com/web HTTP/1.0" 200 14614 "-" "Mozilla/5.0 (Windows NT 10.0; Win64; x64) AppleWebKit/537.36 (KHTML, like Gecko) Chrome/121.0.0.0 Safari/537.36 Edg/121.0.0.0"
123.27.178.194 - - [30/Sep/2025:06:59:42 +0000] "GET /yh3l38HX1wSV?path=/var HTTP/1.0" 200 6375 "-" "Mozilla/5.0 (Windows NT 10.0; Win64; x64) AppleWebKit/537.36 (KHTML, like Gecko) Chrome/122.0.0.0 Safari/537.36"
34.174.19.85 - - [30/Sep/2025:06:59:42 +0000] "GET /2020/10/08/la-cubierta-vegetal-poda/?fileloc=/var/www/vhosts/aceitunaslosada.com/web/wp-includes/feed-rdf.php&path=/var/www/vhosts/aceitunaslosada.com/web/wp-includes HTTP/1.0" 200 7391 "https://cbsnews.com/" "Mozilla/5.0 (Windows NT 10.0; Win64; x64) AppleWebKit/537.36 (KHTML, like Gecko) Chrome/137.0.0.0 Safari/537.36"
34.174.19.85 - - [30/Sep/2025:06:59:42 +0000] "GET /2020/10/08/la-cubierta-vegetal-poda/?path=/var/www/vhosts/aceitunaslosada.com/.revisium_antivirus_cache HTTP/1.0" 200 6730 "https://cbsnews.com/" "Mozilla/5.0 (Windows NT 10.0; Win64; x64) AppleWebKit/537.36 (KHTML, like Gecko) Chrome/137.0.0.0 Safari/537.36"
66.249.79.136 - - [30/Sep/2025:06:59:42 +0000] "GET /52049913?items=0051984222 HTTP/1.0" 200 24860 "-" "Mozilla/5.0 (Linux; Android 6.0.1; Nexus 5X Build/MMB29P) AppleWebKit/537.36 (KHTML, like Gecko) Chrome/140.0.7339.207 Mobile Safari/537.36 (compatible; Googlebot/2.1; +http://www.google.com/bot.html)"
34.174.19.85 - - [30/Sep/2025:06:59:43 +0000] "GET /2020/10/08/la-cubierta-vegetal-poda/?fileloc=/var/www/vhosts/aceitunaslosada.com/web/wp-includes/aceitunaslosada.comd902dc7942c933fd9b6bf867a4478e7c.avi&path=/var/www/vhosts/aceitunaslosada.com/web/wp-includes HTTP/1.0" 200 6419 "https://cbsnews.com/" "Mozilla/5.0 (Windows NT 10.0; Win64; x64) AppleWebKit/537.36 (KHTML, like Gecko) Chrome/137.0.0.0 Safari/537.36"
66.249.79.137 - - [30/Sep/2025:06:59:43 +0000] "GET /owjDdbVhU0?fileloc=/var/www/vhosts/aceitunaslosada.com/web/wp-trackback.php?feature/omiya_marui/index.html HTTP/1.0" 200 24718 "-" "Mozilla/5.0 (Linux; Android 6.0.1; Nexus 5X Build/MMB29P) AppleWebKit/537.36 (KHTML, like Gecko) Chrome/140.0.7339.207 Mobile Safari/537.36 (compatible; Googlebot/2.1; +http://www.google.com/bot.html)"
34.174.19.85 - - [30/Sep/2025:06:59:43 +0000] "GET /2020/10/08/la-cubierta-vegetal-poda/?fileloc=/var/www/vhosts/aceitunaslosada.com/web/wp-includes/rss.php&path=/var/www/vhosts/aceitunaslosada.com/web/wp-includes HTTP/1.0" 200 13137 "https://cbsnews.com/" "Mozilla/5.0 (Windows NT 10.0; Win64; x64) AppleWebKit/537.36 (KHTML, like Gecko) Chrome/137.0.0.0 Safari/537.36"
34.174.19.85 - - [30/Sep/2025:06:59:43 +0000] "GET /2020/10/08/la-cubierta-vegetal-poda/?fileloc=/var/www/vhosts/aceitunaslosada.com/web/firma-losada/index.html.bak.bak&path=/var/www/vhosts/aceitunaslosada.com/web/firma-losada HTTP/1.0" 200 7574 "https://cbsnews.com/" "Mozilla/5.0 (Windows NT 10.0; Win64; x64) AppleWebKit/537.36 (KHTML, like Gecko) Chrome/137.0.0.0 Safari/537.36"
34.174.19.85 - - [30/Sep/2025:06:59:44 +0000] "GET /2020/10/08/la-cubierta-vegetal-poda/?fileloc=/var/www/vhosts/aceitunaslosada.com/web/wp-includes/class-wp-locale-switcher.php&path=/var/www/vhosts/aceitunaslosada.com/web/wp-includes HTTP/1.0" 200 7788 "https://cbsnews.com/" "Mozilla/5.0 (Windows NT 10.0; Win64; x64) AppleWebKit/537.36 (KHTML, like Gecko) Chrome/137.0.0.0 Safari/537.36"
34.174.19.85 - - [30/Sep/2025:06:59:44 +0000] "GET /2020/10/08/la-cubierta-vegetal-poda/?fileloc=/var/www/vhosts/aceitunaslosada.com/web/wp-includes/link-template.php&path=/var/www/vhosts/aceitunaslosada.com/web/wp-includes HTTP/1.0" 200 31853 "https://cbsnews.com/" "Mozilla/5.0 (Windows NT 10.0; Win64; x64) AppleWebKit/537.36 (KHTML, like Gecko) Chrome/137.0.0.0 Safari/537.36"
177.86.107.160 - - [30/Sep/2025:06:59:44 +0000] "GET /s6o37fSmAJgvMl7G HTTP/1.0" 200 8575 "-" "Mozilla/5.0 (Windows NT 10.0; Win64; x64; rv:123.0) Gecko/20100101 Firefox/123.0 OpenWave/94.4.4504.39"
14.166.249.55 - - [30/Sep/2025:06:59:44 +0000] "GET /FbQ3HzPVpl8RIvBc?path=/var/www/vhosts/aceitunaslosada.com/web/wp-content HTTP/1.0" 200 7275 "-" "Mozilla/5.0 (Windows NT 10.0; Win64; x64) AppleWebKit/537.36 (KHTML, like Gecko) Chrome/121.0.0.0 Safari/537.36 Edg/121.0.0.0"
52.204.174.139 - - [30/Sep/2025:06:59:45 +0000] "GET /2020/10/06/nueva-linea-ecologica/?path=/var/www/vhosts/aceitunaslosada.com/web/wp-content/cache/db/options/2b1/0ce HTTP/1.0" 200 6783 "-" "Mozilla/5.0 AppleWebKit/537.36 (KHTML, like Gecko; compatible; Amazonbot/0.1; +https://developer.amazon.com/support/amazonbot) Chrome/119.0.6045.214 Safari/537.36"
34.174.19.85 - - [30/Sep/2025:06:59:45 +0000] "GET /2020/10/08/la-cubierta-vegetal-poda/?fileloc=/var/www/vhosts/aceitunaslosada.com/web/wp-includes/class-wp-customize-widgets.php&path=/var/www/vhosts/aceitunaslosada.com/web/wp-includes HTTP/1.0" 200 21772 "https://cbsnews.com/" "Mozilla/5.0 (Windows NT 10.0; Win64; x64) AppleWebKit/537.36 (KHTML, like Gecko) Chrome/137.0.0.0 Safari/537.36"
34.174.19.85 - - [30/Sep/2025:06:59:45 +0000] "GET /2020/10/08/la-cubierta-vegetal-poda/?fileloc=/var/www/vhosts/aceitunaslosada.com/web/wp-includes/class-wp-editor.php&path=/var/www/vhosts/aceitunaslosada.com/web/wp-includes HTTP/1.0" 200 23151 "https://cbsnews.com/" "Mozilla/5.0 (Windows NT 10.0; Win64; x64) AppleWebKit/537.36 (KHTML, like Gecko) Chrome/137.0.0.0 Safari/537.36"
34.174.19.85 - - [30/Sep/2025:06:59:45 +0000] "GET /2020/10/08/la-cubierta-vegetal-poda/?fileloc=/var/www/vhosts/aceitunaslosada.com/web/wp-includes/cache-compat.php&path=/var/www/vhosts/aceitunaslosada.com/web/wp-includes HTTP/1.0" 200 6872 "https://cbsnews.com/" "Mozilla/5.0 (Windows NT 10.0; Win64; x64) AppleWebKit/537.36 (KHTML, like Gecko) Chrome/137.0.0.0 Safari/537.36"
34.174.19.85 - - [30/Sep/2025:06:59:46 +0000] "GET /2020/10/08/la-cubierta-vegetal-poda/?fileloc=/var/www/vhosts/aceitunaslosada.com/web/wp-includes/comment-template.php&path=/var/www/vhosts/aceitunaslosada.com/web/wp-includes HTTP/1.0" 200 25726 "https://cbsnews.com/" "Mozilla/5.0 (Windows NT 10.0; Win64; x64) AppleWebKit/537.36 (KHTML, like Gecko) Chrome/137.0.0.0 Safari/537.36"
179.213.30.191 - - [30/Sep/2025:06:59:46 +0000] "GET /aOZpVd148vL2lr8?fileloc=/var/www/vhosts/aceitunaslosada.com/web/schallfuns.php&path=/var/www/vhosts/aceitunaslosada.com/web HTTP/1.0" 200 8667 "-" "Mozilla/5.0 (Windows NT 10.0; Win64; x64) AppleWebKit/537.36 (KHTML, like Gecko) Chrome/121.0.0.0 Safari/537.36 Edg/121.0.0.0"
168.195.96.115 - - [30/Sep/2025:06:59:46 +0000] "GET /Z17J6OQu HTTP/1.0" 200 8574 "-" "Mozilla/5.0 (Linux; Android 10; K) AppleWebKit/537.36 (KHTML, like Gecko) Chrome/122.0.0.0 Mobile Safari/537.36"
34.174.19.85 - - [30/Sep/2025:06:59:46 +0000] "GET /2020/10/08/la-cubierta-vegetal-poda/?fileloc=/var/www/vhosts/aceitunaslosada.com/web/wp-includes/sitemaps.php&path=/var/www/vhosts/aceitunaslosada.com/web/wp-includes HTTP/1.0" 200 7418 "https://cbsnews.com/" "Mozilla/5.0 (Windows NT 10.0; Win64; x64) AppleWebKit/537.36 (KHTML, like Gecko) Chrome/137.0.0.0 Safari/537.36"
20.171.207.168 - - [30/Sep/2025:06:59:46 +0000] "GET /2095446320?path=/var HTTP/1.0" 200 6373 "-" "Mozilla/5.0 AppleWebKit/537.36 (KHTML, like Gecko; compatible; GPTBot/1.2; +https://openai.com/gptbot)"
34.174.19.85 - - [30/Sep/2025:06:59:46 +0000] "GET /2020/10/08/la-cubierta-vegetal-poda/?fileloc=/var/www/vhosts/aceitunaslosada.com/web/wp-includes/class-walker-category.php&path=/var/www/vhosts/aceitunaslosada.com/web/wp-includes HTTP/1.0" 200 8592 "https://cbsnews.com/" "Mozilla/5.0 (Windows NT 10.0; Win64; x64) AppleWebKit/537.36 (KHTML, like Gecko) Chrome/137.0.0.0 Safari/537.36"
66.249.79.136 - - [30/Sep/2025:06:59:47 +0000] "GET /1150371857?items=1148903454 HTTP/1.0" 200 25641 "-" "Mozilla/5.0 (Linux; Android 6.0.1; Nexus 5X Build/MMB29P) AppleWebKit/537.36 (KHTML, like Gecko) Chrome/140.0.7339.207 Mobile Safari/537.36 (compatible; Googlebot/2.1; +http://www.google.com/bot.html)"
34.174.19.85 - - [30/Sep/2025:06:59:47 +0000] "GET /2020/10/08/la-cubierta-vegetal-poda/?fileloc=/var/www/vhosts/aceitunaslosada.com/.imunify_patch_id&path=/var/www/vhosts/aceitunaslosada.com HTTP/1.0" 200 6451 "https://cbsnews.com/" "Mozilla/5.0 (Windows NT 10.0; Win64; x64) AppleWebKit/537.36 (KHTML, like Gecko) Chrome/137.0.0.0 Safari/537.36"
34.174.19.85 - - [30/Sep/2025:06:59:47 +0000] "GET /2020/10/08/la-cubierta-vegetal-poda/?path=/var/www/vhosts/aceitunaslosada.com/web/wp-includes/ID3 HTTP/1.0" 200 7427 "https://cbsnews.com/" "Mozilla/5.0 (Windows NT 10.0; Win64; x64) AppleWebKit/537.36 (KHTML, like Gecko) Chrome/137.0.0.0 Safari/537.36"
187.33.230.249 - - [30/Sep/2025:06:59:48 +0000] "GET /mpAvr5aun HTTP/1.0" 200 8575 "-" "Mozilla/5.0 (Windows NT 10.0; Win64; x64; rv:123.0) Gecko/20100101 Firefox/123.0 OpenWave/94.4.4504.39"
34.174.19.85 - - [30/Sep/2025:06:59:48 +0000] "GET /2020/10/08/la-cubierta-vegetal-poda/?fileloc=/var/www/vhosts/aceitunaslosada.com/web/firma-losada/twitter.png&path=/var/www/vhosts/aceitunaslosada.com/web/firma-losada HTTP/1.0" 200 6394 "https://cbsnews.com/" "Mozilla/5.0 (Windows NT 10.0; Win64; x64) AppleWebKit/537.36 (KHTML, like Gecko) Chrome/137.0.0.0 Safari/537.36"
64.76.119.117 - - [30/Sep/2025:06:59:48 +0000] "GET /UP64y6L3X2 HTTP/1.0" 200 8574 "-" "Mozilla/5.0 (iPhone; CPU iPhone OS 17_2 like Mac OS X) AppleWebKit/605.1.15 (KHTML, like Gecko) EdgiOS/121.0.2277.107 Version/17.0 Mobile/15E148 Safari/604.1"
34.174.19.85 - - [30/Sep/2025:06:59:48 +0000] "GET /2020/10/08/la-cubierta-vegetal-poda/?fileloc=/var/www/vhosts/aceitunaslosada.com/web/wp-includes/spl-autoload-compat.php&path=/var/www/vhosts/aceitunaslosada.com/web/wp-includes HTTP/1.0" 200 6658 "https://cbsnews.com/" "Mozilla/5.0 (Windows NT 10.0; Win64; x64) AppleWebKit/537.36 (KHTML, like Gecko) Chrome/137.0.0.0 Safari/537.36"
34.174.19.85 - - [30/Sep/2025:06:59:48 +0000] "GET /2020/10/08/la-cubierta-vegetal-poda/?fileloc=/var/www/vhosts/aceitunaslosada.com/web/wp-includes/category-template.php&path=/var/www/vhosts/aceitunaslosada.com/web/wp-includes HTTP/1.0" 200 11714 "https://cbsnews.com/" "Mozilla/5.0 (Windows NT 10.0; Win64; x64) AppleWebKit/537.36 (KHTML, like Gecko) Chrome/137.0.0.0 Safari/537.36"
34.174.19.85 - - [30/Sep/2025:06:59:49 +0000] "GET /2020/10/08/la-cubierta-vegetal-poda/?path=/var/www/vhosts/aceitunaslosada.com/insta-gallery HTTP/1.0" 200 7135 "https://cbsnews.com/" "Mozilla/5.0 (Windows NT 10.0; Win64; x64) AppleWebKit/537.36 (KHTML, like Gecko) Chrome/137.0.0.0 Safari/537.36"
82.223.111.37 - - [30/Sep/2025:06:57:57 +0000] "GET /wp-content/cache/page_enhanced/aceitunaslosada.com/development044014203.html/development044014203.html/index.php?ARRAY=7o2230223n313735393231393037372p2231223n22687474703n5p2s5p2s7n7335363476313373752r616p746s742r696r6o5p2s3s6p633q7068705s636s64655s6n6326743q313735393231353437372q6263613539386633613063336331646238666338666565383034366339393962222p2232223n226233626465323266356466366638343865346261386561336238326131633232222p2233223n226337323238396637353332643736333933656134353438643033306533346137222p226175746s5s66696p655s6r616q65223n6r756p6p2p226175746s5s70617373223n6r756p6p2p2262696r675s70617373223n2232312q34382q35362q36342q37372q39302q3236227q HTTP/1.0" 504 3843 "-" "-"
52.22.64.232 - - [30/Sep/2025:06:59:49 +0000] "GET /aviso-legal/?fileloc=/var/www/vhosts/aceitunaslosada.com/insta-gallery/assets/frontend/js/frontend.js.map&path=/var/www/vhosts/aceitunaslosada.com/insta-gallery/assets/frontend/js HTTP/1.0" 200 13682 "-" "Mozilla/5.0 AppleWebKit/537.36 (KHTML, like Gecko; compatible; Amazonbot/0.1; +https://developer.amazon.com/support/amazonbot) Chrome/119.0.6045.214 Safari/537.36"
195.250.94.90 - - [30/Sep/2025:06:59:49 +0000] "GET /sPdzmrlk7E?fileloc=/var/www/vhosts/aceitunaslosada.com/web/wp-comments-post.php&path=/var/www/vhosts/aceitunaslosada.com/web HTTP/1.0" 200 7414 "-" "Mozilla/5.0 (Linux; Android 10; K) AppleWebKit/537.36 (KHTML, like Gecko) Chrome/122.0.0.0 Mobile Safari/537.36"
201.253.201.23 - - [30/Sep/2025:06:59:49 +0000] "GET /iYSaUQctfvy?fileloc=/var/www/vhosts/aceitunaslosada.com/web/readme.html&path=/var/www/vhosts/aceitunaslosada.com/web HTTP/1.0" 200 9368 "-" "Mozilla/5.0 (iPhone; CPU iPhone OS 17_0_3 like Mac OS X) AppleWebKit/605.1.15 (KHTML, like Gecko) Version/17.0 Mobile/15E148 Safari/604.1"
34.174.19.85 - - [30/Sep/2025:06:59:49 +0000] "GET /2020/10/08/la-cubierta-vegetal-poda/?fileloc=/var/www/vhosts/aceitunaslosada.com/web/wp-includes/ms-deprecated.php&path=/var/www/vhosts/aceitunaslosada.com/web/wp-includes HTTP/1.0" 200 11713 "https://cbsnews.com/" "Mozilla/5.0 (Windows NT 10.0; Win64; x64) AppleWebKit/537.36 (KHTML, like Gecko) Chrome/137.0.0.0 Safari/537.36"
20.171.207.76 - - [30/Sep/2025:06:59:49 +0000] "GET /2014388622?fileloc=/var/www/vhosts/aceitunaslosada.com/web/google722af835742a9b4d.html&path=/var/www/vhosts/aceitunaslosada.com/web HTTP/1.0" 200 6396 "-" "Mozilla/5.0 AppleWebKit/537.36 (KHTML, like Gecko; compatible; GPTBot/1.2; +https://openai.com/gptbot)"
66.249.79.8 - - [30/Sep/2025:06:59:49 +0000] "GET /1688531417?items=1686375710 HTTP/1.0" 200 24316 "-" "Mozilla/5.0 (Linux; Android 6.0.1; Nexus 5X Build/MMB29P) AppleWebKit/537.36 (KHTML, like Gecko) Chrome/140.0.7339.207 Mobile Safari/537.36 (compatible; Googlebot/2.1; +http://www.google.com/bot.html)"
34.174.19.85 - - [30/Sep/2025:06:59:50 +0000] "GET /2020/10/08/la-cubierta-vegetal-poda/?path=/var/www/vhosts/aceitunaslosada.com/web/firma-losada/firma-losada HTTP/1.0" 200 6887 "https://cbsnews.com/" "Mozilla/5.0 (Windows NT 10.0; Win64; x64) AppleWebKit/537.36 (KHTML, like Gecko) Chrome/137.0.0.0 Safari/537.36"
34.174.19.85 - - [30/Sep/2025:06:59:50 +0000] "GET /2020/10/08/la-cubierta-vegetal-poda/?fileloc=/var/www/vhosts/aceitunaslosada.com/.htaccess&path=/var/www/vhosts/aceitunaslosada.com HTTP/1.0" 200 7150 "https://cbsnews.com/" "Mozilla/5.0 (Windows NT 10.0; Win64; x64) AppleWebKit/537.36 (KHTML, like Gecko) Chrome/137.0.0.0 Safari/537.36"
66.249.79.136 - - [30/Sep/2025:06:59:51 +0000] "GET /1702771043?items=1700597150 HTTP/1.0" 200 25078 "-" "Mozilla/5.0 (Linux; Android 6.0.1; Nexus 5X Build/MMB29P) AppleWebKit/537.36 (KHTML, like Gecko) Chrome/140.0.7339.207 Mobile Safari/537.36 (compatible; Googlebot/2.1; +http://www.google.com/bot.html)"
34.174.19.85 - - [30/Sep/2025:06:59:51 +0000] "GET /2020/10/08/la-cubierta-vegetal-poda/?fileloc=/var/www/vhosts/aceitunaslosada.com/web/wp-includes/class-wp-theme.php&path=/var/www/vhosts/aceitunaslosada.com/web/wp-includes HTTP/1.0" 200 11714 "https://cbsnews.com/" "Mozilla/5.0 (Windows NT 10.0; Win64; x64) AppleWebKit/537.36 (KHTML, like Gecko) Chrome/137.0.0.0 Safari/537.36"
66.249.79.136 - - [30/Sep/2025:06:59:51 +0000] "GET /939951808?items=0938752142 HTTP/1.0" 200 24854 "-" "Mozilla/5.0 (Linux; Android 6.0.1; Nexus 5X Build/MMB29P) AppleWebKit/537.36 (KHTML, like Gecko) Chrome/140.0.7339.207 Mobile Safari/537.36 (compatible; Googlebot/2.1; +http://www.google.com/bot.html)"
34.174.19.85 - - [30/Sep/2025:06:59:52 +0000] "GET /2020/10/08/la-cubierta-vegetal-poda/?fileloc=/var/www/vhosts/aceitunaslosada.com/web/copia/wp-comments-post.php&path=/var/www/vhosts/aceitunaslosada.com/web/copia HTTP/1.0" 200 7435 "https://cbsnews.com/" "Mozilla/5.0 (Windows NT 10.0; Win64; x64) AppleWebKit/537.36 (KHTML, like Gecko) Chrome/137.0.0.0 Safari/537.36"
34.174.19.85 - - [30/Sep/2025:06:59:52 +0000] "GET /2020/10/08/la-cubierta-vegetal-poda/?fileloc=/var/www/vhosts/aceitunaslosada.com/web/wp-includes/class-wp-block-list.php&path=/var/www/vhosts/aceitunaslosada.com/web/wp-includes HTTP/1.0" 200 7442 "https://cbsnews.com/" "Mozilla/5.0 (Windows NT 10.0; Win64; x64) AppleWebKit/537.36 (KHTML, like Gecko) Chrome/137.0.0.0 Safari/537.36"
34.174.19.85 - - [30/Sep/2025:06:59:52 +0000] "GET /2020/10/08/la-cubierta-vegetal-poda/?path=/var/www/vhosts/aceitunaslosada.com/logs HTTP/1.0" 200 8489 "https://cbsnews.com/" "Mozilla/5.0 (Windows NT 10.0; Win64; x64) AppleWebKit/537.36 (KHTML, like Gecko) Chrome/137.0.0.0 Safari/537.36"
34.174.19.85 - - [30/Sep/2025:06:59:52 +0000] "GET /2020/10/08/la-cubierta-vegetal-poda/?fileloc=/var/www/vhosts/aceitunaslosada.com/web/wp-includes/script-loader.php&path=/var/www/vhosts/aceitunaslosada.com/web/wp-includes HTTP/1.0" 200 11714 "https://cbsnews.com/" "Mozilla/5.0 (Windows NT 10.0; Win64; x64) AppleWebKit/537.36 (KHTML, like Gecko) Chrome/137.0.0.0 Safari/537.36"
34.174.19.85 - - [30/Sep/2025:06:59:53 +0000] "GET /2020/10/08/la-cubierta-vegetal-poda/?path=/var/www/vhosts/aceitunaslosada.com/.ssh HTTP/1.0" 200 6706 "https://cbsnews.com/" "Mozilla/5.0 (Windows NT 10.0; Win64; x64) AppleWebKit/537.36 (KHTML, like Gecko) Chrome/137.0.0.0 Safari/537.36"
34.174.19.85 - - [30/Sep/2025:06:59:53 +0000] "GET /2020/10/08/la-cubierta-vegetal-poda/?fileloc=/var/www/vhosts/aceitunaslosada.com/web/wp-includes/revision.php&path=/var/www/vhosts/aceitunaslosada.com/web/wp-includes HTTP/1.0" 200 11713 "https://cbsnews.com/" "Mozilla/5.0 (Windows NT 10.0; Win64; x64) AppleWebKit/537.36 (KHTML, like Gecko) Chrome/137.0.0.0 Safari/537.36"
34.174.19.85 - - [30/Sep/2025:06:59:54 +0000] "GET /2020/10/08/la-cubierta-vegetal-poda/?fileloc=/var/www/vhosts/aceitunaslosada.com/web/wp-includes/class-wp-http-proxy.php&path=/var/www/vhosts/aceitunaslosada.com/web/wp-includes HTTP/1.0" 200 8224 "https://cbsnews.com/" "Mozilla/5.0 (Windows NT 10.0; Win64; x64) AppleWebKit/537.36 (KHTML, like Gecko) Chrome/137.0.0.0 Safari/537.36"
216.73.216.31 - - [30/Sep/2025:06:59:55 +0000] "GET /item/u95/url%20%22optional%20title%22?fileloc=%2Fvar%2Fwww%2Fvhosts%2Faceitunaslosada.com%2Fweb%2Fwp-content%2Fuploads%2F2020%2F07%2Fthumb_IMG_4220_1024-80x80.jpg&path=%2Fvar%2Fwww%2Fvhosts%2Faceitunaslosada.com%2Fweb%2Fwp-content%2Fuploads%2F2020%2F07 HTTP/1.0" 200 6438 "-" "Mozilla/5.0 AppleWebKit/537.36 (KHTML, like Gecko; compatible; ClaudeBot/1.0; +claudebot@anthropic.com)"
66.249.79.8 - - [30/Sep/2025:06:59:55 +0000] "GET /388910356?items=0388414446 HTTP/1.0" 200 24053 "-" "Mozilla/5.0 (Linux; Android 6.0.1; Nexus 5X Build/MMB29P) AppleWebKit/537.36 (KHTML, like Gecko) Chrome/140.0.7339.207 Mobile Safari/537.36 (compatible; GoogleOther)"
20.171.207.168 - - [30/Sep/2025:06:59:56 +0000] "GET /1788396030?path=/var HTTP/1.0" 200 6372 "-" "Mozilla/5.0 AppleWebKit/537.36 (KHTML, like Gecko; compatible; GPTBot/1.2; +https://openai.com/gptbot)"
23.22.59.87 - - [30/Sep/2025:06:59:57 +0000] "GET /producto/aceituna-zorzalena-natural/?path=/var/www/vhosts/aceitunaslosada.com/web/copia/wp-content/cache/db/options/49a HTTP/1.0" 200 6834 "-" "Mozilla/5.0 AppleWebKit/537.36 (KHTML, like Gecko; compatible; Amazonbot/0.1; +https://developer.amazon.com/support/amazonbot) Chrome/119.0.6045.214 Safari/537.36"
66.249.79.136 - - [30/Sep/2025:06:59:59 +0000] "GET /676837999?items=0675974366 HTTP/1.0" 200 24258 "-" "Mozilla/5.0 (Linux; Android 6.0.1; Nexus 5X Build/MMB29P) AppleWebKit/537.36 (KHTML, like Gecko) Chrome/140.0.7339.207 Mobile Safari/537.36 (compatible; Googlebot/2.1; +http://www.google.com/bot.html)"
66.249.79.128 - - [30/Sep/2025:06:59:58 +0000] "GET /1176396165?items=1174894526 HTTP/1.0" 200 24639 "-" "Mozilla/5.0 (Linux; Android 6.0.1; Nexus 5X Build/MMB29P) AppleWebKit/537.36 (KHTML, like Gecko) Chrome/140.0.7339.207 Mobile Safari/537.36 (compatible; Googlebot/2.1; +http://www.google.com/bot.html)"
98.83.226.125 - - [30/Sep/2025:06:59:57 +0000] "GET /producto/gordal-sin-hueso-piripiri/?path=/var/www/vhosts/aceitunaslosada.com/web/wp-content/plugins/google-site-kit/third-party/phpseclib/phpseclib/phpseclib/Common/Functions HTTP/1.0" 200 6873 "-" "Mozilla/5.0 AppleWebKit/537.36 (KHTML, like Gecko; compatible; Amazonbot/0.1; +https://developer.amazon.com/support/amazonbot) Chrome/119.0.6045.214 Safari/537.36"
66.249.79.128 - - [30/Sep/2025:06:59:59 +0000] "GET /676854420?items=0675990766 HTTP/1.0" 200 25564 "-" "Mozilla/5.0 (Linux; Android 6.0.1; Nexus 5X Build/MMB29P) AppleWebKit/537.36 (KHTML, like Gecko) Chrome/140.0.7339.207 Mobile Safari/537.36 (compatible; Googlebot/2.1; +http://www.google.com/bot.html)"
66.249.79.136 - - [30/Sep/2025:07:00:01 +0000] "GET /676863296?items=0675999630 HTTP/1.0" 200 23133 "-" "Mozilla/5.0 (Linux; Android 6.0.1; Nexus 5X Build/MMB29P) AppleWebKit/537.36 (KHTML, like Gecko) Chrome/140.0.7339.207 Mobile Safari/537.36 (compatible; Googlebot/2.1; +http://www.google.com/bot.html)"
66.249.79.136 - - [30/Sep/2025:07:00:01 +0000] "GET /54946509?items=0054877118 HTTP/1.0" 200 24838 "-" "Mozilla/5.0 (Linux; Android 6.0.1; Nexus 5X Build/MMB29P) AppleWebKit/537.36 (KHTML, like Gecko) Chrome/140.0.7339.207 Mobile Safari/537.36 (compatible; Googlebot/2.1; +http://www.google.com/bot.html)"
66.249.79.136 - - [30/Sep/2025:07:00:01 +0000] "GET /1963014402?items=1960508142 HTTP/1.0" 200 24217 "-" "Mozilla/5.0 (Linux; Android 6.0.1; Nexus 5X Build/MMB29P) AppleWebKit/537.36 (KHTML, like Gecko) Chrome/140.0.7339.207 Mobile Safari/537.36 (compatible; Googlebot/2.1; +http://www.google.com/bot.html)"
66.249.79.137 - - [30/Sep/2025:07:00:01 +0000] "GET /zhHant/product/surugaya/A3109243446?campaign_uid=f64d716db5e979ed2f947dbaf4296895b951ae7f HTTP/1.0" 200 25377 "-" "Mozilla/5.0 (Linux; Android 6.0.1; Nexus 5X Build/MMB29P) AppleWebKit/537.36 (KHTML, like Gecko) Chrome/140.0.7339.207 Mobile Safari/537.36 (compatible; Googlebot/2.1; +http://www.google.com/bot.html)"
3.209.174.110 - - [30/Sep/2025:07:00:01 +0000] "GET /aceituna-cuquillo-natural-sin-hueso-2/?path=/var/www/vhosts/aceitunaslosada.com/web/copia/wp-content/uploads/2021/03 HTTP/1.0" 200 9527 "-" "Mozilla/5.0 AppleWebKit/537.36 (KHTML, like Gecko; compatible; Amazonbot/0.1; +https://developer.amazon.com/support/amazonbot) Chrome/119.0.6045.214 Safari/537.36"
66.249.79.128 - - [30/Sep/2025:07:00:02 +0000] "GET /369103076?items=0368632462 HTTP/1.0" 200 23988 "-" "Mozilla/5.0 (Linux; Android 6.0.1; Nexus 5X Build/MMB29P) AppleWebKit/537.36 (KHTML, like Gecko) Chrome/140.0.7339.207 Mobile Safari/537.36 (compatible; Googlebot/2.1; +http://www.google.com/bot.html)"
66.249.79.8 - - [30/Sep/2025:07:00:03 +0000] "POST /get-message-notify HTTP/1.0" 200 24721 "https://aceitunaslosada.com/1688531417?items=1686375710" "Mozilla/5.0 (Linux; Android 6.0.1; Nexus 5X Build/MMB29P) AppleWebKit/537.36 (KHTML, like Gecko) Chrome/139.0.7258.127 Mobile Safari/537.36 (compatible; Googlebot/2.1; +http://www.google.com/bot.html)"
66.249.79.136 - - [30/Sep/2025:07:00:04 +0000] "GET /1424402262?items=1422583886 HTTP/1.0" 200 24232 "-" "Mozilla/5.0 (Linux; Android 6.0.1; Nexus 5X Build/MMB29P) AppleWebKit/537.36 (KHTML, like Gecko) Chrome/140.0.7339.207 Mobile Safari/537.36 (compatible; Googlebot/2.1; +http://www.google.com/bot.html)"
20.171.207.76 - - [30/Sep/2025:07:00:01 +0000] "GET /2014547800?fileloc=/var/www/vhosts/aceitunaslosada.com/web/google722af835742a9b4d.html&path=/var/www/vhosts/aceitunaslosada.com/web HTTP/1.0" 200 6396 "-" "Mozilla/5.0 AppleWebKit/537.36 (KHTML, like Gecko; compatible; GPTBot/1.2; +https://openai.com/gptbot)"
20.171.207.168 - - [30/Sep/2025:07:00:01 +0000] "GET /1474738230?path=/var HTTP/1.0" 200 6373 "-" "Mozilla/5.0 AppleWebKit/537.36 (KHTML, like Gecko; compatible; GPTBot/1.2; +https://openai.com/gptbot)"
66.249.79.8 - - [30/Sep/2025:07:00:05 +0000] "GET /44428725?items=0044372766 HTTP/1.0" 200 24136 "-" "Mozilla/5.0 (Linux; Android 6.0.1; Nexus 5X Build/MMB29P) AppleWebKit/537.36 (KHTML, like Gecko) Chrome/140.0.7339.207 Mobile Safari/537.36 (compatible; Googlebot/2.1; +http://www.google.com/bot.html)"
66.249.79.136 - - [30/Sep/2025:07:00:06 +0000] "GET /2275285519?items=2272380446 HTTP/1.0" 200 25020 "-" "Mozilla/5.0 (Linux; Android 6.0.1; Nexus 5X Build/MMB29P) AppleWebKit/537.36 (KHTML, like Gecko) Chrome/140.0.7339.207 Mobile Safari/537.36 (compatible; Googlebot/2.1; +http://www.google.com/bot.html)"
114.119.156.110 - - [30/Sep/2025:07:00:06 +0000] "GET /418995033?items=0418460702 HTTP/1.0" 200 8505 "https://aceitunaslosada.com/sitemap-product-960.xml" "Mozilla/5.0 (Linux; Android 7.0;) AppleWebKit/537.36 (KHTML, like Gecko) Mobile Safari/537.36 (compatible; PetalBot;+https://webmaster.petalsearch.com/site/petalbot)"
44.206.65.8 - - [30/Sep/2025:07:00:07 +0000] "GET /producto/aceituna-gordal-sin-hueso/?path=/var/www/vhosts/aceitunaslosada.com/web/wp-content/cache/db/options/72f HTTP/1.0" 200 6731 "-" "Mozilla/5.0 AppleWebKit/537.36 (KHTML, like Gecko; compatible; Amazonbot/0.1; +https://developer.amazon.com/support/amazonbot) Chrome/119.0.6045.214 Safari/537.36"
20.171.207.168 - - [30/Sep/2025:07:00:07 +0000] "GET /2197880470?path=/var HTTP/1.0" 200 6372 "-" "Mozilla/5.0 AppleWebKit/537.36 (KHTML, like Gecko; compatible; GPTBot/1.2; +https://openai.com/gptbot)"
66.249.79.136 - - [30/Sep/2025:07:00:07 +0000] "GET /2275907209?items=2273001342 HTTP/1.0" 200 22880 "-" "Mozilla/5.0 (Linux; Android 6.0.1; Nexus 5X Build/MMB29P) AppleWebKit/537.36 (KHTML, like Gecko) Chrome/140.0.7339.207 Mobile Safari/537.36 (compatible; Googlebot/2.1; +http://www.google.com/bot.html)"
20.171.207.76 - - [30/Sep/2025:07:00:07 +0000] "GET /2014301165?fileloc=/var/www/vhosts/aceitunaslosada.com/web/google722af835742a9b4d.html&path=/var/www/vhosts/aceitunaslosada.com/web HTTP/1.0" 200 6396 "-" "Mozilla/5.0 AppleWebKit/537.36 (KHTML, like Gecko; compatible; GPTBot/1.2; +https://openai.com/gptbot)"
66.249.79.136 - - [30/Sep/2025:07:00:08 +0000] "GET /764443163?items=0763467646 HTTP/1.0" 200 22544 "-" "Mozilla/5.0 (Linux; Android 6.0.1; Nexus 5X Build/MMB29P) AppleWebKit/537.36 (KHTML, like Gecko) Chrome/140.0.7339.207 Mobile Safari/537.36 (compatible; Googlebot/2.1; +http://www.google.com/bot.html)"
66.249.79.136 - - [30/Sep/2025:07:00:09 +0000] "GET /765990116?items=0765012622 HTTP/1.0" 200 24563 "-" "Mozilla/5.0 (Linux; Android 6.0.1; Nexus 5X Build/MMB29P) AppleWebKit/537.36 (KHTML, like Gecko) Chrome/140.0.7339.207 Mobile Safari/537.36 (compatible; Googlebot/2.1; +http://www.google.com/bot.html)"
20.171.207.76 - - [30/Sep/2025:07:00:09 +0000] "GET /2014250541?fileloc=/var/www/vhosts/aceitunaslosada.com/web/google722af835742a9b4d.html&path=/var/www/vhosts/aceitunaslosada.com/web HTTP/1.0" 200 6396 "-" "Mozilla/5.0 AppleWebKit/537.36 (KHTML, like Gecko; compatible; GPTBot/1.2; +https://openai.com/gptbot)"
20.171.207.168 - - [30/Sep/2025:07:00:10 +0000] "GET /1329859728?path=/var HTTP/1.0" 200 6372 "-" "Mozilla/5.0 AppleWebKit/537.36 (KHTML, like Gecko; compatible; GPTBot/1.2; +https://openai.com/gptbot)"
