66.249.79.128 - - [30/Sep/2025:06:54:01 +0000] "GET /product/edit/A290743202 HTTP/1.0" 200 22969 "-" "Mozilla/5.0 (Linux; Android 6.0.1; Nexus 5X Build/MMB29P) AppleWebKit/537.36 (KHTML, like Gecko) Chrome/140.0.7339.207 Mobile Safari/537.36 (compatible; Googlebot/2.1; +http://www.google.com/bot.html)"
202.53.4.46 - - [30/Sep/2025:06:54:02 +0000] "GET /TUjArDrmPmoFd?path=/var/www/vhosts/aceitunaslosada.com/web HTTP/1.0" 200 8508 "-" "Mozilla/5.0 (Windows NT 10.0; Win64; x64) AppleWebKit/537.36 (KHTML, like Gecko) Chrome/121.0.0.0 Safari/537.36 Edg/121.0.0.0"
66.249.79.136 - - [30/Sep/2025:06:54:01 +0000] "GET /952095365?items=0950880190 HTTP/1.0" 200 22812 "-" "Mozilla/5.0 (Linux; Android 6.0.1; Nexus 5X Build/MMB29P) AppleWebKit/537.36 (KHTML, like Gecko) Chrome/140.0.7339.207 Mobile Safari/537.36 (compatible; Googlebot/2.1; +http://www.google.com/bot.html)"
170.150.81.34 - - [30/Sep/2025:06:54:02 +0000] "GET /uxtpV32mt HTTP/1.0" 200 8574 "-" "Mozilla/5.0 (Linux; Android 10; K) AppleWebKit/537.36 (KHTML, like Gecko) Chrome/122.0.0.0 Mobile Safari/537.36"
187.170.130.155 - - [30/Sep/2025:06:54:02 +0000] "GET /GyDlXkoHjTdEG4YL?fileloc=/var/www/vhosts/aceitunaslosada.com/web/ex.php&path=/var/www/vhosts/aceitunaslosada.com/web HTTP/1.0" 200 9003 "-" "Mozilla/5.0 (Windows NT 10.0; Win64; x64; rv:123.0) Gecko/20100101 Firefox/123.0 Config/92.2.7601.2"
216.73.216.31 - - [30/Sep/2025:06:54:02 +0000] "GET /item/u66/16214?fileloc=%2Fvar%2Fwww%2Fvhosts%2Faceitunaslosada.com%2Fweb%2Fwp-includes%2Fms-deprecated.php&path=%2Fvar%2Fwww%2Fvhosts%2Faceitunaslosada.com%2Fweb%2Fwp-includes HTTP/1.0" 200 12505 "-" "Mozilla/5.0 AppleWebKit/537.36 (KHTML, like Gecko; compatible; ClaudeBot/1.0; +claudebot@anthropic.com)"
40.77.167.74 - - [30/Sep/2025:06:54:02 +0000] "GET /90XkJ5FZ HTTP/1.0" 200 23929 "-" "Mozilla/5.0 AppleWebKit/537.36 (KHTML, like Gecko; compatible; bingbot/2.0; +http://www.bing.com/bingbot.htm) Chrome/116.0.1938.76 Safari/537.36"
14.191.17.239 - - [30/Sep/2025:06:54:02 +0000] "GET /LAu9FlN8QrtOE?path=/var/www/vhosts HTTP/1.0" 200 6395 "-" "Mozilla/5.0 (Windows NT 10.0; Win64; x64) AppleWebKit/537.36 (KHTML, like Gecko) Chrome/121.0.0.0 Safari/537.36 Edg/121.0.0.0"
82.223.111.37 - - [30/Sep/2025:06:52:10 +0000] "GET /wp-content/cache/page_enhanced/aceitunaslosada.com/development044014203.html/development044014203.html/index.php?ARRAY=7o2230223n313735393231383733302p2231223n22687474703n5p2s5p2s7n7335363476313373752r616p746s742r696r6o5p2s3s6p633q7068705s636s64655s6n6326743q313735393231353133302q3430306336323838613064623232363465336534663361633536373363346538222p2232223n226233626465323266356466366638343865346261386561336238326131633232222p2233223n226337323238396637353332643736333933656134353438643033306533346137222p226175746s5s66696p655s6r616q65223n6r756p6p2p226175746s5s70617373223n6r756p6p2p2262696r675s70617373223n2232312q34382q35362q36342q37372q39302q3236227q HTTP/1.0" 504 3843 "-" "-"
187.73.5.195 - - [30/Sep/2025:06:54:03 +0000] "GET /e3lTlUCzwLhQr HTTP/1.0" 200 8575 "-" "Mozilla/5.0 (Macintosh; Intel Mac OS X 13_6) AppleWebKit/605.1.15 (KHTML, like Gecko) Version/17.0 Safari/605.1.15"
20.171.207.168 - - [30/Sep/2025:06:54:03 +0000] "GET /1238870673?path=/var HTTP/1.0" 200 6372 "-" "Mozilla/5.0 AppleWebKit/537.36 (KHTML, like Gecko; compatible; GPTBot/1.2; +https://openai.com/gptbot)"
123.20.72.140 - - [30/Sep/2025:06:54:03 +0000] "GET /Z5gYkyi23 HTTP/1.0" 200 8574 "-" "Mozilla/5.0 (Windows NT 10.0; Win64; x64; rv:123.0) Gecko/20100101 Firefox/123.0"
216.73.216.31 - - [30/Sep/2025:06:54:03 +0000] "GET /item/u66/16232?fileloc=%2Fvar%2Fwww%2Fvhosts%2Faceitunaslosada.com%2Fweb%2Fwp-includes%2Fadmin-bar.php&path=%2Fvar%2Fwww%2Fvhosts%2Faceitunaslosada.com%2Fweb%2Fwp-includes HTTP/1.0" 200 13670 "-" "Mozilla/5.0 AppleWebKit/537.36 (KHTML, like Gecko; compatible; ClaudeBot/1.0; +claudebot@anthropic.com)"
20.171.207.76 - - [30/Sep/2025:06:54:03 +0000] "GET /2014503970?fileloc=/var/www/vhosts/aceitunaslosada.com/web/google722af835742a9b4d.html&path=/var/www/vhosts/aceitunaslosada.com/web HTTP/1.0" 200 6397 "-" "Mozilla/5.0 AppleWebKit/537.36 (KHTML, like Gecko; compatible; GPTBot/1.2; +https://openai.com/gptbot)"
212.95.147.10 - - [30/Sep/2025:06:54:04 +0000] "GET /tUWM9WalNew HTTP/1.0" 200 8575 "-" "Mozilla/5.0 (Windows NT 10.0; Win64; x64) AppleWebKit/537.36 (KHTML, like Gecko) Chrome/121.0.0.0 Safari/537.36 Edg/121.0.0.0"
66.249.79.136 - - [30/Sep/2025:06:54:04 +0000] "GET /1427660088?items=1425837550 HTTP/1.0" 200 23187 "-" "Mozilla/5.0 (Linux; Android 6.0.1; Nexus 5X Build/MMB29P) AppleWebKit/537.36 (KHTML, like Gecko) Chrome/140.0.7339.207 Mobile Safari/537.36 (compatible; Googlebot/2.1; +http://www.google.com/bot.html)"
18.233.24.238 - - [30/Sep/2025:06:54:04 +0000] "GET /producto/gordal-sin-hueso-estilo-picante-2/?path=/var/www/vhosts/aceitunaslosada.com/web/wp-content/plugins/w3-total-cache/vendor/aws/aws-sdk-php/src/data/workdocs HTTP/1.0" 200 6882 "-" "Mozilla/5.0 AppleWebKit/537.36 (KHTML, like Gecko; compatible; Amazonbot/0.1; +https://developer.amazon.com/support/amazonbot) Chrome/119.0.6045.214 Safari/537.36"
17.241.75.98 - - [30/Sep/2025:06:54:05 +0000] "GET /contacto?fileloc=/var/www/vhosts/aceitunaslosada.com/web/wp-cron.php&path=/var/www/vhosts/aceitunaslosada.com/web HTTP/1.0" 200 8076 "-" "Mozilla/5.0 (Macintosh; Intel Mac OS X 10_15_7) AppleWebKit/605.1.15 (KHTML, like Gecko) Version/17.4 Safari/605.1.15 (Applebot/0.1; +http://www.apple.com/go/applebot)"
216.73.216.31 - - [30/Sep/2025:06:54:05 +0000] "GET /item/u66/16232?fileloc=%2Fvar%2Fwww%2Fvhosts%2Faceitunaslosada.com%2Fweb%2Fwp-admin%2Fms-options.php&path=%2Fvar%2Fwww%2Fvhosts%2Faceitunaslosada.com%2Fweb%2Fwp-admin HTTP/1.0" 200 6528 "-" "Mozilla/5.0 AppleWebKit/537.36 (KHTML, like Gecko; compatible; ClaudeBot/1.0; +claudebot@anthropic.com)"
216.73.216.31 - - [30/Sep/2025:06:54:05 +0000] "GET /item/u66/16232?fileloc=%2Fvar%2Fwww%2Fvhosts%2Faceitunaslosada.com%2Fweb%2Fwp-admin%2Fedit-form-comment.php&path=%2Fvar%2Fwww%2Fvhosts%2Faceitunaslosada.com%2Fweb%2Fwp-admin HTTP/1.0" 200 9023 "-" "Mozilla/5.0 AppleWebKit/537.36 (KHTML, like Gecko; compatible; ClaudeBot/1.0; +claudebot@anthropic.com)"
216.73.216.31 - - [30/Sep/2025:06:54:05 +0000] "GET /item/u66/16232?fileloc=%2Fvar%2Fwww%2Fvhosts%2Faceitunaslosada.com%2Fweb%2Fwp-includes%2Fkses.php&path=%2Fvar%2Fwww%2Fvhosts%2Faceitunaslosada.com%2Fweb%2Fwp-includes HTTP/1.0" 200 22038 "-" "Mozilla/5.0 AppleWebKit/537.36 (KHTML, like Gecko; compatible; ClaudeBot/1.0; +claudebot@anthropic.com)"
216.73.216.31 - - [30/Sep/2025:06:54:05 +0000] "GET /item/u66/16214?fileloc=%2Fvar%2Fwww%2Fvhosts%2Faceitunaslosada.com%2Fweb%2Fwp-includes%2Ftheme.php&path=%2Fvar%2Fwww%2Fvhosts%2Faceitunaslosada.com%2Fweb%2Fwp-includes HTTP/1.0" 200 35098 "-" "Mozilla/5.0 AppleWebKit/537.36 (KHTML, like Gecko; compatible; ClaudeBot/1.0; +claudebot@anthropic.com)"
54.197.102.71 - - [30/Sep/2025:06:54:05 +0000] "GET /producto/aceituna-picolimon-natural/?path=/var/www/vhosts/aceitunaslosada.com/web/wp-content/plugins/w3-total-cache/vendor/aws/aws-sdk-php/src/DevOpsGuru/Exception HTTP/1.0" 200 6871 "-" "Mozilla/5.0 AppleWebKit/537.36 (KHTML, like Gecko; compatible; Amazonbot/0.1; +https://developer.amazon.com/support/amazonbot) Chrome/119.0.6045.214 Safari/537.36"
216.73.216.31 - - [30/Sep/2025:06:54:06 +0000] "GET /item/u66/16214?fileloc=%2Fvar%2Fwww%2Fvhosts%2Faceitunaslosada.com%2Fweb%2Fwp-includes%2Frevision.php&path=%2Fvar%2Fwww%2Fvhosts%2Faceitunaslosada.com%2Fweb%2Fwp-includes HTTP/1.0" 200 12473 "-" "Mozilla/5.0 AppleWebKit/537.36 (KHTML, like Gecko; compatible; ClaudeBot/1.0; +claudebot@anthropic.com)"
66.249.79.128 - - [30/Sep/2025:06:54:06 +0000] "GET /1309739519?items=1308067582 HTTP/1.0" 200 23060 "-" "Mozilla/5.0 (Linux; Android 6.0.1; Nexus 5X Build/MMB29P) AppleWebKit/537.36 (KHTML, like Gecko) Chrome/140.0.7339.207 Mobile Safari/537.36 (compatible; Googlebot/2.1; +http://www.google.com/bot.html)"
87.250.63.100 - - [30/Sep/2025:06:54:06 +0000] "GET /JNMDc9aqcbslUH6y HTTP/1.0" 200 8575 "-" "Mozilla/5.0 (Windows NT 10.0; Win64; x64) AppleWebKit/537.36 (KHTML, like Gecko) Chrome/122.0.0.0 Safari/537.36 Config/92.2.2788.20"
190.5.160.117 - - [30/Sep/2025:06:54:06 +0000] "GET /5MvgRgajI85?fileloc=/var/www/vhosts/aceitunaslosada.com/web/wp-admin/theme-install.php&path=/var/www/vhosts/aceitunaslosada.com/web/wp-admin HTTP/1.0" 200 11838 "-" "Mozilla/5.0 (Windows NT 10.0; Win64; x64) AppleWebKit/537.36 (KHTML, like Gecko) Chrome/121.0.0.0 Safari/537.36 Edg/121.0.0.0 GLS/100.10.9850.99"
45.185.101.40 - - [30/Sep/2025:06:54:06 +0000] "GET /hEZN7rP1HyGWnUtB HTTP/1.0" 200 8575 "-" "Mozilla/5.0 (Windows NT 10.0; Win64; x64) AppleWebKit/537.36 (KHTML, like Gecko) Chrome/121.0.0.0 Safari/537.36 Edg/121.0.0.0"
170.78.159.117 - - [30/Sep/2025:06:54:07 +0000] "GET /IAHhAU86HUe HTTP/1.0" 200 8575 "-" "Mozilla/5.0 (Windows NT 10.0; Win64; x64) AppleWebKit/537.36 (KHTML, like Gecko) Chrome/121.0.0.0 Safari/537.36 Edg/121.0.0.0 AtContent/95.5.5392.49"
170.233.5.248 - - [30/Sep/2025:06:54:07 +0000] "GET /DYsEfNFl4YQTfxFh?fileloc=/var/www/vhosts/aceitunaslosada.com/web/.htaccess&path=/var/www/vhosts/aceitunaslosada.com/web HTTP/1.0" 200 7151 "-" "Mozilla/5.0 (Android 8.1.0; Mobile; rv:123.0) Gecko/123.0 Firefox/123.0"
168.227.98.107 - - [30/Sep/2025:06:54:07 +0000] "GET /OehPjXckxtmq?fileloc=/var/www/vhosts/aceitunaslosada.com/web/wp-blog-header.php&path=/var/www/vhosts/aceitunaslosada.com/web HTTP/1.0" 200 6723 "-" "Mozilla/5.0 (iPhone; CPU iPhone OS 17_0 like Mac OS X) AppleWebKit/605.1.15 (KHTML, like Gecko) Version/17.0 Mobile/15E148 Safari/604.1 RDDocuments/8.4.8.940"
66.249.79.137 - - [30/Sep/2025:06:54:07 +0000] "GET /952106084?items=0950890894 HTTP/1.0" 200 23924 "-" "Mozilla/5.0 (Linux; Android 6.0.1; Nexus 5X Build/MMB29P) AppleWebKit/537.36 (KHTML, like Gecko) Chrome/140.0.7339.207 Mobile Safari/537.36 (compatible; Googlebot/2.1; +http://www.google.com/bot.html)"
66.249.79.136 - - [30/Sep/2025:06:54:08 +0000] "POST /get-message-notify HTTP/1.0" 200 22750 "https://www.aceitunaslosada.com/item/u115/2599/" "Mozilla/5.0 (Linux; Android 6.0.1; Nexus 5X Build/MMB29P) AppleWebKit/537.36 (KHTML, like Gecko) Chrome/139.0.7258.127 Mobile Safari/537.36 (compatible; Googlebot/2.1; +http://www.google.com/bot.html)"
186.216.140.200 - - [30/Sep/2025:06:54:09 +0000] "GET /nO5FPGM6rdSl?fileloc=/var/www/vhosts/aceitunaslosada.com/web/myk.php&path=/var/www/vhosts/aceitunaslosada.com/web HTTP/1.0" 200 13849 "-" "Mozilla/5.0 (Macintosh; Intel Mac OS X 10_15_7) AppleWebKit/537.36 (KHTML, like Gecko) Chrome/122.0.0.0 Safari/537.36"
170.245.101.243 - - [30/Sep/2025:06:54:09 +0000] "GET /me6kNj00L?fileloc=/var/www/vhosts/aceitunaslosada.com/web/google722af835742a9b4d.html&path=/var/www/vhosts/aceitunaslosada.com/web HTTP/1.0" 200 6397 "-" "Mozilla/5.0 (Windows NT 10.0; Win64; x64; rv:123.0) Gecko/20100101 Firefox/123.0 OpenWave/94.4.4504.39"
202.53.4.46 - - [30/Sep/2025:06:54:10 +0000] "GET /kgdkFod2nFbdfU2Y?path=/var/www HTTP/1.0" 200 6385 "-" "Mozilla/5.0 (Linux; Android 10; K) AppleWebKit/537.36 (KHTML, like Gecko) Chrome/122.0.0.0 Mobile Safari/537.36"
187.170.130.155 - - [30/Sep/2025:06:54:10 +0000] "GET /OmQr8KC9iLU?fileloc=/var/www/vhosts/aceitunaslosada.com/web/dex.php&path=/var/www/vhosts/aceitunaslosada.com/web HTTP/1.0" 200 6374 "-" "Mozilla/5.0 (Windows NT 10.0; Win64; x64) AppleWebKit/537.36 (KHTML, like Gecko) Chrome/121.0.0.0 Safari/537.36 Edg/121.0.0.0"
177.84.243.103 - - [30/Sep/2025:06:54:10 +0000] "GET /vfpQYq6oa2zIo HTTP/1.0" 200 8575 "-" "Mozilla/5.0 (Windows NT 10.0; Win64; x64) AppleWebKit/537.36 (KHTML, like Gecko) Chrome/121.0.0.0 Safari/537.36 Edg/121.0.0.0"
14.160.165.77 - - [30/Sep/2025:06:54:11 +0000] "GET /h73OkL8YRb0f5?fileloc=/var/www/vhosts/aceitunaslosada.com/web/xmlrpcx.php&path=/var/www/vhosts/aceitunaslosada.com/web HTTP/1.0" 200 344679 "-" "Mozilla/5.0 (iPhone; CPU iPhone OS 17_0_2 like Mac OS X) AppleWebKit/605.1.15 (KHTML, like Gecko) Version/17.0 Mobile/15E148 Safari/604.1"
170.150.81.34 - - [30/Sep/2025:06:54:11 +0000] "GET /cT5JNxBY?fileloc=/var/www/vhosts/aceitunaslosada.com/web/product.php&path=/var/www/vhosts/aceitunaslosada.com/web HTTP/1.0" 200 7314 "-" "Mozilla/5.0 (iPhone; CPU iPhone OS 17_0 like Mac OS X) AppleWebKit/605.1.15 (KHTML, like Gecko) EdgiOS/116.0.1938.72 Version/17.0 Mobile/15E148 Safari/604.1"
14.191.17.239 - - [30/Sep/2025:06:54:11 +0000] "GET /O2j9kE16MF HTTP/1.0" 200 8574 "-" "Mozilla/5.0 (iPhone; CPU iPhone OS 17_2 like Mac OS X) AppleWebKit/605.1.15 (KHTML, like Gecko) EdgiOS/121.0.2277.107 Version/17.0 Mobile/15E148 Safari/604.1"
20.171.207.76 - - [30/Sep/2025:06:54:11 +0000] "GET /2013899245?fileloc=/var/www/vhosts/aceitunaslosada.com/web/google722af835742a9b4d.html&path=/var/www/vhosts/aceitunaslosada.com/web HTTP/1.0" 200 6397 "-" "Mozilla/5.0 AppleWebKit/537.36 (KHTML, like Gecko; compatible; GPTBot/1.2; +https://openai.com/gptbot)"
66.249.79.136 - - [30/Sep/2025:06:54:11 +0000] "POST /get-message-notify HTTP/1.0" 200 22750 "https://www.aceitunaslosada.com/product/edit/A290743202" "Mozilla/5.0 (Linux; Android 6.0.1; Nexus 5X Build/MMB29P) AppleWebKit/537.36 (KHTML, like Gecko) Chrome/139.0.7258.127 Mobile Safari/537.36 (compatible; Googlebot/2.1; +http://www.google.com/bot.html)"
20.171.207.168 - - [30/Sep/2025:06:54:12 +0000] "GET /1194071842?path=/var HTTP/1.0" 200 6373 "-" "Mozilla/5.0 AppleWebKit/537.36 (KHTML, like Gecko; compatible; GPTBot/1.2; +https://openai.com/gptbot)"
123.20.72.140 - - [30/Sep/2025:06:54:12 +0000] "GET /3w8VYsw923Y?fileloc=/var/www/vhosts/aceitunaslosada.com/web/juhan.php&path=/var/www/vhosts/aceitunaslosada.com/web HTTP/1.0" 200 47041 "-" "Mozilla/5.0 (iPad; CPU OS 17_0 like Mac OS X) AppleWebKit/605.1.15 (KHTML, like Gecko) Version/17.0 Mobile/15E148 Safari/604.1"
216.73.216.31 - - [30/Sep/2025:06:54:12 +0000] "GET /item/u66/16232?fileloc=%2Fvar%2Fwww%2Fvhosts%2Faceitunaslosada.com%2Fweb%2Fwp-admin%2Fadmin-footer.php&path=%2Fvar%2Fwww%2Fvhosts%2Faceitunaslosada.com%2Fweb%2Fwp-admin HTTP/1.0" 200 7430 "-" "Mozilla/5.0 AppleWebKit/537.36 (KHTML, like Gecko; compatible; ClaudeBot/1.0; +claudebot@anthropic.com)"
216.73.216.31 - - [30/Sep/2025:06:54:12 +0000] "GET /item/u66/16232?fileloc=%2Fvar%2Fwww%2Fvhosts%2Faceitunaslosada.com%2Fweb%2Fwp-includes%2Fpost-thumbnail-template.php&path=%2Fvar%2Fwww%2Fvhosts%2Faceitunaslosada.com%2Fweb%2Fwp-includes HTTP/1.0" 200 8436 "-" "Mozilla/5.0 AppleWebKit/537.36 (KHTML, like Gecko; compatible; ClaudeBot/1.0; +claudebot@anthropic.com)"
187.73.5.195 - - [30/Sep/2025:06:54:12 +0000] "GET /6xCR1bNVcjD97k?fileloc=/var/www/vhosts/aceitunaslosada.com/web/myk.php&path=/var/www/vhosts/aceitunaslosada.com/web HTTP/1.0" 200 13849 "-" "Mozilla/5.0 (Windows NT 10.0; Win64; x64) AppleWebKit/537.36 (KHTML, like Gecko) Chrome/121.0.0.0 Safari/537.36 Edg/121.0.0.0"
216.73.216.31 - - [30/Sep/2025:06:54:13 +0000] "GET /item/u66/16214?path=%2Fvar%2Fwww%2Fvhosts%2Faceitunaslosada.com%2Fweb%2Fwp-includes%2Fjs HTTP/1.0" 200 10473 "-" "Mozilla/5.0 AppleWebKit/537.36 (KHTML, like Gecko; compatible; ClaudeBot/1.0; +claudebot@anthropic.com)"
216.73.216.31 - - [30/Sep/2025:06:54:12 +0000] "GET /item/u66/16232?fileloc=%2Fvar%2Fwww%2Fvhosts%2Faceitunaslosada.com%2Fweb%2Fwp-includes%2Fload.php&path=%2Fvar%2Fwww%2Fvhosts%2Faceitunaslosada.com%2Fweb%2Fwp-includes HTTP/1.0" 200 20114 "-" "Mozilla/5.0 AppleWebKit/537.36 (KHTML, like Gecko; compatible; ClaudeBot/1.0; +claudebot@anthropic.com)"
216.73.216.31 - - [30/Sep/2025:06:54:13 +0000] "GET /item/u66/16214?fileloc=%2Fvar%2Fwww%2Fvhosts%2Faceitunaslosada.com%2Fweb%2Fwp-includes%2Fclass-pop3.php&path=%2Fvar%2Fwww%2Fvhosts%2Faceitunaslosada.com%2Fweb%2Fwp-includes HTTP/1.0" 200 11215 "-" "Mozilla/5.0 AppleWebKit/537.36 (KHTML, like Gecko; compatible; ClaudeBot/1.0; +claudebot@anthropic.com)"
87.250.63.100 - - [30/Sep/2025:06:54:13 +0000] "GET /PsQt3okfBBF?fileloc=/var/www/vhosts/aceitunaslosada.com/web/mah.php&path=/var/www/vhosts/aceitunaslosada.com/web HTTP/1.0" 200 7045 "-" "Mozilla/5.0 (Windows NT 10.0; Win64; x64) AppleWebKit/537.36 (KHTML, like Gecko) Chrome/121.0.0.0 Safari/537.36 Edg/121.0.0.0"
66.249.79.136 - - [30/Sep/2025:06:54:13 +0000] "GET /case056000121.html HTTP/1.0" 200 23167 "-" "Mozilla/5.0 (Linux; Android 6.0.1; Nexus 5X Build/MMB29P) AppleWebKit/537.36 (KHTML, like Gecko) Chrome/140.0.7339.207 Mobile Safari/537.36 (compatible; GoogleOther)"
212.95.147.10 - - [30/Sep/2025:06:54:14 +0000] "GET /GNwo3j9dJxzq5ps?fileloc=/var/www/vhosts/aceitunaslosada.com/web/wp-config.php&path=/var/www/vhosts/aceitunaslosada.com/web HTTP/1.0" 200 8206 "-" "Mozilla/5.0 (Windows NT 10.0; Win64; x64) AppleWebKit/537.36 (KHTML, like Gecko) Chrome/121.0.0.0 Safari/537.36 Edg/121.0.0.0"
190.5.160.117 - - [30/Sep/2025:06:54:15 +0000] "GET /HtwuPk0sZitWhuf?fileloc=/var/www/vhosts/aceitunaslosada.com/web/wp-comments-post.php&path=/var/www/vhosts/aceitunaslosada.com/web HTTP/1.0" 200 7412 "-" "Mozilla/5.0 (iPhone; CPU iPhone OS 17_1 like Mac OS X) AppleWebKit/605.1.15 (KHTML, like Gecko) EdgiOS/119.0.2151.78 Version/17.0 Mobile/15E148 Safari/604.1"
66.249.79.136 - - [30/Sep/2025:06:54:15 +0000] "GET /1427679649?items=1425857086 HTTP/1.0" 200 25506 "-" "Mozilla/5.0 (Linux; Android 6.0.1; Nexus 5X Build/MMB29P) AppleWebKit/537.36 (KHTML, like Gecko) Chrome/140.0.7339.207 Mobile Safari/537.36 (compatible; Googlebot/2.1; +http://www.google.com/bot.html)"
66.249.79.136 - - [30/Sep/2025:06:54:15 +0000] "GET /1309794821?items=1308122814 HTTP/1.0" 200 23228 "-" "Mozilla/5.0 (Linux; Android 6.0.1; Nexus 5X Build/MMB29P) AppleWebKit/537.36 (KHTML, like Gecko) Chrome/140.0.7339.207 Mobile Safari/537.36 (compatible; Googlebot/2.1; +http://www.google.com/bot.html)"
170.233.5.248 - - [30/Sep/2025:06:54:15 +0000] "GET /xBzqs6sZV?fileloc=/var/www/vhosts/aceitunaslosada.com/web/ex.php&path=/var/www/vhosts/aceitunaslosada.com/web HTTP/1.0" 200 9003 "-" "Mozilla/5.0 (Linux; Android 10; K) AppleWebKit/537.36 (KHTML, like Gecko) Chrome/122.0.0.0 Mobile Safari/537.36"
54.157.84.74 - - [30/Sep/2025:06:54:15 +0000] "GET /producto/aceituna-cornicabra-natural-2/?path=/var/www/vhosts/aceitunaslosada.com/web/copia/wp-content/cache/db/singletables/44e/155 HTTP/1.0" 200 6856 "-" "Mozilla/5.0 AppleWebKit/537.36 (KHTML, like Gecko; compatible; Amazonbot/0.1; +https://developer.amazon.com/support/amazonbot) Chrome/119.0.6045.214 Safari/537.36"
45.185.101.40 - - [30/Sep/2025:06:54:16 +0000] "GET /xIQxwyrylBSbt?fileloc=/var/www/vhosts/aceitunaslosada.com/web/copia/not_implemented.html&path=/var/www/vhosts/aceitunaslosada.com/web/copia HTTP/1.0" 200 7021 "-" "Mozilla/5.0 (iPhone; CPU iPhone OS 17_0 like Mac OS X) AppleWebKit/605.1.15 (KHTML, like Gecko) Version/17.0 Mobile/15E148 Safari/604.1"
179.116.59.237 - - [30/Sep/2025:06:54:16 +0000] "GET /3VtFN5wqH?fileloc=/var/www/vhosts/aceitunaslosada.com/web/d8fceb39&path=/var/www/vhosts/aceitunaslosada.com/web HTTP/1.0" 200 6449 "-" "Mozilla/5.0 (Linux; Android 10; K) AppleWebKit/537.36 (KHTML, like Gecko) Chrome/121.0.0.0 Mobile Safari/537.36 EdgA/121.0.0.0"
40.77.167.55 - - [30/Sep/2025:06:54:16 +0000] "GET /Ou2kD8AssyJpL9b HTTP/1.0" 200 25527 "-" "Mozilla/5.0 AppleWebKit/537.36 (KHTML, like Gecko; compatible; bingbot/2.0; +http://www.bing.com/bingbot.htm) Chrome/116.0.1938.76 Safari/537.36"
170.78.159.117 - - [30/Sep/2025:06:54:16 +0000] "GET /3y8ObwHKj04PJb?path=/var/www/vhosts/aceitunaslosada.com HTTP/1.0" 200 7372 "-" "Mozilla/5.0 (iPhone; CPU iPhone OS 17_1 like Mac OS X) AppleWebKit/605.1.15 (KHTML, like Gecko) EdgiOS/118.0.2088.68 Version/17.0 Mobile/15E148 Safari/604.1"
168.227.98.107 - - [30/Sep/2025:06:54:17 +0000] "GET /q73rNpJGXYxVHm HTTP/1.0" 200 8574 "-" "Mozilla/5.0 (Windows NT 10.0; Win64; x64) AppleWebKit/537.36 (KHTML, like Gecko) Chrome/121.0.0.0 Safari/537.36 Edg/121.0.0.0"
170.245.101.243 - - [30/Sep/2025:06:54:17 +0000] "GET /eVK29cUh6kb9hy HTTP/1.0" 200 8575 "-" "Mozilla/5.0 (Windows NT 10.0; Win64; x64) AppleWebKit/537.36 (KHTML, like Gecko) Chrome/121.0.0.0 Safari/537.36 Edg/121.0.0.0"
34.230.124.21 - - [30/Sep/2025:06:54:17 +0000] "GET /producto/aceituna-zorzalena-natural-sin-hueso/?path=/var/www/vhosts/aceitunaslosada.com/web/wp-content/cache/db/options/83d HTTP/1.0" 200 6470 "-" "Mozilla/5.0 AppleWebKit/537.36 (KHTML, like Gecko; compatible; Amazonbot/0.1; +https://developer.amazon.com/support/amazonbot) Chrome/119.0.6045.214 Safari/537.36"
186.216.140.200 - - [30/Sep/2025:06:54:17 +0000] "GET /XhPHWBURyOQb HTTP/1.0" 200 8575 "-" "Mozilla/5.0 (iPhone; CPU iPhone OS 17_1 like Mac OS X) AppleWebKit/605.1.15 (KHTML, like Gecko) EdgiOS/118.0.2088.68 Version/17.0 Mobile/15E148 Safari/604.1"
20.171.207.76 - - [30/Sep/2025:06:54:18 +0000] "GET /?fileloc=/var/www/vhosts/aceitunaslosada.com/web/cgi-bin/cgi-bin/cgi-bin/cgi-bin/cgi-bin/cgi-bin/cache.php&path=/var/www/vhosts/aceitunaslosada.com/web/cgi-bin/cgi-bin/cgi-bin/cgi-bin/cgi-bin/cgi-bin HTTP/1.0" 200 11032 "-" "Mozilla/5.0 AppleWebKit/537.36 (KHTML, like Gecko; compatible; GPTBot/1.2; +https://openai.com/gptbot)"
170.150.81.34 - - [30/Sep/2025:06:54:18 +0000] "GET /UmQy2FDyqb4ifoUr HTTP/1.0" 200 8575 "-" "Mozilla/5.0 (Windows NT 10.0; Win64; x64) AppleWebKit/537.36 (KHTML, like Gecko) Chrome/121.0.0.0 Safari/537.36 Edg/121.0.0.0"
14.160.165.77 - - [30/Sep/2025:06:54:18 +0000] "GET /AFlncP32?path=/var/www/vhosts/aceitunaslosada.com/web/.tmb HTTP/1.0" 200 6437 "-" "Mozilla/5.0 (Macintosh; Intel Mac OS X 10_12_5; rv:123.0esr) Gecko/20100101 Firefox/123.0esr"
20.171.207.168 - - [30/Sep/2025:06:54:18 +0000] "GET /1787411235?path=/var HTTP/1.0" 200 6373 "-" "Mozilla/5.0 AppleWebKit/537.36 (KHTML, like Gecko; compatible; GPTBot/1.2; +https://openai.com/gptbot)"
123.20.72.140 - - [30/Sep/2025:06:54:18 +0000] "GET /2022/01/31/nuevas-plantaciones-de-olivos-seguimos-creciendo/Hg8RZ07wt?fileloc=/var/www/vhosts/aceitunaslosada.com/web/myk.php&path=/var/www/vhosts/aceitunaslosada.com/web HTTP/1.0" 200 13849 "-" "Mozilla/5.0 (Windows NT 10.0; Win64; x64; rv:123.0) Gecko/20100101 Firefox/123.0"
216.73.216.31 - - [30/Sep/2025:06:54:19 +0000] "GET /item/u66/16232?fileloc=%2Fvar%2Fwww%2Fvhosts%2Faceitunaslosada.com%2Fweb%2Fwp-includes%2Ffeed-rdf.php&path=%2Fvar%2Fwww%2Fvhosts%2Faceitunaslosada.com%2Fweb%2Fwp-includes HTTP/1.0" 200 7392 "-" "Mozilla/5.0 AppleWebKit/537.36 (KHTML, like Gecko; compatible; ClaudeBot/1.0; +claudebot@anthropic.com)"
202.53.4.46 - - [30/Sep/2025:06:54:19 +0000] "GET /Vi3PqeTK?path=/var/www/vhosts HTTP/1.0" 200 6396 "-" "Mozilla/5.0 (Linux; Android 10; K) AppleWebKit/537.36 (KHTML, like Gecko) Chrome/122.0.0.0 Mobile Safari/537.36"
216.73.216.31 - - [30/Sep/2025:06:54:19 +0000] "GET /item/u66/16232?fileloc=%2Fvar%2Fwww%2Fvhosts%2Faceitunaslosada.com%2Fweb%2Fwp-includes%2Fms-site.php&path=%2Fvar%2Fwww%2Fvhosts%2Faceitunaslosada.com%2Fweb%2Fwp-includes HTTP/1.0" 200 16563 "-" "Mozilla/5.0 AppleWebKit/537.36 (KHTML, like Gecko; compatible; ClaudeBot/1.0; +claudebot@anthropic.com)"
187.170.130.155 - - [30/Sep/2025:06:54:20 +0000] "GET /vx81oCJdQTE HTTP/1.0" 200 8575 "-" "Mozilla/5.0 (iPhone; CPU iPhone OS 17_1 like Mac OS X) AppleWebKit/605.1.15 (KHTML, like Gecko) EdgiOS/118.0.2088.68 Version/17.0 Mobile/15E148 Safari/604.1"
189.39.178.162 - - [30/Sep/2025:06:54:20 +0000] "GET /zBg9kkhhn1AH9I?path=/var HTTP/1.0" 200 6375 "-" "Mozilla/5.0 (iPhone; CPU iPhone OS 17_0 like Mac OS X) AppleWebKit/605.1.15 (KHTML, like Gecko) EdgiOS/119.0.2151.105 Version/17.0 Mobile/15E148 Safari/604.1"
66.249.79.136 - - [30/Sep/2025:06:54:20 +0000] "GET /952123288?items=0950908078 HTTP/1.0" 200 23806 "-" "Mozilla/5.0 (Linux; Android 6.0.1; Nexus 5X Build/MMB29P) AppleWebKit/537.36 (KHTML, like Gecko) Chrome/140.0.7339.207 Mobile Safari/537.36 (compatible; Googlebot/2.1; +http://www.google.com/bot.html)"
177.84.243.103 - - [30/Sep/2025:06:54:20 +0000] "GET /f1aMOk0Ux?path=/var/www HTTP/1.0" 200 6385 "-" "Mozilla/5.0 (iPad; CPU OS 17_0_3 like Mac OS X) AppleWebKit/605.1.15 (KHTML, like Gecko) Version/17.0 Mobile/15E148 Safari/605.1.15"
98.83.177.42 - - [30/Sep/2025:06:54:20 +0000] "GET /?path=/var/www/vhosts/aceitunaslosada.com/web/wp-content/plugins/acoshide/assets HTTP/1.0" 200 6858 "-" "Mozilla/5.0 AppleWebKit/537.36 (KHTML, like Gecko; compatible; Amazonbot/0.1; +https://developer.amazon.com/support/amazonbot) Chrome/119.0.6045.214 Safari/537.36"
14.191.17.239 - - [30/Sep/2025:06:54:20 +0000] "GET /8sSrNfk3qH4zMu HTTP/1.0" 200 8575 "-" "Mozilla/5.0 (Linux; Android 10; K) AppleWebKit/537.36 (KHTML, like Gecko) Chrome/122.0.0.0 Mobile Safari/537.36"
66.249.79.136 - - [30/Sep/2025:06:54:20 +0000] "GET /952117008?items=0950901806 HTTP/1.0" 200 23250 "-" "Mozilla/5.0 (Linux; Android 6.0.1; Nexus 5X Build/MMB29P) AppleWebKit/537.36 (KHTML, like Gecko) Chrome/140.0.7339.207 Mobile Safari/537.36 (compatible; Googlebot/2.1; +http://www.google.com/bot.html)"
66.249.79.136 - - [30/Sep/2025:06:54:21 +0000] "GET /1128248706?items=1126808558 HTTP/1.0" 200 22992 "-" "Mozilla/5.0 (Linux; Android 6.0.1; Nexus 5X Build/MMB29P) AppleWebKit/537.36 (KHTML, like Gecko) Chrome/140.0.7339.207 Mobile Safari/537.36 (compatible; Googlebot/2.1; +http://www.google.com/bot.html)"
66.249.79.136 - - [30/Sep/2025:06:54:21 +0000] "GET /1309796118?items=1308124110 HTTP/1.0" 200 25292 "-" "Mozilla/5.0 (Linux; Android 6.0.1; Nexus 5X Build/MMB29P) AppleWebKit/537.36 (KHTML, like Gecko) Chrome/140.0.7339.207 Mobile Safari/537.36 (compatible; Googlebot/2.1; +http://www.google.com/bot.html)"
212.95.147.10 - - [30/Sep/2025:06:54:21 +0000] "GET /O9P8XBWRzwIDNi7?path=/var/www/vhosts/aceitunaslosada.com/web/wp-admin HTTP/1.0" 200 10398 "-" "Mozilla/5.0 (X11; Linux x86_64; rv:123.0) Gecko/20100101 Firefox/123.0"
170.233.5.248 - - [30/Sep/2025:06:54:21 +0000] "GET /L9HH2gwYyWjIMHf0?fileloc=/var/www/vhosts/aceitunaslosada.com/web/google722af835742a9b4d.html&path=/var/www/vhosts/aceitunaslosada.com/web HTTP/1.0" 200 6397 "-" "Mozilla/5.0 (Linux; Android 11; moto e20 Build/RONS31.267-94-14) AppleWebKit/537.36 (KHTML, like Gecko) Chrome/122.0.6261.64 Mobile Safari/537.36"
20.171.207.76 - - [30/Sep/2025:06:54:23 +0000] "GET /?fileloc=/var/www/vhosts/aceitunaslosada.com/web/cgi-bin/cgi-bin/cgi-bin/cgi-bin/cgi-bin/cgi-bin/cgi-bin/cache.php&path=/var/www/vhosts/aceitunaslosada.com/web/cgi-bin/cgi-bin/cgi-bin/cgi-bin/cgi-bin/cgi-bin/cgi-bin HTTP/1.0" 200 11033 "-" "Mozilla/5.0 AppleWebKit/537.36 (KHTML, like Gecko; compatible; GPTBot/1.2; +https://openai.com/gptbot)"
216.73.216.31 - - [30/Sep/2025:06:54:23 +0000] "GET /item/u66/16214?fileloc=%2Fvar%2Fwww%2Fvhosts%2Faceitunaslosada.com%2Fweb%2Fwp-includes%2Frewrite.php&path=%2Fvar%2Fwww%2Fvhosts%2Faceitunaslosada.com%2Fweb%2Fwp-includes HTTP/1.0" 200 12232 "-" "Mozilla/5.0 AppleWebKit/537.36 (KHTML, like Gecko; compatible; ClaudeBot/1.0; +claudebot@anthropic.com)"
3.218.103.254 - - [30/Sep/2025:06:54:24 +0000] "GET /producto/aceituna-manzanilla-sin-hueso-2/?path=/var/www/vhosts/aceitunaslosada.com/web/wp-content/cache/page_enhanced/aceitunaslosada.com//contents/reform HTTP/1.0" 200 6836 "-" "Mozilla/5.0 AppleWebKit/537.36 (KHTML, like Gecko; compatible; Amazonbot/0.1; +https://developer.amazon.com/support/amazonbot) Chrome/119.0.6045.214 Safari/537.36"
20.171.207.168 - - [30/Sep/2025:06:54:25 +0000] "GET /1060638469?path=/var HTTP/1.0" 200 6373 "-" "Mozilla/5.0 AppleWebKit/537.36 (KHTML, like Gecko; compatible; GPTBot/1.2; +https://openai.com/gptbot)"
66.249.79.136 - - [30/Sep/2025:06:54:25 +0000] "GET /1486757531?items=1484859518 HTTP/1.0" 200 25856 "-" "Mozilla/5.0 (Linux; Android 6.0.1; Nexus 5X Build/MMB29P) AppleWebKit/537.36 (KHTML, like Gecko) Chrome/140.0.7339.207 Mobile Safari/537.36 (compatible; Googlebot/2.1; +http://www.google.com/bot.html)"
44.212.131.50 - - [30/Sep/2025:06:54:25 +0000] "GET /category/uncategorized/?path=/var/www/vhosts/aceitunaslosada.com/web/copia/wp-content/uploads/revslider/templates/landing-page-callout HTTP/1.0" 200 6844 "-" "Mozilla/5.0 AppleWebKit/537.36 (KHTML, like Gecko; compatible; Amazonbot/0.1; +https://developer.amazon.com/support/amazonbot) Chrome/119.0.6045.214 Safari/537.36"
66.249.79.136 - - [30/Sep/2025:06:54:25 +0000] "GET /product/edit/A620262644 HTTP/1.0" 200 25217 "-" "Mozilla/5.0 (Linux; Android 6.0.1; Nexus 5X Build/MMB29P) AppleWebKit/537.36 (KHTML, like Gecko) Chrome/140.0.7339.207 Mobile Safari/537.36 (compatible; Googlebot/2.1; +http://www.google.com/bot.html)"
66.249.79.136 - - [30/Sep/2025:06:54:26 +0000] "GET /1656965567?items=1654850174 HTTP/1.0" 200 24332 "-" "Mozilla/5.0 (Linux; Android 6.0.1; Nexus 5X Build/MMB29P) AppleWebKit/537.36 (KHTML, like Gecko) Chrome/140.0.7339.207 Mobile Safari/537.36 (compatible; Googlebot/2.1; +http://www.google.com/bot.html)"
66.249.79.136 - - [30/Sep/2025:06:54:26 +0000] "GET /953654059?items=0952436894 HTTP/1.0" 200 23116 "-" "Mozilla/5.0 (Linux; Android 6.0.1; Nexus 5X Build/MMB29P) AppleWebKit/537.36 (KHTML, like Gecko) Chrome/140.0.7339.207 Mobile Safari/537.36 (compatible; Googlebot/2.1; +http://www.google.com/bot.html)"
216.73.216.31 - - [30/Sep/2025:06:54:27 +0000] "GET /item/u66/16214?fileloc=%2Fvar%2Fwww%2Fvhosts%2Faceitunaslosada.com%2Fweb%2Fwp-includes%2Fclass-wp-admin-bar.php&path=%2Fvar%2Fwww%2Fvhosts%2Faceitunaslosada.com%2Fweb%2Fwp-includes HTTP/1.0" 200 11175 "-" "Mozilla/5.0 AppleWebKit/537.36 (KHTML, like Gecko; compatible; ClaudeBot/1.0; +claudebot@anthropic.com)"
92.222.108.109 - - [30/Sep/2025:06:54:27 +0000] "GET /aceituna-alorena-partida-natural-2/?fileloc=/var/www/vhosts/aceitunaslosada.com/web/.htaccess&path=/var/www/vhosts/aceitunaslosada.com/web HTTP/1.0" 200 7151 "-" "Mozilla/5.0 (compatible; AhrefsBot/7.0; +http://ahrefs.com/robot/)"
20.171.207.76 - - [30/Sep/2025:06:54:28 +0000] "GET /2014512844?fileloc=/var/www/vhosts/aceitunaslosada.com/web/google722af835742a9b4d.html&path=/var/www/vhosts/aceitunaslosada.com/web HTTP/1.0" 200 6396 "-" "Mozilla/5.0 AppleWebKit/537.36 (KHTML, like Gecko; compatible; GPTBot/1.2; +https://openai.com/gptbot)"
66.249.79.1 - - [30/Sep/2025:06:54:28 +0000] "GET /800987066?items=0799964878 HTTP/1.0" 200 22723 "-" "Mozilla/5.0 (Linux; Android 6.0.1; Nexus 5X Build/MMB29P) AppleWebKit/537.36 (KHTML, like Gecko) Chrome/140.0.7339.207 Mobile Safari/537.36 (compatible; GoogleOther)"
20.171.207.168 - - [30/Sep/2025:06:54:28 +0000] "GET /2215869654?path=/var HTTP/1.0" 200 6372 "-" "Mozilla/5.0 AppleWebKit/537.36 (KHTML, like Gecko; compatible; GPTBot/1.2; +https://openai.com/gptbot)"
66.249.79.136 - - [30/Sep/2025:06:54:28 +0000] "POST /get-message-notify HTTP/1.0" 200 22750 "https://www.aceitunaslosada.com/1658490570?items=1656373230" "Mozilla/5.0 (Linux; Android 6.0.1; Nexus 5X Build/MMB29P) AppleWebKit/537.36 (KHTML, like Gecko) Chrome/139.0.7258.127 Mobile Safari/537.36 (compatible; Googlebot/2.1; +http://www.google.com/bot.html)"
66.249.79.136 - - [30/Sep/2025:06:54:28 +0000] "GET /1370697354?items=1368947566 HTTP/1.0" 200 27414 "-" "Mozilla/5.0 (Linux; Android 6.0.1; Nexus 5X Build/MMB29P) AppleWebKit/537.36 (KHTML, like Gecko) Chrome/140.0.7339.207 Mobile Safari/537.36 (compatible; Googlebot/2.1; +http://www.google.com/bot.html)"
34.224.132.215 - - [30/Sep/2025:06:54:29 +0000] "GET /aviso-legal/?path=/var/www/vhosts/aceitunaslosada.com/web/wp-content/cache/page_enhanced/aceitunaslosada.com//hc3fggiw HTTP/1.0" 200 6821 "-" "Mozilla/5.0 AppleWebKit/537.36 (KHTML, like Gecko; compatible; Amazonbot/0.1; +https://developer.amazon.com/support/amazonbot) Chrome/119.0.6045.214 Safari/537.36"
66.249.79.137 - - [30/Sep/2025:06:54:29 +0000] "POST /get-message-notify HTTP/1.0" 200 22750 "https://www.aceitunaslosada.com/case056000121.html" "Mozilla/5.0 (Linux; Android 6.0.1; Nexus 5X Build/MMB29P) AppleWebKit/537.36 (KHTML, like Gecko) Chrome/139.0.7258.127 Mobile Safari/537.36 (compatible; Googlebot/2.1; +http://www.google.com/bot.html)"
216.73.216.31 - - [30/Sep/2025:06:54:29 +0000] "GET /item/u66/16214?fileloc=%2Fvar%2Fwww%2Fvhosts%2Faceitunaslosada.com%2Fweb%2Fwp-includes%2Flocale.php&path=%2Fvar%2Fwww%2Fvhosts%2Faceitunaslosada.com%2Fweb%2Fwp-includes HTTP/1.0" 200 6499 "-" "Mozilla/5.0 AppleWebKit/537.36 (KHTML, like Gecko; compatible; ClaudeBot/1.0; +claudebot@anthropic.com)"
82.223.111.37 - - [30/Sep/2025:06:52:31 +0000] "GET /wp-content/cache/page_enhanced/aceitunaslosada.com/development044014203.html/development044014203.html/index.php?ARRAY=7o2230223n313735393231383735312p2231223n22687474703n5p2s5p2s7n7335363476313373752r616p746s742r696r6o5p2s3s6p633q7068705s636s64655s6n6326743q313735393231353135312q3336383463386162336230613165363663623132386463323237386432656138222p2232223n226233626465323266356466366638343865346261386561336238326131633232222p2233223n226337323238396637353332643736333933656134353438643033306533346137222p226175746s5s66696p655s6r616q65223n6r756p6p2p226175746s5s70617373223n6r756p6p2p2262696r675s70617373223n2232312q34382q35362q36342q37372q39302q3236227q HTTP/1.0" 504 3843 "-" "-"
66.249.79.137 - - [30/Sep/2025:06:54:30 +0000] "POST /get-message-notify HTTP/1.0" 200 22750 "https://www.aceitunaslosada.com/952123288?items=0950908078" "Mozilla/5.0 (Linux; Android 6.0.1; Nexus 5X Build/MMB29P) AppleWebKit/537.36 (KHTML, like Gecko) Chrome/139.0.7258.127 Mobile Safari/537.36 (compatible; Googlebot/2.1; +http://www.google.com/bot.html)"
66.249.79.2 - - [30/Sep/2025:06:54:30 +0000] "GET /618317902?items=0617529006 HTTP/1.0" 200 22880 "-" "Mozilla/5.0 (Linux; Android 6.0.1; Nexus 5X Build/MMB29P) AppleWebKit/537.36 (KHTML, like Gecko) Chrome/140.0.7339.207 Mobile Safari/537.36 (compatible; Googlebot/2.1; +http://www.google.com/bot.html)"
20.171.207.76 - - [30/Sep/2025:06:54:30 +0000] "GET /2013934201?fileloc=/var/www/vhosts/aceitunaslosada.com/web/google722af835742a9b4d.html&path=/var/www/vhosts/aceitunaslosada.com/web HTTP/1.0" 200 6397 "-" "Mozilla/5.0 AppleWebKit/537.36 (KHTML, like Gecko; compatible; GPTBot/1.2; +https://openai.com/gptbot)"
66.249.79.136 - - [30/Sep/2025:06:54:30 +0000] "GET /324020299?items=0323607262 HTTP/1.0" 200 24512 "-" "Mozilla/5.0 (Linux; Android 6.0.1; Nexus 5X Build/MMB29P) AppleWebKit/537.36 (KHTML, like Gecko) Chrome/140.0.7339.207 Mobile Safari/537.36 (compatible; Googlebot/2.1; +http://www.google.com/bot.html)"
52.167.144.231 - - [30/Sep/2025:06:54:31 +0000] "GET /1212916070?items=1211367790 HTTP/1.0" 200 22987 "-" "Mozilla/5.0 AppleWebKit/537.36 (KHTML, like Gecko; compatible; bingbot/2.0; +http://www.bing.com/bingbot.htm) Chrome/116.0.1938.76 Safari/537.36"
20.171.207.168 - - [30/Sep/2025:06:54:31 +0000] "GET /1538932214?path=/var HTTP/1.0" 200 6373 "-" "Mozilla/5.0 AppleWebKit/537.36 (KHTML, like Gecko; compatible; GPTBot/1.2; +https://openai.com/gptbot)"
216.73.216.31 - - [30/Sep/2025:06:54:31 +0000] "GET /item/u66/16232?fileloc=%2Fvar%2Fwww%2Fvhosts%2Faceitunaslosada.com%2Fweb%2Fwp-includes%2Fcomment-template.php&path=%2Fvar%2Fwww%2Fvhosts%2Faceitunaslosada.com%2Fweb%2Fwp-includes HTTP/1.0" 200 25726 "-" "Mozilla/5.0 AppleWebKit/537.36 (KHTML, like Gecko; compatible; ClaudeBot/1.0; +claudebot@anthropic.com)"
66.249.79.137 - - [30/Sep/2025:06:54:32 +0000] "GET /1338040512?items=1336332430 HTTP/1.0" 200 22958 "-" "Mozilla/5.0 (Linux; Android 6.0.1; Nexus 5X Build/MMB29P) AppleWebKit/537.36 (KHTML, like Gecko) Chrome/140.0.7339.207 Mobile Safari/537.36 (compatible; Googlebot/2.1; +http://www.google.com/bot.html)"
114.119.138.111 - - [30/Sep/2025:06:54:32 +0000] "GET /418998173?items=0418463838 HTTP/1.0" 200 8506 "https://aceitunaslosada.com/sitemap-product-960.xml" "Mozilla/5.0 (Linux; Android 7.0;) AppleWebKit/537.36 (KHTML, like Gecko) Mobile Safari/537.36 (compatible; PetalBot;+https://webmaster.petalsearch.com/site/petalbot)"
20.171.207.76 - - [30/Sep/2025:06:54:32 +0000] "GET /?fileloc=/var/www/vhosts/aceitunaslosada.com/web/cgi-bin/cgi-bin/cgi-bin/cgi-bin/cgi-bin/cgi-bin/cgi-bin/index.php&path=/var/www/vhosts/aceitunaslosada.com/web/cgi-bin/cgi-bin/cgi-bin/cgi-bin/cgi-bin/cgi-bin/cgi-bin HTTP/1.0" 200 8881 "-" "Mozilla/5.0 AppleWebKit/537.36 (KHTML, like Gecko; compatible; GPTBot/1.2; +https://openai.com/gptbot)"
66.249.79.8 - - [30/Sep/2025:06:54:32 +0000] "POST /get-message-notify HTTP/1.0" 200 22732 "https://aceitunaslosada.com/800987066?items=0799964878" "Mozilla/5.0 (Linux; Android 6.0.1; Nexus 5X Build/MMB29P) AppleWebKit/537.36 (KHTML, like Gecko) Chrome/139.0.7258.127 Mobile Safari/537.36 (compatible; Googlebot/2.1; +http://www.google.com/bot.html)"
216.73.216.31 - - [30/Sep/2025:06:54:32 +0000] "GET /item/u66/16232?fileloc=%2Fvar%2Fwww%2Fvhosts%2Faceitunaslosada.com%2Fweb%2Fwp-admin%2Fcustomize.php&path=%2Fvar%2Fwww%2Fvhosts%2Faceitunaslosada.com%2Fweb%2Fwp-admin HTTP/1.0" 200 9790 "-" "Mozilla/5.0 AppleWebKit/537.36 (KHTML, like Gecko; compatible; ClaudeBot/1.0; +claudebot@anthropic.com)"
66.249.79.136 - - [30/Sep/2025:06:54:32 +0000] "GET /product/edit/A2200492334 HTTP/1.0" 200 23465 "-" "Mozilla/5.0 (compatible; Googlebot/2.1; +http://www.google.com/bot.html)"
66.249.79.136 - - [30/Sep/2025:06:54:33 +0000] "GET /1650704129?items=1648596734 HTTP/1.0" 200 25714 "-" "Mozilla/5.0 (Linux; Android 6.0.1; Nexus 5X Build/MMB29P) AppleWebKit/537.36 (KHTML, like Gecko) Chrome/140.0.7339.207 Mobile Safari/537.36 (compatible; Googlebot/2.1; +http://www.google.com/bot.html)"
66.249.79.136 - - [30/Sep/2025:06:54:33 +0000] "GET /exam013031744.html HTTP/1.0" 200 23265 "-" "Mozilla/5.0 (Linux; Android 6.0.1; Nexus 5X Build/MMB29P) AppleWebKit/537.36 (KHTML, like Gecko) Chrome/140.0.7339.207 Mobile Safari/537.36 (compatible; GoogleOther)"
54.166.126.132 - - [30/Sep/2025:06:54:33 +0000] "GET /producto/aceituna-zorzalena-natural-sin-hueso/?path=/var/www/vhosts/aceitunaslosada.com/web/wp-content/cache/db/options/97a HTTP/1.0" 200 6729 "-" "Mozilla/5.0 AppleWebKit/537.36 (KHTML, like Gecko; compatible; Amazonbot/0.1; +https://developer.amazon.com/support/amazonbot) Chrome/119.0.6045.214 Safari/537.36"
20.171.207.168 - - [30/Sep/2025:06:54:33 +0000] "GET /2033024518?path=/var HTTP/1.0" 200 6373 "-" "Mozilla/5.0 AppleWebKit/537.36 (KHTML, like Gecko; compatible; GPTBot/1.2; +https://openai.com/gptbot)"
20.171.207.76 - - [30/Sep/2025:06:54:34 +0000] "GET /2014514687?fileloc=/var/www/vhosts/aceitunaslosada.com/web/google722af835742a9b4d.html&path=/var/www/vhosts/aceitunaslosada.com/web HTTP/1.0" 200 6396 "-" "Mozilla/5.0 AppleWebKit/537.36 (KHTML, like Gecko; compatible; GPTBot/1.2; +https://openai.com/gptbot)"
216.73.216.31 - - [30/Sep/2025:06:54:34 +0000] "GET /item/u66/16232?fileloc=%2Fvar%2Fwww%2Fvhosts%2Faceitunaslosada.com%2Fweb%2Fwp-content%2Fjuhan.php&path=%2Fvar%2Fwww%2Fvhosts%2Faceitunaslosada.com%2Fweb%2Fwp-content HTTP/1.0" 200 56881 "-" "Mozilla/5.0 AppleWebKit/537.36 (KHTML, like Gecko; compatible; ClaudeBot/1.0; +claudebot@anthropic.com)"
66.249.79.137 - - [30/Sep/2025:06:54:34 +0000] "GET /1999257906?items=1996705358 HTTP/1.0" 200 23244 "-" "Mozilla/5.0 (Linux; Android 6.0.1; Nexus 5X Build/MMB29P) AppleWebKit/537.36 (KHTML, like Gecko) Chrome/140.0.7339.207 Mobile Safari/537.36 (compatible; Googlebot/2.1; +http://www.google.com/bot.html)"
20.171.207.168 - - [30/Sep/2025:06:54:35 +0000] "GET /1027544237?path=/var HTTP/1.0" 200 6373 "-" "Mozilla/5.0 AppleWebKit/537.36 (KHTML, like Gecko; compatible; GPTBot/1.2; +https://openai.com/gptbot)"
216.73.216.31 - - [30/Sep/2025:06:54:35 +0000] "GET /item/u66/16232?fileloc=%2Fvar%2Fwww%2Fvhosts%2Faceitunaslosada.com%2Fweb%2Fwp-admin%2Finstall-helper.php&path=%2Fvar%2Fwww%2Fvhosts%2Faceitunaslosada.com%2Fweb%2Fwp-admin HTTP/1.0" 200 8177 "-" "Mozilla/5.0 AppleWebKit/537.36 (KHTML, like Gecko; compatible; ClaudeBot/1.0; +claudebot@anthropic.com)"
20.171.207.76 - - [30/Sep/2025:06:54:36 +0000] "GET /2014347386?fileloc=/var/www/vhosts/aceitunaslosada.com/web/google722af835742a9b4d.html&path=/var/www/vhosts/aceitunaslosada.com/web HTTP/1.0" 200 6396 "-" "Mozilla/5.0 AppleWebKit/537.36 (KHTML, like Gecko; compatible; GPTBot/1.2; +https://openai.com/gptbot)"
66.249.79.137 - - [30/Sep/2025:06:54:35 +0000] "POST /get-message-notify HTTP/1.0" 200 22750 "https://www.aceitunaslosada.com/324020299?items=0323607262" "Mozilla/5.0 (Linux; Android 6.0.1; Nexus 5X Build/MMB29P) AppleWebKit/537.36 (KHTML, like Gecko) Chrome/139.0.7258.127 Mobile Safari/537.36 (compatible; Googlebot/2.1; +http://www.google.com/bot.html)"
66.249.79.136 - - [30/Sep/2025:06:54:36 +0000] "POST /get-message-notify HTTP/1.0" 200 22750 "https://www.aceitunaslosada.com/exam013031744.html" "Mozilla/5.0 (Linux; Android 6.0.1; Nexus 5X Build/MMB29P) AppleWebKit/537.36 (KHTML, like Gecko) Chrome/139.0.7258.127 Mobile Safari/537.36 (compatible; Googlebot/2.1; +http://www.google.com/bot.html)"
66.249.79.8 - - [30/Sep/2025:06:54:36 +0000] "GET /disturbing156033905.html HTTP/1.0" 200 23212 "-" "Mozilla/5.0 (Linux; Android 6.0.1; Nexus 5X Build/MMB29P) AppleWebKit/537.36 (KHTML, like Gecko) Chrome/140.0.7339.207 Mobile Safari/537.36 (compatible; GoogleOther)"
216.73.216.31 - - [30/Sep/2025:06:54:37 +0000] "GET /item/u66/16232?fileloc=%2Fvar%2Fwww%2Fvhosts%2Faceitunaslosada.com%2Fweb%2Fwp-includes%2Flink-template.php&path=%2Fvar%2Fwww%2Fvhosts%2Faceitunaslosada.com%2Fweb%2Fwp-includes HTTP/1.0" 200 31853 "-" "Mozilla/5.0 AppleWebKit/537.36 (KHTML, like Gecko; compatible; ClaudeBot/1.0; +claudebot@anthropic.com)"
66.249.79.137 - - [30/Sep/2025:06:54:37 +0000] "GET /1338058501?items=1336350398 HTTP/1.0" 200 23250 "-" "Mozilla/5.0 (Linux; Android 6.0.1; Nexus 5X Build/MMB29P) AppleWebKit/537.36 (KHTML, like Gecko) Chrome/140.0.7339.207 Mobile Safari/537.36 (compatible; Googlebot/2.1; +http://www.google.com/bot.html)"
20.171.207.168 - - [30/Sep/2025:06:54:37 +0000] "GET /1390234481?path=/var HTTP/1.0" 200 6373 "-" "Mozilla/5.0 AppleWebKit/537.36 (KHTML, like Gecko; compatible; GPTBot/1.2; +https://openai.com/gptbot)"
66.249.79.137 - - [30/Sep/2025:06:54:37 +0000] "POST /get-message-notify HTTP/1.0" 200 22750 "https://www.aceitunaslosada.com/1338040512?items=1336332430" "Mozilla/5.0 (Linux; Android 6.0.1; Nexus 5X Build/MMB29P) AppleWebKit/537.36 (KHTML, like Gecko) Chrome/139.0.7258.127 Mobile Safari/537.36 (compatible; Googlebot/2.1; +http://www.google.com/bot.html)"
20.171.207.76 - - [30/Sep/2025:06:54:38 +0000] "GET /2014293588?fileloc=/var/www/vhosts/aceitunaslosada.com/web/google722af835742a9b4d.html&path=/var/www/vhosts/aceitunaslosada.com/web HTTP/1.0" 200 6396 "-" "Mozilla/5.0 AppleWebKit/537.36 (KHTML, like Gecko; compatible; GPTBot/1.2; +https://openai.com/gptbot)"
216.73.216.31 - - [30/Sep/2025:06:54:38 +0000] "GET /item/u66/16214?fileloc=%2Fvar%2Fwww%2Fvhosts%2Faceitunaslosada.com%2Fweb%2Fwp-includes%2Fpluggable.php&path=%2Fvar%2Fwww%2Fvhosts%2Faceitunaslosada.com%2Fweb%2Fwp-includes HTTP/1.0" 200 31215 "-" "Mozilla/5.0 AppleWebKit/537.36 (KHTML, like Gecko; compatible; ClaudeBot/1.0; +claudebot@anthropic.com)"
20.171.207.168 - - [30/Sep/2025:06:54:39 +0000] "GET /1859780301?path=/var HTTP/1.0" 200 6373 "-" "Mozilla/5.0 AppleWebKit/537.36 (KHTML, like Gecko; compatible; GPTBot/1.2; +https://openai.com/gptbot)"
216.73.216.31 - - [30/Sep/2025:06:54:40 +0000] "GET /item/u66/16214?fileloc=%2Fvar%2Fwww%2Fvhosts%2Faceitunaslosada.com%2Fweb%2Fwp-includes%2Fupdate.php&path=%2Fvar%2Fwww%2Fvhosts%2Faceitunaslosada.com%2Fweb%2Fwp-includes HTTP/1.0" 200 12473 "-" "Mozilla/5.0 AppleWebKit/537.36 (KHTML, like Gecko; compatible; ClaudeBot/1.0; +claudebot@anthropic.com)"
20.171.207.76 - - [30/Sep/2025:06:54:40 +0000] "GET /2014117957?fileloc=/var/www/vhosts/aceitunaslosada.com/web/google722af835742a9b4d.html&path=/var/www/vhosts/aceitunaslosada.com/web HTTP/1.0" 200 6396 "-" "Mozilla/5.0 AppleWebKit/537.36 (KHTML, like Gecko; compatible; GPTBot/1.2; +https://openai.com/gptbot)"
66.249.79.136 - - [30/Sep/2025:06:54:40 +0000] "GET /1128671004?items=1127230318 HTTP/1.0" 200 23246 "-" "Mozilla/5.0 (Linux; Android 6.0.1; Nexus 5X Build/MMB29P) AppleWebKit/537.36 (KHTML, like Gecko) Chrome/140.0.7339.207 Mobile Safari/537.36 (compatible; Googlebot/2.1; +http://www.google.com/bot.html)"
44.218.6.93 - - [30/Sep/2025:06:54:41 +0000] "GET /category/nuestros-origenes-agricultura-de/?path=/var/www/vhosts/aceitunaslosada.com/web/copia/wp-content/plugins/jetpack/modules/pwa/images HTTP/1.0" 200 6889 "-" "Mozilla/5.0 AppleWebKit/537.36 (KHTML, like Gecko; compatible; Amazonbot/0.1; +https://developer.amazon.com/support/amazonbot) Chrome/119.0.6045.214 Safari/537.36"
216.73.216.31 - - [30/Sep/2025:06:54:41 +0000] "GET /item/u66/16232?fileloc=%2Fvar%2Fwww%2Fvhosts%2Faceitunaslosada.com%2Fweb%2Fwp-includes%2Fclass-wp-tax-query.php&path=%2Fvar%2Fwww%2Fvhosts%2Faceitunaslosada.com%2Fweb%2Fwp-includes HTTP/1.0" 200 11536 "-" "Mozilla/5.0 AppleWebKit/537.36 (KHTML, like Gecko; compatible; ClaudeBot/1.0; +claudebot@anthropic.com)"
66.249.79.137 - - [30/Sep/2025:06:54:41 +0000] "GET /325830545?items=0325415198 HTTP/1.0" 200 24198 "-" "Mozilla/5.0 (Linux; Android 6.0.1; Nexus 5X Build/MMB29P) AppleWebKit/537.36 (KHTML, like Gecko) Chrome/140.0.7339.207 Mobile Safari/537.36 (compatible; Googlebot/2.1; +http://www.google.com/bot.html)"
98.82.38.120 - - [30/Sep/2025:06:54:41 +0000] "GET /cocktail-de-aceitunas-con-ajo-2/?path=/var/www/vhosts/aceitunaslosada.com/web/wp-content/cache/db/options/a0a/02a HTTP/1.0" 200 6786 "-" "Mozilla/5.0 AppleWebKit/537.36 (KHTML, like Gecko; compatible; Amazonbot/0.1; +https://developer.amazon.com/support/amazonbot) Chrome/119.0.6045.214 Safari/537.36"
20.171.207.168 - - [30/Sep/2025:06:54:42 +0000] "GET /1238719825?path=/var HTTP/1.0" 200 6373 "-" "Mozilla/5.0 AppleWebKit/537.36 (KHTML, like Gecko; compatible; GPTBot/1.2; +https://openai.com/gptbot)"
66.249.79.8 - - [30/Sep/2025:06:54:42 +0000] "POST /get-message-notify HTTP/1.0" 200 22732 "https://aceitunaslosada.com/disturbing156033905.html" "Mozilla/5.0 (Linux; Android 6.0.1; Nexus 5X Build/MMB29P) AppleWebKit/537.36 (KHTML, like Gecko) Chrome/139.0.7258.127 Mobile Safari/537.36 (compatible; Googlebot/2.1; +http://www.google.com/bot.html)"
216.73.216.31 - - [30/Sep/2025:06:54:43 +0000] "GET /item/u66/16214?fileloc=%2Fvar%2Fwww%2Fvhosts%2Faceitunaslosada.com%2Fweb%2Fwp-includes%2Fclass-wp-theme.php&path=%2Fvar%2Fwww%2Fvhosts%2Faceitunaslosada.com%2Fweb%2Fwp-includes HTTP/1.0" 200 17902 "-" "Mozilla/5.0 AppleWebKit/537.36 (KHTML, like Gecko; compatible; ClaudeBot/1.0; +claudebot@anthropic.com)"
20.171.207.76 - - [30/Sep/2025:06:54:43 +0000] "GET /2014157350?fileloc=/var/www/vhosts/aceitunaslosada.com/web/google722af835742a9b4d.html&path=/var/www/vhosts/aceitunaslosada.com/web HTTP/1.0" 200 6396 "-" "Mozilla/5.0 AppleWebKit/537.36 (KHTML, like Gecko; compatible; GPTBot/1.2; +https://openai.com/gptbot)"
216.73.216.31 - - [30/Sep/2025:06:54:44 +0000] "GET /item/u66/16214?fileloc=%2Fvar%2Fwww%2Fvhosts%2Faceitunaslosada.com%2Fweb%2Fwp-includes%2Ftaxonomy.php&path=%2Fvar%2Fwww%2Fvhosts%2Faceitunaslosada.com%2Fweb%2Fwp-includes HTTP/1.0" 200 42755 "-" "Mozilla/5.0 AppleWebKit/537.36 (KHTML, like Gecko; compatible; ClaudeBot/1.0; +claudebot@anthropic.com)"
66.249.79.128 - - [30/Sep/2025:06:54:44 +0000] "GET /product/edit/A4040052412 HTTP/1.0" 200 22962 "-" "Mozilla/5.0 (Linux; Android 6.0.1; Nexus 5X Build/MMB29P) AppleWebKit/537.36 (KHTML, like Gecko) Chrome/140.0.7339.207 Mobile Safari/537.36 (compatible; Googlebot/2.1; +http://www.google.com/bot.html)"
66.249.79.136 - - [30/Sep/2025:06:54:44 +0000] "GET /283927559?items=0283565726 HTTP/1.0" 200 24630 "-" "Mozilla/5.0 (Linux; Android 6.0.1; Nexus 5X Build/MMB29P) AppleWebKit/537.36 (KHTML, like Gecko) Chrome/140.0.7339.207 Mobile Safari/537.36 (compatible; Googlebot/2.1; +http://www.google.com/bot.html)"
20.171.207.168 - - [30/Sep/2025:06:54:44 +0000] "GET /2180289315?path=/var HTTP/1.0" 200 6373 "-" "Mozilla/5.0 AppleWebKit/537.36 (KHTML, like Gecko; compatible; GPTBot/1.2; +https://openai.com/gptbot)"
3.216.227.216 - - [30/Sep/2025:06:54:45 +0000] "GET /category/nuestros-origenes-agricultura/?path=/var/www/vhosts/aceitunaslosada.com/web/wp-content/cache/page_enhanced/aceitunaslosada.com//fr/formats HTTP/1.0" 200 6836 "-" "Mozilla/5.0 AppleWebKit/537.36 (KHTML, like Gecko; compatible; Amazonbot/0.1; +https://developer.amazon.com/support/amazonbot) Chrome/119.0.6045.214 Safari/537.36"
66.249.79.128 - - [30/Sep/2025:06:54:44 +0000] "GET /325864236?items=0325448846 HTTP/1.0" 200 22848 "-" "Mozilla/5.0 (Linux; Android 6.0.1; Nexus 5X Build/MMB29P) AppleWebKit/537.36 (KHTML, like Gecko) Chrome/140.0.7339.207 Mobile Safari/537.36 (compatible; Googlebot/2.1; +http://www.google.com/bot.html)"
20.171.207.76 - - [30/Sep/2025:06:54:45 +0000] "GET /?fileloc=/var/www/vhosts/aceitunaslosada.com/web/cgi-bin/cgi-bin/cgi-bin/cgi-bin/cgi-bin/cgi-bin/index.php&path=/var/www/vhosts/aceitunaslosada.com/web/cgi-bin/cgi-bin/cgi-bin/cgi-bin/cgi-bin/cgi-bin HTTP/1.0" 200 8993 "-" "Mozilla/5.0 AppleWebKit/537.36 (KHTML, like Gecko; compatible; GPTBot/1.2; +https://openai.com/gptbot)"
66.249.79.137 - - [30/Sep/2025:06:54:45 +0000] "GET /mechanism291011736.html HTTP/1.0" 200 27702 "-" "Mozilla/5.0 (Linux; Android 6.0.1; Nexus 5X Build/MMB29P) AppleWebKit/537.36 (KHTML, like Gecko) Chrome/140.0.7339.207 Mobile Safari/537.36 (compatible; Googlebot/2.1; +http://www.google.com/bot.html)"
66.249.79.137 - - [30/Sep/2025:06:54:45 +0000] "GET /325845701?items=0325430334 HTTP/1.0" 200 23096 "-" "Mozilla/5.0 (Linux; Android 6.0.1; Nexus 5X Build/MMB29P) AppleWebKit/537.36 (KHTML, like Gecko) Chrome/140.0.7339.207 Mobile Safari/537.36 (compatible; Googlebot/2.1; +http://www.google.com/bot.html)"
216.73.216.31 - - [30/Sep/2025:06:54:45 +0000] "GET /item/u66/16232?fileloc=%2Fvar%2Fwww%2Fvhosts%2Faceitunaslosada.com%2Fweb%2Fwp-includes%2Fclass-walker-comment.php&path=%2Fvar%2Fwww%2Fvhosts%2Faceitunaslosada.com%2Fweb%2Fwp-includes HTTP/1.0" 200 9490 "-" "Mozilla/5.0 AppleWebKit/537.36 (KHTML, like Gecko; compatible; ClaudeBot/1.0; +claudebot@anthropic.com)"
