66.249.79.136 - - [30/Sep/2025:06:48:27 +0000] "GET /1588054502?items=1586027118 HTTP/1.0" 200 23479 "-" "Mozilla/5.0 (Linux; Android 6.0.1; Nexus 5X Build/MMB29P) AppleWebKit/537.36 (KHTML, like Gecko) Chrome/140.0.7339.207 Mobile Safari/537.36 (compatible; Googlebot/2.1; +http://www.google.com/bot.html)"
20.171.207.76 - - [30/Sep/2025:06:48:28 +0000] "GET /2014191521?path=/var/www/vhosts/aceitunaslosada.com HTTP/1.0" 200 7372 "-" "Mozilla/5.0 AppleWebKit/537.36 (KHTML, like Gecko; compatible; GPTBot/1.2; +https://openai.com/gptbot)"
20.171.207.168 - - [30/Sep/2025:06:48:28 +0000] "GET /1302006876?path=/var HTTP/1.0" 200 6373 "-" "Mozilla/5.0 AppleWebKit/537.36 (KHTML, like Gecko; compatible; GPTBot/1.2; +https://openai.com/gptbot)"
37.59.204.156 - - [30/Sep/2025:06:48:29 +0000] "GET /aceituna-alorena-partida-natural-2/?fileloc=/var/www/vhosts/aceitunaslosada.com/web/robots.txt&path=/var/www/vhosts/aceitunaslosada.com/web HTTP/1.0" 200 6442 "-" "Mozilla/5.0 (compatible; AhrefsBot/7.0; +http://ahrefs.com/robot/)"
20.171.207.76 - - [30/Sep/2025:06:48:29 +0000] "GET /2014302464?path=/var/www/vhosts/aceitunaslosada.com HTTP/1.0" 200 7372 "-" "Mozilla/5.0 AppleWebKit/537.36 (KHTML, like Gecko; compatible; GPTBot/1.2; +https://openai.com/gptbot)"
3.221.156.96 - - [30/Sep/2025:06:48:29 +0000] "GET /producto/aceituna-cornicabra-natural/?path=/var/www/vhosts/aceitunaslosada.com/web/wp-content/plugins/google-site-kit/third-party/paragonie/constant_time_encoding HTTP/1.0" 200 6868 "-" "Mozilla/5.0 AppleWebKit/537.36 (KHTML, like Gecko; compatible; Amazonbot/0.1; +https://developer.amazon.com/support/amazonbot) Chrome/119.0.6045.214 Safari/537.36"
107.20.236.150 - - [30/Sep/2025:06:48:30 +0000] "GET /robots.txt HTTP/1.0" 200 3796 "-" "Mozilla/5.0 AppleWebKit/537.36 (KHTML, like Gecko; compatible; PerplexityBot/1.0; +https://perplexity.ai/perplexitybot)"
66.249.79.136 - - [30/Sep/2025:06:48:29 +0000] "GET /196203875?items=0195954078 HTTP/1.0" 200 24755 "-" "Mozilla/5.0 (Linux; Android 6.0.1; Nexus 5X Build/MMB29P) AppleWebKit/537.36 (KHTML, like Gecko) Chrome/140.0.7339.207 Mobile Safari/537.36 (compatible; Googlebot/2.1; +http://www.google.com/bot.html)"
66.249.79.136 - - [30/Sep/2025:06:48:31 +0000] "GET /robots.txt HTTP/1.0" 200 3796 "-" "Mozilla/5.0 (compatible; Googlebot/2.1; +http://www.google.com/bot.html)"
66.249.79.136 - - [30/Sep/2025:06:48:29 +0000] "GET /staff246013711.html HTTP/1.0" 200 25661 "-" "Mozilla/5.0 (Linux; Android 6.0.1; Nexus 5X Build/MMB29P) AppleWebKit/537.36 (KHTML, like Gecko) Chrome/140.0.7339.207 Mobile Safari/537.36 (compatible; GoogleOther)"
66.249.79.8 - - [30/Sep/2025:06:48:29 +0000] "GET /389077657?items=0388581534 HTTP/1.0" 200 24040 "-" "Mozilla/5.0 (Linux; Android 6.0.1; Nexus 5X Build/MMB29P) AppleWebKit/537.36 (KHTML, like Gecko) Chrome/140.0.7339.207 Mobile Safari/537.36 (compatible; Googlebot/2.1; +http://www.google.com/bot.html)"
216.73.216.31 - - [30/Sep/2025:06:48:30 +0000] "GET /item/u95/url%20%22optional%20title%22?fileloc=%2Fvar%2Fwww%2Fvhosts%2Faceitunaslosada.com%2Fweb%2Fcopia%2Fwp-content%2Fuploads%2F2020%2F10%2FIMG_20200726_090729_1.jpeg&path=%2Fvar%2Fwww%2Fvhosts%2Faceitunaslosada.com%2Fweb%2Fcopia%2Fwp-content%2Fuploads%2F2020%2F10 HTTP/1.0" 200 6442 "-" "Mozilla/5.0 AppleWebKit/537.36 (KHTML, like Gecko; compatible; ClaudeBot/1.0; +claudebot@anthropic.com)"
216.73.216.31 - - [30/Sep/2025:06:48:30 +0000] "GET /item/u95/url%20%22optional%20title%22?fileloc=%2Fvar%2Fwww%2Fvhosts%2Faceitunaslosada.com%2Fweb%2Fcopia%2Fwp-content%2Fuploads%2F2020%2F06%2FIMG_5106-1630x860.jpeg&path=%2Fvar%2Fwww%2Fvhosts%2Faceitunaslosada.com%2Fweb%2Fcopia%2Fwp-content%2Fuploads%2F2020%2F06 HTTP/1.0" 200 6442 "-" "Mozilla/5.0 AppleWebKit/537.36 (KHTML, like Gecko; compatible; ClaudeBot/1.0; +claudebot@anthropic.com)"
216.73.216.31 - - [30/Sep/2025:06:48:30 +0000] "GET /item/u95/url%20%22optional%20title%22?path=%2Fvar%2Fwww%2Fvhosts%2Faceitunaslosada.com%2Fweb%2Fwp-content%2Fcache%2Fdb%2Foptions%2F532%2F737 HTTP/1.0" 200 6787 "-" "Mozilla/5.0 AppleWebKit/537.36 (KHTML, like Gecko; compatible; ClaudeBot/1.0; +claudebot@anthropic.com)"
216.73.216.31 - - [30/Sep/2025:06:48:30 +0000] "GET /item/u95/url%20%22optional%20title%22?fileloc=%2Fvar%2Fwww%2Fvhosts%2Faceitunaslosada.com%2Fweb%2Fwp-content%2Fuploads%2F2020%2F08%2FIMG_20200726_091218-80x80.jpeg&path=%2Fvar%2Fwww%2Fvhosts%2Faceitunaslosada.com%2Fweb%2Fwp-content%2Fuploads%2F2020%2F08 HTTP/1.0" 200 6439 "-" "Mozilla/5.0 AppleWebKit/537.36 (KHTML, like Gecko; compatible; ClaudeBot/1.0; +claudebot@anthropic.com)"
216.73.216.31 - - [30/Sep/2025:06:48:30 +0000] "GET /item/u95/url%20%22optional%20title%22?fileloc=%2Fvar%2Fwww%2Fvhosts%2Faceitunaslosada.com%2Fweb%2Fcopia%2Fwp-content%2Fuploads%2F2020%2F07%2FIMG_3214-1-1920x750.jpeg&path=%2Fvar%2Fwww%2Fvhosts%2Faceitunaslosada.com%2Fweb%2Fcopia%2Fwp-content%2Fuploads%2F2020%2F07 HTTP/1.0" 200 6445 "-" "Mozilla/5.0 AppleWebKit/537.36 (KHTML, like Gecko; compatible; ClaudeBot/1.0; +claudebot@anthropic.com)"
20.171.207.168 - - [30/Sep/2025:06:48:30 +0000] "GET /1622964575?path=/var HTTP/1.0" 200 6373 "-" "Mozilla/5.0 AppleWebKit/537.36 (KHTML, like Gecko; compatible; GPTBot/1.2; +https://openai.com/gptbot)"
20.171.207.76 - - [30/Sep/2025:06:48:30 +0000] "GET /2014521720?path=/var/www/vhosts/aceitunaslosada.com HTTP/1.0" 200 7373 "-" "Mozilla/5.0 AppleWebKit/537.36 (KHTML, like Gecko; compatible; GPTBot/1.2; +https://openai.com/gptbot)"
216.73.216.31 - - [30/Sep/2025:06:48:31 +0000] "GET /item/u95/url%20%22optional%20title%22?fileloc=%2Fvar%2Fwww%2Fvhosts%2Faceitunaslosada.com%2Fweb%2Fcopia%2Fwp-content%2Fuploads%2F2020%2F07%2FIMG_3536-85x85.jpeg&path=%2Fvar%2Fwww%2Fvhosts%2Faceitunaslosada.com%2Fweb%2Fcopia%2Fwp-content%2Fuploads%2F2020%2F07 HTTP/1.0" 200 6440 "-" "Mozilla/5.0 AppleWebKit/537.36 (KHTML, like Gecko; compatible; ClaudeBot/1.0; +claudebot@anthropic.com)"
66.249.79.136 - - [30/Sep/2025:06:48:31 +0000] "GET /196192405?items=0195942622 HTTP/1.0" 200 24301 "-" "Mozilla/5.0 (Linux; Android 6.0.1; Nexus 5X Build/MMB29P) AppleWebKit/537.36 (KHTML, like Gecko) Chrome/140.0.7339.207 Mobile Safari/537.36 (compatible; Googlebot/2.1; +http://www.google.com/bot.html)"
216.73.216.31 - - [30/Sep/2025:06:48:32 +0000] "GET /item/u95/url%20%22optional%20title%22?fileloc=%2Fvar%2Fwww%2Fvhosts%2Faceitunaslosada.com%2Fweb%2Fcopia%2Fwp-content%2Fuploads%2F2020%2F07%2FIMG_3530-1630x860.jpeg&path=%2Fvar%2Fwww%2Fvhosts%2Faceitunaslosada.com%2Fweb%2Fcopia%2Fwp-content%2Fuploads%2F2020%2F07 HTTP/1.0" 200 6442 "-" "Mozilla/5.0 AppleWebKit/537.36 (KHTML, like Gecko; compatible; ClaudeBot/1.0; +claudebot@anthropic.com)"
216.73.216.31 - - [30/Sep/2025:06:48:32 +0000] "GET /item/u95/url%20%22optional%20title%22?fileloc=%2Fvar%2Fwww%2Fvhosts%2Faceitunaslosada.com%2Fweb%2Fcopia%2Fwp-content%2Fuploads%2F2020%2F06%2FIMG_5109-150x150.jpeg&path=%2Fvar%2Fwww%2Fvhosts%2Faceitunaslosada.com%2Fweb%2Fcopia%2Fwp-content%2Fuploads%2F2020%2F06 HTTP/1.0" 200 6440 "-" "Mozilla/5.0 AppleWebKit/537.36 (KHTML, like Gecko; compatible; ClaudeBot/1.0; +claudebot@anthropic.com)"
216.73.216.31 - - [30/Sep/2025:06:48:32 +0000] "GET /item/u95/url%20%22optional%20title%22?fileloc=%2Fvar%2Fwww%2Fvhosts%2Faceitunaslosada.com%2Fweb%2Fcopia%2Fwp-content%2Fuploads%2F2020%2F05%2Fhome_farm_pic7.jpg&path=%2Fvar%2Fwww%2Fvhosts%2Faceitunaslosada.com%2Fweb%2Fcopia%2Fwp-content%2Fuploads%2F2020%2F05 HTTP/1.0" 200 6437 "-" "Mozilla/5.0 AppleWebKit/537.36 (KHTML, like Gecko; compatible; ClaudeBot/1.0; +claudebot@anthropic.com)"
216.73.216.31 - - [30/Sep/2025:06:48:33 +0000] "GET /item/u95/url%20%22optional%20title%22?path=%2Fvar%2Fwww%2Fvhosts%2Faceitunaslosada.com%2Fweb%2Fwp-admin%2Fcss%2Fcolors%2Fcoffee%2Fcoffee%2Fcoffee HTTP/1.0" 200 6961 "-" "Mozilla/5.0 AppleWebKit/537.36 (KHTML, like Gecko; compatible; ClaudeBot/1.0; +claudebot@anthropic.com)"
40.77.167.79 - - [30/Sep/2025:06:48:33 +0000] "GET /4lIrTSezj2UokL HTTP/1.0" 200 3609 "-" "Mozilla/5.0 AppleWebKit/537.36 (KHTML, like Gecko; compatible; bingbot/2.0; +http://www.bing.com/bingbot.htm) Chrome/116.0.1938.76 Safari/537.36"
66.249.79.137 - - [30/Sep/2025:06:48:33 +0000] "GET /1085877952?items=1084491918 HTTP/1.0" 200 24700 "-" "Mozilla/5.0 (Linux; Android 6.0.1; Nexus 5X Build/MMB29P) AppleWebKit/537.36 (KHTML, like Gecko) Chrome/140.0.7339.207 Mobile Safari/537.36 (compatible; Googlebot/2.1; +http://www.google.com/bot.html)"
216.73.216.31 - - [30/Sep/2025:06:48:33 +0000] "GET /item/u95/url%20%22optional%20title%22?fileloc=%2Fvar%2Fwww%2Fvhosts%2Faceitunaslosada.com%2Fweb%2Fwp-content%2Fthemes%2Fbetheme%2Flanguages%2Fru_RU.mo&path=%2Fvar%2Fwww%2Fvhosts%2Faceitunaslosada.com%2Fweb%2Fwp-content%2Fthemes%2Fbetheme%2Flanguages HTTP/1.0" 200 6425 "-" "Mozilla/5.0 AppleWebKit/537.36 (KHTML, like Gecko; compatible; ClaudeBot/1.0; +claudebot@anthropic.com)"
20.171.207.168 - - [30/Sep/2025:06:48:33 +0000] "GET /1351990456?path=/var HTTP/1.0" 200 6373 "-" "Mozilla/5.0 AppleWebKit/537.36 (KHTML, like Gecko; compatible; GPTBot/1.2; +https://openai.com/gptbot)"
216.73.216.31 - - [30/Sep/2025:06:48:34 +0000] "GET /item/u95/url%20%22optional%20title%22?fileloc=%2Fvar%2Fwww%2Fvhosts%2Faceitunaslosada.com%2Fweb%2Fwp-content%2Fuploads%2F2020%2F08%2FIMG_20200726_080436-960x720.jpeg&path=%2Fvar%2Fwww%2Fvhosts%2Faceitunaslosada.com%2Fweb%2Fwp-content%2Fuploads%2F2020%2F08 HTTP/1.0" 200 6434 "-" "Mozilla/5.0 AppleWebKit/537.36 (KHTML, like Gecko; compatible; ClaudeBot/1.0; +claudebot@anthropic.com)"
216.73.216.31 - - [30/Sep/2025:06:48:34 +0000] "GET /item/u95/url%20%22optional%20title%22?fileloc=%2Fvar%2Fwww%2Fvhosts%2Faceitunaslosada.com%2Fweb%2Fcopia%2Fwp-content%2Fuploads%2F2020%2F07%2FIMG_3214-150x150.jpeg&path=%2Fvar%2Fwww%2Fvhosts%2Faceitunaslosada.com%2Fweb%2Fcopia%2Fwp-content%2Fuploads%2F2020%2F07 HTTP/1.0" 200 6441 "-" "Mozilla/5.0 AppleWebKit/537.36 (KHTML, like Gecko; compatible; ClaudeBot/1.0; +claudebot@anthropic.com)"
54.167.32.123 - - [30/Sep/2025:06:48:34 +0000] "GET /producto/aceituna-gordal-sin-hueso-2/?path=/var/www/vhosts/aceitunaslosada.com/web/wp-content/plugins/broken-link-checker/legacy/modules HTTP/1.0" 200 6861 "-" "Mozilla/5.0 AppleWebKit/537.36 (KHTML, like Gecko; compatible; Amazonbot/0.1; +https://developer.amazon.com/support/amazonbot) Chrome/119.0.6045.214 Safari/537.36"
216.73.216.31 - - [30/Sep/2025:06:48:35 +0000] "GET /item/u95/url%20%22optional%20title%22?fileloc=%2Fvar%2Fwww%2Fvhosts%2Faceitunaslosada.com%2Fweb%2Fcopia%2Fwp-content%2Fuploads%2F2020%2F06%2FIMG_5102-1280x1000.jpeg&path=%2Fvar%2Fwww%2Fvhosts%2Faceitunaslosada.com%2Fweb%2Fcopia%2Fwp-content%2Fuploads%2F2020%2F06 HTTP/1.0" 200 6443 "-" "Mozilla/5.0 AppleWebKit/537.36 (KHTML, like Gecko; compatible; ClaudeBot/1.0; +claudebot@anthropic.com)"
216.73.216.31 - - [30/Sep/2025:06:48:35 +0000] "GET /item/u95/url%20%22optional%20title%22?fileloc=%2Fvar%2Fwww%2Fvhosts%2Faceitunaslosada.com%2Fweb%2Fwp-content%2Fuploads%2F2022%2F10%2F.htaccess&path=%2Fvar%2Fwww%2Fvhosts%2Faceitunaslosada.com%2Fweb%2Fwp-content%2Fuploads%2F2022%2F10 HTTP/1.0" 200 6509 "-" "Mozilla/5.0 AppleWebKit/537.36 (KHTML, like Gecko; compatible; ClaudeBot/1.0; +claudebot@anthropic.com)"
20.171.207.76 - - [30/Sep/2025:06:48:35 +0000] "GET /2014524314?path=/var/www/vhosts/aceitunaslosada.com HTTP/1.0" 200 7373 "-" "Mozilla/5.0 AppleWebKit/537.36 (KHTML, like Gecko; compatible; GPTBot/1.2; +https://openai.com/gptbot)"
216.73.216.31 - - [30/Sep/2025:06:48:36 +0000] "GET /item/u95/url%20%22optional%20title%22?fileloc=%2Fvar%2Fwww%2Fvhosts%2Faceitunaslosada.com%2Fweb%2Fcopia%2Fwp-content%2Fthemes%2Fbetheme%2Fcss%2Fskins%2Folive%2Fstyle.css&path=%2Fvar%2Fwww%2Fvhosts%2Faceitunaslosada.com%2Fweb%2Fcopia%2Fwp-content%2Fthemes%2Fbetheme%2Fcss%2Fskins%2Folive HTTP/1.0" 200 10092 "-" "Mozilla/5.0 AppleWebKit/537.36 (KHTML, like Gecko; compatible; ClaudeBot/1.0; +claudebot@anthropic.com)"
66.249.79.136 - - [30/Sep/2025:06:48:35 +0000] "GET /1688810412?items=1686654350 HTTP/1.0" 200 24676 "-" "Mozilla/5.0 (Linux; Android 6.0.1; Nexus 5X Build/MMB29P) AppleWebKit/537.36 (KHTML, like Gecko) Chrome/140.0.7339.207 Mobile Safari/537.36 (compatible; Googlebot/2.1; +http://www.google.com/bot.html)"
216.73.216.31 - - [30/Sep/2025:06:48:36 +0000] "GET /item/u95/url%20%22optional%20title%22?fileloc=%2Fvar%2Fwww%2Fvhosts%2Faceitunaslosada.com%2Fweb%2Fwp-content%2Fuploads%2F2020%2F08%2FIMG_20200726_090715-80x80.jpeg&path=%2Fvar%2Fwww%2Fvhosts%2Faceitunaslosada.com%2Fweb%2Fwp-content%2Fuploads%2F2020%2F08 HTTP/1.0" 200 6439 "-" "Mozilla/5.0 AppleWebKit/537.36 (KHTML, like Gecko; compatible; ClaudeBot/1.0; +claudebot@anthropic.com)"
216.73.216.31 - - [30/Sep/2025:06:48:36 +0000] "GET /item/u95/url%20%22optional%20title%22?fileloc=%2Fvar%2Fwww%2Fvhosts%2Faceitunaslosada.com%2Fweb%2Fcopia%2Fwp-content%2Fuploads%2F2020%2F07%2FIMG_3536-768x1024.jpeg&path=%2Fvar%2Fwww%2Fvhosts%2Faceitunaslosada.com%2Fweb%2Fcopia%2Fwp-content%2Fuploads%2F2020%2F07 HTTP/1.0" 200 6444 "-" "Mozilla/5.0 AppleWebKit/537.36 (KHTML, like Gecko; compatible; ClaudeBot/1.0; +claudebot@anthropic.com)"
216.73.216.31 - - [30/Sep/2025:06:48:37 +0000] "GET /item/u95/url%20%22optional%20title%22?fileloc=%2Fvar%2Fwww%2Fvhosts%2Faceitunaslosada.com%2Fweb%2Fwp-content%2Fuploads%2Frevslider%2Ftemplates%2F80s%2F.htaccess&path=%2Fvar%2Fwww%2Fvhosts%2Faceitunaslosada.com%2Fweb%2Fwp-content%2Fuploads%2Frevslider%2Ftemplates%2F80s HTTP/1.0" 200 6521 "-" "Mozilla/5.0 AppleWebKit/537.36 (KHTML, like Gecko; compatible; ClaudeBot/1.0; +claudebot@anthropic.com)"
20.171.207.168 - - [30/Sep/2025:06:48:37 +0000] "GET /1329350790?path=/var HTTP/1.0" 200 6373 "-" "Mozilla/5.0 AppleWebKit/537.36 (KHTML, like Gecko; compatible; GPTBot/1.2; +https://openai.com/gptbot)"
34.234.197.175 - - [30/Sep/2025:06:48:38 +0000] "GET /category/nuestros-origenes-agricultura-en/?path=/var/www/vhosts/aceitunaslosada.com/web/wp-content/cache/page_enhanced/www.aceitunaslosada.com//1irxdngs HTTP/1.0" 200 6824 "-" "Mozilla/5.0 AppleWebKit/537.36 (KHTML, like Gecko; compatible; Amazonbot/0.1; +https://developer.amazon.com/support/amazonbot) Chrome/119.0.6045.214 Safari/537.36"
66.249.79.137 - - [30/Sep/2025:06:48:37 +0000] "GET /1086199275?items=1084812830 HTTP/1.0" 200 25664 "-" "Mozilla/5.0 (Linux; Android 6.0.1; Nexus 5X Build/MMB29P) AppleWebKit/537.36 (KHTML, like Gecko) Chrome/140.0.7339.207 Mobile Safari/537.36 (compatible; Googlebot/2.1; +http://www.google.com/bot.html)"
20.171.207.76 - - [30/Sep/2025:06:48:40 +0000] "GET /2014204834?path=/var/www/vhosts/aceitunaslosada.com HTTP/1.0" 200 7372 "-" "Mozilla/5.0 AppleWebKit/537.36 (KHTML, like Gecko; compatible; GPTBot/1.2; +https://openai.com/gptbot)"
66.249.79.136 - - [30/Sep/2025:06:48:38 +0000] "GET /product/edit/A4016823908 HTTP/1.0" 200 25448 "-" "Mozilla/5.0 (Linux; Android 6.0.1; Nexus 5X Build/MMB29P) AppleWebKit/537.36 (KHTML, like Gecko) Chrome/140.0.7339.207 Mobile Safari/537.36 (compatible; Googlebot/2.1; +http://www.google.com/bot.html)"
20.171.207.168 - - [30/Sep/2025:06:48:40 +0000] "GET /2339941503?path=/var HTTP/1.0" 200 6373 "-" "Mozilla/5.0 AppleWebKit/537.36 (KHTML, like Gecko; compatible; GPTBot/1.2; +https://openai.com/gptbot)"
18.215.77.19 - - [30/Sep/2025:06:48:41 +0000] "GET /2022/04/04/zorzalena-variety-unique-things-are-often-difficult-to-discover/?path=/var/www/vhosts/aceitunaslosada.com/web/wp-content/plugins/wordpress-seo/src/context HTTP/1.0" 200 6773 "-" "Mozilla/5.0 AppleWebKit/537.36 (KHTML, like Gecko; compatible; Amazonbot/0.1; +https://developer.amazon.com/support/amazonbot) Chrome/119.0.6045.214 Safari/537.36"
66.249.79.128 - - [30/Sep/2025:06:48:41 +0000] "GET /1085895190?items=1084509134 HTTP/1.0" 200 24770 "-" "Mozilla/5.0 (Linux; Android 6.0.1; Nexus 5X Build/MMB29P) AppleWebKit/537.36 (KHTML, like Gecko) Chrome/140.0.7339.207 Mobile Safari/537.36 (compatible; Googlebot/2.1; +http://www.google.com/bot.html)"
20.171.207.76 - - [30/Sep/2025:06:48:42 +0000] "GET /2014422281?path=/var/www/vhosts/aceitunaslosada.com HTTP/1.0" 200 7372 "-" "Mozilla/5.0 AppleWebKit/537.36 (KHTML, like Gecko; compatible; GPTBot/1.2; +https://openai.com/gptbot)"
20.171.207.168 - - [30/Sep/2025:06:48:42 +0000] "GET /1382601855?path=/var HTTP/1.0" 200 6373 "-" "Mozilla/5.0 AppleWebKit/537.36 (KHTML, like Gecko; compatible; GPTBot/1.2; +https://openai.com/gptbot)"
66.249.79.128 - - [30/Sep/2025:06:48:43 +0000] "GET /qdr0bUqEhPc03MC?fileloc=/var/www/vhosts/aceitunaslosada.com/web/wp-comments-post.php&path=/var/www/vhosts/aceitunaslosada.com/web HTTP/1.0" 200 23099 "-" "Mozilla/5.0 (Linux; Android 6.0.1; Nexus 5X Build/MMB29P) AppleWebKit/537.36 (KHTML, like Gecko) Chrome/140.0.7339.207 Mobile Safari/537.36 (compatible; Googlebot/2.1; +http://www.google.com/bot.html)"
20.171.207.168 - - [30/Sep/2025:06:48:44 +0000] "GET /1602650407?path=/var HTTP/1.0" 200 6382 "-" "Mozilla/5.0 AppleWebKit/537.36 (KHTML, like Gecko; compatible; GPTBot/1.2; +https://openai.com/gptbot)"
20.171.207.76 - - [30/Sep/2025:06:48:44 +0000] "GET /2014117411?path=/var/www/vhosts HTTP/1.0" 200 6396 "-" "Mozilla/5.0 AppleWebKit/537.36 (KHTML, like Gecko; compatible; GPTBot/1.2; +https://openai.com/gptbot)"
66.249.79.137 - - [30/Sep/2025:06:48:44 +0000] "GET /qdr0bUqEhPc03MC?fileloc=/var/www/vhosts/aceitunaslosada.com/web/xhouf.php&path=/var/www/vhosts/aceitunaslosada.com/web HTTP/1.0" 200 23068 "-" "Mozilla/5.0 (Linux; Android 6.0.1; Nexus 5X Build/MMB29P) AppleWebKit/537.36 (KHTML, like Gecko) Chrome/140.0.7339.207 Mobile Safari/537.36 (compatible; Googlebot/2.1; +http://www.google.com/bot.html)"
34.192.125.239 - - [30/Sep/2025:06:48:45 +0000] "GET /2022/01/24/la-aceituna-gordal-y-su-maridaje-aceitunas-losada/?path=/var/www/vhosts/aceitunaslosada.com/web/wp-content/cache/page_enhanced/aceitunaslosada.com/home/feed HTTP/1.0" 200 6826 "-" "Mozilla/5.0 AppleWebKit/537.36 (KHTML, like Gecko; compatible; Amazonbot/0.1; +https://developer.amazon.com/support/amazonbot) Chrome/119.0.6045.214 Safari/537.36"
82.223.111.37 - - [30/Sep/2025:06:46:46 +0000] "GET /wp-content/cache/page_enhanced/aceitunaslosada.com/development044014203.html/development044014203.html/index.php?ARRAY=7o2230223n313735393231383430362p2231223n22687474703n5p2s5p2s7n7335363476313373752r616p746s742r696r6o5p2s3s6p633q7068705s636s64655s6n6326743q313735393231343830362q3535303661376530633830383265643130326633613731313334363937326436222p2232223n226233626465323266356466366638343865346261386561336238326131633232222p2233223n226337323238396637353332643736333933656134353438643033306533346137222p226175746s5s66696p655s6r616q65223n6r756p6p2p226175746s5s70617373223n6r756p6p2p2262696r675s70617373223n2232312q34382q35362q36342q37372q39302q3236227q HTTP/1.0" 504 3843 "-" "-"
20.171.207.76 - - [30/Sep/2025:06:48:46 +0000] "GET /2014237228?path=/var/www/vhosts/aceitunaslosada.com HTTP/1.0" 200 7374 "-" "Mozilla/5.0 AppleWebKit/537.36 (KHTML, like Gecko; compatible; GPTBot/1.2; +https://openai.com/gptbot)"
20.171.207.168 - - [30/Sep/2025:06:48:47 +0000] "GET /1238785844?path=/var HTTP/1.0" 200 6372 "-" "Mozilla/5.0 AppleWebKit/537.36 (KHTML, like Gecko; compatible; GPTBot/1.2; +https://openai.com/gptbot)"
66.249.79.137 - - [30/Sep/2025:06:48:48 +0000] "GET /1086261403?items=1084874878 HTTP/1.0" 200 24860 "-" "Mozilla/5.0 (Linux; Android 6.0.1; Nexus 5X Build/MMB29P) AppleWebKit/537.36 (KHTML, like Gecko) Chrome/140.0.7339.207 Mobile Safari/537.36 (compatible; Googlebot/2.1; +http://www.google.com/bot.html)"
20.171.207.76 - - [30/Sep/2025:06:48:48 +0000] "GET /2014474202?fileloc=/var/www/vhosts/aceitunaslosada.com/web/xmlrpc.php&path=/var/www/vhosts/aceitunaslosada.com/web HTTP/1.0" 200 7789 "-" "Mozilla/5.0 AppleWebKit/537.36 (KHTML, like Gecko; compatible; GPTBot/1.2; +https://openai.com/gptbot)"
66.249.79.136 - - [30/Sep/2025:06:48:49 +0000] "GET /1841587017?items=1839235838 HTTP/1.0" 200 24916 "-" "Mozilla/5.0 (Linux; Android 6.0.1; Nexus 5X Build/MMB29P) AppleWebKit/537.36 (KHTML, like Gecko) Chrome/140.0.7339.207 Mobile Safari/537.36 (compatible; Googlebot/2.1; +http://www.google.com/bot.html)"
44.217.255.167 - - [30/Sep/2025:06:48:49 +0000] "GET /aceituna-empeltre-natural/?path=/var/www/vhosts/aceitunaslosada.com/web/wp-content/cache/page_enhanced/aceitunaslosada.com///3hcc0d9ujxatfyb HTTP/1.0" 200 6831 "-" "Mozilla/5.0 AppleWebKit/537.36 (KHTML, like Gecko; compatible; Amazonbot/0.1; +https://developer.amazon.com/support/amazonbot) Chrome/119.0.6045.214 Safari/537.36"
20.171.207.168 - - [30/Sep/2025:06:48:50 +0000] "GET /1194095874?path=/var HTTP/1.0" 200 6373 "-" "Mozilla/5.0 AppleWebKit/537.36 (KHTML, like Gecko; compatible; GPTBot/1.2; +https://openai.com/gptbot)"
66.249.79.128 - - [30/Sep/2025:06:48:50 +0000] "GET /item/u78/360/ HTTP/1.0" 200 25103 "-" "Mozilla/5.0 (compatible; Googlebot/2.1; +http://www.google.com/bot.html)"
20.171.207.76 - - [30/Sep/2025:06:48:50 +0000] "GET /11007673?path=/var/www/vhosts HTTP/1.0" 200 6395 "-" "Mozilla/5.0 AppleWebKit/537.36 (KHTML, like Gecko; compatible; GPTBot/1.2; +https://openai.com/gptbot)"
216.73.216.31 - - [30/Sep/2025:06:48:50 +0000] "GET /item/u66/16214?fileloc=%2Fvar%2Fwww%2Fvhosts%2Faceitunaslosada.com%2Fweb%2Fwp-config-sample.php&path=%2Fvar%2Fwww%2Fvhosts%2Faceitunaslosada.com%2Fweb HTTP/1.0" 200 7539 "-" "Mozilla/5.0 AppleWebKit/537.36 (KHTML, like Gecko; compatible; ClaudeBot/1.0; +claudebot@anthropic.com)"
216.73.216.31 - - [30/Sep/2025:06:48:50 +0000] "GET /item/u66/16232?fileloc=%2Fvar%2Fwww%2Fvhosts%2Faceitunaslosada.com%2Fweb%2Fwp-trackback.php&path=%2Fvar%2Fwww%2Fvhosts%2Faceitunaslosada.com%2Fweb HTTP/1.0" 200 8158 "-" "Mozilla/5.0 AppleWebKit/537.36 (KHTML, like Gecko; compatible; ClaudeBot/1.0; +claudebot@anthropic.com)"
216.73.216.31 - - [30/Sep/2025:06:48:50 +0000] "GET /item/u66/16232?fileloc=%2Fvar%2Fwww%2Fvhosts%2Faceitunaslosada.com%2Fweb%2Fwp-settings.php&path=%2Fvar%2Fwww%2Fvhosts%2Faceitunaslosada.com%2Fweb HTTP/1.0" 200 11307 "-" "Mozilla/5.0 AppleWebKit/537.36 (KHTML, like Gecko; compatible; ClaudeBot/1.0; +claudebot@anthropic.com)"
66.249.79.137 - - [30/Sep/2025:06:48:51 +0000] "GET /likewise078006363.html HTTP/1.0" 200 22868 "-" "Mozilla/5.0 (Linux; Android 6.0.1; Nexus 5X Build/MMB29P) AppleWebKit/537.36 (KHTML, like Gecko) Chrome/140.0.7339.207 Mobile Safari/537.36 (compatible; GoogleOther)"
216.73.216.31 - - [30/Sep/2025:06:48:51 +0000] "GET /item/u95/url%20%22optional%20title%22?fileloc=%2Fvar%2Fwww%2Fvhosts%2Faceitunaslosada.com%2Fweb%2Fcopia%2Fwp-content%2Fuploads%2F2020%2F06%2FIMG_5109-1920x750.jpeg&path=%2Fvar%2Fwww%2Fvhosts%2Faceitunaslosada.com%2Fweb%2Fcopia%2Fwp-content%2Fuploads%2F2020%2F06 HTTP/1.0" 200 6442 "-" "Mozilla/5.0 AppleWebKit/537.36 (KHTML, like Gecko; compatible; ClaudeBot/1.0; +claudebot@anthropic.com)"
216.73.216.31 - - [30/Sep/2025:06:48:51 +0000] "GET /item/u95/url%20%22optional%20title%22?fileloc=%2Fvar%2Fwww%2Fvhosts%2Faceitunaslosada.com%2Fweb%2Fwp-admin%2Fcss%2Fcolors%2Fmodern%2Fcolors.css&path=%2Fvar%2Fwww%2Fvhosts%2Faceitunaslosada.com%2Fweb%2Fwp-admin%2Fcss%2Fcolors%2Fmodern HTTP/1.0" 200 9796 "-" "Mozilla/5.0 AppleWebKit/537.36 (KHTML, like Gecko; compatible; ClaudeBot/1.0; +claudebot@anthropic.com)"
216.73.216.31 - - [30/Sep/2025:06:48:51 +0000] "GET /item/u95/url%20%22optional%20title%22?fileloc=%2Fvar%2Fwww%2Fvhosts%2Faceitunaslosada.com%2Fweb%2Fcopia%2Fwp-content%2Fuploads%2F2020%2F10%2FIMG_20200726_081847.jpeg&path=%2Fvar%2Fwww%2Fvhosts%2Faceitunaslosada.com%2Fweb%2Fcopia%2Fwp-content%2Fuploads%2F2020%2F10 HTTP/1.0" 200 6442 "-" "Mozilla/5.0 AppleWebKit/537.36 (KHTML, like Gecko; compatible; ClaudeBot/1.0; +claudebot@anthropic.com)"
216.73.216.31 - - [30/Sep/2025:06:48:51 +0000] "GET /item/u95/url%20%22optional%20title%22?fileloc=%2Fvar%2Fwww%2Fvhosts%2Faceitunaslosada.com%2Fweb%2Fcopia%2Fwp-admin%2Fcss%2Fcolors%2Fcoffee%2Fcolors.min.css&path=%2Fvar%2Fwww%2Fvhosts%2Faceitunaslosada.com%2Fweb%2Fcopia%2Fwp-admin%2Fcss%2Fcolors%2Fcoffee HTTP/1.0" 200 9340 "-" "Mozilla/5.0 AppleWebKit/537.36 (KHTML, like Gecko; compatible; ClaudeBot/1.0; +claudebot@anthropic.com)"
216.73.216.31 - - [30/Sep/2025:06:48:52 +0000] "GET /item/u95/url%20%22optional%20title%22?fileloc=%2Fvar%2Fwww%2Fvhosts%2Faceitunaslosada.com%2Fweb%2Fcopia%2Fwp-content%2Fuploads%2F2020%2F05%2Fhome_farm_pic12.png&path=%2Fvar%2Fwww%2Fvhosts%2Faceitunaslosada.com%2Fweb%2Fcopia%2Fwp-content%2Fuploads%2F2020%2F05 HTTP/1.0" 200 6437 "-" "Mozilla/5.0 AppleWebKit/537.36 (KHTML, like Gecko; compatible; ClaudeBot/1.0; +claudebot@anthropic.com)"
216.73.216.31 - - [30/Sep/2025:06:48:52 +0000] "GET /item/u95/url%20%22optional%20title%22?path=%2Fvar%2Fwww%2Fvhosts%2Faceitunaslosada.com%2Fweb%2Fcopia%2Fwp-content%2Fuploads%2Frevslider%2Ftemplates%2Fbetteryoutube HTTP/1.0" 200 6916 "-" "Mozilla/5.0 AppleWebKit/537.36 (KHTML, like Gecko; compatible; ClaudeBot/1.0; +claudebot@anthropic.com)"
20.171.207.168 - - [30/Sep/2025:06:48:52 +0000] "GET /1642570110?path=/var HTTP/1.0" 200 6373 "-" "Mozilla/5.0 AppleWebKit/537.36 (KHTML, like Gecko; compatible; GPTBot/1.2; +https://openai.com/gptbot)"
66.249.79.137 - - [30/Sep/2025:06:48:52 +0000] "GET /765855175?items=0764877854 HTTP/1.0" 200 24521 "-" "Mozilla/5.0 (Linux; Android 6.0.1; Nexus 5X Build/MMB29P) AppleWebKit/537.36 (KHTML, like Gecko) Chrome/140.0.7339.207 Mobile Safari/537.36 (compatible; Googlebot/2.1; +http://www.google.com/bot.html)"
20.171.207.76 - - [30/Sep/2025:06:48:52 +0000] "GET /84075920?path=/var/www/vhosts HTTP/1.0" 200 6396 "-" "Mozilla/5.0 AppleWebKit/537.36 (KHTML, like Gecko; compatible; GPTBot/1.2; +https://openai.com/gptbot)"
216.73.216.31 - - [30/Sep/2025:06:48:52 +0000] "GET /item/u95/url%20%22optional%20title%22?fileloc=%2Fvar%2Fwww%2Fvhosts%2Faceitunaslosada.com%2Fweb%2Fcopia%2Fwp-content%2Fuploads%2F2020%2F06%2FIMG_5109-100x75.jpeg&path=%2Fvar%2Fwww%2Fvhosts%2Faceitunaslosada.com%2Fweb%2Fcopia%2Fwp-content%2Fuploads%2F2020%2F06 HTTP/1.0" 200 6440 "-" "Mozilla/5.0 AppleWebKit/537.36 (KHTML, like Gecko; compatible; ClaudeBot/1.0; +claudebot@anthropic.com)"
216.73.216.31 - - [30/Sep/2025:06:48:52 +0000] "GET /item/u95/url%20%22optional%20title%22?fileloc=%2Fvar%2Fwww%2Fvhosts%2Faceitunaslosada.com%2Fweb%2Fcopia%2Fwp-content%2Fuploads%2F2020%2F07%2FIMG_3214-1920x750.jpeg&path=%2Fvar%2Fwww%2Fvhosts%2Faceitunaslosada.com%2Fweb%2Fcopia%2Fwp-content%2Fuploads%2F2020%2F07 HTTP/1.0" 200 6443 "-" "Mozilla/5.0 AppleWebKit/537.36 (KHTML, like Gecko; compatible; ClaudeBot/1.0; +claudebot@anthropic.com)"
216.73.216.31 - - [30/Sep/2025:06:48:53 +0000] "GET /item/u95/url%20%22optional%20title%22?fileloc=%2Fvar%2Fwww%2Fvhosts%2Faceitunaslosada.com%2Fweb%2Fwp-content%2Fuploads%2F2020%2F08%2FIMG_20200726_090813-85x85.jpeg&path=%2Fvar%2Fwww%2Fvhosts%2Faceitunaslosada.com%2Fweb%2Fwp-content%2Fuploads%2F2020%2F08 HTTP/1.0" 200 6439 "-" "Mozilla/5.0 AppleWebKit/537.36 (KHTML, like Gecko; compatible; ClaudeBot/1.0; +claudebot@anthropic.com)"
98.84.60.17 - - [30/Sep/2025:06:48:53 +0000] "GET /aceituna-cuquillo-natural-sin-hueso-2/?path=/var/www/vhosts/aceitunaslosada.com/web/copia/wp-content/plugins/w3-total-cache/lib/Aws/Aws/CloudFront/Exception HTTP/1.0" 200 6857 "-" "Mozilla/5.0 AppleWebKit/537.36 (KHTML, like Gecko; compatible; Amazonbot/0.1; +https://developer.amazon.com/support/amazonbot) Chrome/119.0.6045.214 Safari/537.36"
216.73.216.31 - - [30/Sep/2025:06:48:53 +0000] "GET /item/u95/url%20%22optional%20title%22?fileloc=%2Fvar%2Fwww%2Fvhosts%2Faceitunaslosada.com%2Fweb%2Fwp-content%2Fuploads%2F2020%2F08%2FIMG_20200726_080855-80x80.jpeg&path=%2Fvar%2Fwww%2Fvhosts%2Faceitunaslosada.com%2Fweb%2Fwp-content%2Fuploads%2F2020%2F08 HTTP/1.0" 200 6438 "-" "Mozilla/5.0 AppleWebKit/537.36 (KHTML, like Gecko; compatible; ClaudeBot/1.0; +claudebot@anthropic.com)"
216.73.216.31 - - [30/Sep/2025:06:48:53 +0000] "GET /item/u95/url%20%22optional%20title%22?fileloc=%2Fvar%2Fwww%2Fvhosts%2Faceitunaslosada.com%2Fweb%2Fwp-content%2Fplugins%2Facucafe%2Fassets%2Fimages%2Flothoma.png&path=%2Fvar%2Fwww%2Fvhosts%2Faceitunaslosada.com%2Fweb%2Fwp-content%2Fplugins%2Facucafe%2Fassets%2Fimages HTTP/1.0" 200 25884 "-" "Mozilla/5.0 AppleWebKit/537.36 (KHTML, like Gecko; compatible; ClaudeBot/1.0; +claudebot@anthropic.com)"
216.73.216.31 - - [30/Sep/2025:06:48:53 +0000] "GET /item/u95/url%20%22optional%20title%22?fileloc=%2Fvar%2Fwww%2Fvhosts%2Faceitunaslosada.com%2Fweb%2Fwp-admin%2Fcss%2Fcolors%2Focean%2Fcolors-rtl.css&path=%2Fvar%2Fwww%2Fvhosts%2Faceitunaslosada.com%2Fweb%2Fwp-admin%2Fcss%2Fcolors%2Focean HTTP/1.0" 200 9743 "-" "Mozilla/5.0 AppleWebKit/537.36 (KHTML, like Gecko; compatible; ClaudeBot/1.0; +claudebot@anthropic.com)"
66.249.79.136 - - [30/Sep/2025:06:48:54 +0000] "GET /1083842168?items=1082458734 HTTP/1.0" 200 24206 "-" "Mozilla/5.0 (Linux; Android 6.0.1; Nexus 5X Build/MMB29P) AppleWebKit/537.36 (KHTML, like Gecko) Chrome/140.0.7339.207 Mobile Safari/537.36 (compatible; Googlebot/2.1; +http://www.google.com/bot.html)"
66.249.79.136 - - [30/Sep/2025:06:48:54 +0000] "GET /dT0l9O9MZnHib?fileloc=/var/www/vhosts/aceitunaslosada.com/web/wp-comments-post.php&path=/var/www/vhosts/aceitunaslosada.com/web HTTP/1.0" 200 24912 "-" "Mozilla/5.0 (Linux; Android 6.0.1; Nexus 5X Build/MMB29P) AppleWebKit/537.36 (KHTML, like Gecko) Chrome/140.0.7339.207 Mobile Safari/537.36 (compatible; Googlebot/2.1; +http://www.google.com/bot.html)"
216.73.216.31 - - [30/Sep/2025:06:48:54 +0000] "GET /item/u95/url%20%22optional%20title%22?fileloc=%2Fvar%2Fwww%2Fvhosts%2Faceitunaslosada.com%2Fweb%2Fcopia%2Fwp-content%2Fuploads%2F2020%2F10%2FIMG_20200726_081835.jpeg&path=%2Fvar%2Fwww%2Fvhosts%2Faceitunaslosada.com%2Fweb%2Fcopia%2Fwp-content%2Fuploads%2F2020%2F10 HTTP/1.0" 200 6441 "-" "Mozilla/5.0 AppleWebKit/537.36 (KHTML, like Gecko; compatible; ClaudeBot/1.0; +claudebot@anthropic.com)"
20.171.207.168 - - [30/Sep/2025:06:48:54 +0000] "GET /1859329805?path=/var HTTP/1.0" 200 6373 "-" "Mozilla/5.0 AppleWebKit/537.36 (KHTML, like Gecko; compatible; GPTBot/1.2; +https://openai.com/gptbot)"
216.73.216.31 - - [30/Sep/2025:06:48:54 +0000] "GET /item/u95/url%20%22optional%20title%22?fileloc=%2Fvar%2Fwww%2Fvhosts%2Faceitunaslosada.com%2Fweb%2Fcopia%2Fwp-content%2Fuploads%2F2020%2F07%2FIMG_3457-1-1536x1152.jpeg&path=%2Fvar%2Fwww%2Fvhosts%2Faceitunaslosada.com%2Fweb%2Fcopia%2Fwp-content%2Fuploads%2F2020%2F07 HTTP/1.0" 200 6446 "-" "Mozilla/5.0 AppleWebKit/537.36 (KHTML, like Gecko; compatible; ClaudeBot/1.0; +claudebot@anthropic.com)"
66.249.79.137 - - [30/Sep/2025:06:48:54 +0000] "POST /get-message-notify HTTP/1.0" 200 24210 "https://www.aceitunaslosada.com/likewise078006363.html" "Mozilla/5.0 (Linux; Android 6.0.1; Nexus 5X Build/MMB29P) AppleWebKit/537.36 (KHTML, like Gecko) Chrome/139.0.7258.127 Mobile Safari/537.36 (compatible; Googlebot/2.1; +http://www.google.com/bot.html)"
216.73.216.31 - - [30/Sep/2025:06:48:55 +0000] "GET /item/u95/url%20%22optional%20title%22?path=%2Fvar%2Fwww%2Fvhosts%2Faceitunaslosada.com%2Fweb%2Fwp-content%2Fthemes%2Ftwentytwentyone%2Fassets%2Fimages HTTP/1.0" 200 7227 "-" "Mozilla/5.0 AppleWebKit/537.36 (KHTML, like Gecko; compatible; ClaudeBot/1.0; +claudebot@anthropic.com)"
216.73.216.31 - - [30/Sep/2025:06:48:55 +0000] "GET /item/u95/url%20%22optional%20title%22?fileloc=%2Fvar%2Fwww%2Fvhosts%2Faceitunaslosada.com%2Fweb%2Fcopia%2Fwp-content%2Fuploads%2F2020%2F06%2FIMG_5109-1024x768.jpeg&path=%2Fvar%2Fwww%2Fvhosts%2Faceitunaslosada.com%2Fweb%2Fcopia%2Fwp-content%2Fuploads%2F2020%2F06 HTTP/1.0" 200 6442 "-" "Mozilla/5.0 AppleWebKit/537.36 (KHTML, like Gecko; compatible; ClaudeBot/1.0; +claudebot@anthropic.com)"
20.171.207.76 - - [30/Sep/2025:06:48:55 +0000] "GET /2014527968?path=/var/www/vhosts HTTP/1.0" 200 6395 "-" "Mozilla/5.0 AppleWebKit/537.36 (KHTML, like Gecko; compatible; GPTBot/1.2; +https://openai.com/gptbot)"
66.249.79.128 - - [30/Sep/2025:06:48:56 +0000] "GET /49880999?items=0049818078 HTTP/1.0" 200 24218 "-" "Mozilla/5.0 (Linux; Android 6.0.1; Nexus 5X Build/MMB29P) AppleWebKit/537.36 (KHTML, like Gecko) Chrome/140.0.7339.207 Mobile Safari/537.36 (compatible; Googlebot/2.1; +http://www.google.com/bot.html)"
66.249.79.129 - - [30/Sep/2025:06:48:57 +0000] "GET /663388117?items=0662541662 HTTP/1.0" 200 24675 "-" "Mozilla/5.0 (Linux; Android 6.0.1; Nexus 5X Build/MMB29P) AppleWebKit/537.36 (KHTML, like Gecko) Chrome/140.0.7339.207 Mobile Safari/537.36 (compatible; Googlebot/2.1; +http://www.google.com/bot.html)"
114.119.156.110 - - [30/Sep/2025:06:48:58 +0000] "GET /419001281?items=0418466942 HTTP/1.0" 200 8506 "https://aceitunaslosada.com/sitemap-product-960.xml" "Mozilla/5.0 (Linux; Android 7.0;) AppleWebKit/537.36 (KHTML, like Gecko) Mobile Safari/537.36 (compatible; PetalBot;+https://webmaster.petalsearch.com/site/petalbot)"
20.171.207.168 - - [30/Sep/2025:06:48:58 +0000] "GET /1027055645?path=/var HTTP/1.0" 200 6372 "-" "Mozilla/5.0 AppleWebKit/537.36 (KHTML, like Gecko; compatible; GPTBot/1.2; +https://openai.com/gptbot)"
54.163.169.168 - - [30/Sep/2025:06:48:59 +0000] "GET /producto/aceituna-manzanilla-sin-hueso/?fileloc=/var/www/vhosts/aceitunaslosada.com/web/wp-content/plugins/w3-total-cache/vendor/aws/aws-sdk-php/src/data/cloudfront/2016-09-29/paginators-1.json.php&path=/var/www/vhosts/aceitunaslosada.com/web/wp-content/plugins/w3-total-cache/vendor/aws/aws-sdk-php/src/data/cloudfront/2016-09-29 HTTP/1.0" 200 6745 "-" "Mozilla/5.0 AppleWebKit/537.36 (KHTML, like Gecko; compatible; Amazonbot/0.1; +https://developer.amazon.com/support/amazonbot) Chrome/119.0.6045.214 Safari/537.36"
66.249.79.128 - - [30/Sep/2025:06:48:59 +0000] "GET /368726690?items=0368256558 HTTP/1.0" 200 24692 "-" "Mozilla/5.0 (Linux; Android 6.0.1; Nexus 5X Build/MMB29P) AppleWebKit/537.36 (KHTML, like Gecko) Chrome/140.0.7339.207 Mobile Safari/537.36 (compatible; Googlebot/2.1; +http://www.google.com/bot.html)"
20.171.207.76 - - [30/Sep/2025:06:49:00 +0000] "GET /2013971546?path=/var/www/vhosts HTTP/1.0" 200 6395 "-" "Mozilla/5.0 AppleWebKit/537.36 (KHTML, like Gecko; compatible; GPTBot/1.2; +https://openai.com/gptbot)"
44.193.115.232 - - [30/Sep/2025:06:49:01 +0000] "GET /2022/02/24/keep-growing-new-plantations/?path=/var/www/vhosts/aceitunaslosada.com/web/copia/wp-content/uploads/cache/wpml/twig/fa HTTP/1.0" 200 6882 "-" "Mozilla/5.0 AppleWebKit/537.36 (KHTML, like Gecko; compatible; Amazonbot/0.1; +https://developer.amazon.com/support/amazonbot) Chrome/119.0.6045.214 Safari/537.36"
66.249.79.136 - - [30/Sep/2025:06:49:02 +0000] "GET /368748911?items=0368278750 HTTP/1.0" 200 24608 "-" "Mozilla/5.0 (Linux; Android 6.0.1; Nexus 5X Build/MMB29P) AppleWebKit/537.36 (KHTML, like Gecko) Chrome/140.0.7339.207 Mobile Safari/537.36 (compatible; Googlebot/2.1; +http://www.google.com/bot.html)"
20.171.207.168 - - [30/Sep/2025:06:49:02 +0000] "GET /1369011298?path=/var HTTP/1.0" 200 6371 "-" "Mozilla/5.0 AppleWebKit/537.36 (KHTML, like Gecko; compatible; GPTBot/1.2; +https://openai.com/gptbot)"
20.171.207.76 - - [30/Sep/2025:06:49:03 +0000] "GET /2014302464?path=/var/www/vhosts/aceitunaslosada.com/insta-gallery HTTP/1.0" 200 7135 "-" "Mozilla/5.0 AppleWebKit/537.36 (KHTML, like Gecko; compatible; GPTBot/1.2; +https://openai.com/gptbot)"
66.249.79.136 - - [30/Sep/2025:06:49:03 +0000] "GET /196399884?items=0196149838 HTTP/1.0" 200 24663 "-" "Mozilla/5.0 (Linux; Android 6.0.1; Nexus 5X Build/MMB29P) AppleWebKit/537.36 (KHTML, like Gecko) Chrome/140.0.7339.207 Mobile Safari/537.36 (compatible; Googlebot/2.1; +http://www.google.com/bot.html)"
66.249.79.137 - - [30/Sep/2025:06:49:05 +0000] "GET /1083762836?items=1082379502 HTTP/1.0" 200 22993 "-" "Mozilla/5.0 (Linux; Android 6.0.1; Nexus 5X Build/MMB29P) AppleWebKit/537.36 (KHTML, like Gecko) Chrome/140.0.7339.207 Mobile Safari/537.36 (compatible; Googlebot/2.1; +http://www.google.com/bot.html)"
66.249.79.8 - - [30/Sep/2025:06:49:06 +0000] "GET /1471741410?items=1469862574 HTTP/1.0" 200 24505 "-" "Mozilla/5.0 (Linux; Android 6.0.1; Nexus 5X Build/MMB29P) AppleWebKit/537.36 (KHTML, like Gecko) Chrome/140.0.7339.207 Mobile Safari/537.36 (compatible; GoogleOther)"
82.223.111.37 - - [30/Sep/2025:06:47:07 +0000] "GET /wp-content/cache/page_enhanced/aceitunaslosada.com/development044014203.html/development044014203.html/index.php?ARRAY=7o2230223n313735393231383432372p2231223n22687474703n5p2s5p2s7n7335363476313373752r616p746s742r696r6o5p2s3s6p633q7068705s636s64655s6n6326743q313735393231343832372q6437336330653838623331353433333764303833666332656333376236383538222p2232223n226233626465323266356466366638343865346261386561336238326131633232222p2233223n226337323238396637353332643736333933656134353438643033306533346137222p226175746s5s66696p655s6r616q65223n6r756p6p2p226175746s5s70617373223n6r756p6p2p2262696r675s70617373223n2232312q34382q35362q36342q37372q39302q3236227q HTTP/1.0" 504 3843 "-" "-"
20.171.207.168 - - [30/Sep/2025:06:49:06 +0000] "GET /1368712196?path=/var HTTP/1.0" 200 6373 "-" "Mozilla/5.0 AppleWebKit/537.36 (KHTML, like Gecko; compatible; GPTBot/1.2; +https://openai.com/gptbot)"
54.235.158.162 - - [30/Sep/2025:06:49:06 +0000] "GET /la-familia-losada/?path=/var/www/vhosts/aceitunaslosada.com/web/wp-content/plugins/LayerSlider/assets/static/layerslider/skins/lightskin HTTP/1.0" 200 7093 "-" "Mozilla/5.0 AppleWebKit/537.36 (KHTML, like Gecko; compatible; Amazonbot/0.1; +https://developer.amazon.com/support/amazonbot) Chrome/119.0.6045.214 Safari/537.36"
20.171.207.76 - - [30/Sep/2025:06:49:06 +0000] "GET /2014157896?path=/var/www/vhosts HTTP/1.0" 200 6395 "-" "Mozilla/5.0 AppleWebKit/537.36 (KHTML, like Gecko; compatible; GPTBot/1.2; +https://openai.com/gptbot)"
66.249.79.2 - - [30/Sep/2025:06:49:07 +0000] "GET /14657246?items=0014639310 HTTP/1.0" 200 24680 "-" "Mozilla/5.0 (Linux; Android 6.0.1; Nexus 5X Build/MMB29P) AppleWebKit/537.36 (KHTML, like Gecko) Chrome/140.0.7339.207 Mobile Safari/537.36 (compatible; Googlebot/2.1; +http://www.google.com/bot.html)"
66.249.79.137 - - [30/Sep/2025:06:49:08 +0000] "GET /1083800932?items=1082417550 HTTP/1.0" 200 24692 "-" "Mozilla/5.0 (Linux; Android 6.0.1; Nexus 5X Build/MMB29P) AppleWebKit/537.36 (KHTML, like Gecko) Chrome/140.0.7339.207 Mobile Safari/537.36 (compatible; Googlebot/2.1; +http://www.google.com/bot.html)"
20.171.207.168 - - [30/Sep/2025:06:49:09 +0000] "GET /2180251765?path=/var HTTP/1.0" 200 6373 "-" "Mozilla/5.0 AppleWebKit/537.36 (KHTML, like Gecko; compatible; GPTBot/1.2; +https://openai.com/gptbot)"
54.37.118.71 - - [30/Sep/2025:06:49:09 +0000] "GET /aceituna-alorena-partida-natural-2/?fileloc=/var/www/vhosts/aceitunaslosada.com/web/readme.html&path=/var/www/vhosts/aceitunaslosada.com/web HTTP/1.0" 200 9368 "-" "Mozilla/5.0 (compatible; AhrefsBot/7.0; +http://ahrefs.com/robot/)"
20.171.207.76 - - [30/Sep/2025:06:49:10 +0000] "GET /2014204834?path=/var/www/vhosts/aceitunaslosada.com/.cache HTTP/1.0" 200 6705 "-" "Mozilla/5.0 AppleWebKit/537.36 (KHTML, like Gecko; compatible; GPTBot/1.2; +https://openai.com/gptbot)"
66.249.79.136 - - [30/Sep/2025:06:49:10 +0000] "GET /1129977058?items=1128534702 HTTP/1.0" 200 23245 "-" "Mozilla/5.0 (Linux; Android 6.0.1; Nexus 5X Build/MMB29P) AppleWebKit/537.36 (KHTML, like Gecko) Chrome/140.0.7339.207 Mobile Safari/537.36 (compatible; Googlebot/2.1; +http://www.google.com/bot.html)"
66.249.79.137 - - [30/Sep/2025:06:49:10 +0000] "GET /1141473596?items=1140016558 HTTP/1.0" 200 23018 "-" "Mozilla/5.0 (Linux; Android 6.0.1; Nexus 5X Build/MMB29P) AppleWebKit/537.36 (KHTML, like Gecko) Chrome/140.0.7339.207 Mobile Safari/537.36 (compatible; GoogleOther)"
20.171.207.168 - - [30/Sep/2025:06:49:10 +0000] "GET /1351697056?path=/var HTTP/1.0" 200 6372 "-" "Mozilla/5.0 AppleWebKit/537.36 (KHTML, like Gecko; compatible; GPTBot/1.2; +https://openai.com/gptbot)"
66.249.79.137 - - [30/Sep/2025:06:49:11 +0000] "GET /368722285?items=0368252158 HTTP/1.0" 200 23961 "-" "Mozilla/5.0 (Linux; Android 6.0.1; Nexus 5X Build/MMB29P) AppleWebKit/537.36 (KHTML, like Gecko) Chrome/140.0.7339.207 Mobile Safari/537.36 (compatible; Googlebot/2.1; +http://www.google.com/bot.html)"
34.193.2.57 - - [30/Sep/2025:06:49:11 +0000] "GET /producto/gordal-sin-hueso-piripiri/?fileloc=/var/www/vhosts/aceitunaslosada.com/web/copia/wp-content/plugins/w3-total-cache/lib/Aws/Aws/data/cloudfront/2016-08-20/api-2.json.php&path=/var/www/vhosts/aceitunaslosada.com/web/copia/wp-content/plugins/w3-total-cache/lib/Aws/Aws/data/cloudfront/2016-08-20 HTTP/1.0" 200 11938 "-" "Mozilla/5.0 AppleWebKit/537.36 (KHTML, like Gecko; compatible; Amazonbot/0.1; +https://developer.amazon.com/support/amazonbot) Chrome/119.0.6045.214 Safari/537.36"
20.171.207.76 - - [30/Sep/2025:06:49:12 +0000] "GET /2013957687?path=/var/www/vhosts HTTP/1.0" 200 6395 "-" "Mozilla/5.0 AppleWebKit/537.36 (KHTML, like Gecko; compatible; GPTBot/1.2; +https://openai.com/gptbot)"
66.249.79.137 - - [30/Sep/2025:06:49:12 +0000] "GET /product/edit/A4151115932 HTTP/1.0" 200 25024 "-" "Mozilla/5.0 (Linux; Android 6.0.1; Nexus 5X Build/MMB29P) AppleWebKit/537.36 (KHTML, like Gecko) Chrome/140.0.7339.207 Mobile Safari/537.36 (compatible; Googlebot/2.1; +http://www.google.com/bot.html)"
20.171.207.168 - - [30/Sep/2025:06:49:12 +0000] "GET /2198376127?path=/var HTTP/1.0" 200 6373 "-" "Mozilla/5.0 AppleWebKit/537.36 (KHTML, like Gecko; compatible; GPTBot/1.2; +https://openai.com/gptbot)"
66.249.79.137 - - [30/Sep/2025:06:49:12 +0000] "GET /2257779705?items=2254896990 HTTP/1.0" 200 24262 "-" "Mozilla/5.0 (Linux; Android 6.0.1; Nexus 5X Build/MMB29P) AppleWebKit/537.36 (KHTML, like Gecko) Chrome/140.0.7339.207 Mobile Safari/537.36 (compatible; Googlebot/2.1; +http://www.google.com/bot.html)"
98.82.66.172 - - [30/Sep/2025:06:49:13 +0000] "GET /producto/aceituna-cornicabra-natural-sin-hueso-2/?path=/var/www/vhosts/aceitunaslosada.com/web/wp-content/plugins/w3-total-cache/lib/Azure/GuzzleHttp/Handler HTTP/1.0" 200 7167 "-" "Mozilla/5.0 AppleWebKit/537.36 (KHTML, like Gecko; compatible; Amazonbot/0.1; +https://developer.amazon.com/support/amazonbot) Chrome/119.0.6045.214 Safari/537.36"
20.171.207.168 - - [30/Sep/2025:06:49:14 +0000] "GET /2198237295?path=/var HTTP/1.0" 200 6373 "-" "Mozilla/5.0 AppleWebKit/537.36 (KHTML, like Gecko; compatible; GPTBot/1.2; +https://openai.com/gptbot)"
66.249.79.136 - - [30/Sep/2025:06:49:14 +0000] "GET /benefit009024168.html HTTP/1.0" 200 25094 "-" "Mozilla/5.0 (Linux; Android 6.0.1; Nexus 5X Build/MMB29P) AppleWebKit/537.36 (KHTML, like Gecko) Chrome/140.0.7339.207 Mobile Safari/537.36 (compatible; Googlebot/2.1; +http://www.google.com/bot.html)"
20.171.207.76 - - [30/Sep/2025:06:49:14 +0000] "GET /2014524314?fileloc=/var/www/vhosts/aceitunaslosada.com/systemtest%20(1).php&path=/var/www/vhosts/aceitunaslosada.com HTTP/1.0" 200 32237 "-" "Mozilla/5.0 AppleWebKit/537.36 (KHTML, like Gecko; compatible; GPTBot/1.2; +https://openai.com/gptbot)"
66.249.79.8 - - [30/Sep/2025:06:49:14 +0000] "GET /invitation156018325.html HTTP/1.0" 200 25046 "-" "Mozilla/5.0 (Linux; Android 6.0.1; Nexus 5X Build/MMB29P) AppleWebKit/537.36 (KHTML, like Gecko) Chrome/140.0.7339.207 Mobile Safari/537.36 (compatible; GoogleOther)"
66.249.79.136 - - [30/Sep/2025:06:49:14 +0000] "GET /product/edit/A3616554725 HTTP/1.0" 200 26156 "-" "Mozilla/5.0 (Linux; Android 6.0.1; Nexus 5X Build/MMB29P) AppleWebKit/537.36 (KHTML, like Gecko) Chrome/140.0.7339.207 Mobile Safari/537.36 (compatible; Googlebot/2.1; +http://www.google.com/bot.html)"
66.249.79.136 - - [30/Sep/2025:06:49:15 +0000] "POST /get-message-notify HTTP/1.0" 200 22750 "https://www.aceitunaslosada.com/1141473596?items=1140016558" "Mozilla/5.0 (Linux; Android 6.0.1; Nexus 5X Build/MMB29P) AppleWebKit/537.36 (KHTML, like Gecko) Chrome/139.0.7258.127 Mobile Safari/537.36 (compatible; Googlebot/2.1; +http://www.google.com/bot.html)"
66.249.79.136 - - [30/Sep/2025:06:49:15 +0000] "GET /?43835472?items=0043780270 HTTP/1.0" 200 23024 "-" "Mozilla/5.0 (Linux; Android 6.0.1; Nexus 5X Build/MMB29P) AppleWebKit/537.36 (KHTML, like Gecko) Chrome/140.0.7339.207 Mobile Safari/537.36 (compatible; Googlebot/2.1; +http://www.google.com/bot.html)"
66.249.79.136 - - [30/Sep/2025:06:49:16 +0000] "GET /2257791721?items=2254908990 HTTP/1.0" 200 24629 "-" "Mozilla/5.0 (Linux; Android 6.0.1; Nexus 5X Build/MMB29P) AppleWebKit/537.36 (KHTML, like Gecko) Chrome/140.0.7339.207 Mobile Safari/537.36 (compatible; Googlebot/2.1; +http://www.google.com/bot.html)"
20.171.207.168 - - [30/Sep/2025:06:49:16 +0000] "GET /1389212714?path=/var HTTP/1.0" 200 6373 "-" "Mozilla/5.0 AppleWebKit/537.36 (KHTML, like Gecko; compatible; GPTBot/1.2; +https://openai.com/gptbot)"
66.249.79.136 - - [30/Sep/2025:06:49:17 +0000] "GET /2257820975?items=2254938206 HTTP/1.0" 200 24367 "-" "Mozilla/5.0 (Linux; Android 6.0.1; Nexus 5X Build/MMB29P) AppleWebKit/537.36 (KHTML, like Gecko) Chrome/140.0.7339.207 Mobile Safari/537.36 (compatible; Googlebot/2.1; +http://www.google.com/bot.html)"
20.171.207.76 - - [30/Sep/2025:06:49:16 +0000] "GET /2013965778?path=/var/www/vhosts HTTP/1.0" 200 6395 "-" "Mozilla/5.0 AppleWebKit/537.36 (KHTML, like Gecko; compatible; GPTBot/1.2; +https://openai.com/gptbot)"
44.212.232.231 - - [30/Sep/2025:06:49:17 +0000] "GET /producto/gordal-sin-hueso-estilo-picante/?fileloc=/var/www/vhosts/aceitunaslosada.com/web/wp-content/plugins/w3-total-cache/vendor/aws/aws-sdk-php/src/data/cloudfront/2018-06-18/api-2.json.php&path=/var/www/vhosts/aceitunaslosada.com/web/wp-content/plugins/w3-total-cache/vendor/aws/aws-sdk-php/src/data/cloudfront/2018-06-18 HTTP/1.0" 200 14439 "-" "Mozilla/5.0 AppleWebKit/537.36 (KHTML, like Gecko; compatible; Amazonbot/0.1; +https://developer.amazon.com/support/amazonbot) Chrome/119.0.6045.214 Safari/537.36"
20.171.207.168 - - [30/Sep/2025:06:49:19 +0000] "GET /1859840586?path=/var HTTP/1.0" 200 6371 "-" "Mozilla/5.0 AppleWebKit/537.36 (KHTML, like Gecko; compatible; GPTBot/1.2; +https://openai.com/gptbot)"
20.171.207.76 - - [30/Sep/2025:06:49:19 +0000] "GET /2013974686?path=/var/www/vhosts HTTP/1.0" 200 6394 "-" "Mozilla/5.0 AppleWebKit/537.36 (KHTML, like Gecko; compatible; GPTBot/1.2; +https://openai.com/gptbot)"
66.249.79.136 - - [30/Sep/2025:06:49:20 +0000] "GET /114114410?items=0113969454 HTTP/1.0" 200 22902 "-" "Mozilla/5.0 (Linux; Android 6.0.1; Nexus 5X Build/MMB29P) AppleWebKit/537.36 (KHTML, like Gecko) Chrome/140.0.7339.207 Mobile Safari/537.36 (compatible; Googlebot/2.1; +http://www.google.com/bot.html)"
54.159.18.27 - - [30/Sep/2025:06:49:21 +0000] "GET /producto/aceituna-gordal-rellena-de-ajo/?path=/var/www/vhosts/aceitunaslosada.com/web/wp-content/plugins/w3-total-cache/vendor/aws/aws-sdk-php/src/IdentityStore HTTP/1.0" 200 6932 "-" "Mozilla/5.0 AppleWebKit/537.36 (KHTML, like Gecko; compatible; Amazonbot/0.1; +https://developer.amazon.com/support/amazonbot) Chrome/119.0.6045.214 Safari/537.36"
173.208.176.202 - - [30/Sep/2025:06:47:54 +0000] "GET /wp-content/plb692e7/index.php?id=222090 HTTP/1.0" 200 3528 "-" "GuzzleHttp/7"
66.249.79.137 - - [30/Sep/2025:06:49:21 +0000] "GET /113456435?items=0113312318 HTTP/1.0" 200 24061 "-" "Mozilla/5.0 (Linux; Android 6.0.1; Nexus 5X Build/MMB29P) AppleWebKit/537.36 (KHTML, like Gecko) Chrome/140.0.7339.207 Mobile Safari/537.36 (compatible; Googlebot/2.1; +http://www.google.com/bot.html)"
20.171.207.168 - - [30/Sep/2025:06:49:21 +0000] "GET /1904371346?path=/var HTTP/1.0" 200 6372 "-" "Mozilla/5.0 AppleWebKit/537.36 (KHTML, like Gecko; compatible; GPTBot/1.2; +https://openai.com/gptbot)"
20.171.207.76 - - [30/Sep/2025:06:49:23 +0000] "GET /2013978545?path=/var/www/vhosts HTTP/1.0" 200 6395 "-" "Mozilla/5.0 AppleWebKit/537.36 (KHTML, like Gecko; compatible; GPTBot/1.2; +https://openai.com/gptbot)"
20.171.207.168 - - [30/Sep/2025:06:49:23 +0000] "GET /2040845915?path=/var HTTP/1.0" 200 6373 "-" "Mozilla/5.0 AppleWebKit/537.36 (KHTML, like Gecko; compatible; GPTBot/1.2; +https://openai.com/gptbot)"
66.249.79.136 - - [30/Sep/2025:06:49:24 +0000] "GET /113485655?items=0113341502 HTTP/1.0" 200 24758 "-" "Mozilla/5.0 (Linux; Android 6.0.1; Nexus 5X Build/MMB29P) AppleWebKit/537.36 (KHTML, like Gecko) Chrome/140.0.7339.207 Mobile Safari/537.36 (compatible; Googlebot/2.1; +http://www.google.com/bot.html)"
20.171.207.76 - - [30/Sep/2025:06:49:25 +0000] "GET /2013987453?path=/var/www/vhosts HTTP/1.0" 200 6396 "-" "Mozilla/5.0 AppleWebKit/537.36 (KHTML, like Gecko; compatible; GPTBot/1.2; +https://openai.com/gptbot)"
20.171.207.168 - - [30/Sep/2025:06:49:25 +0000] "GET /1014389837?path=/var HTTP/1.0" 200 6373 "-" "Mozilla/5.0 AppleWebKit/537.36 (KHTML, like Gecko; compatible; GPTBot/1.2; +https://openai.com/gptbot)"
20.171.207.76 - - [30/Sep/2025:06:49:26 +0000] "GET /2013945671?path=/var/www/vhosts HTTP/1.0" 200 6395 "-" "Mozilla/5.0 AppleWebKit/537.36 (KHTML, like Gecko; compatible; GPTBot/1.2; +https://openai.com/gptbot)"
54.147.238.89 - - [30/Sep/2025:06:49:26 +0000] "GET /producto/aceituna-cornicabra-natural-2/?path=/var/www/vhosts/aceitunaslosada.com/web/wp-content/plugins/google-site-kit/third-party/google/apiclient-services/src/PeopleService HTTP/1.0" 200 9731 "-" "Mozilla/5.0 AppleWebKit/537.36 (KHTML, like Gecko; compatible; Amazonbot/0.1; +https://developer.amazon.com/support/amazonbot) Chrome/119.0.6045.214 Safari/537.36"
20.171.207.76 - - [30/Sep/2025:06:49:27 +0000] "GET /2014587739?path=/var/www/vhosts HTTP/1.0" 200 6396 "-" "Mozilla/5.0 AppleWebKit/537.36 (KHTML, like Gecko; compatible; GPTBot/1.2; +https://openai.com/gptbot)"
20.171.207.168 - - [30/Sep/2025:06:49:27 +0000] "GET /2180670138?path=/var HTTP/1.0" 200 6372 "-" "Mozilla/5.0 AppleWebKit/537.36 (KHTML, like Gecko; compatible; GPTBot/1.2; +https://openai.com/gptbot)"
