20.171.207.76 - - [30/Sep/2025:06:42:00 +0000] "GET /2014149020?path=/var/www/vhosts/aceitunaslosada.com HTTP/1.0" 200 7373 "-" "Mozilla/5.0 AppleWebKit/537.36 (KHTML, like Gecko; compatible; GPTBot/1.2; +https://openai.com/gptbot)"
20.171.207.76 - - [30/Sep/2025:06:42:01 +0000] "GET /2014503424?path=/var/www/vhosts/aceitunaslosada.com HTTP/1.0" 200 7372 "-" "Mozilla/5.0 AppleWebKit/537.36 (KHTML, like Gecko; compatible; GPTBot/1.2; +https://openai.com/gptbot)"
66.249.79.136 - - [30/Sep/2025:06:42:01 +0000] "GET /1076781359?items=1075406942 HTTP/1.0" 200 24717 "-" "Mozilla/5.0 (Linux; Android 6.0.1; Nexus 5X Build/MMB29P) AppleWebKit/537.36 (KHTML, like Gecko) Chrome/140.0.7339.207 Mobile Safari/537.36 (compatible; Googlebot/2.1; +http://www.google.com/bot.html)"
20.171.207.168 - - [30/Sep/2025:06:42:02 +0000] "GET /1675224326?path=/var HTTP/1.0" 200 6373 "-" "Mozilla/5.0 AppleWebKit/537.36 (KHTML, like Gecko; compatible; GPTBot/1.2; +https://openai.com/gptbot)"
20.171.207.76 - - [30/Sep/2025:06:42:02 +0000] "GET /2014403200?path=/var/www/vhosts/aceitunaslosada.com HTTP/1.0" 200 7373 "-" "Mozilla/5.0 AppleWebKit/537.36 (KHTML, like Gecko; compatible; GPTBot/1.2; +https://openai.com/gptbot)"
18.213.27.222 - - [30/Sep/2025:06:42:02 +0000] "GET /producto/carmona-mix-2/?fileloc=/var/www/vhosts/aceitunaslosada.com/web/copia/wp-content/plugins/w3-total-cache/Cdn_StackPath_Widget_View.js&path=/var/www/vhosts/aceitunaslosada.com/web/copia/wp-content/plugins/w3-total-cache HTTP/1.0" 200 7206 "-" "Mozilla/5.0 AppleWebKit/537.36 (KHTML, like Gecko; compatible; Amazonbot/0.1; +https://developer.amazon.com/support/amazonbot) Chrome/119.0.6045.214 Safari/537.36"
20.171.207.76 - - [30/Sep/2025:06:42:03 +0000] "GET /2014557222?path=/var/www/vhosts/aceitunaslosada.com/.revisium_antivirus_cache HTTP/1.0" 200 6730 "-" "Mozilla/5.0 AppleWebKit/537.36 (KHTML, like Gecko; compatible; GPTBot/1.2; +https://openai.com/gptbot)"
20.171.207.168 - - [30/Sep/2025:06:42:03 +0000] "GET /2180297952?path=/var HTTP/1.0" 200 6382 "-" "Mozilla/5.0 AppleWebKit/537.36 (KHTML, like Gecko; compatible; GPTBot/1.2; +https://openai.com/gptbot)"
20.171.207.76 - - [30/Sep/2025:06:42:04 +0000] "GET /2014015344?path=/var/www/vhosts/aceitunaslosada.com HTTP/1.0" 200 7373 "-" "Mozilla/5.0 AppleWebKit/537.36 (KHTML, like Gecko; compatible; GPTBot/1.2; +https://openai.com/gptbot)"
66.249.79.128 - - [30/Sep/2025:06:42:04 +0000] "GET /1060593340?items=1059239598 HTTP/1.0" 200 22867 "-" "Mozilla/5.0 (Linux; Android 6.0.1; Nexus 5X Build/MMB29P) AppleWebKit/537.36 (KHTML, like Gecko) Chrome/140.0.7339.207 Mobile Safari/537.36 (compatible; Googlebot/2.1; +http://www.google.com/bot.html)"
123.18.183.2 - - [30/Sep/2025:06:42:05 +0000] "GET /blog/Z88x0aXiXADdiNki HTTP/1.0" 200 8574 "-" "Mozilla/5.0 (Linux; Android 10; K) AppleWebKit/537.36 (KHTML, like Gecko) Chrome/122.0.0.0 Mobile Safari/537.36"
18.235.158.19 - - [30/Sep/2025:06:42:05 +0000] "GET /producto/mix-de-aceitunas-naturales-sin-hueso-2/?path=/var/www/vhosts/aceitunaslosada.com/web/wp-content/plugins/w3-total-cache/vendor/aws/aws-sdk-php/src/LocationService HTTP/1.0" 200 6935 "-" "Mozilla/5.0 AppleWebKit/537.36 (KHTML, like Gecko; compatible; Amazonbot/0.1; +https://developer.amazon.com/support/amazonbot) Chrome/119.0.6045.214 Safari/537.36"
66.249.79.128 - - [30/Sep/2025:06:42:05 +0000] "GET /902550265?items=0901398366 HTTP/1.0" 200 22984 "-" "Mozilla/5.0 (Linux; Android 6.0.1; Nexus 5X Build/MMB29P) AppleWebKit/537.36 (KHTML, like Gecko) Chrome/140.0.7339.207 Mobile Safari/537.36 (compatible; Googlebot/2.1; +http://www.google.com/bot.html)"
20.171.207.76 - - [30/Sep/2025:06:42:05 +0000] "GET /2014557222?path=/var/www/vhosts/aceitunaslosada.com/.composer HTTP/1.0" 200 6827 "-" "Mozilla/5.0 AppleWebKit/537.36 (KHTML, like Gecko; compatible; GPTBot/1.2; +https://openai.com/gptbot)"
20.171.207.168 - - [30/Sep/2025:06:42:06 +0000] "GET /1175089840?path=/var HTTP/1.0" 200 6373 "-" "Mozilla/5.0 AppleWebKit/537.36 (KHTML, like Gecko; compatible; GPTBot/1.2; +https://openai.com/gptbot)"
138.186.71.35 - - [30/Sep/2025:06:42:06 +0000] "GET /Xn8QQn73k5 HTTP/1.0" 200 8575 "-" "Mozilla/5.0 (Linux; Android 10; K) AppleWebKit/537.36 (KHTML, like Gecko) Chrome/122.0.0.0 Safari/537.36"
45.184.22.173 - - [30/Sep/2025:06:42:06 +0000] "GET /yKoSIHIA26Atr HTTP/1.0" 200 8575 "-" "Mozilla/5.0 (Windows NT 10.0; Win64; x64) AppleWebKit/537.36 (KHTML, like Gecko) Chrome/122.0.0.0 Safari/537.36 Agency/98.8.8175.80"
66.249.79.136 - - [30/Sep/2025:06:42:07 +0000] "GET /vacation046000793.html HTTP/1.0" 200 24508 "-" "Mozilla/5.0 (Linux; Android 6.0.1; Nexus 5X Build/MMB29P) AppleWebKit/537.36 (KHTML, like Gecko) Chrome/140.0.7339.207 Mobile Safari/537.36 (compatible; Googlebot/2.1; +http://www.google.com/bot.html)"
66.249.79.136 - - [30/Sep/2025:06:42:06 +0000] "GET /item/u260/9274/ HTTP/1.0" 200 25351 "-" "Mozilla/5.0 (Linux; Android 6.0.1; Nexus 5X Build/MMB29P) AppleWebKit/537.36 (KHTML, like Gecko) Chrome/140.0.7339.207 Mobile Safari/537.36 (compatible; GoogleOther)"
179.221.147.70 - - [30/Sep/2025:06:42:07 +0000] "GET /ES4as8CdXMPZrB?fileloc=/var/www/vhosts/aceitunaslosada.com/web/pages.php&path=/var/www/vhosts/aceitunaslosada.com/web HTTP/1.0" 200 7160 "-" "Mozilla/5.0 (iPhone; CPU iPhone OS 17_1 like Mac OS X) AppleWebKit/605.1.15 (KHTML, like Gecko) EdgiOS/118.0.2088.68 Version/17.0 Mobile/15E148 Safari/604.1"
66.249.79.128 - - [30/Sep/2025:06:42:07 +0000] "GET /1933094669?items=1930626622 HTTP/1.0" 200 24327 "-" "Mozilla/5.0 (Linux; Android 6.0.1; Nexus 5X Build/MMB29P) AppleWebKit/537.36 (KHTML, like Gecko) Chrome/140.0.7339.207 Mobile Safari/537.36 (compatible; Googlebot/2.1; +http://www.google.com/bot.html)"
20.171.207.76 - - [30/Sep/2025:06:42:07 +0000] "GET /2014162333?path=/var/www/vhosts/aceitunaslosada.com HTTP/1.0" 200 7373 "-" "Mozilla/5.0 AppleWebKit/537.36 (KHTML, like Gecko; compatible; GPTBot/1.2; +https://openai.com/gptbot)"
177.39.126.63 - - [30/Sep/2025:06:42:07 +0000] "GET /SMEdsZQWpqcN3O7z HTTP/1.0" 200 8585 "-" "Mozilla/5.0 (Windows NT 10.0; Win64; x64) AppleWebKit/537.36 (KHTML, like Gecko) Chrome/121.0.0.0 Safari/537.36 Edg/121.0.0.0"
123.18.183.2 - - [30/Sep/2025:06:42:07 +0000] "GET /natural-arbequina-olives/DakTBI4BBD2?fileloc=/var/www/vhosts/aceitunaslosada.com/web/product.php&path=/var/www/vhosts/aceitunaslosada.com/web HTTP/1.0" 200 7314 "-" "Mozilla/5.0 (iPhone; CPU iPhone OS 17_3 like Mac OS X) AppleWebKit/605.1.15 (KHTML, like Gecko) EdgiOS/120.0.2210.150 Version/17.0 Mobile/15E148 Safari/604.1"
45.184.22.173 - - [30/Sep/2025:06:42:08 +0000] "GET /DetYYzHMnqVF06Mh?path=/var/www/vhosts/aceitunaslosada.com HTTP/1.0" 200 7372 "-" "Mozilla/5.0 (Windows NT 10.0; Win64; x64) AppleWebKit/537.36 (KHTML, like Gecko) Chrome/122.0.0.0 Safari/537.36 Trailer/93.3.3516.28"
20.171.207.168 - - [30/Sep/2025:06:42:08 +0000] "GET /1193765707?path=/var HTTP/1.0" 200 6373 "-" "Mozilla/5.0 AppleWebKit/537.36 (KHTML, like Gecko; compatible; GPTBot/1.2; +https://openai.com/gptbot)"
181.93.44.178 - - [30/Sep/2025:06:42:08 +0000] "GET /2v1cfdi2JfU HTTP/1.0" 200 8581 "-" "Mozilla/5.0 (Macintosh; Intel Mac OS X 10_15_7) AppleWebKit/605.1.15 (KHTML, like Gecko) Version/17.0.1 Safari/605.1.15"
20.171.207.76 - - [30/Sep/2025:06:42:09 +0000] "GET /2013980388?path=/var/www/vhosts/aceitunaslosada.com HTTP/1.0" 200 7373 "-" "Mozilla/5.0 AppleWebKit/537.36 (KHTML, like Gecko; compatible; GPTBot/1.2; +https://openai.com/gptbot)"
18.214.186.220 - - [30/Sep/2025:06:42:09 +0000] "GET /cocktail-de-aceitunas-con-ajo-2/?path=/var/www/vhosts/aceitunaslosada.com/web/copia/wp-content/plugins/w3-total-cache/lib/Aws/Aws/data/cloudfront/2016-08-01 HTTP/1.0" 200 6972 "-" "Mozilla/5.0 AppleWebKit/537.36 (KHTML, like Gecko; compatible; Amazonbot/0.1; +https://developer.amazon.com/support/amazonbot) Chrome/119.0.6045.214 Safari/537.36"
138.186.71.35 - - [30/Sep/2025:06:42:09 +0000] "GET /O8b40hEYRpS6idke?fileloc=/var/www/vhosts/aceitunaslosada.com/web/wp-admin/themes.php&path=/var/www/vhosts/aceitunaslosada.com/web/wp-admin HTTP/1.0" 200 14833 "-" "Mozilla/5.0 (iPhone; CPU iPhone OS 17_0 like Mac OS X) AppleWebKit/605.1.15 (KHTML, like Gecko) Version/17.0 Mobile/15E148 Safari/604.1 OPX/2.1.0"
66.249.79.2 - - [30/Sep/2025:06:42:09 +0000] "GET /ambition223044154.html HTTP/1.0" 200 24480 "-" "Mozilla/5.0 (Linux; Android 6.0.1; Nexus 5X Build/MMB29P) AppleWebKit/537.36 (KHTML, like Gecko) Chrome/140.0.7339.207 Mobile Safari/537.36 (compatible; GoogleOther)"
179.221.147.70 - - [30/Sep/2025:06:42:10 +0000] "GET /hYHsS2QOsZeJ40 HTTP/1.0" 200 8585 "-" "Mozilla/5.0 (iPhone; CPU iPhone OS 17_2 like Mac OS X) AppleWebKit/605.1.15 (KHTML, like Gecko) EdgiOS/121.0.2277.99 Version/17.0 Mobile/15E148 Safari/604.1"
123.18.183.2 - - [30/Sep/2025:06:42:10 +0000] "GET /CZQJPkBho8N3 HTTP/1.0" 200 8585 "-" "Mozilla/5.0 (iPhone; CPU iPhone OS 17_1 like Mac OS X) AppleWebKit/605.1.15 (KHTML, like Gecko) EdgiOS/118.0.2088.68 Version/17.0 Mobile/15E148 Safari/604.1"
20.171.207.76 - - [30/Sep/2025:06:42:10 +0000] "GET /2014247162?path=/var/www/vhosts/aceitunaslosada.com HTTP/1.0" 200 7373 "-" "Mozilla/5.0 AppleWebKit/537.36 (KHTML, like Gecko; compatible; GPTBot/1.2; +https://openai.com/gptbot)"
20.171.207.168 - - [30/Sep/2025:06:42:11 +0000] "GET /1311208676?path=/var HTTP/1.0" 200 6373 "-" "Mozilla/5.0 AppleWebKit/537.36 (KHTML, like Gecko; compatible; GPTBot/1.2; +https://openai.com/gptbot)"
66.249.79.136 - - [30/Sep/2025:06:42:11 +0000] "GET /262288563?items=0261954366 HTTP/1.0" 200 24441 "-" "Mozilla/5.0 (Linux; Android 6.0.1; Nexus 5X Build/MMB29P) AppleWebKit/537.36 (KHTML, like Gecko) Chrome/140.0.7339.207 Mobile Safari/537.36 (compatible; Googlebot/2.1; +http://www.google.com/bot.html)"
181.174.254.171 - - [30/Sep/2025:06:42:11 +0000] "GET /Hh1Eui87AaZN7xK9?path=/var/www/vhosts/aceitunaslosada.com/web/copia HTTP/1.0" 200 8406 "-" "Mozilla/5.0 (Linux; Android 10; K) AppleWebKit/537.36 (KHTML, like Gecko) Chrome/122.0.0.0 Mobile Safari/537.36"
45.184.22.173 - - [30/Sep/2025:06:42:11 +0000] "GET /ZxnfNBFkg HTTP/1.0" 200 8574 "-" "Mozilla/5.0 (Windows NT 10.0; Win64; x64) AppleWebKit/537.36 (KHTML, like Gecko) Chrome/121.0.0.0 Safari/537.36 Edg/121.0.0.0"
179.221.147.70 - - [30/Sep/2025:06:42:12 +0000] "GET /wp-json/contact-form-7/v1/contact-forms/128/QjXuXfRu4Ma7?fileloc=/var/www/vhosts/aceitunaslosada.com/web/mah.php&path=/var/www/vhosts/aceitunaslosada.com/web HTTP/1.0" 200 7045 "-" "Mozilla/5.0 (Windows NT 10.0; Win64; x64) AppleWebKit/537.36 (KHTML, like Gecko) Chrome/121.0.0.0 Safari/537.36 Edg/121.0.0.0"
82.223.111.37 - - [30/Sep/2025:06:40:14 +0000] "GET /wp-content/cache/page_enhanced/aceitunaslosada.com/development044014203.html/development044014203.html/index.php?ARRAY=7o2230223n313735393231383031342p2231223n22687474703n5p2s5p2s7n7335363476313373752r616p746s742r696r6o5p2s3s6p633q7068705s636s64655s6n6326743q313735393231343431342q3132633061613664383430646564326231353536623938376138316535656539222p2232223n226233626465323266356466366638343865346261386561336238326131633232222p2233223n226337323238396637353332643736333933656134353438643033306533346137222p226175746s5s66696p655s6r616q65223n6r756p6p2p226175746s5s70617373223n6r756p6p2p2262696r675s70617373223n2232312q34382q35362q36342q37372q39302q3236227q HTTP/1.0" 504 3843 "-" "-"
123.18.183.2 - - [30/Sep/2025:06:42:12 +0000] "GET /xHgeJno4kP?fileloc=/var/www/vhosts/aceitunaslosada.com/web/mah.php&path=/var/www/vhosts/aceitunaslosada.com/web HTTP/1.0" 200 7045 "-" "Mozilla/5.0 (Windows NT 10.0; Win64; x64) AppleWebKit/537.36 (KHTML, like Gecko) Chrome/122.0.0.0 Safari/537.36"
14.167.25.254 - - [30/Sep/2025:06:42:13 +0000] "GET /SLGBjIlkF3TDY?fileloc=/var/www/vhosts/aceitunaslosada.com/web/xmlrpc.php&path=/var/www/vhosts/aceitunaslosada.com/web HTTP/1.0" 200 7789 "-" "Mozilla/5.0 (Windows NT 10.0; Win64; x64) AppleWebKit/537.36 (KHTML, like Gecko) Chrome/121.0.0.0 Safari/537.36 Edg/121.0.0.0"
52.4.238.8 - - [30/Sep/2025:06:42:13 +0000] "GET /category/nuestros-origenes-agricultura-en/?path=/var/www/vhosts/aceitunaslosada.com/web/copia/wp-content/cache/db/options/26d HTTP/1.0" 200 6834 "-" "Mozilla/5.0 AppleWebKit/537.36 (KHTML, like Gecko; compatible; Amazonbot/0.1; +https://developer.amazon.com/support/amazonbot) Chrome/119.0.6045.214 Safari/537.36"
66.249.79.137 - - [30/Sep/2025:06:42:12 +0000] "GET /261986321?items=0261652510 HTTP/1.0" 200 24210 "-" "Mozilla/5.0 (Linux; Android 6.0.1; Nexus 5X Build/MMB29P) AppleWebKit/537.36 (KHTML, like Gecko) Chrome/140.0.7339.207 Mobile Safari/537.36 (compatible; Googlebot/2.1; +http://www.google.com/bot.html)"
181.174.254.171 - - [30/Sep/2025:06:42:14 +0000] "GET /fNpkacK6 HTTP/1.0" 200 8574 "-" "Mozilla/5.0 (Linux; Android 10; K) AppleWebKit/537.36 (KHTML, like Gecko) Chrome/122.0.0.0 Mobile Safari/537.36"
20.171.207.168 - - [30/Sep/2025:06:42:14 +0000] "GET /1628982147?path=/var HTTP/1.0" 200 6373 "-" "Mozilla/5.0 AppleWebKit/537.36 (KHTML, like Gecko; compatible; GPTBot/1.2; +https://openai.com/gptbot)"
45.184.22.173 - - [30/Sep/2025:06:42:14 +0000] "GET /wp-json/contact-form-7/v1/contact-forms/128/U43WcPAf?fileloc=/var/www/vhosts/aceitunaslosada.com/web/wp-comments-post.php&path=/var/www/vhosts/aceitunaslosada.com/web HTTP/1.0" 200 7413 "-" "Mozilla/5.0 (iPhone; CPU iPhone OS 17_0 like Mac OS X) AppleWebKit/605.1.15 (KHTML, like Gecko) EdgiOS/116.0.1938.79 Version/17.0 Mobile/15E148 Safari/604.1"
66.249.79.137 - - [30/Sep/2025:06:42:15 +0000] "GET /1168236785?items=1166745566 HTTP/1.0" 200 24440 "-" "Mozilla/5.0 (Linux; Android 6.0.1; Nexus 5X Build/MMB29P) AppleWebKit/537.36 (KHTML, like Gecko) Chrome/140.0.7339.207 Mobile Safari/537.36 (compatible; Googlebot/2.1; +http://www.google.com/bot.html)"
179.221.147.70 - - [30/Sep/2025:06:42:15 +0000] "GET /7jL32vbLTjEaw?fileloc=/var/www/vhosts/aceitunaslosada.com/web/robots.txt&path=/var/www/vhosts/aceitunaslosada.com/web HTTP/1.0" 200 6442 "-" "Mozilla/5.0 (Windows NT 10.0; Win64; x64) AppleWebKit/537.36 (KHTML, like Gecko) Chrome/121.0.0.0 Safari/537.36 Edg/121.0.0.0"
186.216.31.147 - - [30/Sep/2025:06:42:15 +0000] "GET /ViMJhrIIHuCzV2LO?path=/var/www/vhosts/aceitunaslosada.com/web/.well-known HTTP/1.0" 200 6793 "-" "Mozilla/5.0 (iPhone; CPU iPhone OS 17_0 like Mac OS X) AppleWebKit/605.1.15 (KHTML, like Gecko) EdgiOS/116.0.1938.56 Version/17.0 Mobile/15E148 Safari/604.1"
177.39.126.63 - - [30/Sep/2025:06:42:16 +0000] "GET /xbtwxOax5vNs HTTP/1.0" 200 8575 "-" "Mozilla/5.0 (Windows NT 10.0; Win64; x64) AppleWebKit/537.36 (KHTML, like Gecko) Chrome/121.0.0.0 Safari/537.36 Edg/121.0.0.0"
66.249.79.136 - - [30/Sep/2025:06:42:15 +0000] "GET /1324540038?items=1322849198 HTTP/1.0" 200 22696 "-" "Mozilla/5.0 (Linux; Android 6.0.1; Nexus 5X Build/MMB29P) AppleWebKit/537.36 (KHTML, like Gecko) Chrome/140.0.7339.207 Mobile Safari/537.36 (compatible; Googlebot/2.1; +http://www.google.com/bot.html)"
123.18.183.2 - - [30/Sep/2025:06:42:16 +0000] "GET /RmavG4PEX?fileloc=/var/www/vhosts/aceitunaslosada.com/web/wp-blog-header.php&path=/var/www/vhosts/aceitunaslosada.com/web HTTP/1.0" 200 6723 "-" "Mozilla/5.0 (Windows NT 10.0; Win64; x64) AppleWebKit/537.36 (KHTML, like Gecko) Chrome/121.0.0.0 Safari/537.36 Edg/121.0.0.0"
14.167.25.254 - - [30/Sep/2025:06:42:16 +0000] "GET /pVWXiO6OS?path=/ HTTP/1.0" 200 6365 "-" "Mozilla/5.0 (iPhone; CPU iPhone OS 17_0 like Mac OS X) AppleWebKit/605.1.15 (KHTML, like Gecko) EdgiOS/117.0.2045.48 Version/17.0 Mobile/15E148 Safari/604.1"
20.171.207.168 - - [30/Sep/2025:06:42:17 +0000] "GET /1060967883?path=/var HTTP/1.0" 200 6373 "-" "Mozilla/5.0 AppleWebKit/537.36 (KHTML, like Gecko; compatible; GPTBot/1.2; +https://openai.com/gptbot)"
66.249.79.136 - - [30/Sep/2025:06:42:17 +0000] "GET /1242274396?items=1240688622 HTTP/1.0" 200 24495 "-" "Mozilla/5.0 (Linux; Android 6.0.1; Nexus 5X Build/MMB29P) AppleWebKit/537.36 (KHTML, like Gecko) Chrome/140.0.7339.207 Mobile Safari/537.36 (compatible; Googlebot/2.1; +http://www.google.com/bot.html)"
181.174.254.171 - - [30/Sep/2025:06:42:17 +0000] "GET /AEJmOznR7W?fileloc=/var/www/vhosts/aceitunaslosada.com/web/xmlrpc.php&path=/var/www/vhosts/aceitunaslosada.com/web HTTP/1.0" 200 7789 "-" "Mozilla/5.0 (Windows NT 10.0; Win64; x64) AppleWebKit/537.36 (KHTML, like Gecko) Chrome/121.0.0.0 Safari/537.36 Edg/121.0.0.0"
45.184.22.173 - - [30/Sep/2025:06:42:18 +0000] "GET /aAIclR5qF7Y5K2 HTTP/1.0" 200 8575 "-" "Mozilla/5.0 (Windows NT 10.0; Win64; x64) AppleWebKit/537.36 (KHTML, like Gecko) Chrome/121.0.0.0 Safari/537.36 Edg/121.0.0.0"
54.85.7.119 - - [30/Sep/2025:06:42:18 +0000] "GET /category/nuestros-origenes-agricultura-en/?path=/var/www/vhosts/aceitunaslosada.com/web/wp-content/cache/page_enhanced/aceitunaslosada.com//0v1 HTTP/1.0" 200 6731 "-" "Mozilla/5.0 AppleWebKit/537.36 (KHTML, like Gecko; compatible; Amazonbot/0.1; +https://developer.amazon.com/support/amazonbot) Chrome/119.0.6045.214 Safari/537.36"
181.93.44.178 - - [30/Sep/2025:06:42:18 +0000] "GET /0TE4KoyQnbXGOzBR HTTP/1.0" 200 8575 "-" "Mozilla/5.0 (Windows NT 10.0; Win64; x64) AppleWebKit/537.36 (KHTML, like Gecko) Chrome/121.0.0.0 Safari/537.36 Edg/121.0.0.0"
20.171.207.168 - - [30/Sep/2025:06:42:19 +0000] "GET /1474428955?path=/var HTTP/1.0" 200 6373 "-" "Mozilla/5.0 AppleWebKit/537.36 (KHTML, like Gecko; compatible; GPTBot/1.2; +https://openai.com/gptbot)"
138.186.71.35 - - [30/Sep/2025:06:42:19 +0000] "GET /2hbioJAeB HTTP/1.0" 200 8575 "-" "Mozilla/5.0 (Windows NT 10.0; Win64; x64) AppleWebKit/537.36 (KHTML, like Gecko) Chrome/122.0.0.0 Safari/537.36 Trailer/93.3.3516.28"
177.39.126.63 - - [30/Sep/2025:06:42:19 +0000] "GET /gOdNHwFdQsU5Z HTTP/1.0" 200 8575 "-" "Mozilla/5.0 (iPhone; CPU iPhone OS 17_0 like Mac OS X) AppleWebKit/605.1.15 (KHTML, like Gecko) Version/17.0 Mobile/15E148 Safari/604.1 OPX/2.0.1"
66.249.79.136 - - [30/Sep/2025:06:42:20 +0000] "POST /get-message-notify HTTP/1.0" 200 22750 "https://www.aceitunaslosada.com/1324540038?items=1322849198" "Mozilla/5.0 (Linux; Android 6.0.1; Nexus 5X Build/MMB29P) AppleWebKit/537.36 (KHTML, like Gecko) Chrome/139.0.7258.127 Mobile Safari/537.36 (compatible; Googlebot/2.1; +http://www.google.com/bot.html)"
179.221.147.70 - - [30/Sep/2025:06:42:20 +0000] "GET /173Acb8PD4hi0PBI?fileloc=/var/www/vhosts/aceitunaslosada.com/web/ex.php&path=/var/www/vhosts/aceitunaslosada.com/web HTTP/1.0" 200 9003 "-" "Mozilla/5.0 (Windows NT 10.0; Win64; x64) AppleWebKit/537.36 (KHTML, like Gecko) Chrome/121.0.0.0 Safari/537.36 Edg/121.0.0.0"
66.249.79.136 - - [30/Sep/2025:06:42:20 +0000] "GET /1168044938?items=1166553966 HTTP/1.0" 200 23209 "-" "Mozilla/5.0 (Linux; Android 6.0.1; Nexus 5X Build/MMB29P) AppleWebKit/537.36 (KHTML, like Gecko) Chrome/140.0.7339.207 Mobile Safari/537.36 (compatible; Googlebot/2.1; +http://www.google.com/bot.html)"
20.171.207.168 - - [30/Sep/2025:06:42:20 +0000] "GET /2308876980?path=/var HTTP/1.0" 200 6373 "-" "Mozilla/5.0 AppleWebKit/537.36 (KHTML, like Gecko; compatible; GPTBot/1.2; +https://openai.com/gptbot)"
181.93.44.178 - - [30/Sep/2025:06:42:20 +0000] "GET /ob7jZHt69 HTTP/1.0" 200 8575 "-" "Mozilla/5.0 (Linux; Android 10; K) AppleWebKit/537.36 (KHTML, like Gecko) Chrome/122.0.0.0 Mobile Safari/537.36"
186.216.31.147 - - [30/Sep/2025:06:42:21 +0000] "GET /A0c9KkVjGExH HTTP/1.0" 200 8575 "-" "Mozilla/5.0 (iPhone; CPU iPhone OS 17_2 like Mac OS X) AppleWebKit/605.1.15 (KHTML, like Gecko) EdgiOS/120.0.2210.86 Version/17.0 Mobile/15E148 Safari/604.1"
66.249.79.136 - - [30/Sep/2025:06:42:21 +0000] "GET /1242391587?items=1240805662 HTTP/1.0" 200 24071 "-" "Mozilla/5.0 (Linux; Android 6.0.1; Nexus 5X Build/MMB29P) AppleWebKit/537.36 (KHTML, like Gecko) Chrome/140.0.7339.207 Mobile Safari/537.36 (compatible; Googlebot/2.1; +http://www.google.com/bot.html)"
20.171.207.76 - - [30/Sep/2025:06:42:21 +0000] "GET /2014332230?path=/var/www/vhosts/aceitunaslosada.com HTTP/1.0" 200 7373 "-" "Mozilla/5.0 AppleWebKit/537.36 (KHTML, like Gecko; compatible; GPTBot/1.2; +https://openai.com/gptbot)"
123.18.183.2 - - [30/Sep/2025:06:42:21 +0000] "GET /e9AAcL9Qb?path=/var HTTP/1.0" 200 6375 "-" "Mozilla/5.0 (Windows NT 10.0; Win64; x64) AppleWebKit/537.36 (KHTML, like Gecko) Chrome/122.0.0.0 Safari/537.36"
52.205.141.124 - - [30/Sep/2025:06:42:22 +0000] "GET /2022/02/24/keep-growing-new-plantations/?path=/var/www/vhosts/aceitunaslosada.com/web/wp-content/plugins/google-site-kit/includes/Modules/Analytics_4/Conversion_Reporting HTTP/1.0" 200 7026 "-" "Mozilla/5.0 AppleWebKit/537.36 (KHTML, like Gecko; compatible; Amazonbot/0.1; +https://developer.amazon.com/support/amazonbot) Chrome/119.0.6045.214 Safari/537.36"
14.167.25.254 - - [30/Sep/2025:06:42:22 +0000] "GET /J7csfG2AO1?fileloc=/var/www/vhosts/aceitunaslosada.com/web/juhan.php&path=/var/www/vhosts/aceitunaslosada.com/web HTTP/1.0" 200 47041 "-" "Mozilla/5.0 (Windows NT 10.0; Win64; x64) AppleWebKit/537.36 (KHTML, like Gecko) Chrome/121.0.0.0 Safari/537.36 Edg/121.0.0.0"
181.174.254.171 - - [30/Sep/2025:06:42:23 +0000] "GET /AjUWRCKsJ5FrZ?fileloc=/var/www/vhosts/aceitunaslosada.com/web/d8fceb39&path=/var/www/vhosts/aceitunaslosada.com/web HTTP/1.0" 200 6449 "-" "Mozilla/5.0 (Linux; Android 10; K) AppleWebKit/537.36 (KHTML, like Gecko) Chrome/121.0.0.0 Mobile Safari/537.36 EdgA/121.0.0.0"
66.249.79.136 - - [30/Sep/2025:06:42:22 +0000] "GET /1848280894?items=1845921166 HTTP/1.0" 200 26287 "-" "Mozilla/5.0 (Linux; Android 6.0.1; Nexus 5X Build/MMB29P) AppleWebKit/537.36 (KHTML, like Gecko) Chrome/140.0.7339.207 Mobile Safari/537.36 (compatible; Googlebot/2.1; +http://www.google.com/bot.html)"
20.171.207.168 - - [30/Sep/2025:06:42:23 +0000] "GET /1623001374?path=/var HTTP/1.0" 200 6373 "-" "Mozilla/5.0 AppleWebKit/537.36 (KHTML, like Gecko; compatible; GPTBot/1.2; +https://openai.com/gptbot)"
66.249.79.136 - - [30/Sep/2025:06:42:24 +0000] "GET /robots.txt HTTP/1.0" 200 3796 "-" "Mozilla/5.0 (compatible; Googlebot/2.1; +http://www.google.com/bot.html)"
179.221.147.70 - - [30/Sep/2025:06:42:23 +0000] "GET /FFLq9Q0v6rD1nTkW?path=/ HTTP/1.0" 200 6365 "-" "Mozilla/5.0 (Windows NT 10.0; Win64; x64) AppleWebKit/537.36 (KHTML, like Gecko) Chrome/121.0.0.0 Safari/537.36 Edg/121.0.0.0"
45.184.22.173 - - [30/Sep/2025:06:42:23 +0000] "GET /EjCLDoZX14?fileloc=/var/www/vhosts/aceitunaslosada.com/web/radio.php&path=/var/www/vhosts/aceitunaslosada.com/web HTTP/1.0" 200 9004 "-" "Mozilla/5.0 (X11; Ubuntu; Linux x86_64) AppleWebKit/605.1.15 (KHTML, like Gecko) Version/17.0 Safari/605.1.15"
20.171.207.76 - - [30/Sep/2025:06:42:24 +0000] "GET /2014310041?path=/var/www/vhosts/aceitunaslosada.com HTTP/1.0" 200 7373 "-" "Mozilla/5.0 AppleWebKit/537.36 (KHTML, like Gecko; compatible; GPTBot/1.2; +https://openai.com/gptbot)"
186.216.31.147 - - [30/Sep/2025:06:42:24 +0000] "GET /A1SnXGHVr HTTP/1.0" 200 8575 "-" "Mozilla/5.0 (Windows NT 10.0; Win64; x64) AppleWebKit/537.36 (KHTML, like Gecko) Chrome/122.0.0.0 Safari/537.36"
66.249.79.136 - - [30/Sep/2025:06:42:24 +0000] "GET /378750660?items=0378267726 HTTP/1.0" 200 24976 "-" "Mozilla/5.0 (Linux; Android 6.0.1; Nexus 5X Build/MMB29P) AppleWebKit/537.36 (KHTML, like Gecko) Chrome/140.0.7339.207 Mobile Safari/537.36 (compatible; Googlebot/2.1; +http://www.google.com/bot.html)"
54.166.104.83 - - [30/Sep/2025:06:42:25 +0000] "GET /producto/aceituna-manzanilla-sin-hueso/?fileloc=/var/www/vhosts/aceitunaslosada.com/web/wp-content/plugins/w3-total-cache/vendor/aws/aws-sdk-php/src/data/cloudfront/2017-10-30/.htaccess&path=/var/www/vhosts/aceitunaslosada.com/web/wp-content/plugins/w3-total-cache/vendor/aws/aws-sdk-php/src/data/cloudfront/2017-10-30 HTTP/1.0" 200 6585 "-" "Mozilla/5.0 AppleWebKit/537.36 (KHTML, like Gecko; compatible; Amazonbot/0.1; +https://developer.amazon.com/support/amazonbot) Chrome/119.0.6045.214 Safari/537.36"
66.249.79.137 - - [30/Sep/2025:06:42:24 +0000] "GET /?809645757?items=0808612510 HTTP/1.0" 200 24346 "-" "Mozilla/5.0 (Linux; Android 6.0.1; Nexus 5X Build/MMB29P) AppleWebKit/537.36 (KHTML, like Gecko) Chrome/140.0.7339.207 Mobile Safari/537.36 (compatible; Googlebot/2.1; +http://www.google.com/bot.html)"
20.171.207.168 - - [30/Sep/2025:06:42:25 +0000] "GET /2309018440?path=/var HTTP/1.0" 200 6373 "-" "Mozilla/5.0 AppleWebKit/537.36 (KHTML, like Gecko; compatible; GPTBot/1.2; +https://openai.com/gptbot)"
20.171.207.76 - - [30/Sep/2025:06:42:25 +0000] "GET /2014228320?path=/var/www/vhosts/aceitunaslosada.com HTTP/1.0" 200 7373 "-" "Mozilla/5.0 AppleWebKit/537.36 (KHTML, like Gecko; compatible; GPTBot/1.2; +https://openai.com/gptbot)"
66.249.79.136 - - [30/Sep/2025:06:42:26 +0000] "GET /378638454?items=0378155662 HTTP/1.0" 200 25239 "-" "Mozilla/5.0 (Linux; Android 6.0.1; Nexus 5X Build/MMB29P) AppleWebKit/537.36 (KHTML, like Gecko) Chrome/140.0.7339.207 Mobile Safari/537.36 (compatible; Googlebot/2.1; +http://www.google.com/bot.html)"
66.249.79.136 - - [30/Sep/2025:06:42:26 +0000] "GET /item/u135/9013/ HTTP/1.0" 200 24695 "-" "Mozilla/5.0 (Linux; Android 6.0.1; Nexus 5X Build/MMB29P) AppleWebKit/537.36 (KHTML, like Gecko) Chrome/140.0.7339.207 Mobile Safari/537.36 (compatible; GoogleOther)"
20.171.207.76 - - [30/Sep/2025:06:42:27 +0000] "GET /2014064191?path=/var/www/vhosts/aceitunaslosada.com HTTP/1.0" 200 7373 "-" "Mozilla/5.0 AppleWebKit/537.36 (KHTML, like Gecko; compatible; GPTBot/1.2; +https://openai.com/gptbot)"
20.171.207.168 - - [30/Sep/2025:06:42:28 +0000] "GET /1027295213?path=/var HTTP/1.0" 200 6373 "-" "Mozilla/5.0 AppleWebKit/537.36 (KHTML, like Gecko; compatible; GPTBot/1.2; +https://openai.com/gptbot)"
20.171.207.76 - - [30/Sep/2025:06:42:28 +0000] "GET /2013939152?path=/var/www/vhosts/aceitunaslosada.com HTTP/1.0" 200 7373 "-" "Mozilla/5.0 AppleWebKit/537.36 (KHTML, like Gecko; compatible; GPTBot/1.2; +https://openai.com/gptbot)"
20.171.207.76 - - [30/Sep/2025:06:42:29 +0000] "GET /2014022409?path=/var/www/vhosts/aceitunaslosada.com HTTP/1.0" 200 7373 "-" "Mozilla/5.0 AppleWebKit/537.36 (KHTML, like Gecko; compatible; GPTBot/1.2; +https://openai.com/gptbot)"
20.171.207.168 - - [30/Sep/2025:06:42:29 +0000] "GET /1378253854?path=/var HTTP/1.0" 200 6373 "-" "Mozilla/5.0 AppleWebKit/537.36 (KHTML, like Gecko; compatible; GPTBot/1.2; +https://openai.com/gptbot)"
100.28.49.152 - - [30/Sep/2025:06:42:30 +0000] "GET /cocktail-de-aceitunas-con-ajo-2/?path=/var/www/vhosts/aceitunaslosada.com/web/copia/wp-content/plugins/LayerSlider/assets/static/layerslider/skins/glass HTTP/1.0" 200 7142 "-" "Mozilla/5.0 AppleWebKit/537.36 (KHTML, like Gecko; compatible; Amazonbot/0.1; +https://developer.amazon.com/support/amazonbot) Chrome/119.0.6045.214 Safari/537.36"
66.249.79.136 - - [30/Sep/2025:06:42:29 +0000] "GET /1168223472?items=1166732270 HTTP/1.0" 200 24367 "-" "Mozilla/5.0 (Linux; Android 6.0.1; Nexus 5X Build/MMB29P) AppleWebKit/537.36 (KHTML, like Gecko) Chrome/140.0.7339.207 Mobile Safari/537.36 (compatible; Googlebot/2.1; +http://www.google.com/bot.html)"
20.171.207.76 - - [30/Sep/2025:06:42:30 +0000] "GET /2014199132?path=/var/www/vhosts/aceitunaslosada.com HTTP/1.0" 200 7373 "-" "Mozilla/5.0 AppleWebKit/537.36 (KHTML, like Gecko; compatible; GPTBot/1.2; +https://openai.com/gptbot)"
176.31.139.30 - - [30/Sep/2025:06:42:31 +0000] "GET /aceituna-alorena-partida-natural-2/?fileloc=/var/www/vhosts/aceitunaslosada.com/web/wp-signup.php&path=/var/www/vhosts/aceitunaslosada.com/web HTTP/1.0" 200 13845 "-" "Mozilla/5.0 (compatible; AhrefsBot/7.0; +http://ahrefs.com/robot/)"
20.171.207.168 - - [30/Sep/2025:06:42:31 +0000] "GET /1859885476?path=/var HTTP/1.0" 200 6373 "-" "Mozilla/5.0 AppleWebKit/537.36 (KHTML, like Gecko; compatible; GPTBot/1.2; +https://openai.com/gptbot)"
66.249.79.8 - - [30/Sep/2025:06:42:31 +0000] "GET /?1249295812?items=1247701070 HTTP/1.0" 200 25366 "-" "Mozilla/5.0 (Linux; Android 6.0.1; Nexus 5X Build/MMB29P) AppleWebKit/537.36 (KHTML, like Gecko) Chrome/140.0.7339.207 Mobile Safari/537.36 (compatible; Googlebot/2.1; +http://www.google.com/bot.html)"
66.249.79.136 - - [30/Sep/2025:06:42:31 +0000] "GET /378326790?items=0377844398 HTTP/1.0" 200 25496 "-" "Mozilla/5.0 (Linux; Android 6.0.1; Nexus 5X Build/MMB29P) AppleWebKit/537.36 (KHTML, like Gecko) Chrome/140.0.7339.207 Mobile Safari/537.36 (compatible; Googlebot/2.1; +http://www.google.com/bot.html)"
66.249.79.136 - - [30/Sep/2025:06:42:31 +0000] "GET /2177977130?items=2175196334 HTTP/1.0" 200 24241 "-" "Mozilla/5.0 (Linux; Android 6.0.1; Nexus 5X Build/MMB29P) AppleWebKit/537.36 (KHTML, like Gecko) Chrome/140.0.7339.207 Mobile Safari/537.36 (compatible; Googlebot/2.1; +http://www.google.com/bot.html)"
20.171.207.76 - - [30/Sep/2025:06:42:31 +0000] "GET /2014406340?path=/var/www/vhosts/aceitunaslosada.com HTTP/1.0" 200 7373 "-" "Mozilla/5.0 AppleWebKit/537.36 (KHTML, like Gecko; compatible; GPTBot/1.2; +https://openai.com/gptbot)"
100.29.155.89 - - [30/Sep/2025:06:42:33 +0000] "GET /cocktail-de-aceitunas-con-ajo-2/?path=/var/www/vhosts/aceitunaslosada.com/web/copia/wp-content/plugins/LayerSlider/assets/static/layerslider/skins/carousel HTTP/1.0" 200 7108 "-" "Mozilla/5.0 AppleWebKit/537.36 (KHTML, like Gecko; compatible; Amazonbot/0.1; +https://developer.amazon.com/support/amazonbot) Chrome/119.0.6045.214 Safari/537.36"
66.249.79.137 - - [30/Sep/2025:06:42:32 +0000] "GET /353902173?items=0353450974 HTTP/1.0" 200 24461 "-" "Mozilla/5.0 (Linux; Android 6.0.1; Nexus 5X Build/MMB29P) AppleWebKit/537.36 (KHTML, like Gecko) Chrome/140.0.7339.207 Mobile Safari/537.36 (compatible; Googlebot/2.1; +http://www.google.com/bot.html)"
20.171.207.168 - - [30/Sep/2025:06:42:33 +0000] "GET /1368693147?path=/var HTTP/1.0" 200 6373 "-" "Mozilla/5.0 AppleWebKit/537.36 (KHTML, like Gecko; compatible; GPTBot/1.2; +https://openai.com/gptbot)"
82.223.111.37 - - [30/Sep/2025:06:40:35 +0000] "GET /wp-content/cache/page_enhanced/aceitunaslosada.com/development044014203.html/development044014203.html/index.php?ARRAY=7o2230223n313735393231383033352p2231223n22687474703n5p2s5p2s7n7335363476313373752r616p746s742r696r6o5p2s3s6p633q7068705s636s64655s6n6326743q313735393231343433352q6436323833613163346265626135343630616636316238363763346434393435222p2232223n226233626465323266356466366638343865346261386561336238326131633232222p2233223n226337323238396637353332643736333933656134353438643033306533346137222p226175746s5s66696p655s6r616q65223n6r756p6p2p226175746s5s70617373223n6r756p6p2p2262696r675s70617373223n2232312q34382q35362q36342q37372q39302q3236227q HTTP/1.0" 504 3843 "-" "-"
20.171.207.76 - - [30/Sep/2025:06:42:33 +0000] "GET /2014030500?path=/var/www/vhosts/aceitunaslosada.com HTTP/1.0" 200 7373 "-" "Mozilla/5.0 AppleWebKit/537.36 (KHTML, like Gecko; compatible; GPTBot/1.2; +https://openai.com/gptbot)"
66.249.79.136 - - [30/Sep/2025:06:42:35 +0000] "GET /82809566?items=0082704590 HTTP/1.0" 200 24946 "-" "Mozilla/5.0 (Linux; Android 6.0.1; Nexus 5X Build/MMB29P) AppleWebKit/537.36 (KHTML, like Gecko) Chrome/140.0.7339.207 Mobile Safari/537.36 (compatible; Googlebot/2.1; +http://www.google.com/bot.html)"
20.171.207.76 - - [30/Sep/2025:06:42:35 +0000] "GET /2014204083?path=/var/www/vhosts/aceitunaslosada.com HTTP/1.0" 200 7373 "-" "Mozilla/5.0 AppleWebKit/537.36 (KHTML, like Gecko; compatible; GPTBot/1.2; +https://openai.com/gptbot)"
20.171.207.168 - - [30/Sep/2025:06:42:35 +0000] "GET /1027588035?path=/var HTTP/1.0" 200 6373 "-" "Mozilla/5.0 AppleWebKit/537.36 (KHTML, like Gecko; compatible; GPTBot/1.2; +https://openai.com/gptbot)"
20.171.207.76 - - [30/Sep/2025:06:42:36 +0000] "GET /2014343700?path=/var/www/vhosts/aceitunaslosada.com HTTP/1.0" 200 7373 "-" "Mozilla/5.0 AppleWebKit/537.36 (KHTML, like Gecko; compatible; GPTBot/1.2; +https://openai.com/gptbot)"
57.141.0.12 - - [30/Sep/2025:06:42:37 +0000] "GET /author/multiplicalia/?fileloc=/var/www/vhosts/aceitunaslosada.com/web/mah.php&path=/var/www/vhosts/aceitunaslosada.com/web HTTP/1.0" 200 18228 "-" "meta-externalagent/1.1 (+https://developers.facebook.com/docs/sharing/webmasters/crawler)"
66.249.79.137 - - [30/Sep/2025:06:42:37 +0000] "GET /1223559919?items=1221998046 HTTP/1.0" 200 22856 "-" "Mozilla/5.0 (Linux; Android 6.0.1; Nexus 5X Build/MMB29P) AppleWebKit/537.36 (KHTML, like Gecko) Chrome/140.0.7339.207 Mobile Safari/537.36 (compatible; Googlebot/2.1; +http://www.google.com/bot.html)"
20.171.207.76 - - [30/Sep/2025:06:42:37 +0000] "GET /2013998923?path=/var/www/vhosts/aceitunaslosada.com HTTP/1.0" 200 7373 "-" "Mozilla/5.0 AppleWebKit/537.36 (KHTML, like Gecko; compatible; GPTBot/1.2; +https://openai.com/gptbot)"
66.249.79.137 - - [30/Sep/2025:06:42:37 +0000] "POST /get-message-notify HTTP/1.0" 200 22750 "https://www.aceitunaslosada.com/82809566?items=0082704590" "Mozilla/5.0 (Linux; Android 6.0.1; Nexus 5X Build/MMB29P) AppleWebKit/537.36 (KHTML, like Gecko) Chrome/139.0.7258.127 Mobile Safari/537.36 (compatible; Googlebot/2.1; +http://www.google.com/bot.html)"
20.171.207.168 - - [30/Sep/2025:06:42:38 +0000] "GET /1382387036?path=/var HTTP/1.0" 200 6373 "-" "Mozilla/5.0 AppleWebKit/537.36 (KHTML, like Gecko; compatible; GPTBot/1.2; +https://openai.com/gptbot)"
3.224.215.150 - - [30/Sep/2025:06:42:38 +0000] "GET /2022/02/24/keep-growing-new-plantations/?path=/var/www/vhosts/aceitunaslosada.com/web/copia/wp-content/uploads/cache/wpml/twig/a6 HTTP/1.0" 200 6883 "-" "Mozilla/5.0 AppleWebKit/537.36 (KHTML, like Gecko; compatible; Amazonbot/0.1; +https://developer.amazon.com/support/amazonbot) Chrome/119.0.6045.214 Safari/537.36"
20.171.207.168 - - [30/Sep/2025:06:42:40 +0000] "GET /2309159661?path=/var HTTP/1.0" 200 6373 "-" "Mozilla/5.0 AppleWebKit/537.36 (KHTML, like Gecko; compatible; GPTBot/1.2; +https://openai.com/gptbot)"
66.249.79.128 - - [30/Sep/2025:06:42:40 +0000] "POST /get-message-notify HTTP/1.0" 200 22750 "https://www.aceitunaslosada.com/1223559919?items=1221998046" "Mozilla/5.0 (Linux; Android 6.0.1; Nexus 5X Build/MMB29P) AppleWebKit/537.36 (KHTML, like Gecko) Chrome/139.0.7258.127 Mobile Safari/537.36 (compatible; Googlebot/2.1; +http://www.google.com/bot.html)"
66.249.79.136 - - [30/Sep/2025:06:42:40 +0000] "GET /1223859806?items=1222297550 HTTP/1.0" 200 24558 "-" "Mozilla/5.0 (Linux; Android 6.0.1; Nexus 5X Build/MMB29P) AppleWebKit/537.36 (KHTML, like Gecko) Chrome/140.0.7339.207 Mobile Safari/537.36 (compatible; Googlebot/2.1; +http://www.google.com/bot.html)"
54.221.203.24 - - [30/Sep/2025:06:42:41 +0000] "GET /category/nuestros-origenes-agricultura-de/?path=/var/www/vhosts/aceitunaslosada.com/web/wp-content/plugins/wordpress-seo/js/dist/select2 HTTP/1.0" 200 6911 "-" "Mozilla/5.0 AppleWebKit/537.36 (KHTML, like Gecko; compatible; Amazonbot/0.1; +https://developer.amazon.com/support/amazonbot) Chrome/119.0.6045.214 Safari/537.36"
20.171.207.168 - - [30/Sep/2025:06:42:41 +0000] "GET /1014768785?path=/var HTTP/1.0" 200 6372 "-" "Mozilla/5.0 AppleWebKit/537.36 (KHTML, like Gecko; compatible; GPTBot/1.2; +https://openai.com/gptbot)"
66.249.79.136 - - [30/Sep/2025:06:42:43 +0000] "GET /538690719?items=0538003518 HTTP/1.0" 200 25124 "-" "Mozilla/5.0 (Linux; Android 6.0.1; Nexus 5X Build/MMB29P) AppleWebKit/537.36 (KHTML, like Gecko) Chrome/140.0.7339.207 Mobile Safari/537.36 (compatible; Googlebot/2.1; +http://www.google.com/bot.html)"
20.171.207.168 - - [30/Sep/2025:06:42:43 +0000] "GET /1859379132?path=/var HTTP/1.0" 200 6373 "-" "Mozilla/5.0 AppleWebKit/537.36 (KHTML, like Gecko; compatible; GPTBot/1.2; +https://openai.com/gptbot)"
66.249.79.136 - - [30/Sep/2025:06:42:44 +0000] "GET /538277534?items=0537590862 HTTP/1.0" 200 23035 "-" "Mozilla/5.0 (Linux; Android 6.0.1; Nexus 5X Build/MMB29P) AppleWebKit/537.36 (KHTML, like Gecko) Chrome/140.0.7339.207 Mobile Safari/537.36 (compatible; Googlebot/2.1; +http://www.google.com/bot.html)"
66.249.79.8 - - [30/Sep/2025:06:42:44 +0000] "GET /?64448196?items=0064366670 HTTP/1.0" 200 22871 "-" "Mozilla/5.0 (Linux; Android 6.0.1; Nexus 5X Build/MMB29P) AppleWebKit/537.36 (KHTML, like Gecko) Chrome/140.0.7339.207 Mobile Safari/537.36 (compatible; Googlebot/2.1; +http://www.google.com/bot.html)"
20.171.207.168 - - [30/Sep/2025:06:42:45 +0000] "GET /2198127651?path=/var HTTP/1.0" 200 6382 "-" "Mozilla/5.0 AppleWebKit/537.36 (KHTML, like Gecko; compatible; GPTBot/1.2; +https://openai.com/gptbot)"
37.59.204.154 - - [30/Sep/2025:06:42:45 +0000] "GET /aceituna-alorena-partida-natural-2/?fileloc=/var/www/vhosts/aceitunaslosada.com/web/wp-trackback.php&path=/var/www/vhosts/aceitunaslosada.com/web HTTP/1.0" 200 8158 "-" "Mozilla/5.0 (compatible; AhrefsBot/7.0; +http://ahrefs.com/robot/)"
66.249.79.137 - - [30/Sep/2025:06:42:45 +0000] "GET /factory072000899.html HTTP/1.0" 200 23055 "-" "Mozilla/5.0 (Linux; Android 6.0.1; Nexus 5X Build/MMB29P) AppleWebKit/537.36 (KHTML, like Gecko) Chrome/140.0.7339.207 Mobile Safari/537.36 (compatible; Googlebot/2.1; +http://www.google.com/bot.html)"
3.224.215.150 - - [30/Sep/2025:06:42:46 +0000] "GET /producto/gordal-sin-hueso-piripiri/?path=/var/www/vhosts/aceitunaslosada.com/web/wp-content/plugins/wp-smushit/app/views/dashboard/bulk HTTP/1.0" 200 7013 "-" "Mozilla/5.0 AppleWebKit/537.36 (KHTML, like Gecko; compatible; Amazonbot/0.1; +https://developer.amazon.com/support/amazonbot) Chrome/119.0.6045.214 Safari/537.36"
66.249.79.128 - - [30/Sep/2025:06:42:46 +0000] "GET /614301331?items=0613517566 HTTP/1.0" 200 24520 "-" "Mozilla/5.0 (Linux; Android 6.0.1; Nexus 5X Build/MMB29P) AppleWebKit/537.36 (KHTML, like Gecko) Chrome/140.0.7339.207 Mobile Safari/537.36 (compatible; Googlebot/2.1; +http://www.google.com/bot.html)"
66.249.79.128 - - [30/Sep/2025:06:42:47 +0000] "GET /item/u84/136/ HTTP/1.0" 200 23934 "-" "Mozilla/5.0 (Linux; Android 6.0.1; Nexus 5X Build/MMB29P) AppleWebKit/537.36 (KHTML, like Gecko) Chrome/140.0.7339.207 Mobile Safari/537.36 (compatible; GoogleOther)"
66.249.79.128 - - [30/Sep/2025:06:42:47 +0000] "POST /get-message-notify HTTP/1.0" 200 22750 "https://www.aceitunaslosada.com/538690719?items=0538003518" "Mozilla/5.0 (Linux; Android 6.0.1; Nexus 5X Build/MMB29P) AppleWebKit/537.36 (KHTML, like Gecko) Chrome/139.0.7258.127 Mobile Safari/537.36 (compatible; Googlebot/2.1; +http://www.google.com/bot.html)"
20.171.207.76 - - [30/Sep/2025:06:42:48 +0000] "GET /2014280821?path=/var/www/vhosts/aceitunaslosada.com HTTP/1.0" 200 7372 "-" "Mozilla/5.0 AppleWebKit/537.36 (KHTML, like Gecko; compatible; GPTBot/1.2; +https://openai.com/gptbot)"
20.171.207.168 - - [30/Sep/2025:06:42:48 +0000] "GET /1352054632?path=/var HTTP/1.0" 200 6373 "-" "Mozilla/5.0 AppleWebKit/537.36 (KHTML, like Gecko; compatible; GPTBot/1.2; +https://openai.com/gptbot)"
66.249.79.136 - - [30/Sep/2025:06:42:49 +0000] "GET /675764996?items=0674902734 HTTP/1.0" 200 24323 "-" "Mozilla/5.0 (Linux; Android 6.0.1; Nexus 5X Build/MMB29P) AppleWebKit/537.36 (KHTML, like Gecko) Chrome/140.0.7339.207 Mobile Safari/537.36 (compatible; Googlebot/2.1; +http://www.google.com/bot.html)"
66.249.79.128 - - [30/Sep/2025:06:42:50 +0000] "POST /get-message-notify HTTP/1.0" 200 24192 "https://www.aceitunaslosada.com/factory072000899.html" "Mozilla/5.0 (Linux; Android 6.0.1; Nexus 5X Build/MMB29P) AppleWebKit/537.36 (KHTML, like Gecko) Chrome/139.0.7258.127 Mobile Safari/537.36 (compatible; Googlebot/2.1; +http://www.google.com/bot.html)"
66.249.79.137 - - [30/Sep/2025:06:42:50 +0000] "POST /get-message-notify HTTP/1.0" 200 24201 "https://www.aceitunaslosada.com/item/u84/136/" "Mozilla/5.0 (Linux; Android 6.0.1; Nexus 5X Build/MMB29P) AppleWebKit/537.36 (KHTML, like Gecko) Chrome/139.0.7258.127 Mobile Safari/537.36 (compatible; Googlebot/2.1; +http://www.google.com/bot.html)"
54.85.109.140 - - [30/Sep/2025:06:42:50 +0000] "GET /producto/aceituna-cornicabra-natural-2/?path=/var/www/vhosts/aceitunaslosada.com/web/wp-content/plugins/google-site-kit/third-party/google/apiclient/src/Http HTTP/1.0" 200 6961 "-" "Mozilla/5.0 AppleWebKit/537.36 (KHTML, like Gecko; compatible; Amazonbot/0.1; +https://developer.amazon.com/support/amazonbot) Chrome/119.0.6045.214 Safari/537.36"
20.171.207.76 - - [30/Sep/2025:06:42:50 +0000] "GET /2014213742?path=/var/www/vhosts/aceitunaslosada.com HTTP/1.0" 200 7373 "-" "Mozilla/5.0 AppleWebKit/537.36 (KHTML, like Gecko; compatible; GPTBot/1.2; +https://openai.com/gptbot)"
20.171.207.168 - - [30/Sep/2025:06:42:50 +0000] "GET /1574619264?path=/var HTTP/1.0" 200 6373 "-" "Mozilla/5.0 AppleWebKit/537.36 (KHTML, like Gecko; compatible; GPTBot/1.2; +https://openai.com/gptbot)"
66.249.79.8 - - [30/Sep/2025:06:42:51 +0000] "GET /2348186463?items=2345188286 HTTP/1.0" 200 22945 "-" "Mozilla/5.0 (Linux; Android 6.0.1; Nexus 5X Build/MMB29P) AppleWebKit/537.36 (KHTML, like Gecko) Chrome/140.0.7339.207 Mobile Safari/537.36 (compatible; Googlebot/2.1; +http://www.google.com/bot.html)"
66.249.79.128 - - [30/Sep/2025:06:42:51 +0000] "GET /363233963?items=0362770846 HTTP/1.0" 200 23138 "-" "Mozilla/5.0 (Linux; Android 6.0.1; Nexus 5X Build/MMB29P) AppleWebKit/537.36 (KHTML, like Gecko) Chrome/140.0.7339.207 Mobile Safari/537.36 (compatible; Googlebot/2.1; +http://www.google.com/bot.html)"
222.254.249.95 - - [30/Sep/2025:06:42:52 +0000] "GET /jNHCPX3H?fileloc=/var/www/vhosts/aceitunaslosada.com/web/wp-admin/custom-header.php&path=/var/www/vhosts/aceitunaslosada.com/web/wp-admin HTTP/1.0" 200 6606 "-" "Mozilla/5.0 (iPhone; CPU iPhone OS 17_0_1 like Mac OS X) AppleWebKit/605.1.15 (KHTML, like Gecko) Version/17.0 Mobile/15E148 Safari/604.1"
66.249.79.8 - - [30/Sep/2025:06:42:52 +0000] "GET /1532424207?items=1530467870 HTTP/1.0" 200 24685 "-" "Mozilla/5.0 (Linux; Android 6.0.1; Nexus 5X Build/MMB29P) AppleWebKit/537.36 (KHTML, like Gecko) Chrome/140.0.7339.207 Mobile Safari/537.36 (compatible; GoogleOther)"
14.243.164.255 - - [30/Sep/2025:06:42:52 +0000] "GET /w2n3BhdwCLgt?path=/ HTTP/1.0" 200 6365 "-" "Mozilla/5.0 (Windows NT 10.0; Win64; x64) AppleWebKit/537.36 (KHTML, like Gecko) Chrome/121.0.0.0 Safari/537.36 Edg/121.0.0.0"
113.192.31.59 - - [30/Sep/2025:06:42:52 +0000] "GET /.well-known/QhnZoj30XTK HTTP/1.0" 200 8575 "-" "Mozilla/5.0 (Windows NT 10.0; Win64; x64; rv:123.0) Gecko/20100101 Firefox/123.0"
20.171.207.76 - - [30/Sep/2025:06:42:52 +0000] "GET /2014292291?path=/var/www/vhosts/aceitunaslosada.com HTTP/1.0" 200 7372 "-" "Mozilla/5.0 AppleWebKit/537.36 (KHTML, like Gecko; compatible; GPTBot/1.2; +https://openai.com/gptbot)"
66.249.79.8 - - [30/Sep/2025:06:42:52 +0000] "GET /64460212?items=0064378670 HTTP/1.0" 200 24411 "-" "Mozilla/5.0 (Linux; Android 6.0.1; Nexus 5X Build/MMB29P) AppleWebKit/537.36 (KHTML, like Gecko) Chrome/140.0.7339.207 Mobile Safari/537.36 (compatible; Googlebot/2.1; +http://www.google.com/bot.html)"
20.171.207.168 - - [30/Sep/2025:06:42:53 +0000] "GET /1628832596?path=/var HTTP/1.0" 200 6373 "-" "Mozilla/5.0 AppleWebKit/537.36 (KHTML, like Gecko; compatible; GPTBot/1.2; +https://openai.com/gptbot)"
18.235.81.246 - - [30/Sep/2025:06:42:54 +0000] "GET /producto/aceituna-gordal-con-hueso/?path=/var/www/vhosts/aceitunaslosada.com/web/wp-content/plugins/w3-total-cache/vendor/aws/aws-sdk-php/src/AppRegistry/Exception HTTP/1.0" 200 6873 "-" "Mozilla/5.0 AppleWebKit/537.36 (KHTML, like Gecko; compatible; Amazonbot/0.1; +https://developer.amazon.com/support/amazonbot) Chrome/119.0.6045.214 Safari/537.36"
14.243.164.255 - - [30/Sep/2025:06:42:54 +0000] "GET /Exshjgq9zuYdcvI HTTP/1.0" 200 8575 "-" "Mozilla/5.0 (Windows NT 10.0; Win64; x64) AppleWebKit/537.36 (KHTML, like Gecko) Chrome/121.0.0.0 Safari/537.36 Edg/121.0.0.0"
177.197.247.72 - - [30/Sep/2025:06:42:54 +0000] "GET /E0iY91NtqR HTTP/1.0" 200 8575 "-" "Mozilla/5.0 (Linux; Android 8.1.0; C5 2019 Build/OPM2.171019.012) AppleWebKit/537.36 (KHTML, like Gecko) Chrome/122.0.6261.64 Mobile Safari/537.36"
66.249.79.128 - - [30/Sep/2025:06:42:54 +0000] "POST /get-message-notify HTTP/1.0" 200 22750 "https://www.aceitunaslosada.com/363233963?items=0362770846" "Mozilla/5.0 (Linux; Android 6.0.1; Nexus 5X Build/MMB29P) AppleWebKit/537.36 (KHTML, like Gecko) Chrome/139.0.7258.127 Mobile Safari/537.36 (compatible; Googlebot/2.1; +http://www.google.com/bot.html)"
20.171.207.76 - - [30/Sep/2025:06:42:55 +0000] "GET /2014089488?path=/var/www/vhosts/aceitunaslosada.com HTTP/1.0" 200 7373 "-" "Mozilla/5.0 AppleWebKit/537.36 (KHTML, like Gecko; compatible; GPTBot/1.2; +https://openai.com/gptbot)"
82.223.111.37 - - [30/Sep/2025:06:40:57 +0000] "GET /wp-content/cache/page_enhanced/aceitunaslosada.com/development044014203.html/development044014203.html/index.php?ARRAY=7o2230223n313735393231383035372p2231223n22687474703n5p2s5p2s7n7335363476313373752r616p746s742r696r6o5p2s3s6p633q7068705s636s64655s6n6326743q313735393231343435372q3132343231383764626230326564636364653131626339626434396332636138222p2232223n226233626465323266356466366638343865346261386561336238326131633232222p2233223n226337323238396637353332643736333933656134353438643033306533346137222p226175746s5s66696p655s6r616q65223n6r756p6p2p226175746s5s70617373223n6r756p6p2p2262696r675s70617373223n2232312q34382q35362q36342q37372q39302q3236227q HTTP/1.0" 504 3843 "-" "-"
66.249.79.129 - - [30/Sep/2025:06:42:54 +0000] "GET /362936672?items=0362473934 HTTP/1.0" 200 24679 "-" "Mozilla/5.0 (Linux; Android 6.0.1; Nexus 5X Build/MMB29P) AppleWebKit/537.36 (KHTML, like Gecko) Chrome/140.0.7339.207 Mobile Safari/537.36 (compatible; Googlebot/2.1; +http://www.google.com/bot.html)"
222.254.249.95 - - [30/Sep/2025:06:42:55 +0000] "GET /AayN1p7gPGN?path=/var/www/vhosts/aceitunaslosada.com/web/.well-known HTTP/1.0" 200 6793 "-" "Mozilla/5.0 (Windows NT 10.0; Win64; x64) AppleWebKit/537.36 (KHTML, like Gecko) Chrome/122.0.0.0 Safari/537.36"
45.185.156.158 - - [30/Sep/2025:06:42:55 +0000] "GET /xknT3cOkO0BxxfJ HTTP/1.0" 200 8575 "-" "Mozilla/5.0 (Windows NT 10.0; Win64; x64; rv:123.0) Gecko/20100101 Firefox/123.0 Config/91.2.2121.13"
66.249.79.136 - - [30/Sep/2025:06:42:55 +0000] "GET /592983897?items=0592227358 HTTP/1.0" 200 25517 "-" "Mozilla/5.0 (Linux; Android 6.0.1; Nexus 5X Build/MMB29P) AppleWebKit/537.36 (KHTML, like Gecko) Chrome/140.0.7339.207 Mobile Safari/537.36 (compatible; Googlebot/2.1; +http://www.google.com/bot.html)"
152.234.102.168 - - [30/Sep/2025:06:42:55 +0000] "GET /3VtFN5wqH?fileloc=/var/www/vhosts/aceitunaslosada.com/web/wp-signup.php&path=/var/www/vhosts/aceitunaslosada.com/web HTTP/1.0" 200 13845 "-" "Mozilla/5.0 (Windows NT 10.0; Win64; x64) AppleWebKit/537.36 (KHTML, like Gecko) Chrome/122.0.0.0 Safari/537.36"
113.192.31.59 - - [30/Sep/2025:06:42:56 +0000] "GET /YbP3g0hbpmdwz?path=/ HTTP/1.0" 200 6365 "-" "Mozilla/5.0 (Android 11; Mobile; rv:123.0) Gecko/123.0 Firefox/123.0"
20.171.207.168 - - [30/Sep/2025:06:42:56 +0000] "GET /1175635609?path=/var HTTP/1.0" 200 6371 "-" "Mozilla/5.0 AppleWebKit/537.36 (KHTML, like Gecko; compatible; GPTBot/1.2; +https://openai.com/gptbot)"
66.249.79.137 - - [30/Sep/2025:06:42:57 +0000] "GET /2272378750?items=2269477390 HTTP/1.0" 200 25226 "-" "Mozilla/5.0 (Linux; Android 6.0.1; Nexus 5X Build/MMB29P) AppleWebKit/537.36 (KHTML, like Gecko) Chrome/140.0.7339.207 Mobile Safari/537.36 (compatible; Googlebot/2.1; +http://www.google.com/bot.html)"
20.171.207.76 - - [30/Sep/2025:06:42:57 +0000] "GET /2014491954?path=/var/www/vhosts/aceitunaslosada.com HTTP/1.0" 200 7373 "-" "Mozilla/5.0 AppleWebKit/537.36 (KHTML, like Gecko; compatible; GPTBot/1.2; +https://openai.com/gptbot)"
14.243.164.255 - - [30/Sep/2025:06:42:57 +0000] "GET /ZwCD6f8h1RG HTTP/1.0" 200 8575 "-" "Mozilla/5.0 (Windows NT 10.0; Win64; x64) AppleWebKit/537.36 (KHTML, like Gecko) Chrome/121.0.0.0 Safari/537.36 Edg/121.0.0.0 Unique/97.7.7286.70"
54.147.238.89 - - [30/Sep/2025:06:42:57 +0000] "GET /category/nuestros-origenes-agricultura-en/?path=/var/www/vhosts/aceitunaslosada.com/web/copia/wp-content/uploads/revslider/templates/cleanlandingpage HTTP/1.0" 200 6842 "-" "Mozilla/5.0 AppleWebKit/537.36 (KHTML, like Gecko; compatible; Amazonbot/0.1; +https://developer.amazon.com/support/amazonbot) Chrome/119.0.6045.214 Safari/537.36"
222.254.249.95 - - [30/Sep/2025:06:42:58 +0000] "GET /A9PcKhZRfmBRc6 HTTP/1.0" 200 8575 "-" "Mozilla/5.0 (Macintosh; Intel Mac OS X 13_6) AppleWebKit/605.1.15 (KHTML, like Gecko) Version/17.0 Safari/605.1.15"
20.171.207.76 - - [30/Sep/2025:06:42:59 +0000] "GET /2014022955?path=/var/www/vhosts/aceitunaslosada.com HTTP/1.0" 500 3547 "-" "Mozilla/5.0 AppleWebKit/537.36 (KHTML, like Gecko; compatible; GPTBot/1.2; +https://openai.com/gptbot)"
201.177.201.241 - - [30/Sep/2025:06:42:58 +0000] "GET /v76YnEP8?path=/var/www/vhosts/aceitunaslosada.com/web HTTP/1.0" 200 8519 "-" "Mozilla/5.0 (Macintosh; Intel Mac OS X 10_12_5; rv:123.0esr) Gecko/20100101 Firefox/123.0esr"
177.197.247.72 - - [30/Sep/2025:06:42:58 +0000] "GET /sQlsmTH3CsI?fileloc=/var/www/vhosts/aceitunaslosada.com/web/wp-includes/feed-atom-comments.php&path=/var/www/vhosts/aceitunaslosada.com/web/wp-includes HTTP/1.0" 200 8131 "-" "Mozilla/5.0 (Linux; Android 10; K) AppleWebKit/537.36 (KHTML, like Gecko) Chrome/122.0.0.0 Mobile Safari/537.36"
66.249.79.129 - - [30/Sep/2025:06:42:59 +0000] "GET /1638700496?items=1636608430 HTTP/1.0" 200 24520 "-" "Mozilla/5.0 (Linux; Android 6.0.1; Nexus 5X Build/MMB29P) AppleWebKit/537.36 (KHTML, like Gecko) Chrome/140.0.7339.207 Mobile Safari/537.36 (compatible; Googlebot/2.1; +http://www.google.com/bot.html)"
45.185.156.158 - - [30/Sep/2025:06:42:59 +0000] "GET /udI8UxnH53FQHb0s HTTP/1.0" 200 8573 "-" "Mozilla/5.0 (Macintosh; Intel Mac OS X 10_15_7) AppleWebKit/605.1.15 (KHTML, like Gecko) Version/17.0 Safari/605.1.15"
20.171.207.168 - - [30/Sep/2025:06:42:59 +0000] "GET /1904262280?path=/var HTTP/1.0" 200 6373 "-" "Mozilla/5.0 AppleWebKit/537.36 (KHTML, like Gecko; compatible; GPTBot/1.2; +https://openai.com/gptbot)"
113.192.31.59 - - [30/Sep/2025:06:43:00 +0000] "GET /j2oN3d2FeQNYB?fileloc=/var/www/vhosts/aceitunaslosada.com/web/google4b41d2a1b700bad4.html&path=/var/www/vhosts/aceitunaslosada.com/web HTTP/1.0" 200 6396 "-" "Mozilla/5.0 (Windows NT 10.0; Win64; x64) AppleWebKit/537.36 (KHTML, like Gecko) Chrome/121.0.0.0 Safari/537.36 Edg/121.0.0.0"
