88.20.214.140 - - [25/Sep/2025:14:54:47 +0000] "GET /firma-losada/twitter.png HTTP/1.1" 301 162 "-" "Mozilla/4.0 (compatible; ms-office; MSOffice 16)"
88.20.214.140 - - [25/Sep/2025:14:54:47 +0000] "GET /firma-losada/facebook.png HTTP/1.1" 301 162 "-" "Mozilla/4.0 (compatible; ms-office; MSOffice 16)"
88.20.214.140 - - [25/Sep/2025:14:54:47 +0000] "GET /firma-losada/youtube.png HTTP/1.1" 301 162 "-" "Mozilla/4.0 (compatible; ms-office; MSOffice 16)"
88.20.214.140 - - [25/Sep/2025:14:54:47 +0000] "GET /firma-losada/pinterest.png HTTP/1.1" 301 162 "-" "Mozilla/4.0 (compatible; ms-office; MSOffice 16)"
88.20.214.140 - - [25/Sep/2025:14:54:47 +0000] "GET /firma-losada/google_plus.png HTTP/1.1" 301 162 "-" "Mozilla/4.0 (compatible; ms-office; MSOffice 16)"
88.20.214.140 - - [25/Sep/2025:14:54:47 +0000] "GET /firma-losada/youtube.png HTTP/1.1" 301 162 "-" "Mozilla/4.0 (compatible; ms-office; MSOffice 16)"
88.20.214.140 - - [25/Sep/2025:14:54:47 +0000] "GET /firma-losada/facebook.png HTTP/1.1" 301 162 "-" "Mozilla/4.0 (compatible; ms-office; MSOffice 16)"
88.20.214.140 - - [25/Sep/2025:14:54:47 +0000] "GET /firma-losada/youtube.png HTTP/1.1" 301 162 "-" "Mozilla/4.0 (compatible; ms-office; MSOffice 16)"
88.20.214.140 - - [25/Sep/2025:14:54:47 +0000] "GET /firma-losada/facebook.png HTTP/1.1" 301 162 "-" "Mozilla/4.0 (compatible; ms-office; MSOffice 16)"
88.20.214.140 - - [25/Sep/2025:14:54:47 +0000] "GET /firma-losada/logo-losada-2.jpg HTTP/1.1" 301 162 "-" "Mozilla/4.0 (compatible; ms-office; MSOffice 16)"
88.20.214.140 - - [25/Sep/2025:14:54:47 +0000] "GET /firma-losada/logo-losada-2.jpg HTTP/1.1" 301 162 "-" "Mozilla/4.0 (compatible; ms-office; MSOffice 16)"
88.20.214.140 - - [25/Sep/2025:14:54:47 +0000] "GET /firma-losada/google_plus.png HTTP/1.1" 301 162 "-" "Mozilla/4.0 (compatible; ms-office; MSOffice 16)"
88.20.214.140 - - [25/Sep/2025:14:54:47 +0000] "GET /firma-losada/logo-losada-2.jpg HTTP/1.1" 301 162 "-" "Mozilla/4.0 (compatible; ms-office; MSOffice 16)"
88.20.214.140 - - [25/Sep/2025:14:54:47 +0000] "GET /firma-losada/pinterest.png HTTP/1.1" 301 162 "-" "Mozilla/4.0 (compatible; ms-office; MSOffice 16)"
88.20.214.140 - - [25/Sep/2025:14:54:48 +0000] "GET /firma-losada/facebook.png HTTP/1.1" 301 162 "-" "Mozilla/4.0 (compatible; ms-office; MSOffice 16)"
88.20.214.140 - - [25/Sep/2025:14:54:48 +0000] "GET /firma-losada/youtube.png HTTP/1.1" 301 162 "-" "Mozilla/4.0 (compatible; ms-office; MSOffice 16)"
88.20.214.140 - - [25/Sep/2025:14:54:48 +0000] "GET /firma-losada/logo-losada-2.jpg HTTP/1.1" 301 162 "-" "Mozilla/4.0 (compatible; ms-office; MSOffice 16)"
88.20.214.140 - - [25/Sep/2025:14:54:48 +0000] "GET /firma-losada/twitter.png HTTP/1.1" 301 162 "-" "Mozilla/4.0 (compatible; ms-office; MSOffice 16)"
54.39.6.81 - - [25/Sep/2025:14:55:11 +0000] "GET /robots.txt HTTP/1.1" 301 162 "-" "Mozilla/5.0 (compatible; AhrefsBot/7.0; +http://ahrefs.com/robot/)"
204.12.208.18 - - [25/Sep/2025:15:01:30 +0000] "GET /wp-content/plb692e7/index.php HTTP/1.1" 301 162 "http://aceitunaslosada.com/wp-content/plb692e7/index.php" "Mozilla/5.0 (Macintosh; Intel Mac OS X 10_6_8) AppleWebKit/535.1 (KHTML, like Gecko) Chrome/13.0.782.112 Safari/535.1"
204.12.208.18 - - [25/Sep/2025:15:01:50 +0000] "GET /wp-content/plb692e7/index.php HTTP/1.1" 301 162 "http://aceitunaslosada.com/wp-content/plb692e7/index.php" "Mozilla/4.0 (compatible; MSIE 6.0; X11; Linux i686; ja) Opera 10.10"
196.251.73.195 - - [25/Sep/2025:15:10:38 +0000] "GET /ova.php HTTP/1.1" 301 162 "-" "Mozilla/5.0 (Linux; Android 11; SM-G991B) AppleWebKit/537.36 (KHTML, like Gecko) Chrome/117.0.5938.92 Mobile Safari/537.36"
196.251.73.195 - - [25/Sep/2025:15:12:26 +0000] "GET /ioxi-o.php HTTP/1.1" 301 162 "-" "Mozilla/5.0 (Windows NT 10.0; Win64; x64) AppleWebKit/537.36 (KHTML, like Gecko) Chrome/125.0.0.0 Safari/537.36"
196.251.73.195 - - [25/Sep/2025:15:14:31 +0000] "GET /file17.php HTTP/1.1" 301 162 "-" "Mozilla/5.0 (Windows NT 10.0; Win64; x64) AppleWebKit/537.36 (KHTML, like Gecko) Chrome/125.0.0.0 Safari/537.36"
204.12.208.18 - - [25/Sep/2025:15:15:31 +0000] "GET /wp-content/plb692e7/index.php HTTP/1.1" 301 162 "http://aceitunaslosada.com/wp-content/plb692e7/index.php" "Mozilla/5.0 (compatible; MSIE 10.0; Windows NT 6.2; WOW64; Trident/6.0)"
196.251.73.195 - - [25/Sep/2025:15:15:54 +0000] "GET /file.php HTTP/1.1" 301 162 "-" "Mozilla/5.0 (Windows NT 10.0; Win64; x64) AppleWebKit/537.36 (KHTML, like Gecko) Chrome/125.0.0.0 Safari/537.36"
196.251.73.195 - - [25/Sep/2025:15:17:19 +0000] "GET /wp-content/akp.php HTTP/1.1" 301 162 "-" "Mozilla/5.0 (iPhone; CPU iPhone OS 15_6_1 like Mac OS X) AppleWebKit/605.1.15 (KHTML, like Gecko) Version/15.6 Mobile/15E148 Safari/604.1"
216.244.66.231 - - [25/Sep/2025:15:17:52 +0000] "GET /robots.txt HTTP/1.1" 301 162 "-" "Mozilla/5.0 (compatible; DotBot/1.2; +https://opensiteexplorer.org/dotbot; help@moz.com)"
196.251.73.195 - - [25/Sep/2025:15:18:49 +0000] "GET /wp-content/plugins/hanau/akc.php HTTP/1.1" 301 162 "-" "Mozilla/5.0 (Windows NT 10.0; Win64; x64) AppleWebKit/537.36 (KHTML, like Gecko) Chrome/125.0.0.0 Safari/537.36"
196.251.73.195 - - [25/Sep/2025:15:24:19 +0000] "GET /wp-content/plugins/yanierin/akc.php HTTP/1.1" 301 162 "-" "Mozlila/5.0 (Linux; Android 7.0; SM-G892A Bulid/NRD90M; wv) AppleWebKit/537.36 (KHTML, like Gecko) Version/4.0 Chrome/60.0.3112.107 Moblie Safari/537.36"
204.12.208.18 - - [25/Sep/2025:15:29:38 +0000] "GET /wp-content/plb692e7/index.php HTTP/1.1" 301 162 "http://aceitunaslosada.com/wp-content/plb692e7/index.php" "Mozilla/5.0 (Macintosh; Intel Mac OS X 10_8) AppleWebKit/536.25 (KHTML, like Gecko) Version/6.0 Safari/536.25"
196.251.73.195 - - [25/Sep/2025:15:37:14 +0000] "GET /wp-admin/css/ HTTP/1.1" 301 162 "binance.com" "Mozilla/5.0 (Windows NT 10.0; Win64; x64) AppleWebKit/537.36 (KHTML, like Gecko) Chrome/90.0.4430.85 Safari/537.36"
204.12.208.18 - - [25/Sep/2025:15:43:49 +0000] "GET /wp-content/plb692e7/index.php HTTP/1.1" 301 162 "http://aceitunaslosada.com/wp-content/plb692e7/index.php" "Mozilla/4.0 (compatible; GoogleToolbar 5.0.2124.2070; Windows 6.0; MSIE 8.0.6001.18241)"
43.153.192.98 - - [25/Sep/2025:15:55:50 +0000] "GET / HTTP/1.1" 301 162 "-" "Mozilla/5.0 (iPhone; CPU iPhone OS 13_2_3 like Mac OS X) AppleWebKit/605.1.15 (KHTML, like Gecko) Version/13.0.3 Mobile/15E148 Safari/604.1"
195.178.110.130 - - [25/Sep/2025:15:56:44 +0000] "GET / HTTP/1.1" 301 162 "-" "Go-http-client/1.1"
204.12.208.18 - - [25/Sep/2025:15:57:44 +0000] "GET /wp-content/plb692e7/index.php HTTP/1.1" 301 162 "http://aceitunaslosada.com/wp-content/plb692e7/index.php" "Mozilla/5.0 (Windows NT 6.0; rv:7.0.1) Gecko/20100101 Firefox/7.0.1"
167.58.188.209 - - [25/Sep/2025:15:59:54 +0000] "GET /wp-json/wp/v2/posts HTTP/1.1" 301 162 "-" "Mozilla/5.0 (Windows NT 10.0; Win64; x64) AppleWebKit/537.36 (KHTML, like Gecko) Chrome/120.0.0.0 Safari/537.36"
196.251.73.195 - - [25/Sep/2025:16:02:53 +0000] "GET /ova.php HTTP/1.1" 301 162 "-" "Mozilla/5.0 (iPhone; CPU iPhone OS 15_6_1 like Mac OS X) AppleWebKit/605.1.15 (KHTML, like Gecko) Version/15.6 Mobile/15E148 Safari/604.1"
196.251.73.195 - - [25/Sep/2025:16:03:49 +0000] "GET /ioxi-o.php HTTP/1.1" 301 162 "-" "Mozilla/5.0 (iPhone; CPU iPhone OS 15_6_1 like Mac OS X) AppleWebKit/605.1.15 (KHTML, like Gecko) Version/15.6 Mobile/15E148 Safari/604.1"
196.251.73.195 - - [25/Sep/2025:16:05:00 +0000] "GET /file17.php HTTP/1.1" 301 162 "-" "Mozilla/5.0 (iPhone; CPU iPhone OS 15_6_1 like Mac OS X) AppleWebKit/605.1.15 (KHTML, like Gecko) Version/15.6 Mobile/15E148 Safari/604.1"
91.201.113.132 - - [25/Sep/2025:16:05:25 +0000] "GET / HTTP/1.0" 301 162 "http://aceitunaslosada.com/" "Mozilla/5.0 (Windows NT 10.0; Win64; x64) AppleWebKit/537.36 (KHTML, like Gecko) Chrome/130.0.0.0 Safari/537.36 CCleaner/130.0.0.0"
196.251.73.195 - - [25/Sep/2025:16:06:14 +0000] "GET /file.php HTTP/1.1" 301 162 "-" "Mozilla/5.0 (iPhone; CPU iPhone OS 15_6_1 like Mac OS X) AppleWebKit/605.1.15 (KHTML, like Gecko) Version/15.6 Mobile/15E148 Safari/604.1"
196.251.73.195 - - [25/Sep/2025:16:06:46 +0000] "GET /wp-content/akp.php HTTP/1.1" 301 162 "-" "Mozilla/5.0 (Windows NT 6.1; Win64; x64) AppleWebKit/537.36 (KHTML, like Gecko) Chrome/117.0.0.0 Safari/537.36"
196.251.73.195 - - [25/Sep/2025:16:07:38 +0000] "GET /wp-content/plugins/hanau/akc.php HTTP/1.1" 301 162 "-" "Mozilla/5.0 (iPhone; CPU iPhone OS 15_6_1 like Mac OS X) AppleWebKit/605.1.15 (KHTML, like Gecko) Version/15.6 Mobile/15E148 Safari/604.1"
196.251.73.195 - - [25/Sep/2025:16:11:14 +0000] "GET /wp-content/plugins/yanierin/akc.php HTTP/1.1" 301 162 "-" "Mozlila/5.0 (Linux; Android 7.0; SM-G892A Bulid/NRD90M; wv) AppleWebKit/537.36 (KHTML, like Gecko) Version/4.0 Chrome/60.0.3112.107 Moblie Safari/537.36"
204.12.208.18 - - [25/Sep/2025:16:11:31 +0000] "GET /wp-content/plb692e7/index.php HTTP/1.1" 301 162 "http://aceitunaslosada.com/wp-content/plb692e7/index.php" "Mozilla/5.0 (Macintosh; U; PPC Mac OS X 10_4_11; ja-jp) AppleWebKit/525.18 (KHTML, like Gecko) Version/3.1.2 Safari/525.22"
204.12.208.18 - - [25/Sep/2025:16:11:51 +0000] "GET /wp-content/plb692e7/index.php HTTP/1.1" 301 162 "http://aceitunaslosada.com/wp-content/plb692e7/index.php" "Mozilla/5.0 (compatible; MSIE 10.0; Windows NT 6.2; WOW64; Trident/6.0)"
43.173.181.72 - - [25/Sep/2025:16:20:39 +0000] "GET / HTTP/1.1" 301 162 "-" "Mozilla/5.0 (Windows NT 10.0; Win64; x64) AppleWebKit/537.36 (KHTML, like Gecko) Chrome/104.0.5112.81 Safari/537.36"
78.95.62.170 - - [25/Sep/2025:16:24:15 +0000] "GET / HTTP/1.1" 301 162 "-" "Mozilla/5.0 (Windows NT 10.0; Win64; x64) AppleWebKit/537.36 (KHTML, like Gecko) Chrome/129.0.0.0 Safari/537.36"
204.12.208.18 - - [25/Sep/2025:16:25:02 +0000] "GET /wp-content/plb692e7/index.php HTTP/1.1" 301 162 "http://aceitunaslosada.com/wp-content/plb692e7/index.php" "Mozilla/5.0 (Windows NT 6.1; WOW64) AppleWebKit/535.1 (KHTML, like Gecko) Chrome/14.0.835.202 Safari/535.1"
204.12.208.18 - - [25/Sep/2025:16:25:22 +0000] "GET /wp-content/plb692e7/index.php HTTP/1.1" 301 162 "http://aceitunaslosada.com/wp-content/plb692e7/index.php" "Mozilla/5.0 (Macintosh; Intel Mac OS X 10_8) AppleWebKit/536.25 (KHTML, like Gecko) Version/6.0 Safari/536.25"
165.22.5.123 - - [25/Sep/2025:16:25:27 +0000] "GET / HTTP/1.1" 301 162 "-" "Mozilla/5.0 (Macintosh; Intel Mac OS X 10_15_7) AppleWebKit/537.36 (KHTML, like Gecko) Chrome/113.0.5672.93 Safari/537.36"
103.140.235.38 - - [25/Sep/2025:16:31:27 +0000] "GET /wp-json/wp/v2/posts HTTP/1.1" 301 162 "-" "Mozilla/5.0 (Windows NT 10.0; Win64; x64) AppleWebKit/537.36 (KHTML, like Gecko) Chrome/120.0.0.0 Safari/537.36"
185.21.12.95 - - [25/Sep/2025:16:33:59 +0000] "GET / HTTP/1.1" 301 162 "-" "Mozilla/4.0 (compatible; MSIE 6.0; Windows NT 5.1; SV1)"
204.12.208.18 - - [25/Sep/2025:16:38:22 +0000] "GET /wp-content/plb692e7/index.php HTTP/1.1" 301 162 "http://aceitunaslosada.com/wp-content/plb692e7/index.php" "Mozilla/5.0 (compatible; MSIE 9.0; Windows NT 6.0; Trident/5.0)"
172.236.100.209 - - [25/Sep/2025:16:38:24 +0000] "GET / HTTP/1.1" 301 162 "-" "Mozilla/5.0 (Windows NT 6.3; WOW64; Trident/7.0; MALGJS; rv:11.0) like Gecko"
204.12.208.18 - - [25/Sep/2025:16:38:42 +0000] "GET /wp-content/plb692e7/index.php HTTP/1.1" 301 162 "http://aceitunaslosada.com/wp-content/plb692e7/index.php" "Mozilla/5.0 (Windows NT 6.1; WOW64) AppleWebKit/535.1 (KHTML, like Gecko) Chrome/14.0.835.202 Safari/535.1"
115.72.164.162 - - [25/Sep/2025:16:40:01 +0000] "GET /wp-json/wp/v2/posts HTTP/1.1" 301 162 "-" "Mozilla/5.0 (Windows NT 10.0; Win64; x64) AppleWebKit/537.36 (KHTML, like Gecko) Chrome/120.0.0.0 Safari/537.36"
204.12.208.18 - - [25/Sep/2025:16:51:20 +0000] "GET /wp-content/plb692e7/index.php HTTP/1.1" 301 162 "http://aceitunaslosada.com/wp-content/plb692e7/index.php" "Mozilla/5.0 (Windows NT 6.1) AppleWebKit/534.24 (KHTML, like Gecko) Chrome/11.0.696.65 Safari/534.24"
187.102.201.18 - - [25/Sep/2025:16:51:46 +0000] "GET /wp-login.php HTTP/1.1" 301 162 "-" "Mozilla/5.0 (Windows NT 10.0; Win64; x64) AppleWebKit/537.36 (KHTML, like Gecko) Chrome/131.0.0.0 Safari/537.36"
187.102.201.18 - - [25/Sep/2025:16:51:53 +0000] "GET /wp-login.php HTTP/1.1" 301 162 "-" "Mozilla/5.0 (Windows NT 10.0; Win64; x64) AppleWebKit/537.36 (KHTML, like Gecko) Chrome/131.0.0.0 Safari/537.36"
187.161.135.48 - - [25/Sep/2025:16:52:03 +0000] "GET /wp-login.php HTTP/1.1" 301 162 "-" "Mozilla/5.0 (Windows NT 10.0; Win64; x64) AppleWebKit/537.36 (KHTML, like Gecko) Chrome/131.0.0.0 Safari/537.36"
187.161.135.48 - - [25/Sep/2025:16:52:07 +0000] "GET /wp-login.php HTTP/1.1" 301 162 "-" "Mozilla/5.0 (Windows NT 10.0; Win64; x64) AppleWebKit/537.36 (KHTML, like Gecko) Chrome/131.0.0.0 Safari/537.36"
78.174.65.134 - - [25/Sep/2025:16:52:15 +0000] "GET /wp-login.php HTTP/1.1" 301 162 "-" "Mozilla/5.0 (Windows NT 10.0; Win64; x64) AppleWebKit/537.36 (KHTML, like Gecko) Chrome/131.0.0.0 Safari/537.36"
78.174.65.134 - - [25/Sep/2025:16:52:20 +0000] "GET /wp-login.php HTTP/1.1" 301 162 "-" "Mozilla/5.0 (Windows NT 10.0; Win64; x64) AppleWebKit/537.36 (KHTML, like Gecko) Chrome/131.0.0.0 Safari/537.36"
88.232.172.68 - - [25/Sep/2025:16:52:35 +0000] "GET /wp-login.php HTTP/1.1" 301 162 "-" "Mozilla/5.0 (Windows NT 10.0; Win64; x64) AppleWebKit/537.36 (KHTML, like Gecko) Chrome/131.0.0.0 Safari/537.36"
88.232.172.68 - - [25/Sep/2025:16:52:38 +0000] "GET /wp-login.php HTTP/1.1" 301 162 "-" "Mozilla/5.0 (Windows NT 10.0; Win64; x64) AppleWebKit/537.36 (KHTML, like Gecko) Chrome/131.0.0.0 Safari/537.36"
201.110.248.30 - - [25/Sep/2025:16:52:42 +0000] "GET /wp-login.php HTTP/1.1" 301 162 "-" "Mozilla/5.0 (Windows NT 10.0; Win64; x64) AppleWebKit/537.36 (KHTML, like Gecko) Chrome/131.0.0.0 Safari/537.36"
201.110.248.30 - - [25/Sep/2025:16:52:49 +0000] "GET /wp-login.php HTTP/1.1" 301 162 "-" "Mozilla/5.0 (Windows NT 10.0; Win64; x64) AppleWebKit/537.36 (KHTML, like Gecko) Chrome/131.0.0.0 Safari/537.36"
180.102.134.69 - - [25/Sep/2025:16:56:30 +0000] "GET / HTTP/1.1" 301 162 "-" "Mozilla/5.0 (iPhone; CPU iPhone OS 13_2_3 like Mac OS X) AppleWebKit/605.1.15 (KHTML, like Gecko) Version/13.0.3 Mobile/15E148 Safari/604.1"
204.12.208.18 - - [25/Sep/2025:17:04:57 +0000] "GET /wp-content/plb692e7/index.php HTTP/1.1" 301 162 "http://aceitunaslosada.com/wp-content/plb692e7/index.php" "Mozilla/5.0 (Macintosh; Intel Mac OS X 10.7; rv:9.0.1) Gecko/20100101 Firefox/9.0.1"
216.244.66.231 - - [25/Sep/2025:17:09:05 +0000] "GET /robots.txt HTTP/1.1" 301 162 "-" "Mozilla/5.0 (compatible; DotBot/1.2; +https://opensiteexplorer.org/dotbot; help@moz.com)"
204.12.208.18 - - [25/Sep/2025:17:19:08 +0000] "GET /wp-content/plb692e7/index.php HTTP/1.1" 301 162 "http://aceitunaslosada.com/wp-content/plb692e7/index.php" "Mozilla/5.0 (Macintosh; Intel Mac OS X 10_6_8) AppleWebKit/534.52.7 (KHTML, like Gecko) Version/5.1.2 Safari/534.52.7"
196.251.73.195 - - [25/Sep/2025:17:30:59 +0000] "GET /wp-content/plugins/ccx/index.php HTTP/1.1" 301 162 "-" "Mozlila/5.0 (Linux; Android 7.0; SM-G892A Bulid/NRD90M; wv) AppleWebKit/537.36 (KHTML, like Gecko) Version/4.0 Chrome/60.0.3112.107 Moblie Safari/537.36"
196.251.73.195 - - [25/Sep/2025:17:31:33 +0000] "GET /ccx/index.php HTTP/1.1" 301 162 "-" "Mozlila/5.0 (Linux; Android 7.0; SM-G892A Bulid/NRD90M; wv) AppleWebKit/537.36 (KHTML, like Gecko) Version/4.0 Chrome/60.0.3112.107 Moblie Safari/537.36"
196.251.73.195 - - [25/Sep/2025:17:32:03 +0000] "GET /wp-content/plugins/ccx/index.php HTTP/1.1" 301 162 "-" "Mozlila/5.0 (Linux; Android 7.0; SM-G892A Bulid/NRD90M; wv) AppleWebKit/537.36 (KHTML, like Gecko) Version/4.0 Chrome/60.0.3112.107 Moblie Safari/537.36"
196.251.73.195 - - [25/Sep/2025:17:32:17 +0000] "GET /wp-content/themes/ccx/index.php HTTP/1.1" 301 162 "-" "Mozlila/5.0 (Linux; Android 7.0; SM-G892A Bulid/NRD90M; wv) AppleWebKit/537.36 (KHTML, like Gecko) Version/4.0 Chrome/60.0.3112.107 Moblie Safari/537.36"
196.251.73.195 - - [25/Sep/2025:17:32:39 +0000] "GET /index.php?3x=3x HTTP/1.1" 301 162 "-" "Mozlila/5.0 (Linux; Android 7.0; SM-G892A Bulid/NRD90M; wv) AppleWebKit/537.36 (KHTML, like Gecko) Version/4.0 Chrome/60.0.3112.107 Moblie Safari/537.36"
196.251.73.195 - - [25/Sep/2025:17:32:58 +0000] "GET /css/admin/content.php%20 HTTP/1.1" 301 162 "-" "Mozlila/5.0 (Linux; Android 7.0; SM-G892A Bulid/NRD90M; wv) AppleWebKit/537.36 (KHTML, like Gecko) Version/4.0 Chrome/60.0.3112.107 Moblie Safari/537.36"
204.12.208.18 - - [25/Sep/2025:17:32:58 +0000] "GET /wp-content/plb692e7/index.php HTTP/1.1" 301 162 "http://aceitunaslosada.com/wp-content/plb692e7/index.php" "Mozilla/5.0 (Macintosh; U; Intel Mac OS X 10_5_3; ja-jp) AppleWebKit/525.18 (KHTML, like Gecko) Version/3.1.1 Safari/525.20"
196.251.73.195 - - [25/Sep/2025:17:33:13 +0000] "GET /wp-content/themes/seotheme/mar.php HTTP/1.1" 301 162 "-" "Mozlila/5.0 (Linux; Android 7.0; SM-G892A Bulid/NRD90M; wv) AppleWebKit/537.36 (KHTML, like Gecko) Version/4.0 Chrome/60.0.3112.107 Moblie Safari/537.36"
196.251.73.195 - - [25/Sep/2025:17:33:33 +0000] "GET /wp-content/plugins/ioptimization/IOptimize.php?rchk HTTP/1.1" 301 162 "-" "Mozlila/5.0 (Linux; Android 7.0; SM-G892A Bulid/NRD90M; wv) AppleWebKit/537.36 (KHTML, like Gecko) Version/4.0 Chrome/60.0.3112.107 Moblie Safari/537.36"
196.251.73.195 - - [25/Sep/2025:17:33:45 +0000] "GET /wp-content/themes/pridmag/db.php?u HTTP/1.1" 301 162 "-" "Mozlila/5.0 (Linux; Android 7.0; SM-G892A Bulid/NRD90M; wv) AppleWebKit/537.36 (KHTML, like Gecko) Version/4.0 Chrome/60.0.3112.107 Moblie Safari/537.36"
196.251.73.195 - - [25/Sep/2025:17:34:28 +0000] "GET /shell20211028.php HTTP/1.1" 301 162 "-" "Mozlila/5.0 (Linux; Android 7.0; SM-G892A Bulid/NRD90M; wv) AppleWebKit/537.36 (KHTML, like Gecko) Version/4.0 Chrome/60.0.3112.107 Moblie Safari/537.36"
196.251.73.195 - - [25/Sep/2025:17:35:17 +0000] "GET /wp-content/themes/ccx/index.php HTTP/1.1" 301 162 "-" "Mozlila/5.0 (Linux; Android 7.0; SM-G892A Bulid/NRD90M; wv) AppleWebKit/537.36 (KHTML, like Gecko) Version/4.0 Chrome/60.0.3112.107 Moblie Safari/537.36"
196.251.73.195 - - [25/Sep/2025:17:36:17 +0000] "GET /xmlrp.php?url=https://rentry.co/yu8xc/raw HTTP/1.1" 301 162 "-" "Mozlila/5.0 (Linux; Android 7.0; SM-G892A Bulid/NRD90M; wv) AppleWebKit/537.36 (KHTML, like Gecko) Version/4.0 Chrome/60.0.3112.107 Moblie Safari/537.36"
196.251.73.195 - - [25/Sep/2025:17:36:39 +0000] "GET /wp-content/db_cache.php HTTP/1.1" 301 162 "-" "Mozlila/5.0 (Linux; Android 7.0; SM-G892A Bulid/NRD90M; wv) AppleWebKit/537.36 (KHTML, like Gecko) Version/4.0 Chrome/60.0.3112.107 Moblie Safari/537.36"
196.251.73.195 - - [25/Sep/2025:17:36:51 +0000] "GET /wp-content/plugins/backup_index.php HTTP/1.1" 301 162 "-" "Mozlila/5.0 (Linux; Android 7.0; SM-G892A Bulid/NRD90M; wv) AppleWebKit/537.36 (KHTML, like Gecko) Version/4.0 Chrome/60.0.3112.107 Moblie Safari/537.36"
142.250.32.8 - - [25/Sep/2025:17:37:04 +0000] "GET /firma-losada/twitter.png HTTP/1.1" 301 162 "-" "Mozilla/5.0 (Windows NT 5.1; rv:11.0) Gecko Firefox/11.0 (via ggpht.com GoogleImageProxy)"
142.250.32.7 - - [25/Sep/2025:17:37:04 +0000] "GET /firma-losada/pinterest.png HTTP/1.1" 301 162 "-" "Mozilla/5.0 (Windows NT 5.1; rv:11.0) Gecko Firefox/11.0 (via ggpht.com GoogleImageProxy)"
142.250.32.6 - - [25/Sep/2025:17:37:04 +0000] "GET /firma-losada/facebook.png HTTP/1.1" 301 162 "-" "Mozilla/5.0 (Windows NT 5.1; rv:11.0) Gecko Firefox/11.0 (via ggpht.com GoogleImageProxy)"
142.250.32.7 - - [25/Sep/2025:17:37:04 +0000] "GET /firma-losada/youtube.png HTTP/1.1" 301 162 "-" "Mozilla/5.0 (Windows NT 5.1; rv:11.0) Gecko Firefox/11.0 (via ggpht.com GoogleImageProxy)"
142.250.32.6 - - [25/Sep/2025:17:37:04 +0000] "GET /firma-losada/google_plus.png HTTP/1.1" 301 162 "-" "Mozilla/5.0 (Windows NT 5.1; rv:11.0) Gecko Firefox/11.0 (via ggpht.com GoogleImageProxy)"
142.250.32.6 - - [25/Sep/2025:17:37:04 +0000] "GET /firma-losada/logo-losada-2.jpg HTTP/1.1" 301 162 "-" "Mozilla/5.0 (Windows NT 5.1; rv:11.0) Gecko Firefox/11.0 (via ggpht.com GoogleImageProxy)"
196.251.73.195 - - [25/Sep/2025:17:37:15 +0000] "GET /boom.php?x HTTP/1.1" 301 162 "-" "Mozlila/5.0 (Linux; Android 7.0; SM-G892A Bulid/NRD90M; wv) AppleWebKit/537.36 (KHTML, like Gecko) Version/4.0 Chrome/60.0.3112.107 Moblie Safari/537.36"
196.251.73.195 - - [25/Sep/2025:17:37:36 +0000] "GET /wp-content/plugins/t_file_wp/t_file_wp.php?test=hello HTTP/1.1" 301 162 "-" "Mozlila/5.0 (Linux; Android 7.0; SM-G892A Bulid/NRD90M; wv) AppleWebKit/537.36 (KHTML, like Gecko) Version/4.0 Chrome/60.0.3112.107 Moblie Safari/537.36"
196.251.73.195 - - [25/Sep/2025:17:38:04 +0000] "GET /style.php HTTP/1.1" 301 162 "-" "Mozlila/5.0 (Linux; Android 7.0; SM-G892A Bulid/NRD90M; wv) AppleWebKit/537.36 (KHTML, like Gecko) Version/4.0 Chrome/60.0.3112.107 Moblie Safari/537.36"
204.12.208.18 - - [25/Sep/2025:17:46:41 +0000] "GET /wp-content/plb692e7/index.php HTTP/1.1" 301 162 "http://aceitunaslosada.com/wp-content/plb692e7/index.php" "Mozilla/5.0 (Macintosh; Intel Mac OS X 10.6; rv:6.0.2) Gecko/20100101 Firefox/6.0.2"
196.251.73.195 - - [25/Sep/2025:17:48:23 +0000] "GET /mt/pekok.php HTTP/1.1" 301 162 "-" "Mozlila/5.0 (Linux; Android 7.0; SM-G892A Bulid/NRD90M; wv) AppleWebKit/537.36 (KHTML, like Gecko) Version/4.0 Chrome/60.0.3112.107 Moblie Safari/537.36"
196.251.73.195 - - [25/Sep/2025:17:49:02 +0000] "GET /shell555.php HTTP/1.1" 301 162 "-" "Mozlila/5.0 (Linux; Android 7.0; SM-G892A Bulid/NRD90M; wv) AppleWebKit/537.36 (KHTML, like Gecko) Version/4.0 Chrome/60.0.3112.107 Moblie Safari/537.36"
196.251.73.195 - - [25/Sep/2025:17:49:38 +0000] "GET /404.php HTTP/1.1" 301 162 "-" "Mozlila/5.0 (Linux; Android 7.0; SM-G892A Bulid/NRD90M; wv) AppleWebKit/537.36 (KHTML, like Gecko) Version/4.0 Chrome/60.0.3112.107 Moblie Safari/537.36"
196.251.73.195 - - [25/Sep/2025:17:50:28 +0000] "GET /wp-content/uploads/uploads/SpamwoldSecurity.php HTTP/1.1" 301 162 "-" "Mozlila/5.0 (Linux; Android 7.0; SM-G892A Bulid/NRD90M; wv) AppleWebKit/537.36 (KHTML, like Gecko) Version/4.0 Chrome/60.0.3112.107 Moblie Safari/537.36"
196.251.73.195 - - [25/Sep/2025:17:51:04 +0000] "GET /wp-content/plugins/hello.php HTTP/1.1" 301 162 "-" "Mozlila/5.0 (Linux; Android 7.0; SM-G892A Bulid/NRD90M; wv) AppleWebKit/537.36 (KHTML, like Gecko) Version/4.0 Chrome/60.0.3112.107 Moblie Safari/537.36"
196.251.73.195 - - [25/Sep/2025:17:51:21 +0000] "GET /wp-content/plugins/hello.php HTTP/1.1" 301 162 "-" "Mozlila/5.0 (Linux; Android 7.0; SM-G892A Bulid/NRD90M; wv) AppleWebKit/537.36 (KHTML, like Gecko) Version/4.0 Chrome/60.0.3112.107 Moblie Safari/537.36"
196.251.73.195 - - [25/Sep/2025:17:51:36 +0000] "GET /404.php HTTP/1.1" 301 162 "-" "Mozlila/5.0 (Linux; Android 7.0; SM-G892A Bulid/NRD90M; wv) AppleWebKit/537.36 (KHTML, like Gecko) Version/4.0 Chrome/60.0.3112.107 Moblie Safari/537.36"
95.168.190.250 - - [25/Sep/2025:17:51:37 +0000] "GET /robots.txt HTTP/1.1" 301 162 "-" "Mozilla/5.0 (compatible; ORT/v1.0.0; visit ORTc.me )"
196.251.73.195 - - [25/Sep/2025:17:52:12 +0000] "GET /wp-content/themes/pridmag/hot.php HTTP/1.1" 301 162 "-" "Mozlila/5.0 (Linux; Android 7.0; SM-G892A Bulid/NRD90M; wv) AppleWebKit/537.36 (KHTML, like Gecko) Version/4.0 Chrome/60.0.3112.107 Moblie Safari/537.36"
196.251.73.195 - - [25/Sep/2025:17:52:34 +0000] "GET /wp-content/mu-plugins/blog.php HTTP/1.1" 301 162 "-" "Mozlila/5.0 (Linux; Android 7.0; SM-G892A Bulid/NRD90M; wv) AppleWebKit/537.36 (KHTML, like Gecko) Version/4.0 Chrome/60.0.3112.107 Moblie Safari/537.36"
196.251.73.195 - - [25/Sep/2025:17:53:07 +0000] "GET /wp-content/mu-plugins/blog.php HTTP/1.1" 301 162 "-" "Mozlila/5.0 (Linux; Android 7.0; SM-G892A Bulid/NRD90M; wv) AppleWebKit/537.36 (KHTML, like Gecko) Version/4.0 Chrome/60.0.3112.107 Moblie Safari/537.36"
196.251.73.195 - - [25/Sep/2025:17:53:38 +0000] "GET /wp-content/mu-plugins/a.php HTTP/1.1" 301 162 "-" "Mozlila/5.0 (Linux; Android 7.0; SM-G892A Bulid/NRD90M; wv) AppleWebKit/537.36 (KHTML, like Gecko) Version/4.0 Chrome/60.0.3112.107 Moblie Safari/537.36"
196.251.73.195 - - [25/Sep/2025:17:54:01 +0000] "GET /wp-content/mu-plugins/shell.php HTTP/1.1" 301 162 "-" "Mozlila/5.0 (Linux; Android 7.0; SM-G892A Bulid/NRD90M; wv) AppleWebKit/537.36 (KHTML, like Gecko) Version/4.0 Chrome/60.0.3112.107 Moblie Safari/537.36"
196.251.73.195 - - [25/Sep/2025:17:54:13 +0000] "GET /wp-content/mu-plugins/s.php HTTP/1.1" 301 162 "-" "Mozlila/5.0 (Linux; Android 7.0; SM-G892A Bulid/NRD90M; wv) AppleWebKit/537.36 (KHTML, like Gecko) Version/4.0 Chrome/60.0.3112.107 Moblie Safari/537.36"
196.251.73.195 - - [25/Sep/2025:17:54:33 +0000] "GET /wp-admin/css/colors/autoload_classmap.php HTTP/1.1" 301 162 "-" "Mozlila/5.0 (Linux; Android 7.0; SM-G892A Bulid/NRD90M; wv) AppleWebKit/537.36 (KHTML, like Gecko) Version/4.0 Chrome/60.0.3112.107 Moblie Safari/537.36"
204.12.208.18 - - [25/Sep/2025:18:00:09 +0000] "GET /wp-content/plb692e7/index.php HTTP/1.1" 301 162 "http://aceitunaslosada.com/wp-content/plb692e7/index.php" "Mozilla/5.0 (Macintosh; Intel Mac OS X 10_6_8) AppleWebKit/535.1 (KHTML, like Gecko) RockMelt/0.9.64.361 Chrome/13.0.782.218 Safari/535.1"
189.217.193.72 - - [25/Sep/2025:18:03:25 +0000] "GET /firma-losada/facebook.png HTTP/1.1" 301 162 "-" "Mozilla/4.0 (compatible; ms-office; MSOffice 16)"
189.217.193.72 - - [25/Sep/2025:18:03:25 +0000] "GET /firma-losada/pinterest.png HTTP/1.1" 301 162 "-" "Mozilla/4.0 (compatible; ms-office; MSOffice 16)"
189.217.193.72 - - [25/Sep/2025:18:03:25 +0000] "GET /firma-losada/youtube.png HTTP/1.1" 301 162 "-" "Mozilla/4.0 (compatible; ms-office; MSOffice 16)"
189.217.193.72 - - [25/Sep/2025:18:03:25 +0000] "GET /firma-losada/logo-losada-2.jpg HTTP/1.1" 301 162 "-" "Mozilla/4.0 (compatible; ms-office; MSOffice 16)"
189.217.193.72 - - [25/Sep/2025:18:03:25 +0000] "GET /firma-losada/google_plus.png HTTP/1.1" 301 162 "-" "Mozilla/4.0 (compatible; ms-office; MSOffice 16)"
189.217.193.72 - - [25/Sep/2025:18:03:25 +0000] "GET /firma-losada/twitter.png HTTP/1.1" 301 162 "-" "Mozilla/4.0 (compatible; ms-office; MSOffice 16)"
204.12.208.18 - - [25/Sep/2025:18:13:44 +0000] "GET /wp-content/plb692e7/index.php HTTP/1.1" 301 162 "http://aceitunaslosada.com/wp-content/plb692e7/index.php" "Mozilla/5.0 (Windows NT 5.1; rv:6.0) Gecko/20100101 Firefox/6.0"
204.12.208.18 - - [25/Sep/2025:18:14:04 +0000] "GET /wp-content/plb692e7/index.php HTTP/1.1" 301 162 "http://aceitunaslosada.com/wp-content/plb692e7/index.php" "Mozilla/5.0 (Macintosh; U; Intel Mac OS X 10_6_2; ja-jp) AppleWebKit/531.21.8 (KHTML, like Gecko) Version/4.0.4 Safari/531.21.10"
112.86.225.24 - - [25/Sep/2025:18:16:02 +0000] "GET / HTTP/1.1" 301 162 "-" "Sogou web spider/4.0(+http://www.sogou.com/docs/help/webmasters.htm#07)"
204.12.208.18 - - [25/Sep/2025:18:27:23 +0000] "GET /wp-content/plb692e7/index.php HTTP/1.1" 301 162 "http://aceitunaslosada.com/wp-content/plb692e7/index.php" "Mozilla/5.0 (Windows NT 5.1) AppleWebKit/534.30 (KHTML, like Gecko) Chrome/12.0.742.122 Safari/534.30 ChromePlus/1.6.3.1"
216.244.66.231 - - [25/Sep/2025:18:33:28 +0000] "GET /robots.txt HTTP/1.1" 301 162 "-" "Mozilla/5.0 (compatible; DotBot/1.2; +https://opensiteexplorer.org/dotbot; help@moz.com)"
204.12.208.18 - - [25/Sep/2025:18:40:47 +0000] "GET /wp-content/plb692e7/index.php HTTP/1.1" 301 162 "http://aceitunaslosada.com/wp-content/plb692e7/index.php" "Mozilla/5.0 (Macintosh; Intel Mac OS X 10_6_8) AppleWebKit/534.24 (KHTML, like Gecko) Iron/11.0.700.2 Chrome/11.0.700.2 Safari/534.24"
112.86.225.154 - - [25/Sep/2025:18:47:07 +0000] "GET / HTTP/1.1" 301 162 "-" "Sogou web spider/4.0(+http://www.sogou.com/docs/help/webmasters.htm#07)"
2.58.113.138 - - [25/Sep/2025:18:52:30 +0000] "GET /admin.php/aa.php HTTP/1.1" 301 162 "-" "Python/3.9 aiohttp/3.7.4.post0"
204.12.208.18 - - [25/Sep/2025:18:54:42 +0000] "GET /wp-content/plb692e7/index.php HTTP/1.1" 301 162 "http://aceitunaslosada.com/wp-content/plb692e7/index.php" "Mozilla/5.0 (Windows NT 6.1) AppleWebKit/535.1 (KHTML, like Gecko) Chrome/13.0.782.107 Safari/535.1"
2.58.113.138 - - [25/Sep/2025:19:00:36 +0000] "GET /admin.php/aa.php HTTP/1.1" 301 162 "-" "Mozilla/5.0"
2.58.113.138 - - [25/Sep/2025:19:00:43 +0000] "POST /admin.php/aa.php HTTP/1.1" 301 162 "-" "Mozilla/5.0"
2.58.113.138 - - [25/Sep/2025:19:00:50 +0000] "GET /admin.php/upload.php HTTP/1.1" 301 162 "-" "Mozilla/5.0"
204.12.208.18 - - [25/Sep/2025:19:08:24 +0000] "GET /wp-content/plb692e7/index.php HTTP/1.1" 301 162 "http://aceitunaslosada.com/wp-content/plb692e7/index.php" "Mozilla/5.0 (Windows NT 6.1; WOW64; rv:5.0) Gecko/20100101 Firefox/5.0"
204.12.208.18 - - [25/Sep/2025:19:22:02 +0000] "GET /wp-content/plb692e7/index.php HTTP/1.1" 301 162 "http://aceitunaslosada.com/wp-content/plb692e7/index.php" "Mozilla/5.0 (Macintosh; Intel Mac OS X 10_8) AppleWebKit/536.25 (KHTML, like Gecko) Version/6.0 Safari/536.25"
194.102.104.219 - - [25/Sep/2025:19:23:12 +0000] "GET /wp-content/cache/db/options/fe4/i18ns/index.php HTTP/1.1" 301 162 "http://aceitunaslosada.com/wp-content/cache/db/options/fe4/i18ns/index.php" "Mozilla/5.0 (Windows NT 10.0; Win64; x64) AppleWebKit/537.36 (KHTML, like Gecko) Chrome/58.0.3029.110 Safari/537.3"
194.102.104.219 - - [25/Sep/2025:19:23:43 +0000] "POST /wp-content/cache/db/options/fe4/i18ns/index.php HTTP/1.1" 301 162 "http://aceitunaslosada.com/wp-content/cache/db/options/fe4/i18ns/index.php" "Mozilla/5.0 (Windows NT 10.0; Win64; x64) AppleWebKit/537.36 (KHTML, like Gecko) Chrome/58.0.3029.110 Safari/537.3"
194.102.104.219 - - [25/Sep/2025:19:23:51 +0000] "POST /wp-content/cache/db/options/fe4/i18ns/index.php HTTP/1.1" 301 162 "http://aceitunaslosada.com/wp-content/cache/db/options/fe4/i18ns/index.php" "Mozilla/5.0 (Windows NT 10.0; Win64; x64) AppleWebKit/537.36 (KHTML, like Gecko) Chrome/58.0.3029.110 Safari/537.3"
194.102.104.219 - - [25/Sep/2025:19:24:00 +0000] "GET /wp-content/cache/db/options/fe4/i18ns/ex.php HTTP/1.1" 301 162 "http://aceitunaslosada.com/wp-content/cache/db/options/fe4/i18ns/ex.php" "Mozilla/5.0 (Windows NT 10.0; Win64; x64) AppleWebKit/537.36 (KHTML, like Gecko) Chrome/58.0.3029.110 Safari/537.3"
194.102.104.219 - - [25/Sep/2025:19:24:10 +0000] "POST /wp-content/cache/db/options/fe4/i18ns/index.php HTTP/1.1" 301 162 "http://aceitunaslosada.com/wp-content/cache/db/options/fe4/i18ns/index.php" "Mozilla/5.0 (Windows NT 10.0; Win64; x64) AppleWebKit/537.36 (KHTML, like Gecko) Chrome/58.0.3029.110 Safari/537.3"
194.102.104.219 - - [25/Sep/2025:19:24:19 +0000] "GET /wp-content/cache/db/options/fe4/i18ns/radio.php HTTP/1.1" 301 162 "http://aceitunaslosada.com/wp-content/cache/db/options/fe4/i18ns/radio.php" "Mozilla/5.0 (Windows NT 10.0; Win64; x64) AppleWebKit/537.36 (KHTML, like Gecko) Chrome/58.0.3029.110 Safari/537.3"
194.102.104.219 - - [25/Sep/2025:19:24:27 +0000] "POST /wp-content/cache/db/options/fe4/i18ns/index.php HTTP/1.1" 301 162 "http://aceitunaslosada.com/wp-content/cache/db/options/fe4/i18ns/index.php" "Mozilla/5.0 (Windows NT 10.0; Win64; x64) AppleWebKit/537.36 (KHTML, like Gecko) Chrome/58.0.3029.110 Safari/537.3"
62.60.130.212 - - [25/Sep/2025:19:24:39 +0000] "GET /index.php?podlove_image_cache_url=68747470733a2f2f6933302e627a2f6769662f6769662e706870&podlove_file_name=pgwzfedx HTTP/1.1" 301 162 "www.google.com" "Mozilla/6.4 (Windows NT 11.1) Gecko/2010102 Firefox/99.0"
194.102.104.219 - - [25/Sep/2025:19:24:40 +0000] "GET /wp-content/cache/db/options/fe4/i18ns/inputs.php HTTP/1.1" 301 162 "http://aceitunaslosada.com/wp-content/cache/db/options/fe4/i18ns/inputs.php" "Mozilla/5.0 (Windows NT 10.0; Win64; x64) AppleWebKit/537.36 (KHTML, like Gecko) Chrome/58.0.3029.110 Safari/537.3"
194.102.104.219 - - [25/Sep/2025:19:24:48 +0000] "POST /wp-content/cache/db/options/fe4/i18ns/index.php HTTP/1.1" 301 162 "http://aceitunaslosada.com/wp-content/cache/db/options/fe4/i18ns/index.php" "Mozilla/5.0 (Windows NT 10.0; Win64; x64) AppleWebKit/537.36 (KHTML, like Gecko) Chrome/58.0.3029.110 Safari/537.3"
194.102.104.219 - - [25/Sep/2025:19:24:55 +0000] "GET /wp-content/cache/db/options/fe4/i18ns/about.php HTTP/1.1" 301 162 "http://aceitunaslosada.com/wp-content/cache/db/options/fe4/i18ns/about.php" "Mozilla/5.0 (Windows NT 10.0; Win64; x64) AppleWebKit/537.36 (KHTML, like Gecko) Chrome/58.0.3029.110 Safari/537.3"
62.60.130.212 - - [25/Sep/2025:19:24:55 +0000] "GET /wp-content/cache/podlove/10/b4dc6420ada3b355b39053be7a4818/pgwzfedx_original.php?up=1 HTTP/1.1" 301 162 "www.google.com" "Mozilla/6.4 (Windows NT 11.1) Gecko/2010102 Firefox/99.0"
194.102.104.219 - - [25/Sep/2025:19:25:03 +0000] "POST /wp-content/cache/db/options/fe4/i18ns/index.php HTTP/1.1" 301 162 "http://aceitunaslosada.com/wp-content/cache/db/options/fe4/i18ns/index.php" "Mozilla/5.0 (Windows NT 10.0; Win64; x64) AppleWebKit/537.36 (KHTML, like Gecko) Chrome/58.0.3029.110 Safari/537.3"
194.102.104.219 - - [25/Sep/2025:19:25:14 +0000] "GET /wp-content/cache/db/options/fe4/i18ns/pages.php HTTP/1.1" 301 162 "http://aceitunaslosada.com/wp-content/cache/db/options/fe4/i18ns/pages.php" "Mozilla/5.0 (Windows NT 10.0; Win64; x64) AppleWebKit/537.36 (KHTML, like Gecko) Chrome/58.0.3029.110 Safari/537.3"
194.102.104.219 - - [25/Sep/2025:19:25:20 +0000] "POST /wp-content/cache/db/options/fe4/i18ns/index.php HTTP/1.1" 301 162 "http://aceitunaslosada.com/wp-content/cache/db/options/fe4/i18ns/index.php" "Mozilla/5.0 (Windows NT 10.0; Win64; x64) AppleWebKit/537.36 (KHTML, like Gecko) Chrome/58.0.3029.110 Safari/537.3"
194.102.104.219 - - [25/Sep/2025:19:25:29 +0000] "GET /wp-content/cache/db/options/fe4/i18ns/wp-login.php HTTP/1.1" 301 162 "http://aceitunaslosada.com/wp-content/cache/db/options/fe4/i18ns/wp-login.php" "Mozilla/5.0 (Windows NT 10.0; Win64; x64) AppleWebKit/537.36 (KHTML, like Gecko) Chrome/58.0.3029.110 Safari/537.3"
194.102.104.219 - - [25/Sep/2025:19:25:41 +0000] "GET /copia/wp-content/plugins/broken-link-checker/core/query-content/index.php HTTP/1.1" 301 162 "http://aceitunaslosada.com/copia/wp-content/plugins/broken-link-checker/core/query-content/index.php" "Mozilla/5.0 (Windows NT 10.0; Win64; x64) AppleWebKit/537.36 (KHTML, like Gecko) Chrome/58.0.3029.110 Safari/537.3"
194.102.104.219 - - [25/Sep/2025:19:25:49 +0000] "POST /copia/wp-content/plugins/broken-link-checker/core/query-content/index.php HTTP/1.1" 301 162 "http://aceitunaslosada.com/copia/wp-content/plugins/broken-link-checker/core/query-content/index.php" "Mozilla/5.0 (Windows NT 10.0; Win64; x64) AppleWebKit/537.36 (KHTML, like Gecko) Chrome/58.0.3029.110 Safari/537.3"
194.102.104.219 - - [25/Sep/2025:19:25:54 +0000] "GET /wp-content/plugins/sitepress-multilingual-cms/vendor/yoast/audits/index.php HTTP/1.1" 301 162 "http://aceitunaslosada.com/wp-content/plugins/sitepress-multilingual-cms/vendor/yoast/audits/index.php" "Mozilla/5.0 (Windows NT 10.0; Win64; x64) AppleWebKit/537.36 (KHTML, like Gecko) Chrome/58.0.3029.110 Safari/537.3"
194.102.104.219 - - [25/Sep/2025:19:26:01 +0000] "POST /wp-content/plugins/sitepress-multilingual-cms/vendor/yoast/audits/index.php HTTP/1.1" 301 162 "http://aceitunaslosada.com/wp-content/plugins/sitepress-multilingual-cms/vendor/yoast/audits/index.php" "Mozilla/5.0 (Windows NT 10.0; Win64; x64) AppleWebKit/537.36 (KHTML, like Gecko) Chrome/58.0.3029.110 Safari/537.3"
216.244.66.231 - - [25/Sep/2025:19:26:06 +0000] "GET /robots.txt HTTP/1.1" 301 162 "-" "Mozilla/5.0 (compatible; DotBot/1.2; +https://opensiteexplorer.org/dotbot; help@moz.com)"
194.102.104.219 - - [25/Sep/2025:19:26:08 +0000] "GET /copia/wp-content/plugins/wp-add-mime-types/includes/cloudflare/index.php HTTP/1.1" 301 162 "http://aceitunaslosada.com/copia/wp-content/plugins/wp-add-mime-types/includes/cloudflare/index.php" "Mozilla/5.0 (Windows NT 10.0; Win64; x64) AppleWebKit/537.36 (KHTML, like Gecko) Chrome/58.0.3029.110 Safari/537.3"
194.102.104.219 - - [25/Sep/2025:19:26:15 +0000] "POST /copia/wp-content/plugins/wp-add-mime-types/includes/cloudflare/index.php HTTP/1.1" 301 162 "http://aceitunaslosada.com/copia/wp-content/plugins/wp-add-mime-types/includes/cloudflare/index.php" "Mozilla/5.0 (Windows NT 10.0; Win64; x64) AppleWebKit/537.36 (KHTML, like Gecko) Chrome/58.0.3029.110 Safari/537.3"
194.102.104.219 - - [25/Sep/2025:19:26:22 +0000] "GET /wp-content/cache/page_enhanced/www.aceitunaslosada.com/oini3t97mra8fi/list-grid/index.php HTTP/1.1" 301 162 "http://aceitunaslosada.com/wp-content/cache/page_enhanced/www.aceitunaslosada.com/oini3t97mra8fi/list-grid/index.php" "Mozilla/5.0 (Windows NT 10.0; Win64; x64) AppleWebKit/537.36 (KHTML, like Gecko) Chrome/58.0.3029.110 Safari/537.3"
194.102.104.219 - - [25/Sep/2025:19:26:31 +0000] "POST /wp-content/cache/page_enhanced/www.aceitunaslosada.com/oini3t97mra8fi/list-grid/index.php HTTP/1.1" 301 162 "http://aceitunaslosada.com/wp-content/cache/page_enhanced/www.aceitunaslosada.com/oini3t97mra8fi/list-grid/index.php" "Mozilla/5.0 (Windows NT 10.0; Win64; x64) AppleWebKit/537.36 (KHTML, like Gecko) Chrome/58.0.3029.110 Safari/537.3"
194.102.104.219 - - [25/Sep/2025:19:26:39 +0000] "GET /wp-content/cache/db/options/5b4/embeds/index.php HTTP/1.1" 301 162 "http://aceitunaslosada.com/wp-content/cache/db/options/5b4/embeds/index.php" "Mozilla/5.0 (Windows NT 10.0; Win64; x64) AppleWebKit/537.36 (KHTML, like Gecko) Chrome/58.0.3029.110 Safari/537.3"
194.102.104.219 - - [25/Sep/2025:19:27:06 +0000] "POST /wp-content/cache/db/options/5b4/embeds/index.php HTTP/1.1" 301 162 "http://aceitunaslosada.com/wp-content/cache/db/options/5b4/embeds/index.php" "Mozilla/5.0 (Windows NT 10.0; Win64; x64) AppleWebKit/537.36 (KHTML, like Gecko) Chrome/58.0.3029.110 Safari/537.3"
194.102.104.219 - - [25/Sep/2025:19:27:18 +0000] "POST /wp-content/cache/db/options/5b4/embeds/index.php HTTP/1.1" 301 162 "http://aceitunaslosada.com/wp-content/cache/db/options/5b4/embeds/index.php" "Mozilla/5.0 (Windows NT 10.0; Win64; x64) AppleWebKit/537.36 (KHTML, like Gecko) Chrome/58.0.3029.110 Safari/537.3"
194.102.104.219 - - [25/Sep/2025:19:27:29 +0000] "GET /wp-content/cache/db/options/5b4/embeds/ex.php HTTP/1.1" 301 162 "http://aceitunaslosada.com/wp-content/cache/db/options/5b4/embeds/ex.php" "Mozilla/5.0 (Windows NT 10.0; Win64; x64) AppleWebKit/537.36 (KHTML, like Gecko) Chrome/58.0.3029.110 Safari/537.3"
194.102.104.219 - - [25/Sep/2025:19:27:47 +0000] "POST /wp-content/cache/db/options/5b4/embeds/index.php HTTP/1.1" 301 162 "http://aceitunaslosada.com/wp-content/cache/db/options/5b4/embeds/index.php" "Mozilla/5.0 (Windows NT 10.0; Win64; x64) AppleWebKit/537.36 (KHTML, like Gecko) Chrome/58.0.3029.110 Safari/537.3"
194.102.104.219 - - [25/Sep/2025:19:27:53 +0000] "GET /wp-content/cache/db/options/5b4/embeds/radio.php HTTP/1.1" 301 162 "http://aceitunaslosada.com/wp-content/cache/db/options/5b4/embeds/radio.php" "Mozilla/5.0 (Windows NT 10.0; Win64; x64) AppleWebKit/537.36 (KHTML, like Gecko) Chrome/58.0.3029.110 Safari/537.3"
194.102.104.219 - - [25/Sep/2025:19:27:59 +0000] "POST /wp-content/cache/db/options/5b4/embeds/index.php HTTP/1.1" 301 162 "http://aceitunaslosada.com/wp-content/cache/db/options/5b4/embeds/index.php" "Mozilla/5.0 (Windows NT 10.0; Win64; x64) AppleWebKit/537.36 (KHTML, like Gecko) Chrome/58.0.3029.110 Safari/537.3"
194.102.104.219 - - [25/Sep/2025:19:28:09 +0000] "GET /wp-content/cache/db/options/5b4/embeds/inputs.php HTTP/1.1" 301 162 "http://aceitunaslosada.com/wp-content/cache/db/options/5b4/embeds/inputs.php" "Mozilla/5.0 (Windows NT 10.0; Win64; x64) AppleWebKit/537.36 (KHTML, like Gecko) Chrome/58.0.3029.110 Safari/537.3"
194.102.104.219 - - [25/Sep/2025:19:28:18 +0000] "POST /wp-content/cache/db/options/5b4/embeds/index.php HTTP/1.1" 301 162 "http://aceitunaslosada.com/wp-content/cache/db/options/5b4/embeds/index.php" "Mozilla/5.0 (Windows NT 10.0; Win64; x64) AppleWebKit/537.36 (KHTML, like Gecko) Chrome/58.0.3029.110 Safari/537.3"
194.102.104.219 - - [25/Sep/2025:19:28:24 +0000] "GET /wp-content/cache/db/options/5b4/embeds/about.php HTTP/1.1" 301 162 "http://aceitunaslosada.com/wp-content/cache/db/options/5b4/embeds/about.php" "Mozilla/5.0 (Windows NT 10.0; Win64; x64) AppleWebKit/537.36 (KHTML, like Gecko) Chrome/58.0.3029.110 Safari/537.3"
194.102.104.219 - - [25/Sep/2025:19:28:30 +0000] "POST /wp-content/cache/db/options/5b4/embeds/index.php HTTP/1.1" 301 162 "http://aceitunaslosada.com/wp-content/cache/db/options/5b4/embeds/index.php" "Mozilla/5.0 (Windows NT 10.0; Win64; x64) AppleWebKit/537.36 (KHTML, like Gecko) Chrome/58.0.3029.110 Safari/537.3"
194.102.104.219 - - [25/Sep/2025:19:28:38 +0000] "GET /wp-content/cache/db/options/5b4/embeds/pages.php HTTP/1.1" 301 162 "http://aceitunaslosada.com/wp-content/cache/db/options/5b4/embeds/pages.php" "Mozilla/5.0 (Windows NT 10.0; Win64; x64) AppleWebKit/537.36 (KHTML, like Gecko) Chrome/58.0.3029.110 Safari/537.3"
194.102.104.219 - - [25/Sep/2025:19:28:52 +0000] "POST /wp-content/cache/db/options/5b4/embeds/index.php HTTP/1.1" 301 162 "http://aceitunaslosada.com/wp-content/cache/db/options/5b4/embeds/index.php" "Mozilla/5.0 (Windows NT 10.0; Win64; x64) AppleWebKit/537.36 (KHTML, like Gecko) Chrome/58.0.3029.110 Safari/537.3"
194.102.104.219 - - [25/Sep/2025:19:28:58 +0000] "GET /wp-content/cache/db/options/5b4/embeds/wp-login.php HTTP/1.1" 301 162 "http://aceitunaslosada.com/wp-content/cache/db/options/5b4/embeds/wp-login.php" "Mozilla/5.0 (Windows NT 10.0; Win64; x64) AppleWebKit/537.36 (KHTML, like Gecko) Chrome/58.0.3029.110 Safari/537.3"
194.102.104.219 - - [25/Sep/2025:19:29:05 +0000] "GET /wp-content/cache/db/options/93f/galleries/index.php HTTP/1.1" 301 162 "http://aceitunaslosada.com/wp-content/cache/db/options/93f/galleries/index.php" "Mozilla/5.0 (Windows NT 10.0; Win64; x64) AppleWebKit/537.36 (KHTML, like Gecko) Chrome/58.0.3029.110 Safari/537.3"
194.102.104.219 - - [25/Sep/2025:19:29:21 +0000] "POST /wp-content/cache/db/options/93f/galleries/index.php HTTP/1.1" 301 162 "http://aceitunaslosada.com/wp-content/cache/db/options/93f/galleries/index.php" "Mozilla/5.0 (Windows NT 10.0; Win64; x64) AppleWebKit/537.36 (KHTML, like Gecko) Chrome/58.0.3029.110 Safari/537.3"
194.102.104.219 - - [25/Sep/2025:19:29:31 +0000] "POST /wp-content/cache/db/options/93f/galleries/index.php HTTP/1.1" 301 162 "http://aceitunaslosada.com/wp-content/cache/db/options/93f/galleries/index.php" "Mozilla/5.0 (Windows NT 10.0; Win64; x64) AppleWebKit/537.36 (KHTML, like Gecko) Chrome/58.0.3029.110 Safari/537.3"
194.102.104.219 - - [25/Sep/2025:19:29:42 +0000] "GET /wp-content/cache/db/options/93f/galleries/ex.php HTTP/1.1" 301 162 "http://aceitunaslosada.com/wp-content/cache/db/options/93f/galleries/ex.php" "Mozilla/5.0 (Windows NT 10.0; Win64; x64) AppleWebKit/537.36 (KHTML, like Gecko) Chrome/58.0.3029.110 Safari/537.3"
194.102.104.219 - - [25/Sep/2025:19:29:52 +0000] "POST /wp-content/cache/db/options/93f/galleries/index.php HTTP/1.1" 301 162 "http://aceitunaslosada.com/wp-content/cache/db/options/93f/galleries/index.php" "Mozilla/5.0 (Windows NT 10.0; Win64; x64) AppleWebKit/537.36 (KHTML, like Gecko) Chrome/58.0.3029.110 Safari/537.3"
194.102.104.219 - - [25/Sep/2025:19:29:57 +0000] "GET /wp-content/cache/db/options/93f/galleries/radio.php HTTP/1.1" 301 162 "http://aceitunaslosada.com/wp-content/cache/db/options/93f/galleries/radio.php" "Mozilla/5.0 (Windows NT 10.0; Win64; x64) AppleWebKit/537.36 (KHTML, like Gecko) Chrome/58.0.3029.110 Safari/537.3"
194.102.104.219 - - [25/Sep/2025:19:30:06 +0000] "POST /wp-content/cache/db/options/93f/galleries/index.php HTTP/1.1" 301 162 "http://aceitunaslosada.com/wp-content/cache/db/options/93f/galleries/index.php" "Mozilla/5.0 (Windows NT 10.0; Win64; x64) AppleWebKit/537.36 (KHTML, like Gecko) Chrome/58.0.3029.110 Safari/537.3"
194.102.104.219 - - [25/Sep/2025:19:30:10 +0000] "GET /wp-content/cache/db/options/93f/galleries/inputs.php HTTP/1.1" 301 162 "http://aceitunaslosada.com/wp-content/cache/db/options/93f/galleries/inputs.php" "Mozilla/5.0 (Windows NT 10.0; Win64; x64) AppleWebKit/537.36 (KHTML, like Gecko) Chrome/58.0.3029.110 Safari/537.3"
194.102.104.219 - - [25/Sep/2025:19:30:15 +0000] "POST /wp-content/cache/db/options/93f/galleries/index.php HTTP/1.1" 301 162 "http://aceitunaslosada.com/wp-content/cache/db/options/93f/galleries/index.php" "Mozilla/5.0 (Windows NT 10.0; Win64; x64) AppleWebKit/537.36 (KHTML, like Gecko) Chrome/58.0.3029.110 Safari/537.3"
194.102.104.219 - - [25/Sep/2025:19:30:23 +0000] "GET /wp-content/cache/db/options/93f/galleries/about.php HTTP/1.1" 301 162 "http://aceitunaslosada.com/wp-content/cache/db/options/93f/galleries/about.php" "Mozilla/5.0 (Windows NT 10.0; Win64; x64) AppleWebKit/537.36 (KHTML, like Gecko) Chrome/58.0.3029.110 Safari/537.3"
194.102.104.219 - - [25/Sep/2025:19:30:36 +0000] "POST /wp-content/cache/db/options/93f/galleries/index.php HTTP/1.1" 301 162 "http://aceitunaslosada.com/wp-content/cache/db/options/93f/galleries/index.php" "Mozilla/5.0 (Windows NT 10.0; Win64; x64) AppleWebKit/537.36 (KHTML, like Gecko) Chrome/58.0.3029.110 Safari/537.3"
194.102.104.219 - - [25/Sep/2025:19:30:51 +0000] "GET /wp-content/cache/db/options/93f/galleries/pages.php HTTP/1.1" 301 162 "http://aceitunaslosada.com/wp-content/cache/db/options/93f/galleries/pages.php" "Mozilla/5.0 (Windows NT 10.0; Win64; x64) AppleWebKit/537.36 (KHTML, like Gecko) Chrome/58.0.3029.110 Safari/537.3"
194.102.104.219 - - [25/Sep/2025:19:31:07 +0000] "POST /wp-content/cache/db/options/93f/galleries/index.php HTTP/1.1" 301 162 "http://aceitunaslosada.com/wp-content/cache/db/options/93f/galleries/index.php" "Mozilla/5.0 (Windows NT 10.0; Win64; x64) AppleWebKit/537.36 (KHTML, like Gecko) Chrome/58.0.3029.110 Safari/537.3"
194.102.104.219 - - [25/Sep/2025:19:31:15 +0000] "GET /wp-content/cache/db/options/93f/galleries/wp-login.php HTTP/1.1" 301 162 "http://aceitunaslosada.com/wp-content/cache/db/options/93f/galleries/wp-login.php" "Mozilla/5.0 (Windows NT 10.0; Win64; x64) AppleWebKit/537.36 (KHTML, like Gecko) Chrome/58.0.3029.110 Safari/537.3"
194.102.104.219 - - [25/Sep/2025:19:31:25 +0000] "GET /mah.php HTTP/1.1" 301 162 "http://aceitunaslosada.com/mah.php" "Mozilla/5.0 (Windows NT 10.0; Win64; x64) AppleWebKit/537.36 (KHTML, like Gecko) Chrome/58.0.3029.110 Safari/537.3"
194.102.104.219 - - [25/Sep/2025:19:31:33 +0000] "GET /product.php HTTP/1.1" 301 162 "http://aceitunaslosada.com/product.php" "Mozilla/5.0 (Windows NT 10.0; Win64; x64) AppleWebKit/537.36 (KHTML, like Gecko) Chrome/58.0.3029.110 Safari/537.3"
194.102.104.219 - - [25/Sep/2025:19:31:36 +0000] "GET /options.php HTTP/1.1" 301 162 "http://aceitunaslosada.com/options.php" "Mozilla/5.0 (Windows NT 10.0; Win64; x64) AppleWebKit/537.36 (KHTML, like Gecko) Chrome/58.0.3029.110 Safari/537.3"
194.102.104.219 - - [25/Sep/2025:19:31:45 +0000] "POST /options.php HTTP/1.1" 301 162 "http://aceitunaslosada.com/options.php" "Mozilla/5.0 (Windows NT 10.0; Win64; x64) AppleWebKit/537.36 (KHTML, like Gecko) Chrome/58.0.3029.110 Safari/537.3"
194.102.104.219 - - [25/Sep/2025:19:31:58 +0000] "GET /admin.php HTTP/1.1" 301 162 "http://aceitunaslosada.com/admin.php" "Mozilla/5.0 (Windows NT 10.0; Win64; x64) AppleWebKit/537.36 (KHTML, like Gecko) Chrome/58.0.3029.110 Safari/537.3"
194.102.104.219 - - [25/Sep/2025:19:32:15 +0000] "POST /admin.php HTTP/1.1" 301 162 "http://aceitunaslosada.com/admin.php" "Mozilla/5.0 (Windows NT 10.0; Win64; x64) AppleWebKit/537.36 (KHTML, like Gecko) Chrome/58.0.3029.110 Safari/537.3"
194.102.104.219 - - [25/Sep/2025:19:32:20 +0000] "POST /admin.php HTTP/1.1" 301 162 "http://aceitunaslosada.com/admin.php" "Mozilla/5.0 (Windows NT 10.0; Win64; x64) AppleWebKit/537.36 (KHTML, like Gecko) Chrome/58.0.3029.110 Safari/537.3"
194.102.104.219 - - [25/Sep/2025:19:32:28 +0000] "GET /ex.php HTTP/1.1" 301 162 "http://aceitunaslosada.com/ex.php" "Mozilla/5.0 (Windows NT 10.0; Win64; x64) AppleWebKit/537.36 (KHTML, like Gecko) Chrome/58.0.3029.110 Safari/537.3"
194.102.104.219 - - [25/Sep/2025:19:32:33 +0000] "POST /admin.php HTTP/1.1" 301 162 "http://aceitunaslosada.com/admin.php" "Mozilla/5.0 (Windows NT 10.0; Win64; x64) AppleWebKit/537.36 (KHTML, like Gecko) Chrome/58.0.3029.110 Safari/537.3"
194.102.104.219 - - [25/Sep/2025:19:32:46 +0000] "GET /radio.php HTTP/1.1" 301 162 "http://aceitunaslosada.com/radio.php" "Mozilla/5.0 (Windows NT 10.0; Win64; x64) AppleWebKit/537.36 (KHTML, like Gecko) Chrome/58.0.3029.110 Safari/537.3"
194.102.104.219 - - [25/Sep/2025:19:32:53 +0000] "POST /admin.php HTTP/1.1" 301 162 "http://aceitunaslosada.com/admin.php" "Mozilla/5.0 (Windows NT 10.0; Win64; x64) AppleWebKit/537.36 (KHTML, like Gecko) Chrome/58.0.3029.110 Safari/537.3"
194.102.104.219 - - [25/Sep/2025:19:32:59 +0000] "GET /inputs.php HTTP/1.1" 301 162 "http://aceitunaslosada.com/inputs.php" "Mozilla/5.0 (Windows NT 10.0; Win64; x64) AppleWebKit/537.36 (KHTML, like Gecko) Chrome/58.0.3029.110 Safari/537.3"
194.102.104.219 - - [25/Sep/2025:19:33:05 +0000] "POST /admin.php HTTP/1.1" 301 162 "http://aceitunaslosada.com/admin.php" "Mozilla/5.0 (Windows NT 10.0; Win64; x64) AppleWebKit/537.36 (KHTML, like Gecko) Chrome/58.0.3029.110 Safari/537.3"
194.102.104.219 - - [25/Sep/2025:19:33:11 +0000] "GET /about.php HTTP/1.1" 301 162 "http://aceitunaslosada.com/about.php" "Mozilla/5.0 (Windows NT 10.0; Win64; x64) AppleWebKit/537.36 (KHTML, like Gecko) Chrome/58.0.3029.110 Safari/537.3"
194.102.104.219 - - [25/Sep/2025:19:33:21 +0000] "POST /admin.php HTTP/1.1" 301 162 "http://aceitunaslosada.com/admin.php" "Mozilla/5.0 (Windows NT 10.0; Win64; x64) AppleWebKit/537.36 (KHTML, like Gecko) Chrome/58.0.3029.110 Safari/537.3"
194.102.104.219 - - [25/Sep/2025:19:33:27 +0000] "GET /pages.php HTTP/1.1" 301 162 "http://aceitunaslosada.com/pages.php" "Mozilla/5.0 (Windows NT 10.0; Win64; x64) AppleWebKit/537.36 (KHTML, like Gecko) Chrome/58.0.3029.110 Safari/537.3"
204.12.208.18 - - [25/Sep/2025:19:35:35 +0000] "GET /wp-content/plb692e7/index.php HTTP/1.1" 301 162 "http://aceitunaslosada.com/wp-content/plb692e7/index.php" "Mozilla/4.0 (compatible; MSIE 7.0; Windows NT 5.1; SV1; .NET CLR 1.1.4322)"
