194.49.57.182 - - [30/Sep/2025:12:49:11 +0000] "GET /firma-losada/youtube.png HTTP/1.1" 301 162 "-" "Mozilla/5.0 (Macintosh; Intel Mac OS X 10_8_5) AppleWebKit/536.30.1 (KHTML, like Gecko)"
194.49.57.182 - - [30/Sep/2025:12:49:11 +0000] "GET /firma-losada/twitter.png HTTP/1.1" 301 162 "-" "Mozilla/5.0 (Macintosh; Intel Mac OS X 10_8_5) AppleWebKit/536.30.1 (KHTML, like Gecko)"
36.71.79.42 - - [30/Sep/2025:12:50:39 +0000] "GET /wp- HTTP/1.1" 301 162 "-" "Mozilla/5.0 (Windows NT 10.0; Win64; x64) AppleWebKit/537.36 (KHTML, like Gecko) Chrome/128.0.0.0 Safari/537.36"
204.12.208.18 - - [30/Sep/2025:12:54:02 +0000] "GET /wp-content/plb692e7/index.php HTTP/1.1" 301 162 "http://aceitunaslosada.com/wp-content/plb692e7/index.php" "Mozilla/5.0 (Macintosh; Intel Mac OS X 10_6_8) AppleWebKit/535.1 (KHTML, like Gecko) Chrome/13.0.782.112 Safari/535.1"
190.97.227.171 - - [30/Sep/2025:12:55:20 +0000] "GET /wp-json/wp/v2/posts HTTP/1.1" 301 162 "-" "Mozilla/5.0 (Windows NT 10.0; Win64; x64) AppleWebKit/537.36 (KHTML, like Gecko) Chrome/120.0.0.0 Safari/537.36"
204.12.208.18 - - [30/Sep/2025:13:04:18 +0000] "GET /wp-content/plb692e7/index.php HTTP/1.1" 301 162 "http://aceitunaslosada.com/wp-content/plb692e7/index.php" "Mozilla/5.0 (Macintosh; U; PPC Mac OS X; ja-jp) AppleWebKit/523.12 (KHTML, like Gecko) Version/3.0.4 Safari/523.12"
204.12.208.18 - - [30/Sep/2025:13:14:53 +0000] "GET /wp-content/plb692e7/index.php HTTP/1.1" 301 162 "http://aceitunaslosada.com/wp-content/plb692e7/index.php" "Opera/9.80 (Macintosh; Intel Mac OS X 10.6.8; U; ja) Presto/2.10.289 Version/12.00"
204.12.208.18 - - [30/Sep/2025:13:15:41 +0000] "GET /wp-content/plb692e7/index.php HTTP/1.1" 301 162 "http://aceitunaslosada.com/wp-content/plb692e7/index.php" "Mozilla/4.0 (compatible; MSIE 8.0; Windows NT 5.1; Trident/4.0; .NET CLR 2.0.50727; .NET CLR 3.0.04506.30; .NET CLR 3.0.04506.648)"
204.12.208.18 - - [30/Sep/2025:13:16:16 +0000] "GET /wp-content/plb692e7/index.php HTTP/1.1" 301 162 "http://aceitunaslosada.com/wp-content/plb692e7/index.php" "Mozilla/5.0 (Windows NT 6.1) AppleWebKit/535.1 (KHTML, like Gecko) Chrome/13.0.782.107 Safari/535.1"
52.167.144.56 - - [30/Sep/2025:13:19:39 +0000] "GET /robots.txt HTTP/1.1" 301 162 "-" "Mozilla/5.0 AppleWebKit/537.36 (KHTML, like Gecko; compatible; bingbot/2.0; +http://www.bing.com/bingbot.htm) Chrome/116.0.1938.76 Safari/537.36"
40.77.167.54 - - [30/Sep/2025:13:19:41 +0000] "GET /wp-content/uploads/2014/06/losada-logo.png HTTP/1.1" 301 162 "-" "Mozilla/5.0 AppleWebKit/537.36 (KHTML, like Gecko; compatible; bingbot/2.0; +http://www.bing.com/bingbot.htm) Chrome/116.0.1938.76 Safari/537.36"
216.244.66.231 - - [30/Sep/2025:13:22:55 +0000] "GET /robots.txt HTTP/1.1" 301 162 "-" "Mozilla/5.0 (compatible; DotBot/1.2; +https://opensiteexplorer.org/dotbot; help@moz.com)"
216.244.66.231 - - [30/Sep/2025:13:22:55 +0000] "GET /robots.txt HTTP/1.1" 301 162 "-" "Mozilla/5.0 (compatible; DotBot/1.2; +https://opensiteexplorer.org/dotbot; help@moz.com)"
204.12.208.18 - - [30/Sep/2025:13:24:29 +0000] "GET /wp-content/plb692e7/index.php HTTP/1.1" 301 162 "http://aceitunaslosada.com/wp-content/plb692e7/index.php" "Mozilla/5.0 (Windows NT 5.1; rv:6.0) Gecko/20100101 Firefox/6.0"
204.12.208.18 - - [30/Sep/2025:13:34:13 +0000] "GET /wp-content/plb692e7/index.php HTTP/1.1" 301 162 "http://aceitunaslosada.com/wp-content/plb692e7/index.php" "Mozilla/5.0 (Windows NT 6.1; WOW64; rv:5.0) Gecko/20100101 Firefox/5.0"
204.12.208.18 - - [30/Sep/2025:13:34:33 +0000] "GET /wp-content/plb692e7/index.php HTTP/1.1" 301 162 "http://aceitunaslosada.com/wp-content/plb692e7/index.php" "Mozilla/5.0 (Macintosh; Intel Mac OS X 10_6_8) AppleWebKit/535.1 (KHTML, like Gecko) Chrome/13.0.782.220 Safari/535.1"
204.12.208.18 - - [30/Sep/2025:13:44:15 +0000] "GET /wp-content/plb692e7/index.php HTTP/1.1" 301 162 "http://aceitunaslosada.com/wp-content/plb692e7/index.php" "Mozilla/5.0 (Macintosh; Intel Mac OS X 10.5; rv:5.0.1) Gecko/20100101 Firefox/5.0.1"
204.12.208.18 - - [30/Sep/2025:13:54:35 +0000] "GET /wp-content/plb692e7/index.php HTTP/1.1" 301 162 "http://aceitunaslosada.com/wp-content/plb692e7/index.php" "Mozilla/4.0 (compatible; MSIE 7.0; Windows NT 5.1; SV1; .NET CLR 1.0.3705; .NET CLR 2.0.50727; .NET CLR 1.1.4322)"
204.12.208.18 - - [30/Sep/2025:14:05:03 +0000] "GET /wp-content/plb692e7/index.php HTTP/1.1" 301 162 "http://aceitunaslosada.com/wp-content/plb692e7/index.php" "Mozilla/5.0 (Macintosh; U; Intel Mac OS X 10_6_3; ja-jp) AppleWebKit/533.16 (KHTML, like Gecko) Version/5.0 Safari/533.16"
204.12.208.18 - - [30/Sep/2025:14:05:23 +0000] "GET /wp-content/plb692e7/index.php HTTP/1.1" 301 162 "http://aceitunaslosada.com/wp-content/plb692e7/index.php" "Mozilla/5.0 (compatible; MSIE 10.0; Windows NT 6.2; Win64; x64; Trident/6.0)"
146.75.182.15 - - [30/Sep/2025:14:12:24 +0000] "GET /firma-losada/youtube.png HTTP/1.1" 301 162 "-" "Mozilla/5.0"
146.75.182.15 - - [30/Sep/2025:14:12:24 +0000] "GET /firma-losada/google_plus.png HTTP/1.1" 301 162 "-" "Mozilla/5.0"
146.75.182.15 - - [30/Sep/2025:14:12:24 +0000] "GET /firma-losada/facebook.png HTTP/1.1" 301 162 "-" "Mozilla/5.0"
146.75.182.15 - - [30/Sep/2025:14:12:24 +0000] "GET /firma-losada/logo-losada-2.jpg HTTP/1.1" 301 162 "-" "Mozilla/5.0"
146.75.182.15 - - [30/Sep/2025:14:12:24 +0000] "GET /firma-losada/pinterest.png HTTP/1.1" 301 162 "-" "Mozilla/5.0"
146.75.182.15 - - [30/Sep/2025:14:12:24 +0000] "GET /firma-losada/twitter.png HTTP/1.1" 301 162 "-" "Mozilla/5.0"
204.12.208.18 - - [30/Sep/2025:14:15:48 +0000] "GET /wp-content/plb692e7/index.php HTTP/1.1" 301 162 "http://aceitunaslosada.com/wp-content/plb692e7/index.php" "Mozilla/5.0 (Windows; U; Windows NT 5.1; en-US) AppleWebKit/534.16 (KHTML, like Gecko) Chrome/10.0.648.151 Safari/534.16"
112.86.225.87 - - [30/Sep/2025:14:22:20 +0000] "GET / HTTP/1.1" 301 162 "-" "Sogou web spider/4.0(+http://www.sogou.com/docs/help/webmasters.htm#07)"
216.244.66.231 - - [30/Sep/2025:14:23:03 +0000] "GET /robots.txt HTTP/1.1" 301 162 "-" "Mozilla/5.0 (compatible; DotBot/1.2; +https://opensiteexplorer.org/dotbot; help@moz.com)"
204.12.208.18 - - [30/Sep/2025:14:25:44 +0000] "GET /wp-content/plb692e7/index.php HTTP/1.1" 301 162 "http://aceitunaslosada.com/wp-content/plb692e7/index.php" "Mozilla/5.0 (Macintosh; U; Intel Mac OS X 10_6_3; ja-jp) AppleWebKit/533.16 (KHTML, like Gecko) Version/5.0 Safari/533.16"
204.12.208.18 - - [30/Sep/2025:14:36:20 +0000] "GET /wp-content/plb692e7/index.php HTTP/1.1" 301 162 "http://aceitunaslosada.com/wp-content/plb692e7/index.php" "Mozilla/5.0 (compatible; MSIE 9.0; Windows NT 6.1; WOW64; Trident/5.0; Sleipnir/2.9.8)"
180.102.110.155 - - [30/Sep/2025:14:36:53 +0000] "GET / HTTP/1.1" 301 162 "-" "Sogou web spider/4.0(+http://www.sogou.com/docs/help/webmasters.htm#07)"
66.249.79.8 - - [30/Sep/2025:14:37:41 +0000] "GET /ads.txt HTTP/1.1" 301 162 "-" "Mozilla/5.0 (compatible; Googlebot/2.1; +http://www.google.com/bot.html)"
66.249.79.8 - - [30/Sep/2025:14:37:41 +0000] "GET /robots.txt HTTP/1.1" 301 162 "-" "Mozilla/5.0 (compatible; Googlebot/2.1; +http://www.google.com/bot.html)"
204.12.208.18 - - [30/Sep/2025:14:46:58 +0000] "GET /wp-content/plb692e7/index.php HTTP/1.1" 301 162 "http://aceitunaslosada.com/wp-content/plb692e7/index.php" "Mozilla/4.0 (compatible; MSIE 8.0; Windows NT 5.1; Trident/4.0; .NET CLR 2.0.50727; .NET CLR 3.0.04506.30; .NET CLR 3.0.04506.648)"
204.12.208.18 - - [30/Sep/2025:14:47:18 +0000] "GET /wp-content/plb692e7/index.php HTTP/1.1" 301 162 "http://aceitunaslosada.com/wp-content/plb692e7/index.php" "Mozilla/5.0 (Windows NT 6.1; WOW64; rv:5.0) Gecko/20100101 Firefox/5.0"
27.115.124.45 - - [30/Sep/2025:14:56:43 +0000] "GET / HTTP/1.1" 301 162 "-" "Mozilla/5.0 (Linux; U; Android 8.1.0; zh-cn; MI 8 Build/OPM1.171019.011) AppleWebKit/537.36 (KHTML, like Gecko) Version/4.0 Chrome/57.0.2987.108 Mobile Safari/537.36"
27.115.124.6 - - [30/Sep/2025:14:56:57 +0000] "GET /wp- HTTP/1.1" 301 162 "-" "Mozilla/5.0 (Linux; Android 11; V2055A) AppleWebKit/537.36 (KHTML, like Gecko) Chrome/91.0.4472.101 Mobile Safari/537.36"
204.12.208.18 - - [30/Sep/2025:14:57:39 +0000] "GET /wp-content/plb692e7/index.php HTTP/1.1" 301 162 "http://aceitunaslosada.com/wp-content/plb692e7/index.php" "Mozilla/5.0 (compatible; MSIE 10.0; Windows NT 6.2; Win64; x64; Trident/6.0)"
204.12.208.18 - - [30/Sep/2025:14:57:59 +0000] "GET /wp-content/plb692e7/index.php HTTP/1.1" 301 162 "http://aceitunaslosada.com/wp-content/plb692e7/index.php" "Mozilla/5.0 (Macintosh; Intel Mac OS X 10_6_8) AppleWebKit/535.7 (KHTML, like Gecko) Chrome/16.0.912.75 Safari/535.7"
136.243.228.177 - - [30/Sep/2025:14:58:08 +0000] "GET /robots.txt HTTP/1.1" 301 162 "-" "Mozilla/5.0 (compatible; DataForSeoBot/1.0; +https://dataforseo.com/dataforseo-bot)"
103.131.71.70 - - [30/Sep/2025:15:04:21 +0000] "GET /robots.txt HTTP/1.1" 301 162 "-" "Mozilla/5.0 (compatible; coccocbot-web/1.0; +http://help.coccoc.com/searchengine)"
62.60.130.228 - - [30/Sep/2025:15:05:10 +0000] "GET /index.php?podlove_image_cache_url=68747470733a2f2f6933302e627a2f6769662f6769662e706870&podlove_file_name=cmjfhwbn HTTP/1.1" 301 162 "www.google.com" "Mozilla/6.4 (Windows NT 11.1) Gecko/2010102 Firefox/99.0"
62.60.130.228 - - [30/Sep/2025:15:05:13 +0000] "GET /wp-content/cache/podlove/dd/8a2efcc4f41c210c4146f514943bf5/cmjfhwbn_original.php?up=1 HTTP/1.1" 301 162 "www.google.com" "Mozilla/6.4 (Windows NT 11.1) Gecko/2010102 Firefox/99.0"
204.12.208.18 - - [30/Sep/2025:15:07:48 +0000] "GET /wp-content/plb692e7/index.php HTTP/1.1" 301 162 "http://aceitunaslosada.com/wp-content/plb692e7/index.php" "Mozilla/4.0 (compatible; MSIE 7.0; Windows NT 5.1; SV1)"
92.242.166.161 - - [30/Sep/2025:15:13:33 +0000] "GET /sites/all/libraries/plupload/examples/upload.php HTTP/1.1" 301 162 "-" "ALittle Client"
204.12.208.18 - - [30/Sep/2025:15:18:12 +0000] "GET /wp-content/plb692e7/index.php HTTP/1.1" 301 162 "http://aceitunaslosada.com/wp-content/plb692e7/index.php" "Mozilla/4.0 (compatible; MSIE 7.0; Windows NT 5.1; SV1)"
43.130.154.56 - - [30/Sep/2025:15:19:28 +0000] "GET / HTTP/1.1" 301 162 "-" "Mozilla/5.0 (iPhone; CPU iPhone OS 13_2_3 like Mac OS X) AppleWebKit/605.1.15 (KHTML, like Gecko) Version/13.0.3 Mobile/15E148 Safari/604.1"
204.12.208.18 - - [30/Sep/2025:15:28:21 +0000] "GET /wp-content/plb692e7/index.php HTTP/1.1" 301 162 "http://aceitunaslosada.com/wp-content/plb692e7/index.php" "Mozilla/5.0 (Macintosh; U; PPC Mac OS X; ja-jp) AppleWebKit/522.11.1 (KHTML, like Gecko) Version/3.0.3 Safari/522.12.1"
119.45.20.16 - - [30/Sep/2025:15:31:14 +0000] "GET / HTTP/1.1" 301 162 "-" "Mozilla/5.0 (iPhone; CPU iPhone OS 13_2_3 like Mac OS X) AppleWebKit/605.1.15 (KHTML, like Gecko) Version/13.0.3 Mobile/15E148 Safari/604.1"
204.12.208.18 - - [30/Sep/2025:15:38:21 +0000] "GET /wp-content/plb692e7/index.php HTTP/1.1" 301 162 "http://aceitunaslosada.com/wp-content/plb692e7/index.php" "Mozilla/5.0 (Macintosh; Intel Mac OS X 10_6_8) AppleWebKit/534.52.7 (KHTML, like Gecko) Version/5.1.2 Safari/534.52.7"
216.244.66.231 - - [30/Sep/2025:15:41:15 +0000] "GET /robots.txt HTTP/1.1" 301 162 "-" "Mozilla/5.0 (compatible; DotBot/1.2; +https://opensiteexplorer.org/dotbot; help@moz.com)"
204.12.208.18 - - [30/Sep/2025:15:48:29 +0000] "GET /wp-content/plb692e7/index.php HTTP/1.1" 301 162 "http://aceitunaslosada.com/wp-content/plb692e7/index.php" "Mozilla/5.0 (Macintosh; U; Intel Mac OS X 10_5_6; ja-jp) AppleWebKit/525.27.1 (KHTML, like Gecko) Version/3.2.1 Safari/525.27.1"
204.12.208.18 - - [30/Sep/2025:15:58:30 +0000] "GET /wp-content/plb692e7/index.php HTTP/1.1" 301 162 "http://aceitunaslosada.com/wp-content/plb692e7/index.php" "Mozilla/5.0 (Windows NT 6.1; WOW64) AppleWebKit/535.7 (KHTML, like Gecko) Chrome/16.0.912.75 Safari/535.7"
204.12.208.18 - - [30/Sep/2025:16:08:19 +0000] "GET /wp-content/plb692e7/index.php HTTP/1.1" 301 162 "http://aceitunaslosada.com/wp-content/plb692e7/index.php" "Mozilla/4.0 (compatible; GoogleToolbar 5.0.2124.2070; Windows 6.0; MSIE 8.0.6001.18241)"
48.210.45.29 - - [30/Sep/2025:16:12:24 +0000] "GET //wp-content/plugins/fix/up.php HTTP/1.1" 301 162 "-" "Mozilla/5.0 (Windows NT 10.0; Win64; x64) AppleWebKit/537.36 (KHTML, like Gecko) Chrome/85.0.4183.102 Safari/537.36"
204.12.208.18 - - [30/Sep/2025:16:18:45 +0000] "GET /wp-content/plb692e7/index.php HTTP/1.1" 301 162 "http://aceitunaslosada.com/wp-content/plb692e7/index.php" "Mozilla/4.0 (compatible; MSIE 6.0; X11; Linux i686; ja) Opera 10.10"
43.173.181.10 - - [30/Sep/2025:16:22:01 +0000] "GET / HTTP/1.1" 301 162 "-" "Mozilla/5.0 (Windows NT 6.1; Win64; x64) AppleWebKit/537.36 (KHTML, like Gecko) Chrome/126.0.6478.114 Safari/537.36"
34.83.103.208 - - [30/Sep/2025:16:25:20 +0000] "GET / HTTP/1.1" 301 162 "-" "Mozilla/5.0 (Windows NT 10.0; Win64; x64) AppleWebKit/537.36 (KHTML, like Gecko) Chrome/88.0.4240.193 Safari/537.36"
204.12.208.18 - - [30/Sep/2025:16:28:47 +0000] "GET /wp-content/plb692e7/index.php HTTP/1.1" 301 162 "http://aceitunaslosada.com/wp-content/plb692e7/index.php" "Mozilla/5.0 (Macintosh; Intel Mac OS X 10_7_2) AppleWebKit/535.2 (KHTML, like Gecko) Chrome/15.0.874.106 Safari/535.2"
145.239.10.137 - - [30/Sep/2025:16:34:58 +0000] "GET /b02.php?key=X7 HTTP/1.1" 301 162 "http://aceitunaslosada.com/b02.php?key=X7" "Mozilla/5.0 (iPhone; CPU iPhone OS 17_5_1 like Mac OS X) AppleWebKit/605.1.15 (KHTML, like Gecko) Version/17.5 Mobile/15E148 Safari/604.1"
216.244.66.231 - - [30/Sep/2025:16:35:48 +0000] "GET /robots.txt HTTP/1.1" 301 162 "-" "Mozilla/5.0 (compatible; DotBot/1.2; +https://opensiteexplorer.org/dotbot; help@moz.com)"
216.244.66.231 - - [30/Sep/2025:16:35:48 +0000] "GET /robots.txt HTTP/1.1" 301 162 "-" "Mozilla/5.0 (compatible; DotBot/1.2; +https://opensiteexplorer.org/dotbot; help@moz.com)"
66.249.79.8 - - [30/Sep/2025:16:37:44 +0000] "GET / HTTP/1.1" 301 162 "-" "Mozilla/5.0 (Linux; Android 6.0.1; Nexus 5X Build/MMB29P) AppleWebKit/537.36 (KHTML, like Gecko) Chrome/140.0.7339.207 Mobile Safari/537.36 (compatible; Googlebot/2.1; +http://www.google.com/bot.html)"
204.12.208.18 - - [30/Sep/2025:16:38:26 +0000] "GET /wp-content/plb692e7/index.php HTTP/1.1" 301 162 "http://aceitunaslosada.com/wp-content/plb692e7/index.php" "Mozilla/5.0 (Macintosh; Intel Mac OS X 10.5; rv:5.0.1) Gecko/20100101 Firefox/5.0.1"
204.12.208.18 - - [30/Sep/2025:16:38:46 +0000] "GET /wp-content/plb692e7/index.php HTTP/1.1" 301 162 "http://aceitunaslosada.com/wp-content/plb692e7/index.php" "Opera/9.80 (Windows NT 6.1; U; ja) Presto/2.9.168 Version/11.50"
204.12.208.18 - - [30/Sep/2025:16:48:07 +0000] "GET /wp-content/plb692e7/index.php HTTP/1.1" 301 162 "http://aceitunaslosada.com/wp-content/plb692e7/index.php" "Mozilla/5.0 (Macintosh; Intel Mac OS X 10_7_2) AppleWebKit/535.2 (KHTML, like Gecko) Chrome/15.0.874.106 Safari/535.2"
204.12.208.18 - - [30/Sep/2025:16:57:51 +0000] "GET /wp-content/plb692e7/index.php HTTP/1.1" 301 162 "http://aceitunaslosada.com/wp-content/plb692e7/index.php" "Mozilla/5.0 (Windows NT 6.1; WOW64; rv:9.0.1) Gecko/20100101 Firefox/9.0.1"
172.93.120.149 - - [30/Sep/2025:16:59:07 +0000] "GET /wp-/mailers.php?valid HTTP/1.1" 301 162 "-" "W3LL-Checker/3.0"
172.93.120.149 - - [30/Sep/2025:16:59:07 +0000] "GET /wp-/mailers.php?health HTTP/1.1" 301 162 "-" "W3LL-Checker/3.0"
172.93.120.149 - - [30/Sep/2025:16:59:08 +0000] "GET /wp-/mailers.php?info HTTP/1.1" 301 162 "-" "W3LL-Checker/3.0"
172.93.120.149 - - [30/Sep/2025:16:59:08 +0000] "GET /wp-/mailers.php HTTP/1.1" 301 162 "-" "Mozilla/5.0 (Windows NT 10.0; Win64; x64) AppleWebKit/537.36"
172.93.120.149 - - [30/Sep/2025:16:59:09 +0000] "GET /wp-/mailers.php?email=kirzoinfasika%40gmail.com HTTP/1.1" 301 162 "-" "-"
172.93.120.149 - - [30/Sep/2025:16:59:09 +0000] "GET /wp-/mailers.php?send=kirzoinfasika%40gmail.com HTTP/1.1" 301 162 "-" "-"
172.93.120.149 - - [30/Sep/2025:16:59:10 +0000] "GET /wp-/mailers.php?to=kirzoinfasika%40gmail.com HTTP/1.1" 301 162 "-" "-"
172.93.120.149 - - [30/Sep/2025:16:59:10 +0000] "POST /wp-/mailers.php HTTP/1.1" 301 162 "-" "-"
204.12.208.18 - - [30/Sep/2025:17:07:33 +0000] "GET /wp-content/plb692e7/index.php HTTP/1.1" 301 162 "http://aceitunaslosada.com/wp-content/plb692e7/index.php" "Mozilla/5.0 (compatible; MSIE 10.0; Windows NT 6.2; WOW64; Trident/6.0)"
204.12.208.18 - - [30/Sep/2025:17:07:53 +0000] "GET /wp-content/plb692e7/index.php HTTP/1.1" 301 162 "http://aceitunaslosada.com/wp-content/plb692e7/index.php" "Mozilla/5.0 (Macintosh; Intel Mac OS X 10_6_8) AppleWebKit/534.52.7 (KHTML, like Gecko) Version/5.1.2 Safari/534.52.7"
204.12.208.18 - - [30/Sep/2025:17:17:50 +0000] "GET /wp-content/plb692e7/index.php HTTP/1.1" 301 162 "http://aceitunaslosada.com/wp-content/plb692e7/index.php" "Mozilla/5.0 (Macintosh; U; PPC Mac OS X; ja-jp) AppleWebKit/523.12 (KHTML, like Gecko) Version/3.0.4 Safari/523.12"
204.12.208.18 - - [30/Sep/2025:17:18:10 +0000] "GET /wp-content/plb692e7/index.php HTTP/1.1" 301 162 "http://aceitunaslosada.com/wp-content/plb692e7/index.php" "Mozilla/5.0 (Macintosh; Intel Mac OS X 10_6_8) AppleWebKit/535.1 (KHTML, like Gecko) RockMelt/0.9.64.361 Chrome/13.0.782.218 Safari/535.1"
131.108.233.22 - - [30/Sep/2025:17:20:51 +0000] "GET /wp-json/wp/v2/posts HTTP/1.1" 301 162 "-" "Mozilla/5.0 (Windows NT 10.0; Win64; x64) AppleWebKit/537.36 (KHTML, like Gecko) Chrome/120.0.0.0 Safari/537.36"
13.230.51.131 - - [30/Sep/2025:17:22:14 +0000] "GET / HTTP/1.1" 301 162 "https://www.google.com/" "Mozilla/5.0 (Macintosh; Intel Mac OS X 10_1_0) AppleWebKit/537.15 (KHTML, like Gecko) Version/4.1.1 Safari/537.4"
13.230.51.131 - - [30/Sep/2025:17:22:16 +0000] "GET /.env HTTP/1.1" 301 162 "https://www.google.com/" "Mozilla/5.0 (Macintosh; Intel Mac OS X 10_1_0) AppleWebKit/537.15 (KHTML, like Gecko) Version/4.1.1 Safari/537.4"
13.230.51.131 - - [30/Sep/2025:17:22:16 +0000] "GET /.remote HTTP/1.1" 301 162 "https://www.google.com/" "Mozilla/5.0 (Macintosh; Intel Mac OS X 10_1_0) AppleWebKit/537.15 (KHTML, like Gecko) Version/4.1.1 Safari/537.4"
13.230.51.131 - - [30/Sep/2025:17:22:17 +0000] "GET /.local HTTP/1.1" 301 162 "https://www.google.com/" "Mozilla/5.0 (Macintosh; Intel Mac OS X 10_1_0) AppleWebKit/537.15 (KHTML, like Gecko) Version/4.1.1 Safari/537.4"
13.230.51.131 - - [30/Sep/2025:17:22:17 +0000] "GET /.production HTTP/1.1" 301 162 "https://www.google.com/" "Mozilla/5.0 (Macintosh; Intel Mac OS X 10_1_0) AppleWebKit/537.15 (KHTML, like Gecko) Version/4.1.1 Safari/537.4"
13.230.51.131 - - [30/Sep/2025:17:22:18 +0000] "GET //vendor/.env HTTP/1.1" 301 162 "https://www.google.com/" "Mozilla/5.0 (Macintosh; Intel Mac OS X 10_1_0) AppleWebKit/537.15 (KHTML, like Gecko) Version/4.1.1 Safari/537.4"
13.230.51.131 - - [30/Sep/2025:17:22:18 +0000] "GET //lib/.env HTTP/1.1" 301 162 "https://www.google.com/" "Mozilla/5.0 (Macintosh; Intel Mac OS X 10_1_0) AppleWebKit/537.15 (KHTML, like Gecko) Version/4.1.1 Safari/537.4"
13.230.51.131 - - [30/Sep/2025:17:22:19 +0000] "GET //lab/.env HTTP/1.1" 301 162 "https://www.google.com/" "Mozilla/5.0 (Macintosh; Intel Mac OS X 10_1_0) AppleWebKit/537.15 (KHTML, like Gecko) Version/4.1.1 Safari/537.4"
13.230.51.131 - - [30/Sep/2025:17:22:19 +0000] "GET //cronlab/.env HTTP/1.1" 301 162 "https://www.google.com/" "Mozilla/5.0 (Macintosh; Intel Mac OS X 10_1_0) AppleWebKit/537.15 (KHTML, like Gecko) Version/4.1.1 Safari/537.4"
13.230.51.131 - - [30/Sep/2025:17:22:20 +0000] "GET //cron/.env HTTP/1.1" 301 162 "https://www.google.com/" "Mozilla/5.0 (Macintosh; Intel Mac OS X 10_1_0) AppleWebKit/537.15 (KHTML, like Gecko) Version/4.1.1 Safari/537.4"
13.230.51.131 - - [30/Sep/2025:17:22:20 +0000] "GET //core/.env HTTP/1.1" 301 162 "https://www.google.com/" "Mozilla/5.0 (Macintosh; Intel Mac OS X 10_1_0) AppleWebKit/537.15 (KHTML, like Gecko) Version/4.1.1 Safari/537.4"
13.230.51.131 - - [30/Sep/2025:17:22:21 +0000] "GET //core/app/.env HTTP/1.1" 301 162 "https://www.google.com/" "Mozilla/5.0 (Macintosh; Intel Mac OS X 10_1_0) AppleWebKit/537.15 (KHTML, like Gecko) Version/4.1.1 Safari/537.4"
13.230.51.131 - - [30/Sep/2025:17:22:21 +0000] "GET //core/Datavase/.env HTTP/1.1" 301 162 "https://www.google.com/" "Mozilla/5.0 (Macintosh; Intel Mac OS X 10_1_0) AppleWebKit/537.15 (KHTML, like Gecko) Version/4.1.1 Safari/537.4"
13.230.51.131 - - [30/Sep/2025:17:22:22 +0000] "GET //database/.env HTTP/1.1" 301 162 "https://www.google.com/" "Mozilla/5.0 (Macintosh; Intel Mac OS X 10_1_0) AppleWebKit/537.15 (KHTML, like Gecko) Version/4.1.1 Safari/537.4"
13.230.51.131 - - [30/Sep/2025:17:22:22 +0000] "GET //config/.env HTTP/1.1" 301 162 "https://www.google.com/" "Mozilla/5.0 (Macintosh; Intel Mac OS X 10_1_0) AppleWebKit/537.15 (KHTML, like Gecko) Version/4.1.1 Safari/537.4"
13.230.51.131 - - [30/Sep/2025:17:22:23 +0000] "GET //assets/.env HTTP/1.1" 301 162 "https://www.google.com/" "Mozilla/5.0 (Macintosh; Intel Mac OS X 10_1_0) AppleWebKit/537.15 (KHTML, like Gecko) Version/4.1.1 Safari/537.4"
13.230.51.131 - - [30/Sep/2025:17:22:23 +0000] "GET //app/.env HTTP/1.1" 301 162 "https://www.google.com/" "Mozilla/5.0 (Macintosh; Intel Mac OS X 10_1_0) AppleWebKit/537.15 (KHTML, like Gecko) Version/4.1.1 Safari/537.4"
13.230.51.131 - - [30/Sep/2025:17:22:23 +0000] "GET //apps/.env HTTP/1.1" 301 162 "https://www.google.com/" "Mozilla/5.0 (Macintosh; Intel Mac OS X 10_1_0) AppleWebKit/537.15 (KHTML, like Gecko) Version/4.1.1 Safari/537.4"
13.230.51.131 - - [30/Sep/2025:17:22:24 +0000] "GET //uploads/.env HTTP/1.1" 301 162 "https://www.google.com/" "Mozilla/5.0 (Macintosh; Intel Mac OS X 10_1_0) AppleWebKit/537.15 (KHTML, like Gecko) Version/4.1.1 Safari/537.4"
13.230.51.131 - - [30/Sep/2025:17:22:24 +0000] "GET //sitemaps/.env HTTP/1.1" 301 162 "https://www.google.com/" "Mozilla/5.0 (Macintosh; Intel Mac OS X 10_1_0) AppleWebKit/537.15 (KHTML, like Gecko) Version/4.1.1 Safari/537.4"
13.230.51.131 - - [30/Sep/2025:17:22:25 +0000] "GET //saas/.env HTTP/1.1" 301 162 "https://www.google.com/" "Mozilla/5.0 (Macintosh; Intel Mac OS X 10_1_0) AppleWebKit/537.15 (KHTML, like Gecko) Version/4.1.1 Safari/537.4"
13.230.51.131 - - [30/Sep/2025:17:22:25 +0000] "GET //api/.env HTTP/1.1" 301 162 "https://www.google.com/" "Mozilla/5.0 (Macintosh; Intel Mac OS X 10_1_0) AppleWebKit/537.15 (KHTML, like Gecko) Version/4.1.1 Safari/537.4"
13.230.51.131 - - [30/Sep/2025:17:22:26 +0000] "GET //psnlink/.env HTTP/1.1" 301 162 "https://www.google.com/" "Mozilla/5.0 (Macintosh; Intel Mac OS X 10_1_0) AppleWebKit/537.15 (KHTML, like Gecko) Version/4.1.1 Safari/537.4"
13.230.51.131 - - [30/Sep/2025:17:22:26 +0000] "GET //exapi/.env HTTP/1.1" 301 162 "https://www.google.com/" "Mozilla/5.0 (Macintosh; Intel Mac OS X 10_1_0) AppleWebKit/537.15 (KHTML, like Gecko) Version/4.1.1 Safari/537.4"
13.230.51.131 - - [30/Sep/2025:17:22:27 +0000] "GET //site/.env HTTP/1.1" 301 162 "https://www.google.com/" "Mozilla/5.0 (Macintosh; Intel Mac OS X 10_1_0) AppleWebKit/537.15 (KHTML, like Gecko) Version/4.1.1 Safari/537.4"
13.230.51.131 - - [30/Sep/2025:17:22:27 +0000] "GET //admin/.env HTTP/1.1" 301 162 "https://www.google.com/" "Mozilla/5.0 (Macintosh; Intel Mac OS X 10_1_0) AppleWebKit/537.15 (KHTML, like Gecko) Version/4.1.1 Safari/537.4"
13.230.51.131 - - [30/Sep/2025:17:22:28 +0000] "GET //web/.env HTTP/1.1" 301 162 "https://www.google.com/" "Mozilla/5.0 (Macintosh; Intel Mac OS X 10_1_0) AppleWebKit/537.15 (KHTML, like Gecko) Version/4.1.1 Safari/537.4"
13.230.51.131 - - [30/Sep/2025:17:22:28 +0000] "GET //public/.env HTTP/1.1" 301 162 "https://www.google.com/" "Mozilla/5.0 (Macintosh; Intel Mac OS X 10_1_0) AppleWebKit/537.15 (KHTML, like Gecko) Version/4.1.1 Safari/537.4"
13.230.51.131 - - [30/Sep/2025:17:22:29 +0000] "GET //en/.env HTTP/1.1" 301 162 "https://www.google.com/" "Mozilla/5.0 (Macintosh; Intel Mac OS X 10_1_0) AppleWebKit/537.15 (KHTML, like Gecko) Version/4.1.1 Safari/537.4"
13.230.51.131 - - [30/Sep/2025:17:22:29 +0000] "GET //tools/.env HTTP/1.1" 301 162 "https://www.google.com/" "Mozilla/5.0 (Macintosh; Intel Mac OS X 10_1_0) AppleWebKit/537.15 (KHTML, like Gecko) Version/4.1.1 Safari/537.4"
13.230.51.131 - - [30/Sep/2025:17:22:30 +0000] "GET //v1/.env HTTP/1.1" 301 162 "https://www.google.com/" "Mozilla/5.0 (Macintosh; Intel Mac OS X 10_1_0) AppleWebKit/537.15 (KHTML, like Gecko) Version/4.1.1 Safari/537.4"
13.230.51.131 - - [30/Sep/2025:17:22:30 +0000] "GET //v2/.env HTTP/1.1" 301 162 "https://www.google.com/" "Mozilla/5.0 (Macintosh; Intel Mac OS X 10_1_0) AppleWebKit/537.15 (KHTML, like Gecko) Version/4.1.1 Safari/537.4"
13.230.51.131 - - [30/Sep/2025:17:22:31 +0000] "GET //administrator/.env HTTP/1.1" 301 162 "https://www.google.com/" "Mozilla/5.0 (Macintosh; Intel Mac OS X 10_1_0) AppleWebKit/537.15 (KHTML, like Gecko) Version/4.1.1 Safari/537.4"
13.230.51.131 - - [30/Sep/2025:17:22:31 +0000] "GET //laravel/.env HTTP/1.1" 301 162 "https://www.google.com/" "Mozilla/5.0 (Macintosh; Intel Mac OS X 10_1_0) AppleWebKit/537.15 (KHTML, like Gecko) Version/4.1.1 Safari/537.4"
13.230.51.131 - - [30/Sep/2025:17:22:32 +0000] "POST / HTTP/1.1" 301 162 "https://www.google.com/" "Mozilla/5.0 (Macintosh; Intel Mac OS X 10_1_0) AppleWebKit/537.15 (KHTML, like Gecko) Version/4.1.1 Safari/537.4"
13.230.51.131 - - [30/Sep/2025:17:22:32 +0000] "POST //admin/vendor/phpunit/phpunit/src/Util/PHP/eval-stdin.php HTTP/1.1" 301 162 "https://www.google.com/" "Mozilla/5.0 (Macintosh; Intel Mac OS X 10_1_0) AppleWebKit/537.15 (KHTML, like Gecko) Version/4.1.1 Safari/537.4"
13.230.51.131 - - [30/Sep/2025:17:22:32 +0000] "POST //api/vendor/phpunit/phpunit/src/Util/PHP/eval-stdin.php HTTP/1.1" 301 162 "https://www.google.com/" "Mozilla/5.0 (Macintosh; Intel Mac OS X 10_1_0) AppleWebKit/537.15 (KHTML, like Gecko) Version/4.1.1 Safari/537.4"
13.230.51.131 - - [30/Sep/2025:17:22:33 +0000] "POST //backup/vendor/phpunit/phpunit/src/Util/PHP/eval-stdin.php HTTP/1.1" 301 162 "https://www.google.com/" "Mozilla/5.0 (Macintosh; Intel Mac OS X 10_1_0) AppleWebKit/537.15 (KHTML, like Gecko) Version/4.1.1 Safari/537.4"
13.230.51.131 - - [30/Sep/2025:17:22:33 +0000] "POST //blog/vendor/phpunit/phpunit/src/Util/PHP/eval-stdin.php HTTP/1.1" 301 162 "https://www.google.com/" "Mozilla/5.0 (Macintosh; Intel Mac OS X 10_1_0) AppleWebKit/537.15 (KHTML, like Gecko) Version/4.1.1 Safari/537.4"
13.230.51.131 - - [30/Sep/2025:17:22:33 +0000] "POST //cms/vendor/phpunit/phpunit/src/Util/PHP/eval-stdin.php HTTP/1.1" 301 162 "https://www.google.com/" "Mozilla/5.0 (Macintosh; Intel Mac OS X 10_1_0) AppleWebKit/537.15 (KHTML, like Gecko) Version/4.1.1 Safari/537.4"
13.230.51.131 - - [30/Sep/2025:17:22:33 +0000] "POST //demo/vendor/phpunit/phpunit/src/Util/PHP/eval-stdin.php HTTP/1.1" 301 162 "https://www.google.com/" "Mozilla/5.0 (Macintosh; Intel Mac OS X 10_1_0) AppleWebKit/537.15 (KHTML, like Gecko) Version/4.1.1 Safari/537.4"
13.230.51.131 - - [30/Sep/2025:17:22:34 +0000] "POST //dev/vendor/phpunit/phpunit/src/Util/PHP/eval-stdin.php HTTP/1.1" 301 162 "https://www.google.com/" "Mozilla/5.0 (Macintosh; Intel Mac OS X 10_1_0) AppleWebKit/537.15 (KHTML, like Gecko) Version/4.1.1 Safari/537.4"
13.230.51.131 - - [30/Sep/2025:17:22:34 +0000] "POST //laravel/vendor/phpunit/phpunit/src/Util/PHP/eval-stdin.php HTTP/1.1" 301 162 "https://www.google.com/" "Mozilla/5.0 (Macintosh; Intel Mac OS X 10_1_0) AppleWebKit/537.15 (KHTML, like Gecko) Version/4.1.1 Safari/537.4"
13.230.51.131 - - [30/Sep/2025:17:22:34 +0000] "POST //lib/phpunit/Util/PHP/eval-stdin.php HTTP/1.1" 301 162 "https://www.google.com/" "Mozilla/5.0 (Macintosh; Intel Mac OS X 10_1_0) AppleWebKit/537.15 (KHTML, like Gecko) Version/4.1.1 Safari/537.4"
13.230.51.131 - - [30/Sep/2025:17:22:34 +0000] "POST //lib/phpunit/phpunit/Util/PHP/eval-stdin.php HTTP/1.1" 301 162 "https://www.google.com/" "Mozilla/5.0 (Macintosh; Intel Mac OS X 10_1_0) AppleWebKit/537.15 (KHTML, like Gecko) Version/4.1.1 Safari/537.4"
13.230.51.131 - - [30/Sep/2025:17:22:35 +0000] "POST //lib/phpunit/phpunit/src/Util/PHP/eval-stdin.php HTTP/1.1" 301 162 "https://www.google.com/" "Mozilla/5.0 (Macintosh; Intel Mac OS X 10_1_0) AppleWebKit/537.15 (KHTML, like Gecko) Version/4.1.1 Safari/537.4"
13.230.51.131 - - [30/Sep/2025:17:22:35 +0000] "POST //lib/phpunit/src/Util/PHP/eval-stdin.php HTTP/1.1" 301 162 "https://www.google.com/" "Mozilla/5.0 (Macintosh; Intel Mac OS X 10_1_0) AppleWebKit/537.15 (KHTML, like Gecko) Version/4.1.1 Safari/537.4"
13.230.51.131 - - [30/Sep/2025:17:22:35 +0000] "POST //new/vendor/phpunit/phpunit/src/Util/PHP/eval-stdin.php HTTP/1.1" 301 162 "https://www.google.com/" "Mozilla/5.0 (Macintosh; Intel Mac OS X 10_1_0) AppleWebKit/537.15 (KHTML, like Gecko) Version/4.1.1 Safari/537.4"
13.230.51.131 - - [30/Sep/2025:17:22:35 +0000] "POST //old/vendor/phpunit/phpunit/src/Util/PHP/eval-stdin.php HTTP/1.1" 301 162 "https://www.google.com/" "Mozilla/5.0 (Macintosh; Intel Mac OS X 10_1_0) AppleWebKit/537.15 (KHTML, like Gecko) Version/4.1.1 Safari/537.4"
13.230.51.131 - - [30/Sep/2025:17:22:35 +0000] "POST //panel/vendor/phpunit/phpunit/src/Util/PHP/eval-stdin.php HTTP/1.1" 301 162 "https://www.google.com/" "Mozilla/5.0 (Macintosh; Intel Mac OS X 10_1_0) AppleWebKit/537.15 (KHTML, like Gecko) Version/4.1.1 Safari/537.4"
13.230.51.131 - - [30/Sep/2025:17:22:36 +0000] "POST //phpunit/Util/PHP/eval-stdin.php HTTP/1.1" 301 162 "https://www.google.com/" "Mozilla/5.0 (Macintosh; Intel Mac OS X 10_1_0) AppleWebKit/537.15 (KHTML, like Gecko) Version/4.1.1 Safari/537.4"
13.230.51.131 - - [30/Sep/2025:17:22:36 +0000] "POST //phpunit/phpunit/Util/PHP/eval-stdin.php HTTP/1.1" 301 162 "https://www.google.com/" "Mozilla/5.0 (Macintosh; Intel Mac OS X 10_1_0) AppleWebKit/537.15 (KHTML, like Gecko) Version/4.1.1 Safari/537.4"
13.230.51.131 - - [30/Sep/2025:17:22:36 +0000] "POST //phpunit/phpunit/src/Util/PHP/eval-stdin.php HTTP/1.1" 301 162 "https://www.google.com/" "Mozilla/5.0 (Macintosh; Intel Mac OS X 10_1_0) AppleWebKit/537.15 (KHTML, like Gecko) Version/4.1.1 Safari/537.4"
13.230.51.131 - - [30/Sep/2025:17:22:36 +0000] "POST //phpunit/src/Util/PHP/eval-stdin.php HTTP/1.1" 301 162 "https://www.google.com/" "Mozilla/5.0 (Macintosh; Intel Mac OS X 10_1_0) AppleWebKit/537.15 (KHTML, like Gecko) Version/4.1.1 Safari/537.4"
13.230.51.131 - - [30/Sep/2025:17:22:37 +0000] "POST //protected/vendor/phpunit/phpunit/src/Util/PHP/eval-stdin.php HTTP/1.1" 301 162 "https://www.google.com/" "Mozilla/5.0 (Macintosh; Intel Mac OS X 10_1_0) AppleWebKit/537.15 (KHTML, like Gecko) Version/4.1.1 Safari/537.4"
13.230.51.131 - - [30/Sep/2025:17:22:37 +0000] "POST //sites/all/libraries/mailchimp/vendor/phpunit/phpunit/src/Util/PHP/eval-stdin.php HTTP/1.1" 301 162 "https://www.google.com/" "Mozilla/5.0 (Macintosh; Intel Mac OS X 10_1_0) AppleWebKit/537.15 (KHTML, like Gecko) Version/4.1.1 Safari/537.4"
13.230.51.131 - - [30/Sep/2025:17:22:37 +0000] "POST //vendor/phpunit/Util/PHP/eval-stdin.php HTTP/1.1" 301 162 "https://www.google.com/" "Mozilla/5.0 (Macintosh; Intel Mac OS X 10_1_0) AppleWebKit/537.15 (KHTML, like Gecko) Version/4.1.1 Safari/537.4"
13.230.51.131 - - [30/Sep/2025:17:22:37 +0000] "POST //vendor/phpunit/phpunit/Util/PHP/eval-stdin.php HTTP/1.1" 301 162 "https://www.google.com/" "Mozilla/5.0 (Macintosh; Intel Mac OS X 10_1_0) AppleWebKit/537.15 (KHTML, like Gecko) Version/4.1.1 Safari/537.4"
13.230.51.131 - - [30/Sep/2025:17:22:38 +0000] "POST //vendor/phpunit/phpunit/src/Util/PHP/eval-stdin.php HTTP/1.1" 301 162 "https://www.google.com/" "Mozilla/5.0 (Macintosh; Intel Mac OS X 10_1_0) AppleWebKit/537.15 (KHTML, like Gecko) Version/4.1.1 Safari/537.4"
13.230.51.131 - - [30/Sep/2025:17:22:38 +0000] "POST //vendor/phpunit/src/Util/PHP/eval-stdin.php HTTP/1.1" 301 162 "https://www.google.com/" "Mozilla/5.0 (Macintosh; Intel Mac OS X 10_1_0) AppleWebKit/537.15 (KHTML, like Gecko) Version/4.1.1 Safari/537.4"
13.230.51.131 - - [30/Sep/2025:17:22:38 +0000] "POST //wp-content/plugins/cloudflare/vendor/phpunit/phpunit/src/Util/PHP/eval-stdin.php HTTP/1.1" 301 162 "https://www.google.com/" "Mozilla/5.0 (Macintosh; Intel Mac OS X 10_1_0) AppleWebKit/537.15 (KHTML, like Gecko) Version/4.1.1 Safari/537.4"
13.230.51.131 - - [30/Sep/2025:17:22:38 +0000] "POST //wp-content/plugins/dzs-videogallery/class_parts/vendor/phpunit/phpunit/src/Util/PHP/eval-stdin.php HTTP/1.1" 301 162 "https://www.google.com/" "Mozilla/5.0 (Macintosh; Intel Mac OS X 10_1_0) AppleWebKit/537.15 (KHTML, like Gecko) Version/4.1.1 Safari/537.4"
13.230.51.131 - - [30/Sep/2025:17:22:39 +0000] "POST //wp-content/plugins/jekyll-exporter/vendor/phpunit/phpunit/src/Util/PHP/eval-stdin.php HTTP/1.1" 301 162 "https://www.google.com/" "Mozilla/5.0 (Macintosh; Intel Mac OS X 10_1_0) AppleWebKit/537.15 (KHTML, like Gecko) Version/4.1.1 Safari/537.4"
13.230.51.131 - - [30/Sep/2025:17:22:39 +0000] "POST //wp-content/plugins/mm-plugin/inc/vendors/vendor/phpunit/phpunit/src/Util/PHP/eval-stdin.php HTTP/1.1" 301 162 "https://www.google.com/" "Mozilla/5.0 (Macintosh; Intel Mac OS X 10_1_0) AppleWebKit/537.15 (KHTML, like Gecko) Version/4.1.1 Safari/537.4"
13.230.51.131 - - [30/Sep/2025:17:22:39 +0000] "POST //www/vendor/phpunit/phpunit/src/Util/PHP/eval-stdin.php HTTP/1.1" 301 162 "https://www.google.com/" "Mozilla/5.0 (Macintosh; Intel Mac OS X 10_1_0) AppleWebKit/537.15 (KHTML, like Gecko) Version/4.1.1 Safari/537.4"
204.12.208.18 - - [30/Sep/2025:17:27:30 +0000] "GET /wp-content/plb692e7/index.php HTTP/1.1" 301 162 "http://aceitunaslosada.com/wp-content/plb692e7/index.php" "Mozilla/4.0 (compatible; MSIE 7.0; Windows NT 6.0; SLCC1; .NET CLR 2.0.50727; Media Center PC 5.0; .NET CLR 3.0.04506; InfoPath.1)"
216.244.66.231 - - [30/Sep/2025:17:31:18 +0000] "GET /robots.txt HTTP/1.1" 301 162 "-" "Mozilla/5.0 (compatible; DotBot/1.2; +https://opensiteexplorer.org/dotbot; help@moz.com)"
172.93.120.149 - - [30/Sep/2025:17:32:44 +0000] "GET /wp-/mailers.php7?valid HTTP/1.1" 301 162 "-" "W3LL-Checker/3.0"
172.93.120.149 - - [30/Sep/2025:17:32:44 +0000] "GET /wp-/mailers.php7?health HTTP/1.1" 301 162 "-" "W3LL-Checker/3.0"
172.93.120.149 - - [30/Sep/2025:17:32:44 +0000] "GET /wp-/mailers.php7?info HTTP/1.1" 301 162 "-" "W3LL-Checker/3.0"
172.93.120.149 - - [30/Sep/2025:17:32:45 +0000] "GET /wp-/mailers.php7 HTTP/1.1" 301 162 "-" "Mozilla/5.0 (Windows NT 10.0; Win64; x64) AppleWebKit/537.36"
172.93.120.149 - - [30/Sep/2025:17:32:45 +0000] "GET /wp-/mailers.php7?email=kirzoinfasika%40gmail.com HTTP/1.1" 301 162 "-" "-"
172.93.120.149 - - [30/Sep/2025:17:32:46 +0000] "GET /wp-/mailers.php7?send=kirzoinfasika%40gmail.com HTTP/1.1" 301 162 "-" "-"
172.93.120.149 - - [30/Sep/2025:17:32:46 +0000] "GET /wp-/mailers.php7?to=kirzoinfasika%40gmail.com HTTP/1.1" 301 162 "-" "-"
172.93.120.149 - - [30/Sep/2025:17:32:46 +0000] "POST /wp-/mailers.php7 HTTP/1.1" 301 162 "-" "-"
204.12.208.18 - - [30/Sep/2025:17:37:25 +0000] "GET /wp-content/plb692e7/index.php HTTP/1.1" 301 162 "http://aceitunaslosada.com/wp-content/plb692e7/index.php" "Mozilla/5.0 (Macintosh; Intel Mac OS X 10.7; rv:9.0.1) Gecko/20100101 Firefox/9.0.1"
204.12.208.18 - - [30/Sep/2025:17:46:54 +0000] "GET /wp-content/plb692e7/index.php HTTP/1.1" 301 162 "http://aceitunaslosada.com/wp-content/plb692e7/index.php" "Mozilla/5.0 (Windows NT 6.1) AppleWebKit/535.1 (KHTML, like Gecko) Chrome/13.0.782.107 Safari/535.1"
204.12.208.18 - - [30/Sep/2025:17:56:42 +0000] "GET /wp-content/plb692e7/index.php HTTP/1.1" 301 162 "http://aceitunaslosada.com/wp-content/plb692e7/index.php" "Mozilla/5.0 (Macintosh; U; PPC Mac OS X; ja-jp) AppleWebKit/522.11.1 (KHTML, like Gecko) Version/3.0.3 Safari/522.12.1"
204.12.208.18 - - [30/Sep/2025:17:57:02 +0000] "GET /wp-content/plb692e7/index.php HTTP/1.1" 301 162 "http://aceitunaslosada.com/wp-content/plb692e7/index.php" "Mozilla/5.0 (Windows NT 6.1) AppleWebKit/535.1 (KHTML, like Gecko) Chrome/13.0.782.107 Safari/535.1"
204.12.208.18 - - [30/Sep/2025:18:06:29 +0000] "GET /wp-content/plb692e7/index.php HTTP/1.1" 301 162 "http://aceitunaslosada.com/wp-content/plb692e7/index.php" "Mozilla/5.0 (Macintosh; Intel Mac OS X 10.6; rv:6.0.2) Gecko/20100101 Firefox/6.0.2"
48.210.45.29 - - [30/Sep/2025:18:10:00 +0000] "GET //wp-content/plugins/fix/up.php HTTP/1.1" 301 162 "-" "Mozilla/5.0 (Windows NT 10.0; Win64; x64) AppleWebKit/537.36 (KHTML, like Gecko) Chrome/85.0.4183.102 Safari/537.36"
204.12.208.18 - - [30/Sep/2025:18:17:03 +0000] "GET /wp-content/plb692e7/index.php HTTP/1.1" 301 162 "http://aceitunaslosada.com/wp-content/plb692e7/index.php" "Mozilla/4.0 (compatible; MSIE 7.0; Windows NT 5.1; .NET CLR 1.1.4322; .NET CLR 2.0.50727; .NET CLR 3.0.04506.30)"
204.12.208.18 - - [30/Sep/2025:18:17:23 +0000] "GET /wp-content/plb692e7/index.php HTTP/1.1" 301 162 "http://aceitunaslosada.com/wp-content/plb692e7/index.php" "Mozilla/5.0 (Macintosh; U; PPC Mac OS X; ja-jp) AppleWebKit/522.11.1 (KHTML, like Gecko) Version/3.0.3 Safari/522.12.1"
172.93.120.149 - - [30/Sep/2025:18:18:21 +0000] "GET /wp-/mailers.phtml?valid HTTP/1.1" 301 162 "-" "W3LL-Checker/3.0"
172.93.120.149 - - [30/Sep/2025:18:18:22 +0000] "GET /wp-/mailers.phtml?health HTTP/1.1" 301 162 "-" "W3LL-Checker/3.0"
172.93.120.149 - - [30/Sep/2025:18:18:22 +0000] "GET /wp-/mailers.phtml?info HTTP/1.1" 301 162 "-" "W3LL-Checker/3.0"
172.93.120.149 - - [30/Sep/2025:18:18:22 +0000] "GET /wp-/mailers.phtml HTTP/1.1" 301 162 "-" "Mozilla/5.0 (Windows NT 10.0; Win64; x64) AppleWebKit/537.36"
172.93.120.149 - - [30/Sep/2025:18:18:23 +0000] "GET /wp-/mailers.phtml?email=kirzoinfasika%40gmail.com HTTP/1.1" 301 162 "-" "-"
172.93.120.149 - - [30/Sep/2025:18:18:23 +0000] "GET /wp-/mailers.phtml?send=kirzoinfasika%40gmail.com HTTP/1.1" 301 162 "-" "-"
172.93.120.149 - - [30/Sep/2025:18:18:24 +0000] "GET /wp-/mailers.phtml?to=kirzoinfasika%40gmail.com HTTP/1.1" 301 162 "-" "-"
172.93.120.149 - - [30/Sep/2025:18:18:24 +0000] "POST /wp-/mailers.phtml HTTP/1.1" 301 162 "-" "-"
216.244.66.231 - - [30/Sep/2025:18:26:59 +0000] "GET /robots.txt HTTP/1.1" 301 162 "-" "Mozilla/5.0 (compatible; DotBot/1.2; +https://opensiteexplorer.org/dotbot; help@moz.com)"
216.244.66.231 - - [30/Sep/2025:18:26:59 +0000] "GET /robots.txt HTTP/1.1" 301 162 "-" "Mozilla/5.0 (compatible; DotBot/1.2; +https://opensiteexplorer.org/dotbot; help@moz.com)"
204.12.208.18 - - [30/Sep/2025:18:27:04 +0000] "GET /wp-content/plb692e7/index.php HTTP/1.1" 301 162 "http://aceitunaslosada.com/wp-content/plb692e7/index.php" "Mozilla/5.0 (Macintosh; U; Intel Mac OS X 10_5_6; ja-jp) AppleWebKit/528.16 (KHTML, like Gecko) Version/4.0 Safari/528.16"
204.12.208.18 - - [30/Sep/2025:18:36:54 +0000] "GET /wp-content/plb692e7/index.php HTTP/1.1" 301 162 "http://aceitunaslosada.com/wp-content/plb692e7/index.php" "Mozilla/5.0 (X11; Linux i686) AppleWebKit/535.2 (KHTML, like Gecko) Ubuntu/10.04 Chromium/15.0.874.106 Chrome/15.0.874.106 Safari/535.2"
204.12.208.18 - - [30/Sep/2025:18:37:14 +0000] "GET /wp-content/plb692e7/index.php HTTP/1.1" 301 162 "http://aceitunaslosada.com/wp-content/plb692e7/index.php" "Mozilla/5.0 (Macintosh; U; PPC Mac OS X 10_4_11; ja-jp) AppleWebKit/525.18 (KHTML, like Gecko) Version/3.1.2 Safari/525.22"
110.172.98.2 - - [30/Sep/2025:18:44:38 +0000] "GET / HTTP/1.1" 301 162 "-" "Mozilla/5.0 (Windows NT 10.0; Win64; x64) AppleWebKit/537.36 (KHTML, like Gecko) Chrome/79.0.3945.130 Safari/537.36"
204.12.208.18 - - [30/Sep/2025:18:46:24 +0000] "GET /wp-content/plb692e7/index.php HTTP/1.1" 301 162 "http://aceitunaslosada.com/wp-content/plb692e7/index.php" "Mozilla/5.0 (compatible; MSIE 10.0; Windows NT 6.2; ARM; Trident/6.0)"
204.12.208.18 - - [30/Sep/2025:18:55:54 +0000] "GET /wp-content/plb692e7/index.php HTTP/1.1" 301 162 "http://aceitunaslosada.com/wp-content/plb692e7/index.php" "Mozilla/4.0 (compatible; GoogleToolbar 5.0.2124.2070; Windows 6.0; MSIE 8.0.6001.18241)"
43.131.243.61 - - [30/Sep/2025:19:02:42 +0000] "GET / HTTP/1.1" 301 162 "-" "Mozilla/5.0 (iPhone; CPU iPhone OS 13_2_3 like Mac OS X) AppleWebKit/605.1.15 (KHTML, like Gecko) Version/13.0.3 Mobile/15E148 Safari/604.1"
204.12.208.18 - - [30/Sep/2025:19:05:34 +0000] "GET /wp-content/plb692e7/index.php HTTP/1.1" 301 162 "http://aceitunaslosada.com/wp-content/plb692e7/index.php" "Mozilla/5.0 (Windows; U; Windows NT 5.1; en-US) AppleWebKit/534.16 (KHTML, like Gecko) Chrome/10.0.648.151 Safari/534.16"
185.117.28.250 - - [30/Sep/2025:19:12:07 +0000] "GET / HTTP/1.1" 301 162 "-" "Mozilla/5.0 (Windows NT 10.0) AppleWebKit/537.36 (KHTML, like Gecko) Chrome/114.0.0.0 Safari/537.36"
204.12.208.18 - - [30/Sep/2025:19:16:12 +0000] "GET /wp-content/plb692e7/index.php HTTP/1.1" 301 162 "http://aceitunaslosada.com/wp-content/plb692e7/index.php" "Opera/9.80 (Macintosh; Intel Mac OS X 10.6.8; U; ja) Presto/2.10.289 Version/12.00"
204.12.208.18 - - [30/Sep/2025:19:16:32 +0000] "GET /wp-content/plb692e7/index.php HTTP/1.1" 301 162 "http://aceitunaslosada.com/wp-content/plb692e7/index.php" "Mozilla/5.0 (Windows NT 5.1) AppleWebKit/534.30 (KHTML, like Gecko) Chrome/12.0.742.122 Safari/534.30 ChromePlus/1.6.3.1"
110.172.98.2 - - [30/Sep/2025:19:20:47 +0000] "GET / HTTP/1.1" 301 162 "-" "Mozilla/5.0 (Windows NT 10.0; Win64; x64) AppleWebKit/537.36 (KHTML, like Gecko) Chrome/79.0.3945.130 Safari/537.36"
216.244.66.231 - - [30/Sep/2025:19:22:29 +0000] "GET /robots.txt HTTP/1.1" 301 162 "-" "Mozilla/5.0 (compatible; DotBot/1.2; +https://opensiteexplorer.org/dotbot; help@moz.com)"
125.94.144.102 - - [30/Sep/2025:19:22:47 +0000] "GET / HTTP/1.1" 301 162 "-" "Mozilla/5.0 (iPhone; CPU iPhone OS 13_2_3 like Mac OS X) AppleWebKit/605.1.15 (KHTML, like Gecko) Version/13.0.3 Mobile/15E148 Safari/604.1"
123.160.223.73 - - [30/Sep/2025:19:23:19 +0000] "GET / HTTP/1.1" 301 162 "-" "Mozilla/5.0 (Macintosh; Intel Mac OS X 10_15_7) AppleWebKit/537.36 (KHTML, like Gecko) Chrome/96.0.4664.110 Safari/537.36"
123.160.223.73 - - [30/Sep/2025:19:23:22 +0000] "GET /favicon.ico HTTP/1.1" 301 162 "-" "Mozilla/5.0 (Macintosh; Intel Mac OS X 10_15_7) AppleWebKit/537.36 (KHTML, like Gecko) Chrome/96.0.4664.110 Safari/537.36"
204.12.208.18 - - [30/Sep/2025:19:25:54 +0000] "GET /wp-content/plb692e7/index.php HTTP/1.1" 301 162 "http://aceitunaslosada.com/wp-content/plb692e7/index.php" "Mozilla/5.0 (Macintosh; Intel Mac OS X 10_6_8) AppleWebKit/535.1 (KHTML, like Gecko) RockMelt/0.9.64.361 Chrome/13.0.782.218 Safari/535.1"
204.12.208.18 - - [30/Sep/2025:19:26:14 +0000] "GET /wp-content/plb692e7/index.php HTTP/1.1" 301 162 "http://aceitunaslosada.com/wp-content/plb692e7/index.php" "Mozilla/5.0 (Macintosh; Intel Mac OS X 10.7; rv:9.0.1) Gecko/20100101 Firefox/9.0.1"
52.167.144.230 - - [30/Sep/2025:19:28:33 +0000] "GET /wp-content/uploads/2013/10/zorzalena-losada-450x300.jpg HTTP/1.1" 301 162 "-" "Mozilla/5.0 AppleWebKit/537.36 (KHTML, like Gecko; compatible; bingbot/2.0; +http://www.bing.com/bingbot.htm) Chrome/116.0.1938.76 Safari/537.36"
204.12.208.18 - - [30/Sep/2025:19:35:32 +0000] "GET /wp-content/plb692e7/index.php HTTP/1.1" 301 162 "http://aceitunaslosada.com/wp-content/plb692e7/index.php" "Mozilla/5.0 (compatible; MSIE 9.0; Windows NT 6.1; WOW64; Trident/5.0; SLCC2; .NET CLR 2.0.50727; .NET CLR 3.5.30729; .NET CLR 3.0.30729; Media Center PC 6.0; MAGW; .NET4.0C; Lunascape 6.5.8.24780)"
204.12.208.18 - - [30/Sep/2025:19:45:36 +0000] "GET /wp-content/plb692e7/index.php HTTP/1.1" 301 162 "http://aceitunaslosada.com/wp-content/plb692e7/index.php" "Mozilla/5.0 (Macintosh; Intel Mac OS X 10.5; rv:8.0.1) Gecko/20100101 Firefox/8.0.1"
204.12.208.18 - - [30/Sep/2025:19:45:56 +0000] "GET /wp-content/plb692e7/index.php HTTP/1.1" 301 162 "http://aceitunaslosada.com/wp-content/plb692e7/index.php" "Mozilla/5.0 (compatible; MSIE 9.0; Windows NT 6.1; WOW64; Trident/5.0; SLCC2; .NET CLR 2.0.50727; .NET CLR 3.5.30729; .NET CLR 3.0.30729; Media Center PC 6.0; MAGW; .NET4.0C; Lunascape 6.5.8.24780)"
89.116.54.157 - - [30/Sep/2025:19:46:18 +0000] "GET / HTTP/1.1" 301 162 "-" "Mozilla/5.0 (Windows NT 10.0; Win64; x64) AppleWebKit/537.36 (KHTML, like Gecko) Chrome/91.0.4472.124 Safari/537.36 OPR/77.0.4054.203"
204.12.208.18 - - [30/Sep/2025:19:55:19 +0000] "GET /wp-content/plb692e7/index.php HTTP/1.1" 301 162 "http://aceitunaslosada.com/wp-content/plb692e7/index.php" "Mozilla/5.0 (Windows NT 6.1; WOW64; rv:9.0.1) Gecko/20100101 Firefox/9.0.1"
204.12.208.18 - - [30/Sep/2025:20:04:49 +0000] "GET /wp-content/plb692e7/index.php HTTP/1.1" 301 162 "http://aceitunaslosada.com/wp-content/plb692e7/index.php" "Mozilla/4.0 (compatible; MSIE 7.0; Windows NT 5.1; SV1)"
204.12.208.18 - - [30/Sep/2025:20:05:09 +0000] "GET /wp-content/plb692e7/index.php HTTP/1.1" 301 162 "http://aceitunaslosada.com/wp-content/plb692e7/index.php" "Mozilla/5.0 (Macintosh; U; PPC Mac OS X 10_4_11; ja-jp) AppleWebKit/525.18 (KHTML, like Gecko) Version/3.1.2 Safari/525.22"
83.68.137.168 - - [30/Sep/2025:20:08:12 +0000] "GET / HTTP/1.1" 301 162 "-" "Mozilla/5.0 Firefox/26.0"
172.93.120.149 - - [30/Sep/2025:20:14:27 +0000] "GET /wp-/mailers.php?valid HTTP/1.1" 301 162 "-" "W3LL-Checker/3.0"
172.93.120.149 - - [30/Sep/2025:20:14:27 +0000] "GET /wp-/mailers.php?health HTTP/1.1" 301 162 "-" "W3LL-Checker/3.0"
172.93.120.149 - - [30/Sep/2025:20:14:27 +0000] "GET /wp-/mailers.php?info HTTP/1.1" 301 162 "-" "W3LL-Checker/3.0"
172.93.120.149 - - [30/Sep/2025:20:14:28 +0000] "GET /wp-/mailers.php HTTP/1.1" 301 162 "-" "Mozilla/5.0 (Windows NT 10.0; Win64; x64) AppleWebKit/537.36"
172.93.120.149 - - [30/Sep/2025:20:14:28 +0000] "GET /wp-/mailers.php?email=kirzoinfasika%40gmail.com HTTP/1.1" 301 162 "-" "-"
172.93.120.149 - - [30/Sep/2025:20:14:29 +0000] "GET /wp-/mailers.php?send=kirzoinfasika%40gmail.com HTTP/1.1" 301 162 "-" "-"
172.93.120.149 - - [30/Sep/2025:20:14:29 +0000] "GET /wp-/mailers.php?to=kirzoinfasika%40gmail.com HTTP/1.1" 301 162 "-" "-"
172.93.120.149 - - [30/Sep/2025:20:14:29 +0000] "POST /wp-/mailers.php HTTP/1.1" 301 162 "-" "-"
204.12.208.18 - - [30/Sep/2025:20:15:13 +0000] "GET /wp-content/plb692e7/index.php HTTP/1.1" 301 162 "http://aceitunaslosada.com/wp-content/plb692e7/index.php" "Mozilla/4.0 (compatible; MSIE 7.0; Windows NT 5.1; SV1; .NET CLR 1.1.4322)"
216.244.66.231 - - [30/Sep/2025:20:18:19 +0000] "GET /robots.txt HTTP/1.1" 301 162 "-" "Mozilla/5.0 (compatible; DotBot/1.2; +https://opensiteexplorer.org/dotbot; help@moz.com)"
204.12.208.18 - - [30/Sep/2025:20:24:42 +0000] "GET /wp-content/plb692e7/index.php HTTP/1.1" 301 162 "http://aceitunaslosada.com/wp-content/plb692e7/index.php" "Mozilla/5.0 (Macintosh; Intel Mac OS X 10_6_8) AppleWebKit/535.1 (KHTML, like Gecko) Chrome/14.0.835.202 Safari/535.1"
204.12.208.18 - - [30/Sep/2025:20:34:30 +0000] "GET /wp-content/plb692e7/index.php HTTP/1.1" 301 162 "http://aceitunaslosada.com/wp-content/plb692e7/index.php" "Mozilla/5.0 (Windows NT 6.1; WOW64; rv:5.0) Gecko/20100101 Firefox/5.0"
204.12.208.18 - - [30/Sep/2025:20:34:50 +0000] "GET /wp-content/plb692e7/index.php HTTP/1.1" 301 162 "http://aceitunaslosada.com/wp-content/plb692e7/index.php" "Mozilla/5.0 (Macintosh; Intel Mac OS X 10_6_8) AppleWebKit/534.57.2 (KHTML, like Gecko) Version/5.1.7 Safari/534.57.2"
48.210.45.29 - - [30/Sep/2025:20:35:14 +0000] "GET //wp-content/plugins/fix/up.php HTTP/1.1" 301 162 "-" "Mozilla/5.0 (Windows NT 10.0; Win64; x64) AppleWebKit/537.36 (KHTML, like Gecko) Chrome/85.0.4183.102 Safari/537.36"
48.210.45.29 - - [30/Sep/2025:20:38:00 +0000] "GET //wp-content/plugins/fix/up.php HTTP/1.1" 301 162 "-" "Mozilla/5.0 (Windows NT 10.0; Win64; x64) AppleWebKit/537.36 (KHTML, like Gecko) Chrome/85.0.4183.102 Safari/537.36"
204.12.208.18 - - [30/Sep/2025:20:44:10 +0000] "GET /wp-content/plb692e7/index.php HTTP/1.1" 301 162 "http://aceitunaslosada.com/wp-content/plb692e7/index.php" "Mozilla/5.0 (Macintosh; U; Intel Mac OS X; ja-jp) AppleWebKit/523.10.3 (KHTML, like Gecko) Version/3.0.4 Safari/523.10"
204.12.208.18 - - [30/Sep/2025:20:44:30 +0000] "GET /wp-content/plb692e7/index.php HTTP/1.1" 301 162 "http://aceitunaslosada.com/wp-content/plb692e7/index.php" "Mozilla/5.0 (Macintosh; Intel Mac OS X 10_6_8) AppleWebKit/535.7 (KHTML, like Gecko) Chrome/16.0.912.75 Safari/535.7"
172.93.120.149 - - [30/Sep/2025:20:48:54 +0000] "GET /wp-/mailers.php7?valid HTTP/1.1" 301 162 "-" "W3LL-Checker/3.0"
172.93.120.149 - - [30/Sep/2025:20:48:54 +0000] "GET /wp-/mailers.php7?health HTTP/1.1" 301 162 "-" "W3LL-Checker/3.0"
172.93.120.149 - - [30/Sep/2025:20:48:54 +0000] "GET /wp-/mailers.php7?info HTTP/1.1" 301 162 "-" "W3LL-Checker/3.0"
172.93.120.149 - - [30/Sep/2025:20:48:55 +0000] "GET /wp-/mailers.php7 HTTP/1.1" 301 162 "-" "Mozilla/5.0 (Windows NT 10.0; Win64; x64) AppleWebKit/537.36"
172.93.120.149 - - [30/Sep/2025:20:48:56 +0000] "GET /wp-/mailers.php7?email=kirzoinfasika%40gmail.com HTTP/1.1" 301 162 "-" "-"
172.93.120.149 - - [30/Sep/2025:20:48:56 +0000] "GET /wp-/mailers.php7?send=kirzoinfasika%40gmail.com HTTP/1.1" 301 162 "-" "-"
172.93.120.149 - - [30/Sep/2025:20:48:56 +0000] "GET /wp-/mailers.php7?to=kirzoinfasika%40gmail.com HTTP/1.1" 301 162 "-" "-"
172.93.120.149 - - [30/Sep/2025:20:48:57 +0000] "POST /wp-/mailers.php7 HTTP/1.1" 301 162 "-" "-"
204.12.208.18 - - [30/Sep/2025:20:53:49 +0000] "GET /wp-content/plb692e7/index.php HTTP/1.1" 301 162 "http://aceitunaslosada.com/wp-content/plb692e7/index.php" "Mozilla/5.0 (Macintosh; Intel Mac OS X 10_7_2) AppleWebKit/535.2 (KHTML, like Gecko) Chrome/15.0.874.106 Safari/535.2"
204.12.208.18 - - [30/Sep/2025:21:03:42 +0000] "GET /wp-content/plb692e7/index.php HTTP/1.1" 301 162 "http://aceitunaslosada.com/wp-content/plb692e7/index.php" "Mozilla/5.0 (Macintosh; Intel Mac OS X 10_6_8) AppleWebKit/535.7 (KHTML, like Gecko) Chrome/16.0.912.75 Safari/535.7"
204.12.208.18 - - [30/Sep/2025:21:13:57 +0000] "GET /wp-content/plb692e7/index.php HTTP/1.1" 301 162 "http://aceitunaslosada.com/wp-content/plb692e7/index.php" "Mozilla/5.0 (Macintosh; U; PPC Mac OS X 10_4_11; ja-jp) AppleWebKit/525.18 (KHTML, like Gecko) Version/3.1.2 Safari/525.22"
204.12.208.18 - - [30/Sep/2025:21:14:17 +0000] "GET /wp-content/plb692e7/index.php HTTP/1.1" 301 162 "http://aceitunaslosada.com/wp-content/plb692e7/index.php" "Mozilla/5.0 (Windows; U; Windows NT 5.1; en-US) AppleWebKit/534.16 (KHTML, like Gecko) Chrome/10.0.648.151 Safari/534.16"
