File: /var/www/vhosts/aceitunaslosada.com/logs/access_log.webstat
204.12.208.18 - - [30/Sep/2025:06:38:23 +0000] "GET /wp-content/plb692e7/index.php HTTP/1.1" 301 162 "http://aceitunaslosada.com/wp-content/plb692e7/index.php" "Mozilla/5.0 (Macintosh; U; PPC Mac OS X 10_4_11; ja-jp) AppleWebKit/525.13 (KHTML, like Gecko) Version/3.1 Safari/525.13"
216.244.66.231 - - [30/Sep/2025:06:43:45 +0000] "GET /robots.txt HTTP/1.1" 301 162 "-" "Mozilla/5.0 (compatible; DotBot/1.2; +https://opensiteexplorer.org/dotbot; help@moz.com)"
216.244.66.231 - - [30/Sep/2025:06:43:45 +0000] "GET /robots.txt HTTP/1.1" 301 162 "-" "Mozilla/5.0 (compatible; DotBot/1.2; +https://opensiteexplorer.org/dotbot; help@moz.com)"
46.147.127.104 - - [30/Sep/2025:06:47:56 +0000] "GET / HTTP/1.0" 301 162 "-" "Mozilla/5.0 (Windows NT 6.3; WOW64) AppleWebKit/537.36 (KHTML, like Gecko) Chrome/50.0.2661.102 Safari/537.36"
46.147.127.104 - - [30/Sep/2025:06:47:56 +0000] "GET / HTTP/1.0" 301 162 "-" "Mozilla/5.0 (Windows NT 6.3; WOW64) AppleWebKit/537.36 (KHTML, like Gecko) Chrome/50.0.2661.102 Safari/537.36"
46.147.127.104 - - [30/Sep/2025:06:47:56 +0000] "GET / HTTP/1.0" 301 162 "-" "Mozilla/5.0 (Windows NT 6.3; WOW64) AppleWebKit/537.36 (KHTML, like Gecko) Chrome/50.0.2661.102 Safari/537.36"
204.12.208.18 - - [30/Sep/2025:06:48:20 +0000] "GET /wp-content/plb692e7/index.php HTTP/1.1" 301 162 "http://aceitunaslosada.com/wp-content/plb692e7/index.php" "Opera/9.80 (Windows NT 6.1; U; ja) Presto/2.9.168 Version/11.50"
204.12.208.18 - - [30/Sep/2025:06:58:04 +0000] "GET /wp-content/plb692e7/index.php HTTP/1.1" 301 162 "http://aceitunaslosada.com/wp-content/plb692e7/index.php" "Mozilla/5.0 (Windows NT 5.1; rv:6.0) Gecko/20100101 Firefox/6.0"
204.12.208.18 - - [30/Sep/2025:06:58:24 +0000] "GET /wp-content/plb692e7/index.php HTTP/1.1" 301 162 "http://aceitunaslosada.com/wp-content/plb692e7/index.php" "Mozilla/5.0 (Macintosh; U; PPC Mac OS X 10_4_11; ja-jp) AppleWebKit/525.13 (KHTML, like Gecko) Version/3.1 Safari/525.13"
194.49.57.182 - - [30/Sep/2025:07:00:10 +0000] "GET /firma-losada/google_plus.png HTTP/1.1" 301 162 "-" "Mozilla/5.0 (Macintosh; Intel Mac OS X 10_8_5) AppleWebKit/536.30.1 (KHTML, like Gecko)"
194.49.57.182 - - [30/Sep/2025:07:00:10 +0000] "GET /firma-losada/pinterest.png HTTP/1.1" 301 162 "-" "Mozilla/5.0 (Macintosh; Intel Mac OS X 10_8_5) AppleWebKit/536.30.1 (KHTML, like Gecko)"
194.49.57.182 - - [30/Sep/2025:07:00:10 +0000] "GET /firma-losada/youtube.png HTTP/1.1" 301 162 "-" "Mozilla/5.0 (Macintosh; Intel Mac OS X 10_8_5) AppleWebKit/536.30.1 (KHTML, like Gecko)"
194.49.57.182 - - [30/Sep/2025:07:00:11 +0000] "GET /firma-losada/twitter.png HTTP/1.1" 301 162 "-" "Mozilla/5.0 (Macintosh; Intel Mac OS X 10_8_5) AppleWebKit/536.30.1 (KHTML, like Gecko)"
194.49.57.182 - - [30/Sep/2025:07:00:11 +0000] "GET /firma-losada/facebook.png HTTP/1.1" 301 162 "-" "Mozilla/5.0 (Macintosh; Intel Mac OS X 10_8_5) AppleWebKit/536.30.1 (KHTML, like Gecko)"
194.49.57.182 - - [30/Sep/2025:07:00:11 +0000] "GET /firma-losada/google_plus.png HTTP/1.1" 301 162 "-" "Mozilla/5.0 (Macintosh; Intel Mac OS X 10_8_5) AppleWebKit/536.30.1 (KHTML, like Gecko)"
194.49.57.182 - - [30/Sep/2025:07:00:11 +0000] "GET /firma-losada/google_plus.png HTTP/1.1" 301 162 "-" "Mozilla/5.0 (Macintosh; Intel Mac OS X 10_8_5) AppleWebKit/536.30.1 (KHTML, like Gecko)"
194.49.57.182 - - [30/Sep/2025:07:01:51 +0000] "GET /firma-losada/youtube.png HTTP/1.1" 301 162 "-" "Mozilla/5.0 (Macintosh; Intel Mac OS X 10_8_5) AppleWebKit/536.30.1 (KHTML, like Gecko)"
194.49.57.182 - - [30/Sep/2025:07:01:51 +0000] "GET /firma-losada/google_plus.png HTTP/1.1" 301 162 "-" "Mozilla/5.0 (Macintosh; Intel Mac OS X 10_8_5) AppleWebKit/536.30.1 (KHTML, like Gecko)"
194.49.57.182 - - [30/Sep/2025:07:01:51 +0000] "GET /firma-losada/twitter.png HTTP/1.1" 301 162 "-" "Mozilla/5.0 (Macintosh; Intel Mac OS X 10_8_5) AppleWebKit/536.30.1 (KHTML, like Gecko)"
194.49.57.182 - - [30/Sep/2025:07:01:51 +0000] "GET /firma-losada/pinterest.png HTTP/1.1" 301 162 "-" "Mozilla/5.0 (Macintosh; Intel Mac OS X 10_8_5) AppleWebKit/536.30.1 (KHTML, like Gecko)"
194.49.57.182 - - [30/Sep/2025:07:02:21 +0000] "GET /firma-losada/facebook.png HTTP/1.1" 301 162 "-" "Mozilla/5.0 (Macintosh; Intel Mac OS X 10_8_5) AppleWebKit/536.30.1 (KHTML, like Gecko)"
194.49.57.182 - - [30/Sep/2025:07:02:21 +0000] "GET /firma-losada/twitter.png HTTP/1.1" 301 162 "-" "Mozilla/5.0 (Macintosh; Intel Mac OS X 10_8_5) AppleWebKit/536.30.1 (KHTML, like Gecko)"
194.49.57.182 - - [30/Sep/2025:07:02:21 +0000] "GET /firma-losada/google_plus.png HTTP/1.1" 301 162 "-" "Mozilla/5.0 (Macintosh; Intel Mac OS X 10_8_5) AppleWebKit/536.30.1 (KHTML, like Gecko)"
194.49.57.182 - - [30/Sep/2025:07:02:21 +0000] "GET /firma-losada/youtube.png HTTP/1.1" 301 162 "-" "Mozilla/5.0 (Macintosh; Intel Mac OS X 10_8_5) AppleWebKit/536.30.1 (KHTML, like Gecko)"
194.49.57.182 - - [30/Sep/2025:07:02:21 +0000] "GET /firma-losada/pinterest.png HTTP/1.1" 301 162 "-" "Mozilla/5.0 (Macintosh; Intel Mac OS X 10_8_5) AppleWebKit/536.30.1 (KHTML, like Gecko)"
194.49.57.182 - - [30/Sep/2025:07:02:51 +0000] "GET /firma-losada/google_plus.png HTTP/1.1" 301 162 "-" "Mozilla/5.0 (Macintosh; Intel Mac OS X 10_8_5) AppleWebKit/536.30.1 (KHTML, like Gecko)"
194.49.57.182 - - [30/Sep/2025:07:02:51 +0000] "GET /firma-losada/twitter.png HTTP/1.1" 301 162 "-" "Mozilla/5.0 (Macintosh; Intel Mac OS X 10_8_5) AppleWebKit/536.30.1 (KHTML, like Gecko)"
194.49.57.182 - - [30/Sep/2025:07:02:51 +0000] "GET /firma-losada/pinterest.png HTTP/1.1" 301 162 "-" "Mozilla/5.0 (Macintosh; Intel Mac OS X 10_8_5) AppleWebKit/536.30.1 (KHTML, like Gecko)"
194.49.57.182 - - [30/Sep/2025:07:03:21 +0000] "GET /firma-losada/twitter.png HTTP/1.1" 301 162 "-" "Mozilla/5.0 (Macintosh; Intel Mac OS X 10_8_5) AppleWebKit/536.30.1 (KHTML, like Gecko)"
194.49.57.182 - - [30/Sep/2025:07:03:21 +0000] "GET /firma-losada/google_plus.png HTTP/1.1" 301 162 "-" "Mozilla/5.0 (Macintosh; Intel Mac OS X 10_8_5) AppleWebKit/536.30.1 (KHTML, like Gecko)"
194.49.57.182 - - [30/Sep/2025:07:03:21 +0000] "GET /firma-losada/facebook.png HTTP/1.1" 301 162 "-" "Mozilla/5.0 (Macintosh; Intel Mac OS X 10_8_5) AppleWebKit/536.30.1 (KHTML, like Gecko)"
194.49.57.182 - - [30/Sep/2025:07:03:21 +0000] "GET /firma-losada/youtube.png HTTP/1.1" 301 162 "-" "Mozilla/5.0 (Macintosh; Intel Mac OS X 10_8_5) AppleWebKit/536.30.1 (KHTML, like Gecko)"
194.49.57.182 - - [30/Sep/2025:07:03:51 +0000] "GET /firma-losada/youtube.png HTTP/1.1" 301 162 "-" "Mozilla/5.0 (Macintosh; Intel Mac OS X 10_8_5) AppleWebKit/536.30.1 (KHTML, like Gecko)"
194.49.57.182 - - [30/Sep/2025:07:03:51 +0000] "GET /firma-losada/google_plus.png HTTP/1.1" 301 162 "-" "Mozilla/5.0 (Macintosh; Intel Mac OS X 10_8_5) AppleWebKit/536.30.1 (KHTML, like Gecko)"
194.49.57.182 - - [30/Sep/2025:07:03:51 +0000] "GET /firma-losada/facebook.png HTTP/1.1" 301 162 "-" "Mozilla/5.0 (Macintosh; Intel Mac OS X 10_8_5) AppleWebKit/536.30.1 (KHTML, like Gecko)"
194.49.57.182 - - [30/Sep/2025:07:03:51 +0000] "GET /firma-losada/twitter.png HTTP/1.1" 301 162 "-" "Mozilla/5.0 (Macintosh; Intel Mac OS X 10_8_5) AppleWebKit/536.30.1 (KHTML, like Gecko)"
194.49.57.182 - - [30/Sep/2025:07:03:51 +0000] "GET /firma-losada/pinterest.png HTTP/1.1" 301 162 "-" "Mozilla/5.0 (Macintosh; Intel Mac OS X 10_8_5) AppleWebKit/536.30.1 (KHTML, like Gecko)"
194.49.57.182 - - [30/Sep/2025:07:04:21 +0000] "GET /firma-losada/twitter.png HTTP/1.1" 301 162 "-" "Mozilla/5.0 (Macintosh; Intel Mac OS X 10_8_5) AppleWebKit/536.30.1 (KHTML, like Gecko)"
194.49.57.182 - - [30/Sep/2025:07:04:21 +0000] "GET /firma-losada/google_plus.png HTTP/1.1" 301 162 "-" "Mozilla/5.0 (Macintosh; Intel Mac OS X 10_8_5) AppleWebKit/536.30.1 (KHTML, like Gecko)"
194.49.57.182 - - [30/Sep/2025:07:04:21 +0000] "GET /firma-losada/pinterest.png HTTP/1.1" 301 162 "-" "Mozilla/5.0 (Macintosh; Intel Mac OS X 10_8_5) AppleWebKit/536.30.1 (KHTML, like Gecko)"
194.49.57.182 - - [30/Sep/2025:07:04:21 +0000] "GET /firma-losada/youtube.png HTTP/1.1" 301 162 "-" "Mozilla/5.0 (Macintosh; Intel Mac OS X 10_8_5) AppleWebKit/536.30.1 (KHTML, like Gecko)"
194.49.57.182 - - [30/Sep/2025:07:04:21 +0000] "GET /firma-losada/facebook.png HTTP/1.1" 301 162 "-" "Mozilla/5.0 (Macintosh; Intel Mac OS X 10_8_5) AppleWebKit/536.30.1 (KHTML, like Gecko)"
194.49.57.182 - - [30/Sep/2025:07:04:51 +0000] "GET /firma-losada/twitter.png HTTP/1.1" 301 162 "-" "Mozilla/5.0 (Macintosh; Intel Mac OS X 10_8_5) AppleWebKit/536.30.1 (KHTML, like Gecko)"
194.49.57.182 - - [30/Sep/2025:07:04:51 +0000] "GET /firma-losada/youtube.png HTTP/1.1" 301 162 "-" "Mozilla/5.0 (Macintosh; Intel Mac OS X 10_8_5) AppleWebKit/536.30.1 (KHTML, like Gecko)"
194.49.57.182 - - [30/Sep/2025:07:04:51 +0000] "GET /firma-losada/pinterest.png HTTP/1.1" 301 162 "-" "Mozilla/5.0 (Macintosh; Intel Mac OS X 10_8_5) AppleWebKit/536.30.1 (KHTML, like Gecko)"
194.49.57.182 - - [30/Sep/2025:07:05:21 +0000] "GET /firma-losada/twitter.png HTTP/1.1" 301 162 "-" "Mozilla/5.0 (Macintosh; Intel Mac OS X 10_8_5) AppleWebKit/536.30.1 (KHTML, like Gecko)"
194.49.57.182 - - [30/Sep/2025:07:05:21 +0000] "GET /firma-losada/google_plus.png HTTP/1.1" 301 162 "-" "Mozilla/5.0 (Macintosh; Intel Mac OS X 10_8_5) AppleWebKit/536.30.1 (KHTML, like Gecko)"
194.49.57.182 - - [30/Sep/2025:07:05:21 +0000] "GET /firma-losada/youtube.png HTTP/1.1" 301 162 "-" "Mozilla/5.0 (Macintosh; Intel Mac OS X 10_8_5) AppleWebKit/536.30.1 (KHTML, like Gecko)"
194.49.57.182 - - [30/Sep/2025:07:05:51 +0000] "GET /firma-losada/facebook.png HTTP/1.1" 301 162 "-" "Mozilla/5.0 (Macintosh; Intel Mac OS X 10_8_5) AppleWebKit/536.30.1 (KHTML, like Gecko)"
194.49.57.182 - - [30/Sep/2025:07:05:51 +0000] "GET /firma-losada/pinterest.png HTTP/1.1" 301 162 "-" "Mozilla/5.0 (Macintosh; Intel Mac OS X 10_8_5) AppleWebKit/536.30.1 (KHTML, like Gecko)"
194.49.57.182 - - [30/Sep/2025:07:05:51 +0000] "GET /firma-losada/youtube.png HTTP/1.1" 301 162 "-" "Mozilla/5.0 (Macintosh; Intel Mac OS X 10_8_5) AppleWebKit/536.30.1 (KHTML, like Gecko)"
194.49.57.182 - - [30/Sep/2025:07:05:51 +0000] "GET /firma-losada/google_plus.png HTTP/1.1" 301 162 "-" "Mozilla/5.0 (Macintosh; Intel Mac OS X 10_8_5) AppleWebKit/536.30.1 (KHTML, like Gecko)"
194.49.57.182 - - [30/Sep/2025:07:06:21 +0000] "GET /firma-losada/youtube.png HTTP/1.1" 301 162 "-" "Mozilla/5.0 (Macintosh; Intel Mac OS X 10_8_5) AppleWebKit/536.30.1 (KHTML, like Gecko)"
194.49.57.182 - - [30/Sep/2025:07:06:21 +0000] "GET /firma-losada/pinterest.png HTTP/1.1" 301 162 "-" "Mozilla/5.0 (Macintosh; Intel Mac OS X 10_8_5) AppleWebKit/536.30.1 (KHTML, like Gecko)"
194.49.57.182 - - [30/Sep/2025:07:06:21 +0000] "GET /firma-losada/twitter.png HTTP/1.1" 301 162 "-" "Mozilla/5.0 (Macintosh; Intel Mac OS X 10_8_5) AppleWebKit/536.30.1 (KHTML, like Gecko)"
194.49.57.182 - - [30/Sep/2025:07:06:21 +0000] "GET /firma-losada/google_plus.png HTTP/1.1" 301 162 "-" "Mozilla/5.0 (Macintosh; Intel Mac OS X 10_8_5) AppleWebKit/536.30.1 (KHTML, like Gecko)"
194.49.57.182 - - [30/Sep/2025:07:06:51 +0000] "GET /firma-losada/pinterest.png HTTP/1.1" 301 162 "-" "Mozilla/5.0 (Macintosh; Intel Mac OS X 10_8_5) AppleWebKit/536.30.1 (KHTML, like Gecko)"
194.49.57.182 - - [30/Sep/2025:07:06:51 +0000] "GET /firma-losada/youtube.png HTTP/1.1" 301 162 "-" "Mozilla/5.0 (Macintosh; Intel Mac OS X 10_8_5) AppleWebKit/536.30.1 (KHTML, like Gecko)"
194.49.57.182 - - [30/Sep/2025:07:06:51 +0000] "GET /firma-losada/google_plus.png HTTP/1.1" 301 162 "-" "Mozilla/5.0 (Macintosh; Intel Mac OS X 10_8_5) AppleWebKit/536.30.1 (KHTML, like Gecko)"
204.12.208.18 - - [30/Sep/2025:07:08:04 +0000] "GET /wp-content/plb692e7/index.php HTTP/1.1" 301 162 "http://aceitunaslosada.com/wp-content/plb692e7/index.php" "Mozilla/4.0 (compatible; MSIE 7.0; Windows NT 5.1; .NET CLR 1.1.4322; .NET CLR 2.0.50727; .NET CLR 3.0.04506.30)"
204.12.208.18 - - [30/Sep/2025:07:18:20 +0000] "GET /wp-content/plb692e7/index.php HTTP/1.1" 301 162 "http://aceitunaslosada.com/wp-content/plb692e7/index.php" "Mozilla/5.0 (compatible; MSIE 10.0; Windows NT 6.2; Win64; x64; Trident/6.0)"
194.49.57.182 - - [30/Sep/2025:07:19:00 +0000] "GET /firma-losada/google_plus.png HTTP/1.1" 301 162 "-" "Mozilla/5.0 (Macintosh; Intel Mac OS X 10_8_5) AppleWebKit/536.30.1 (KHTML, like Gecko)"
194.49.57.182 - - [30/Sep/2025:07:19:00 +0000] "GET /firma-losada/pinterest.png HTTP/1.1" 301 162 "-" "Mozilla/5.0 (Macintosh; Intel Mac OS X 10_8_5) AppleWebKit/536.30.1 (KHTML, like Gecko)"
194.49.57.182 - - [30/Sep/2025:07:19:00 +0000] "GET /firma-losada/youtube.png HTTP/1.1" 301 162 "-" "Mozilla/5.0 (Macintosh; Intel Mac OS X 10_8_5) AppleWebKit/536.30.1 (KHTML, like Gecko)"
194.49.57.182 - - [30/Sep/2025:07:19:00 +0000] "GET /firma-losada/twitter.png HTTP/1.1" 301 162 "-" "Mozilla/5.0 (Macintosh; Intel Mac OS X 10_8_5) AppleWebKit/536.30.1 (KHTML, like Gecko)"
194.49.57.182 - - [30/Sep/2025:07:19:21 +0000] "GET /firma-losada/twitter.png HTTP/1.1" 301 162 "-" "Mozilla/5.0 (Macintosh; Intel Mac OS X 10_8_5) AppleWebKit/536.30.1 (KHTML, like Gecko)"
194.49.57.182 - - [30/Sep/2025:07:19:21 +0000] "GET /firma-losada/google_plus.png HTTP/1.1" 301 162 "-" "Mozilla/5.0 (Macintosh; Intel Mac OS X 10_8_5) AppleWebKit/536.30.1 (KHTML, like Gecko)"
194.49.57.182 - - [30/Sep/2025:07:19:21 +0000] "GET /firma-losada/facebook.png HTTP/1.1" 301 162 "-" "Mozilla/5.0 (Macintosh; Intel Mac OS X 10_8_5) AppleWebKit/536.30.1 (KHTML, like Gecko)"
194.49.57.182 - - [30/Sep/2025:07:19:21 +0000] "GET /firma-losada/youtube.png HTTP/1.1" 301 162 "-" "Mozilla/5.0 (Macintosh; Intel Mac OS X 10_8_5) AppleWebKit/536.30.1 (KHTML, like Gecko)"
194.49.57.182 - - [30/Sep/2025:07:19:21 +0000] "GET /firma-losada/pinterest.png HTTP/1.1" 301 162 "-" "Mozilla/5.0 (Macintosh; Intel Mac OS X 10_8_5) AppleWebKit/536.30.1 (KHTML, like Gecko)"
48.210.45.29 - - [30/Sep/2025:07:19:41 +0000] "GET //wp-content/plugins/fix/up.php HTTP/1.1" 301 162 "-" "Mozilla/5.0 (Windows NT 10.0; Win64; x64) AppleWebKit/537.36 (KHTML, like Gecko) Chrome/85.0.4183.102 Safari/537.36"
194.49.57.182 - - [30/Sep/2025:07:19:51 +0000] "GET /firma-losada/twitter.png HTTP/1.1" 301 162 "-" "Mozilla/5.0 (Macintosh; Intel Mac OS X 10_8_5) AppleWebKit/536.30.1 (KHTML, like Gecko)"
194.49.57.182 - - [30/Sep/2025:07:19:51 +0000] "GET /firma-losada/pinterest.png HTTP/1.1" 301 162 "-" "Mozilla/5.0 (Macintosh; Intel Mac OS X 10_8_5) AppleWebKit/536.30.1 (KHTML, like Gecko)"
194.49.57.182 - - [30/Sep/2025:07:19:51 +0000] "GET /firma-losada/google_plus.png HTTP/1.1" 301 162 "-" "Mozilla/5.0 (Macintosh; Intel Mac OS X 10_8_5) AppleWebKit/536.30.1 (KHTML, like Gecko)"
194.49.57.182 - - [30/Sep/2025:07:19:51 +0000] "GET /firma-losada/youtube.png HTTP/1.1" 301 162 "-" "Mozilla/5.0 (Macintosh; Intel Mac OS X 10_8_5) AppleWebKit/536.30.1 (KHTML, like Gecko)"
194.49.57.182 - - [30/Sep/2025:07:20:21 +0000] "GET /firma-losada/twitter.png HTTP/1.1" 301 162 "-" "Mozilla/5.0 (Macintosh; Intel Mac OS X 10_8_5) AppleWebKit/536.30.1 (KHTML, like Gecko)"
194.49.57.182 - - [30/Sep/2025:07:20:21 +0000] "GET /firma-losada/youtube.png HTTP/1.1" 301 162 "-" "Mozilla/5.0 (Macintosh; Intel Mac OS X 10_8_5) AppleWebKit/536.30.1 (KHTML, like Gecko)"
194.49.57.182 - - [30/Sep/2025:07:20:21 +0000] "GET /firma-losada/google_plus.png HTTP/1.1" 301 162 "-" "Mozilla/5.0 (Macintosh; Intel Mac OS X 10_8_5) AppleWebKit/536.30.1 (KHTML, like Gecko)"
194.49.57.182 - - [30/Sep/2025:07:20:51 +0000] "GET /firma-losada/pinterest.png HTTP/1.1" 301 162 "-" "Mozilla/5.0 (Macintosh; Intel Mac OS X 10_8_5) AppleWebKit/536.30.1 (KHTML, like Gecko)"
194.49.57.182 - - [30/Sep/2025:07:20:51 +0000] "GET /firma-losada/twitter.png HTTP/1.1" 301 162 "-" "Mozilla/5.0 (Macintosh; Intel Mac OS X 10_8_5) AppleWebKit/536.30.1 (KHTML, like Gecko)"
194.49.57.182 - - [30/Sep/2025:07:20:51 +0000] "GET /firma-losada/google_plus.png HTTP/1.1" 301 162 "-" "Mozilla/5.0 (Macintosh; Intel Mac OS X 10_8_5) AppleWebKit/536.30.1 (KHTML, like Gecko)"
194.49.57.182 - - [30/Sep/2025:07:20:51 +0000] "GET /firma-losada/youtube.png HTTP/1.1" 301 162 "-" "Mozilla/5.0 (Macintosh; Intel Mac OS X 10_8_5) AppleWebKit/536.30.1 (KHTML, like Gecko)"
194.49.57.182 - - [30/Sep/2025:07:22:21 +0000] "GET /firma-losada/twitter.png HTTP/1.1" 301 162 "-" "Mozilla/5.0 (Macintosh; Intel Mac OS X 10_8_5) AppleWebKit/536.30.1 (KHTML, like Gecko)"
194.49.57.182 - - [30/Sep/2025:07:22:21 +0000] "GET /firma-losada/google_plus.png HTTP/1.1" 301 162 "-" "Mozilla/5.0 (Macintosh; Intel Mac OS X 10_8_5) AppleWebKit/536.30.1 (KHTML, like Gecko)"
194.49.57.182 - - [30/Sep/2025:07:22:21 +0000] "GET /firma-losada/pinterest.png HTTP/1.1" 301 162 "-" "Mozilla/5.0 (Macintosh; Intel Mac OS X 10_8_5) AppleWebKit/536.30.1 (KHTML, like Gecko)"
194.49.57.182 - - [30/Sep/2025:07:22:21 +0000] "GET /firma-losada/facebook.png HTTP/1.1" 301 162 "-" "Mozilla/5.0 (Macintosh; Intel Mac OS X 10_8_5) AppleWebKit/536.30.1 (KHTML, like Gecko)"
194.49.57.182 - - [30/Sep/2025:07:22:21 +0000] "GET /firma-losada/youtube.png HTTP/1.1" 301 162 "-" "Mozilla/5.0 (Macintosh; Intel Mac OS X 10_8_5) AppleWebKit/536.30.1 (KHTML, like Gecko)"
194.49.57.182 - - [30/Sep/2025:07:22:51 +0000] "GET /firma-losada/google_plus.png HTTP/1.1" 301 162 "-" "Mozilla/5.0 (Macintosh; Intel Mac OS X 10_8_5) AppleWebKit/536.30.1 (KHTML, like Gecko)"
194.49.57.182 - - [30/Sep/2025:07:22:51 +0000] "GET /firma-losada/youtube.png HTTP/1.1" 301 162 "-" "Mozilla/5.0 (Macintosh; Intel Mac OS X 10_8_5) AppleWebKit/536.30.1 (KHTML, like Gecko)"
194.49.57.182 - - [30/Sep/2025:07:22:51 +0000] "GET /firma-losada/twitter.png HTTP/1.1" 301 162 "-" "Mozilla/5.0 (Macintosh; Intel Mac OS X 10_8_5) AppleWebKit/536.30.1 (KHTML, like Gecko)"
194.49.57.182 - - [30/Sep/2025:07:22:52 +0000] "GET /firma-losada/facebook.png HTTP/1.1" 301 162 "-" "Mozilla/5.0 (Macintosh; Intel Mac OS X 10_8_5) AppleWebKit/536.30.1 (KHTML, like Gecko)"
194.49.57.182 - - [30/Sep/2025:07:22:52 +0000] "GET /firma-losada/google_plus.png HTTP/1.1" 301 162 "-" "Mozilla/5.0 (Macintosh; Intel Mac OS X 10_8_5) AppleWebKit/536.30.1 (KHTML, like Gecko)"
194.49.57.182 - - [30/Sep/2025:07:22:52 +0000] "GET /firma-losada/twitter.png HTTP/1.1" 301 162 "-" "Mozilla/5.0 (Macintosh; Intel Mac OS X 10_8_5) AppleWebKit/536.30.1 (KHTML, like Gecko)"
194.49.57.182 - - [30/Sep/2025:07:22:52 +0000] "GET /firma-losada/youtube.png HTTP/1.1" 301 162 "-" "Mozilla/5.0 (Macintosh; Intel Mac OS X 10_8_5) AppleWebKit/536.30.1 (KHTML, like Gecko)"
194.49.57.182 - - [30/Sep/2025:07:22:52 +0000] "GET /firma-losada/pinterest.png HTTP/1.1" 301 162 "-" "Mozilla/5.0 (Macintosh; Intel Mac OS X 10_8_5) AppleWebKit/536.30.1 (KHTML, like Gecko)"
172.93.120.149 - - [30/Sep/2025:07:25:24 +0000] "GET /wp-/mailers.php7?valid HTTP/1.1" 301 162 "-" "W3LL-Checker/3.0"
172.93.120.149 - - [30/Sep/2025:07:25:24 +0000] "GET /wp-/mailers.php7?health HTTP/1.1" 301 162 "-" "W3LL-Checker/3.0"
172.93.120.149 - - [30/Sep/2025:07:25:24 +0000] "GET /wp-/mailers.php7?info HTTP/1.1" 301 162 "-" "W3LL-Checker/3.0"
172.93.120.149 - - [30/Sep/2025:07:25:25 +0000] "GET /wp-/mailers.php7 HTTP/1.1" 301 162 "-" "Mozilla/5.0 (Windows NT 10.0; Win64; x64) AppleWebKit/537.36"
172.93.120.149 - - [30/Sep/2025:07:25:30 +0000] "GET /wp-/mailers.php7?email=kirzoinfasika%40gmail.com HTTP/1.1" 301 162 "-" "-"
172.93.120.149 - - [30/Sep/2025:07:25:30 +0000] "GET /wp-/mailers.php7?send=kirzoinfasika%40gmail.com HTTP/1.1" 301 162 "-" "-"
172.93.120.149 - - [30/Sep/2025:07:25:30 +0000] "GET /wp-/mailers.php7?to=kirzoinfasika%40gmail.com HTTP/1.1" 301 162 "-" "-"
172.93.120.149 - - [30/Sep/2025:07:25:31 +0000] "POST /wp-/mailers.php7 HTTP/1.1" 301 162 "-" "-"
194.49.57.182 - - [30/Sep/2025:07:26:01 +0000] "GET /firma-losada/youtube.png HTTP/1.1" 301 162 "-" "Mozilla/5.0 (Macintosh; Intel Mac OS X 10_8_5) AppleWebKit/536.30.1 (KHTML, like Gecko)"
194.49.57.182 - - [30/Sep/2025:07:26:01 +0000] "GET /firma-losada/pinterest.png HTTP/1.1" 301 162 "-" "Mozilla/5.0 (Macintosh; Intel Mac OS X 10_8_5) AppleWebKit/536.30.1 (KHTML, like Gecko)"
194.49.57.182 - - [30/Sep/2025:07:26:01 +0000] "GET /firma-losada/facebook.png HTTP/1.1" 301 162 "-" "Mozilla/5.0 (Macintosh; Intel Mac OS X 10_8_5) AppleWebKit/536.30.1 (KHTML, like Gecko)"
194.49.57.182 - - [30/Sep/2025:07:27:38 +0000] "GET /firma-losada/google_plus.png HTTP/1.1" 301 162 "-" "Mozilla/5.0 (Macintosh; Intel Mac OS X 10_8_5) AppleWebKit/536.30.1 (KHTML, like Gecko)"
194.49.57.182 - - [30/Sep/2025:07:27:39 +0000] "GET /firma-losada/facebook.png HTTP/1.1" 301 162 "-" "Mozilla/5.0 (Macintosh; Intel Mac OS X 10_8_5) AppleWebKit/536.30.1 (KHTML, like Gecko)"
194.49.57.182 - - [30/Sep/2025:07:27:40 +0000] "GET /firma-losada/google_plus.png HTTP/1.1" 301 162 "-" "Mozilla/5.0 (Macintosh; Intel Mac OS X 10_8_5) AppleWebKit/536.30.1 (KHTML, like Gecko)"
194.49.57.182 - - [30/Sep/2025:07:27:40 +0000] "GET /firma-losada/logo-losada-2.jpg HTTP/1.1" 301 162 "-" "Mozilla/5.0 (Macintosh; Intel Mac OS X 10_8_5) AppleWebKit/536.30.1 (KHTML, like Gecko)"
194.49.57.182 - - [30/Sep/2025:07:28:04 +0000] "GET /firma-losada/google_plus.png HTTP/1.1" 301 162 "-" "Mozilla/5.0 (Macintosh; Intel Mac OS X 10_8_5) AppleWebKit/536.30.1 (KHTML, like Gecko)"
194.49.57.182 - - [30/Sep/2025:07:28:04 +0000] "GET /firma-losada/youtube.png HTTP/1.1" 301 162 "-" "Mozilla/5.0 (Macintosh; Intel Mac OS X 10_8_5) AppleWebKit/536.30.1 (KHTML, like Gecko)"
194.49.57.182 - - [30/Sep/2025:07:28:04 +0000] "GET /firma-losada/pinterest.png HTTP/1.1" 301 162 "-" "Mozilla/5.0 (Macintosh; Intel Mac OS X 10_8_5) AppleWebKit/536.30.1 (KHTML, like Gecko)"
204.12.208.18 - - [30/Sep/2025:07:28:14 +0000] "GET /wp-content/plb692e7/index.php HTTP/1.1" 301 162 "http://aceitunaslosada.com/wp-content/plb692e7/index.php" "Mozilla/5.0 (Macintosh; U; Intel Mac OS X 10_5_3; ja-jp) AppleWebKit/525.18 (KHTML, like Gecko) Version/3.1.1 Safari/525.20"
142.250.32.7 - - [30/Sep/2025:07:29:51 +0000] "GET /firma-losada/google_plus.png HTTP/1.1" 301 162 "-" "Mozilla/5.0 (Windows NT 5.1; rv:11.0) Gecko Firefox/11.0 (via ggpht.com GoogleImageProxy)"
142.250.32.6 - - [30/Sep/2025:07:29:51 +0000] "GET /firma-losada/logo-losada-2.jpg HTTP/1.1" 301 162 "-" "Mozilla/5.0 (Windows NT 5.1; rv:11.0) Gecko Firefox/11.0 (via ggpht.com GoogleImageProxy)"
142.250.32.7 - - [30/Sep/2025:07:29:51 +0000] "GET /firma-losada/facebook.png HTTP/1.1" 301 162 "-" "Mozilla/5.0 (Windows NT 5.1; rv:11.0) Gecko Firefox/11.0 (via ggpht.com GoogleImageProxy)"
142.250.32.6 - - [30/Sep/2025:07:29:51 +0000] "GET /firma-losada/youtube.png HTTP/1.1" 301 162 "-" "Mozilla/5.0 (Windows NT 5.1; rv:11.0) Gecko Firefox/11.0 (via ggpht.com GoogleImageProxy)"
142.250.32.8 - - [30/Sep/2025:07:29:51 +0000] "GET /firma-losada/twitter.png HTTP/1.1" 301 162 "-" "Mozilla/5.0 (Windows NT 5.1; rv:11.0) Gecko Firefox/11.0 (via ggpht.com GoogleImageProxy)"
142.250.32.7 - - [30/Sep/2025:07:29:51 +0000] "GET /firma-losada/pinterest.png HTTP/1.1" 301 162 "-" "Mozilla/5.0 (Windows NT 5.1; rv:11.0) Gecko Firefox/11.0 (via ggpht.com GoogleImageProxy)"
204.12.208.18 - - [30/Sep/2025:07:38:04 +0000] "GET /wp-content/plb692e7/index.php HTTP/1.1" 301 162 "http://aceitunaslosada.com/wp-content/plb692e7/index.php" "Mozilla/5.0 (Macintosh; Intel Mac OS X 10_6_8) AppleWebKit/535.7 (KHTML, like Gecko) Chrome/16.0.912.75 Safari/535.7"
204.12.208.18 - - [30/Sep/2025:07:38:24 +0000] "GET /wp-content/plb692e7/index.php HTTP/1.1" 301 162 "http://aceitunaslosada.com/wp-content/plb692e7/index.php" "Mozilla/4.0 (compatible; MSIE 8.0; Windows NT 5.1; Trident/4.0; EasyBits GO v1.0; InfoPath.1; .NET CLR 2.0.50727; .NET CLR 3.0.4506.2152; .NET CLR 3.5.30729)"
216.244.66.231 - - [30/Sep/2025:07:41:35 +0000] "GET /robots.txt HTTP/1.1" 301 162 "-" "Mozilla/5.0 (compatible; DotBot/1.2; +https://opensiteexplorer.org/dotbot; help@moz.com)"
216.244.66.231 - - [30/Sep/2025:07:41:35 +0000] "GET /robots.txt HTTP/1.1" 301 162 "-" "Mozilla/5.0 (compatible; DotBot/1.2; +https://opensiteexplorer.org/dotbot; help@moz.com)"
124.221.245.78 - - [30/Sep/2025:07:41:54 +0000] "GET / HTTP/1.1" 301 162 "-" "Mozilla/5.0 (iPhone; CPU iPhone OS 13_2_3 like Mac OS X) AppleWebKit/605.1.15 (KHTML, like Gecko) Version/13.0.3 Mobile/15E148 Safari/604.1"
204.12.208.18 - - [30/Sep/2025:07:47:52 +0000] "GET /wp-content/plb692e7/index.php HTTP/1.1" 301 162 "http://aceitunaslosada.com/wp-content/plb692e7/index.php" "Mozilla/5.0 (compatible; MSIE 9.0; Windows NT 6.1; WOW64; Trident/5.0)"
204.12.208.18 - - [30/Sep/2025:07:57:45 +0000] "GET /wp-content/plb692e7/index.php HTTP/1.1" 301 162 "http://aceitunaslosada.com/wp-content/plb692e7/index.php" "Mozilla/5.0 (Macintosh; Intel Mac OS X 10.7; rv:7.0.1) Gecko/20100101 Firefox/7.0.1"
63.141.250.58 - - [30/Sep/2025:08:02:45 +0000] "GET /index.php?params=1 HTTP/1.1" 301 162 "-" "Mozilla/5.0 (Windows NT 10.0; Win64; x64) AppleWebKit/537.36 (KHTML, like Gecko) Chrome/91.0.4472.106 Safari/537.36"
142.250.32.7 - - [30/Sep/2025:08:05:39 +0000] "GET /firma-losada/pinterest.png HTTP/1.1" 301 162 "-" "Mozilla/5.0 (Windows NT 5.1; rv:11.0) Gecko Firefox/11.0 (via ggpht.com GoogleImageProxy)"
142.250.32.7 - - [30/Sep/2025:08:05:39 +0000] "GET /firma-losada/facebook.png HTTP/1.1" 301 162 "-" "Mozilla/5.0 (Windows NT 5.1; rv:11.0) Gecko Firefox/11.0 (via ggpht.com GoogleImageProxy)"
142.250.32.7 - - [30/Sep/2025:08:05:39 +0000] "GET /firma-losada/twitter.png HTTP/1.1" 301 162 "-" "Mozilla/5.0 (Windows NT 5.1; rv:11.0) Gecko Firefox/11.0 (via ggpht.com GoogleImageProxy)"
142.250.32.8 - - [30/Sep/2025:08:05:39 +0000] "GET /firma-losada/google_plus.png HTTP/1.1" 301 162 "-" "Mozilla/5.0 (Windows NT 5.1; rv:11.0) Gecko Firefox/11.0 (via ggpht.com GoogleImageProxy)"
142.250.32.8 - - [30/Sep/2025:08:05:39 +0000] "GET /firma-losada/logo-losada-2.jpg HTTP/1.1" 301 162 "-" "Mozilla/5.0 (Windows NT 5.1; rv:11.0) Gecko Firefox/11.0 (via ggpht.com GoogleImageProxy)"
142.250.32.7 - - [30/Sep/2025:08:05:39 +0000] "GET /firma-losada/youtube.png HTTP/1.1" 301 162 "-" "Mozilla/5.0 (Windows NT 5.1; rv:11.0) Gecko Firefox/11.0 (via ggpht.com GoogleImageProxy)"
204.12.208.18 - - [30/Sep/2025:08:07:34 +0000] "GET /wp-content/plb692e7/index.php HTTP/1.1" 301 162 "http://aceitunaslosada.com/wp-content/plb692e7/index.php" "Opera/9.80 (Windows NT 6.1; U; ja) Presto/2.10.229 Version/11.60"
204.12.208.18 - - [30/Sep/2025:08:07:54 +0000] "GET /wp-content/plb692e7/index.php HTTP/1.1" 301 162 "http://aceitunaslosada.com/wp-content/plb692e7/index.php" "Mozilla/5.0 (compatible; MSIE 9.0; Windows NT 6.1; WOW64; Trident/5.0; SLCC2; .NET CLR 2.0.50727; .NET CLR 3.5.30729; .NET CLR 3.0.30729; Media Center PC 6.0; MAGW; .NET4.0C; Lunascape 6.5.8.24780)"
80.149.81.138 - - [30/Sep/2025:08:15:47 +0000] "GET /firma-losada/logo-losada-2.jpg HTTP/1.1" 301 162 "-" "Mozilla/4.0 (compatible; ms-office; MSOffice 16)"
80.149.81.138 - - [30/Sep/2025:08:15:47 +0000] "GET /firma-losada/google_plus.png HTTP/1.1" 301 162 "-" "Mozilla/4.0 (compatible; ms-office; MSOffice 16)"
80.149.81.138 - - [30/Sep/2025:08:15:47 +0000] "GET /firma-losada/twitter.png HTTP/1.1" 301 162 "-" "Mozilla/4.0 (compatible; ms-office; MSOffice 16)"
80.149.81.138 - - [30/Sep/2025:08:15:47 +0000] "GET /firma-losada/logo-brc.png HTTP/1.1" 301 162 "-" "Mozilla/4.0 (compatible; ms-office; MSOffice 16)"
80.149.81.138 - - [30/Sep/2025:08:15:47 +0000] "GET /firma-losada/facebook.png HTTP/1.1" 301 162 "-" "Mozilla/4.0 (compatible; ms-office; MSOffice 16)"
80.149.81.138 - - [30/Sep/2025:08:15:47 +0000] "GET /firma-losada/youtube.png HTTP/1.1" 301 162 "-" "Mozilla/4.0 (compatible; ms-office; MSOffice 16)"
80.149.81.138 - - [30/Sep/2025:08:15:47 +0000] "GET /firma-losada/pinterest.png HTTP/1.1" 301 162 "-" "Mozilla/4.0 (compatible; ms-office; MSOffice 16)"
204.12.208.18 - - [30/Sep/2025:08:17:34 +0000] "GET /wp-content/plb692e7/index.php HTTP/1.1" 301 162 "http://aceitunaslosada.com/wp-content/plb692e7/index.php" "Mozilla/4.0 (compatible; MSIE 8.0; Windows NT 5.1; Trident/4.0; .NET CLR 2.0.50727; InfoPath.1"
142.250.32.6 - - [30/Sep/2025:08:26:57 +0000] "GET /firma-losada/facebook.png HTTP/1.1" 301 162 "-" "Mozilla/5.0 (Windows NT 5.1; rv:11.0) Gecko Firefox/11.0 (via ggpht.com GoogleImageProxy)"
142.250.32.8 - - [30/Sep/2025:08:26:57 +0000] "GET /firma-losada/twitter.png HTTP/1.1" 301 162 "-" "Mozilla/5.0 (Windows NT 5.1; rv:11.0) Gecko Firefox/11.0 (via ggpht.com GoogleImageProxy)"
142.250.32.8 - - [30/Sep/2025:08:26:57 +0000] "GET /firma-losada/pinterest.png HTTP/1.1" 301 162 "-" "Mozilla/5.0 (Windows NT 5.1; rv:11.0) Gecko Firefox/11.0 (via ggpht.com GoogleImageProxy)"
142.250.32.8 - - [30/Sep/2025:08:26:57 +0000] "GET /firma-losada/google_plus.png HTTP/1.1" 301 162 "-" "Mozilla/5.0 (Windows NT 5.1; rv:11.0) Gecko Firefox/11.0 (via ggpht.com GoogleImageProxy)"
142.250.32.7 - - [30/Sep/2025:08:26:57 +0000] "GET /firma-losada/youtube.png HTTP/1.1" 301 162 "-" "Mozilla/5.0 (Windows NT 5.1; rv:11.0) Gecko Firefox/11.0 (via ggpht.com GoogleImageProxy)"
142.250.32.8 - - [30/Sep/2025:08:26:57 +0000] "GET /firma-losada/logo-losada-2.jpg HTTP/1.1" 301 162 "-" "Mozilla/5.0 (Windows NT 5.1; rv:11.0) Gecko Firefox/11.0 (via ggpht.com GoogleImageProxy)"
204.12.208.18 - - [30/Sep/2025:08:27:01 +0000] "GET /wp-content/plb692e7/index.php HTTP/1.1" 301 162 "http://aceitunaslosada.com/wp-content/plb692e7/index.php" "Mozilla/5.0 (Windows NT 6.1; WOW64) AppleWebKit/535.7 (KHTML, like Gecko) Chrome/16.0.912.75 Safari/535.7"
185.39.19.49 - - [30/Sep/2025:08:32:34 +0000] "GET / HTTP/1.0" 301 162 "http://aceitunaslosada.com/" "Mozilla/5.0 (Windows NT 10.0; Win64; x64) AppleWebKit/537.36 (KHTML, like Gecko) Chrome/130.0.0.0 Safari/537.36 CCleaner/130.0.0.0"
204.12.208.18 - - [30/Sep/2025:08:36:37 +0000] "GET /wp-content/plb692e7/index.php HTTP/1.1" 301 162 "http://aceitunaslosada.com/wp-content/plb692e7/index.php" "Mozilla/5.0 (Macintosh; U; Intel Mac OS X; ja-jp) AppleWebKit/523.10.3 (KHTML, like Gecko) Version/3.0.4 Safari/523.10"
216.244.66.231 - - [30/Sep/2025:08:38:18 +0000] "GET /robots.txt HTTP/1.1" 301 162 "-" "Mozilla/5.0 (compatible; DotBot/1.2; +https://opensiteexplorer.org/dotbot; help@moz.com)"
216.244.66.231 - - [30/Sep/2025:08:38:18 +0000] "GET /robots.txt HTTP/1.1" 301 162 "-" "Mozilla/5.0 (compatible; DotBot/1.2; +https://opensiteexplorer.org/dotbot; help@moz.com)"
180.248.15.212 - - [30/Sep/2025:08:42:59 +0000] "GET /wp-json/wp/v2/posts HTTP/1.1" 301 162 "-" "Mozilla/5.0 (Windows NT 10.0; Win64; x64) AppleWebKit/537.36 (KHTML, like Gecko) Chrome/120.0.0.0 Safari/537.36"
204.12.208.18 - - [30/Sep/2025:08:46:16 +0000] "GET /wp-content/plb692e7/index.php HTTP/1.1" 301 162 "http://aceitunaslosada.com/wp-content/plb692e7/index.php" "Mozilla/5.0 (Macintosh; Intel Mac OS X 10.5; rv:8.0.1) Gecko/20100101 Firefox/8.0.1"
49.51.166.228 - - [30/Sep/2025:08:51:36 +0000] "GET / HTTP/1.1" 301 162 "-" "Mozilla/5.0 (iPhone; CPU iPhone OS 13_2_3 like Mac OS X) AppleWebKit/605.1.15 (KHTML, like Gecko) Version/13.0.3 Mobile/15E148 Safari/604.1"
204.12.208.18 - - [30/Sep/2025:08:55:30 +0000] "GET /wp-content/plb692e7/index.php HTTP/1.1" 301 162 "http://aceitunaslosada.com/wp-content/plb692e7/index.php" "Mozilla/5.0 (Macintosh; Intel Mac OS X 10_6_8) AppleWebKit/535.7 (KHTML, like Gecko) Chrome/16.0.912.75 Safari/535.7"
34.221.214.97 - - [30/Sep/2025:08:59:24 +0000] "GET / HTTP/1.1" 301 162 "-" "Mozilla/5.0 (Windows NT 10.0; Win64; x64) AppleWebKit/537.36 (KHTML, like Gecko) Chrome/113.0.0.0 Safari/537.36"
3.89.143.112 - - [30/Sep/2025:08:59:24 +0000] "GET / HTTP/1.1" 301 162 "-" "Mozilla/5.0 (Windows NT 10.0; Win64; x64) AppleWebKit/537.36 (KHTML, like Gecko) Chrome/113.0.0.0 Safari/537.36"
54.245.25.242 - - [30/Sep/2025:08:59:24 +0000] "GET / HTTP/1.1" 301 162 "-" "Mozilla/5.0 (Windows NT 10.0; Win64; x64) AppleWebKit/537.36 (KHTML, like Gecko) Chrome/113.0.0.0 Safari/537.36"
204.12.208.18 - - [30/Sep/2025:09:05:10 +0000] "GET /wp-content/plb692e7/index.php HTTP/1.1" 301 162 "http://aceitunaslosada.com/wp-content/plb692e7/index.php" "Mozilla/5.0 (Macintosh; U; PPC Mac OS X; ja-jp) AppleWebKit/523.12 (KHTML, like Gecko) Version/3.0.4 Safari/523.12"
172.93.120.149 - - [30/Sep/2025:09:15:15 +0000] "GET /wp-/mailers.php?valid HTTP/1.1" 301 162 "-" "W3LL-Checker/3.0"
172.93.120.149 - - [30/Sep/2025:09:15:15 +0000] "GET /wp-/mailers.php?health HTTP/1.1" 301 162 "-" "W3LL-Checker/3.0"
172.93.120.149 - - [30/Sep/2025:09:15:16 +0000] "GET /wp-/mailers.php?info HTTP/1.1" 301 162 "-" "W3LL-Checker/3.0"
172.93.120.149 - - [30/Sep/2025:09:15:16 +0000] "GET /wp-/mailers.php HTTP/1.1" 301 162 "-" "Mozilla/5.0 (Windows NT 10.0; Win64; x64) AppleWebKit/537.36"
172.93.120.149 - - [30/Sep/2025:09:15:18 +0000] "GET /wp-/mailers.php?email=kirzoinfasika%40gmail.com HTTP/1.1" 301 162 "-" "-"
172.93.120.149 - - [30/Sep/2025:09:15:19 +0000] "GET /wp-/mailers.php?send=kirzoinfasika%40gmail.com HTTP/1.1" 301 162 "-" "-"
172.93.120.149 - - [30/Sep/2025:09:15:19 +0000] "GET /wp-/mailers.php?to=kirzoinfasika%40gmail.com HTTP/1.1" 301 162 "-" "-"
172.93.120.149 - - [30/Sep/2025:09:15:19 +0000] "POST /wp-/mailers.php HTTP/1.1" 301 162 "-" "-"
204.12.208.18 - - [30/Sep/2025:09:15:20 +0000] "GET /wp-content/plb692e7/index.php HTTP/1.1" 301 162 "http://aceitunaslosada.com/wp-content/plb692e7/index.php" "Mozilla/4.0 (compatible; MSIE 8.0; Windows NT 5.1; Trident/4.0; .NET CLR 2.0.50727; InfoPath.1"
204.12.208.18 - - [30/Sep/2025:09:24:43 +0000] "GET /wp-content/plb692e7/index.php HTTP/1.1" 301 162 "http://aceitunaslosada.com/wp-content/plb692e7/index.php" "Mozilla/5.0 (Macintosh; U; PPC Mac OS X; ja-jp) AppleWebKit/522.11.1 (KHTML, like Gecko) Version/3.0.3 Safari/522.12.1"
204.12.208.18 - - [30/Sep/2025:09:25:03 +0000] "GET /wp-content/plb692e7/index.php HTTP/1.1" 301 162 "http://aceitunaslosada.com/wp-content/plb692e7/index.php" "Mozilla/5.0 (Macintosh; Intel Mac OS X 10_6_8) AppleWebKit/534.30 (KHTML, like Gecko) Chrome/12.0.742.112 Safari/534.30"
103.131.71.140 - - [30/Sep/2025:09:28:36 +0000] "GET /robots.txt HTTP/1.1" 301 162 "-" "Mozilla/5.0 (compatible; coccocbot-web/1.0; +http://help.coccoc.com/searchengine)"
204.12.208.18 - - [30/Sep/2025:09:34:05 +0000] "GET /wp-content/plb692e7/index.php HTTP/1.1" 301 162 "http://aceitunaslosada.com/wp-content/plb692e7/index.php" "Mozilla/5.0 (Macintosh; Intel Mac OS X 10_6_8) AppleWebKit/535.1 (KHTML, like Gecko) RockMelt/0.9.64.361 Chrome/13.0.782.218 Safari/535.1"
202.65.233.138 - - [30/Sep/2025:09:41:25 +0000] "GET /wp-json/wp/v2/posts HTTP/1.1" 301 162 "-" "Mozilla/5.0 (Windows NT 10.0; Win64; x64) AppleWebKit/537.36 (KHTML, like Gecko) Chrome/120.0.0.0 Safari/537.36"
204.12.208.18 - - [30/Sep/2025:09:43:34 +0000] "GET /wp-content/plb692e7/index.php HTTP/1.1" 301 162 "http://aceitunaslosada.com/wp-content/plb692e7/index.php" "Mozilla/5.0 (Macintosh; Intel Mac OS X 10.7; rv:7.0.1) Gecko/20100101 Firefox/7.0.1"
112.86.225.122 - - [30/Sep/2025:09:45:50 +0000] "GET / HTTP/1.1" 301 162 "-" "Sogou web spider/4.0(+http://www.sogou.com/docs/help/webmasters.htm#07)"
178.128.105.210 - - [30/Sep/2025:09:49:01 +0000] "GET / HTTP/1.1" 301 162 "-" "Mozilla/5.0 (Windows NT 10.0; Win64; x64) AppleWebKit/537.36 (KHTML, like Gecko) Chrome/80.0.3987.149 Safari/537.36"
204.12.208.18 - - [30/Sep/2025:09:53:01 +0000] "GET /wp-content/plb692e7/index.php HTTP/1.1" 301 162 "http://aceitunaslosada.com/wp-content/plb692e7/index.php" "Mozilla/5.0 (Macintosh; Intel Mac OS X 10.7; rv:9.0.1) Gecko/20100101 Firefox/9.0.1"
121.229.156.61 - - [30/Sep/2025:09:54:23 +0000] "GET / HTTP/1.1" 301 162 "-" "Sogou web spider/4.0(+http://www.sogou.com/docs/help/webmasters.htm#07)"
194.49.57.182 - - [30/Sep/2025:10:00:46 +0000] "GET /firma-losada/youtube.png HTTP/1.1" 301 162 "-" "Mozilla/5.0 (Macintosh; Intel Mac OS X 10_8_5) AppleWebKit/536.30.1 (KHTML, like Gecko)"
194.49.57.182 - - [30/Sep/2025:10:00:46 +0000] "GET /firma-losada/google_plus.png HTTP/1.1" 301 162 "-" "Mozilla/5.0 (Macintosh; Intel Mac OS X 10_8_5) AppleWebKit/536.30.1 (KHTML, like Gecko)"
194.49.57.182 - - [30/Sep/2025:10:00:46 +0000] "GET /firma-losada/twitter.png HTTP/1.1" 301 162 "-" "Mozilla/5.0 (Macintosh; Intel Mac OS X 10_8_5) AppleWebKit/536.30.1 (KHTML, like Gecko)"
194.49.57.182 - - [30/Sep/2025:10:00:46 +0000] "GET /firma-losada/pinterest.png HTTP/1.1" 301 162 "-" "Mozilla/5.0 (Macintosh; Intel Mac OS X 10_8_5) AppleWebKit/536.30.1 (KHTML, like Gecko)"
194.49.57.182 - - [30/Sep/2025:10:00:47 +0000] "GET /firma-losada/twitter.png HTTP/1.1" 301 162 "-" "Mozilla/5.0 (Macintosh; Intel Mac OS X 10_8_5) AppleWebKit/536.30.1 (KHTML, like Gecko)"
194.49.57.182 - - [30/Sep/2025:10:00:47 +0000] "GET /firma-losada/youtube.png HTTP/1.1" 301 162 "-" "Mozilla/5.0 (Macintosh; Intel Mac OS X 10_8_5) AppleWebKit/536.30.1 (KHTML, like Gecko)"
194.49.57.182 - - [30/Sep/2025:10:00:47 +0000] "GET /firma-losada/facebook.png HTTP/1.1" 301 162 "-" "Mozilla/5.0 (Macintosh; Intel Mac OS X 10_8_5) AppleWebKit/536.30.1 (KHTML, like Gecko)"
204.12.208.18 - - [30/Sep/2025:10:02:32 +0000] "GET /wp-content/plb692e7/index.php HTTP/1.1" 301 162 "http://aceitunaslosada.com/wp-content/plb692e7/index.php" "Mozilla/5.0 (Macintosh; Intel Mac OS X 10_7_2) AppleWebKit/535.2 (KHTML, like Gecko) Chrome/15.0.874.106 Safari/535.2"
34.219.163.164 - - [30/Sep/2025:10:07:35 +0000] "GET / HTTP/1.1" 301 162 "-" "Mozilla/5.0 (Windows NT 10.0; Win64; x64) AppleWebKit/537.36 (KHTML, like Gecko) Chrome/113.0.0.0 Safari/537.36"
204.12.208.18 - - [30/Sep/2025:10:11:41 +0000] "GET /wp-content/plb692e7/index.php HTTP/1.1" 301 162 "http://aceitunaslosada.com/wp-content/plb692e7/index.php" "Mozilla/5.0 (compatible; MSIE 9.0; Windows NT 6.1; WOW64; Trident/5.0; Sleipnir/2.9.8)"
204.12.208.18 - - [30/Sep/2025:10:22:17 +0000] "GET /wp-content/plb692e7/index.php HTTP/1.1" 301 162 "http://aceitunaslosada.com/wp-content/plb692e7/index.php" "Opera/9.80 (Macintosh; Intel Mac OS X 10.6.8; U; ja) Presto/2.10.289 Version/12.00"
43.173.176.218 - - [30/Sep/2025:10:22:37 +0000] "GET / HTTP/1.1" 301 162 "-" "Mozilla/5.0 (Windows NT 6.1; Win64; x64) AppleWebKit/537.36 (KHTML, like Gecko) Chrome/126.0.6478.114 Safari/537.36"
172.93.120.149 - - [30/Sep/2025:10:27:37 +0000] "GET /wp-/mailers.php?valid HTTP/1.1" 301 162 "-" "W3LL-Checker/3.0"
172.93.120.149 - - [30/Sep/2025:10:27:37 +0000] "GET /wp-/mailers.php?health HTTP/1.1" 301 162 "-" "W3LL-Checker/3.0"
172.93.120.149 - - [30/Sep/2025:10:27:37 +0000] "GET /wp-/mailers.php?info HTTP/1.1" 301 162 "-" "W3LL-Checker/3.0"
172.93.120.149 - - [30/Sep/2025:10:27:38 +0000] "GET /wp-/mailers.php HTTP/1.1" 301 162 "-" "Mozilla/5.0 (Windows NT 10.0; Win64; x64) AppleWebKit/537.36"
172.93.120.149 - - [30/Sep/2025:10:27:39 +0000] "GET /wp-/mailers.php?email=kirzoinfasika%40gmail.com HTTP/1.1" 301 162 "-" "-"
172.93.120.149 - - [30/Sep/2025:10:27:40 +0000] "GET /wp-/mailers.php?send=kirzoinfasika%40gmail.com HTTP/1.1" 301 162 "-" "-"
172.93.120.149 - - [30/Sep/2025:10:27:40 +0000] "GET /wp-/mailers.php?to=kirzoinfasika%40gmail.com HTTP/1.1" 301 162 "-" "-"
172.93.120.149 - - [30/Sep/2025:10:27:40 +0000] "POST /wp-/mailers.php HTTP/1.1" 301 162 "-" "-"
194.49.57.182 - - [30/Sep/2025:10:28:55 +0000] "GET /firma-losada/pinterest.png HTTP/1.1" 301 162 "-" "Mozilla/5.0 (Macintosh; Intel Mac OS X 10_8_5) AppleWebKit/536.30.1 (KHTML, like Gecko)"
194.49.57.182 - - [30/Sep/2025:10:28:55 +0000] "GET /firma-losada/youtube.png HTTP/1.1" 301 162 "-" "Mozilla/5.0 (Macintosh; Intel Mac OS X 10_8_5) AppleWebKit/536.30.1 (KHTML, like Gecko)"
194.49.57.182 - - [30/Sep/2025:10:28:55 +0000] "GET /firma-losada/google_plus.png HTTP/1.1" 301 162 "-" "Mozilla/5.0 (Macintosh; Intel Mac OS X 10_8_5) AppleWebKit/536.30.1 (KHTML, like Gecko)"
194.49.57.182 - - [30/Sep/2025:10:28:55 +0000] "GET /firma-losada/facebook.png HTTP/1.1" 301 162 "-" "Mozilla/5.0 (Macintosh; Intel Mac OS X 10_8_5) AppleWebKit/536.30.1 (KHTML, like Gecko)"
194.49.57.182 - - [30/Sep/2025:10:28:55 +0000] "GET /firma-losada/twitter.png HTTP/1.1" 301 162 "-" "Mozilla/5.0 (Macintosh; Intel Mac OS X 10_8_5) AppleWebKit/536.30.1 (KHTML, like Gecko)"
194.49.57.182 - - [30/Sep/2025:10:28:55 +0000] "GET /firma-losada/youtube.png HTTP/1.1" 301 162 "-" "Mozilla/5.0 (Macintosh; Intel Mac OS X 10_8_5) AppleWebKit/536.30.1 (KHTML, like Gecko)"
194.49.57.182 - - [30/Sep/2025:10:28:58 +0000] "GET /firma-losada/facebook.png HTTP/1.1" 301 162 "-" "Mozilla/5.0 (Macintosh; Intel Mac OS X 10_8_5) AppleWebKit/536.30.1 (KHTML, like Gecko)"
194.49.57.182 - - [30/Sep/2025:10:28:58 +0000] "GET /firma-losada/google_plus.png HTTP/1.1" 301 162 "-" "Mozilla/5.0 (Macintosh; Intel Mac OS X 10_8_5) AppleWebKit/536.30.1 (KHTML, like Gecko)"
194.49.57.182 - - [30/Sep/2025:10:28:58 +0000] "GET /firma-losada/twitter.png HTTP/1.1" 301 162 "-" "Mozilla/5.0 (Macintosh; Intel Mac OS X 10_8_5) AppleWebKit/536.30.1 (KHTML, like Gecko)"
194.49.57.182 - - [30/Sep/2025:10:28:58 +0000] "GET /firma-losada/youtube.png HTTP/1.1" 301 162 "-" "Mozilla/5.0 (Macintosh; Intel Mac OS X 10_8_5) AppleWebKit/536.30.1 (KHTML, like Gecko)"
194.49.57.182 - - [30/Sep/2025:10:28:58 +0000] "GET /firma-losada/pinterest.png HTTP/1.1" 301 162 "-" "Mozilla/5.0 (Macintosh; Intel Mac OS X 10_8_5) AppleWebKit/536.30.1 (KHTML, like Gecko)"
194.49.57.182 - - [30/Sep/2025:10:28:59 +0000] "GET /firma-losada/google_plus.png HTTP/1.1" 301 162 "-" "Mozilla/5.0 (Macintosh; Intel Mac OS X 10_8_5) AppleWebKit/536.30.1 (KHTML, like Gecko)"
194.49.57.182 - - [30/Sep/2025:10:28:59 +0000] "GET /firma-losada/logo-losada-2.jpg HTTP/1.1" 301 162 "-" "Mozilla/5.0 (Macintosh; Intel Mac OS X 10_8_5) AppleWebKit/536.30.1 (KHTML, like Gecko)"
194.49.57.182 - - [30/Sep/2025:10:28:59 +0000] "GET /firma-losada/twitter.png HTTP/1.1" 301 162 "-" "Mozilla/5.0 (Macintosh; Intel Mac OS X 10_8_5) AppleWebKit/536.30.1 (KHTML, like Gecko)"
194.49.57.182 - - [30/Sep/2025:10:29:28 +0000] "GET /firma-losada/youtube.png HTTP/1.1" 301 162 "-" "Mozilla/5.0 (Macintosh; Intel Mac OS X 10_8_5) AppleWebKit/536.30.1 (KHTML, like Gecko)"
194.49.57.182 - - [30/Sep/2025:10:29:28 +0000] "GET /firma-losada/facebook.png HTTP/1.1" 301 162 "-" "Mozilla/5.0 (Macintosh; Intel Mac OS X 10_8_5) AppleWebKit/536.30.1 (KHTML, like Gecko)"
194.49.57.182 - - [30/Sep/2025:10:29:28 +0000] "GET /firma-losada/twitter.png HTTP/1.1" 301 162 "-" "Mozilla/5.0 (Macintosh; Intel Mac OS X 10_8_5) AppleWebKit/536.30.1 (KHTML, like Gecko)"
194.49.57.182 - - [30/Sep/2025:10:29:28 +0000] "GET /firma-losada/google_plus.png HTTP/1.1" 301 162 "-" "Mozilla/5.0 (Macintosh; Intel Mac OS X 10_8_5) AppleWebKit/536.30.1 (KHTML, like Gecko)"
194.49.57.182 - - [30/Sep/2025:10:29:29 +0000] "GET /firma-losada/youtube.png HTTP/1.1" 301 162 "-" "Mozilla/5.0 (Macintosh; Intel Mac OS X 10_8_5) AppleWebKit/536.30.1 (KHTML, like Gecko)"
194.49.57.182 - - [30/Sep/2025:10:29:29 +0000] "GET /firma-losada/twitter.png HTTP/1.1" 301 162 "-" "Mozilla/5.0 (Macintosh; Intel Mac OS X 10_8_5) AppleWebKit/536.30.1 (KHTML, like Gecko)"
194.49.57.182 - - [30/Sep/2025:10:29:29 +0000] "GET /firma-losada/facebook.png HTTP/1.1" 301 162 "-" "Mozilla/5.0 (Macintosh; Intel Mac OS X 10_8_5) AppleWebKit/536.30.1 (KHTML, like Gecko)"
194.49.57.182 - - [30/Sep/2025:10:29:29 +0000] "GET /firma-losada/google_plus.png HTTP/1.1" 301 162 "-" "Mozilla/5.0 (Macintosh; Intel Mac OS X 10_8_5) AppleWebKit/536.30.1 (KHTML, like Gecko)"
194.49.57.182 - - [30/Sep/2025:10:29:29 +0000] "GET /firma-losada/pinterest.png HTTP/1.1" 301 162 "-" "Mozilla/5.0 (Macintosh; Intel Mac OS X 10_8_5) AppleWebKit/536.30.1 (KHTML, like Gecko)"
145.220.91.19 - - [30/Sep/2025:10:29:41 +0000] "GET / HTTP/1.1" 301 162 "-" "Mozilla/5.0 (Macintosh; Intel Mac OS X 10.15; rv:122.0) Gecko/20100101 Firefox/122.0"
194.49.57.182 - - [30/Sep/2025:10:29:58 +0000] "GET /firma-losada/google_plus.png HTTP/1.1" 301 162 "-" "Mozilla/5.0 (Macintosh; Intel Mac OS X 10_8_5) AppleWebKit/536.30.1 (KHTML, like Gecko)"
194.49.57.182 - - [30/Sep/2025:10:29:58 +0000] "GET /firma-losada/youtube.png HTTP/1.1" 301 162 "-" "Mozilla/5.0 (Macintosh; Intel Mac OS X 10_8_5) AppleWebKit/536.30.1 (KHTML, like Gecko)"
194.49.57.182 - - [30/Sep/2025:10:29:58 +0000] "GET /firma-losada/facebook.png HTTP/1.1" 301 162 "-" "Mozilla/5.0 (Macintosh; Intel Mac OS X 10_8_5) AppleWebKit/536.30.1 (KHTML, like Gecko)"
194.49.57.182 - - [30/Sep/2025:10:29:58 +0000] "GET /firma-losada/pinterest.png HTTP/1.1" 301 162 "-" "Mozilla/5.0 (Macintosh; Intel Mac OS X 10_8_5) AppleWebKit/536.30.1 (KHTML, like Gecko)"
194.49.57.182 - - [30/Sep/2025:10:29:58 +0000] "GET /firma-losada/twitter.png HTTP/1.1" 301 162 "-" "Mozilla/5.0 (Macintosh; Intel Mac OS X 10_8_5) AppleWebKit/536.30.1 (KHTML, like Gecko)"
194.49.57.182 - - [30/Sep/2025:10:29:59 +0000] "GET /firma-losada/facebook.png HTTP/1.1" 301 162 "-" "Mozilla/5.0 (Macintosh; Intel Mac OS X 10_8_5) AppleWebKit/536.30.1 (KHTML, like Gecko)"
194.49.57.182 - - [30/Sep/2025:10:29:59 +0000] "GET /firma-losada/twitter.png HTTP/1.1" 301 162 "-" "Mozilla/5.0 (Macintosh; Intel Mac OS X 10_8_5) AppleWebKit/536.30.1 (KHTML, like Gecko)"
194.49.57.182 - - [30/Sep/2025:10:29:59 +0000] "GET /firma-losada/pinterest.png HTTP/1.1" 301 162 "-" "Mozilla/5.0 (Macintosh; Intel Mac OS X 10_8_5) AppleWebKit/536.30.1 (KHTML, like Gecko)"
194.49.57.182 - - [30/Sep/2025:10:30:28 +0000] "GET /firma-losada/youtube.png HTTP/1.1" 301 162 "-" "Mozilla/5.0 (Macintosh; Intel Mac OS X 10_8_5) AppleWebKit/536.30.1 (KHTML, like Gecko)"
194.49.57.182 - - [30/Sep/2025:10:30:28 +0000] "GET /firma-losada/facebook.png HTTP/1.1" 301 162 "-" "Mozilla/5.0 (Macintosh; Intel Mac OS X 10_8_5) AppleWebKit/536.30.1 (KHTML, like Gecko)"
194.49.57.182 - - [30/Sep/2025:10:30:28 +0000] "GET /firma-losada/google_plus.png HTTP/1.1" 301 162 "-" "Mozilla/5.0 (Macintosh; Intel Mac OS X 10_8_5) AppleWebKit/536.30.1 (KHTML, like Gecko)"
194.49.57.182 - - [30/Sep/2025:10:30:28 +0000] "GET /firma-losada/pinterest.png HTTP/1.1" 301 162 "-" "Mozilla/5.0 (Macintosh; Intel Mac OS X 10_8_5) AppleWebKit/536.30.1 (KHTML, like Gecko)"
194.49.57.182 - - [30/Sep/2025:10:30:29 +0000] "GET /firma-losada/twitter.png HTTP/1.1" 301 162 "-" "Mozilla/5.0 (Macintosh; Intel Mac OS X 10_8_5) AppleWebKit/536.30.1 (KHTML, like Gecko)"
194.49.57.182 - - [30/Sep/2025:10:30:49 +0000] "GET /firma-losada/youtube.png HTTP/1.1" 301 162 "-" "Mozilla/5.0 (Macintosh; Intel Mac OS X 10_8_5) AppleWebKit/536.30.1 (KHTML, like Gecko)"
194.49.57.182 - - [30/Sep/2025:10:30:49 +0000] "GET /firma-losada/twitter.png HTTP/1.1" 301 162 "-" "Mozilla/5.0 (Macintosh; Intel Mac OS X 10_8_5) AppleWebKit/536.30.1 (KHTML, like Gecko)"
194.49.57.182 - - [30/Sep/2025:10:30:49 +0000] "GET /firma-losada/google_plus.png HTTP/1.1" 301 162 "-" "Mozilla/5.0 (Macintosh; Intel Mac OS X 10_8_5) AppleWebKit/536.30.1 (KHTML, like Gecko)"
194.49.57.182 - - [30/Sep/2025:10:30:49 +0000] "GET /firma-losada/pinterest.png HTTP/1.1" 301 162 "-" "Mozilla/5.0 (Macintosh; Intel Mac OS X 10_8_5) AppleWebKit/536.30.1 (KHTML, like Gecko)"
194.49.57.182 - - [30/Sep/2025:10:30:49 +0000] "GET /firma-losada/facebook.png HTTP/1.1" 301 162 "-" "Mozilla/5.0 (Macintosh; Intel Mac OS X 10_8_5) AppleWebKit/536.30.1 (KHTML, like Gecko)"
194.49.57.182 - - [30/Sep/2025:10:30:50 +0000] "GET /firma-losada/google_plus.png HTTP/1.1" 301 162 "-" "Mozilla/5.0 (Macintosh; Intel Mac OS X 10_8_5) AppleWebKit/536.30.1 (KHTML, like Gecko)"
194.49.57.182 - - [30/Sep/2025:10:30:50 +0000] "GET /firma-losada/twitter.png HTTP/1.1" 301 162 "-" "Mozilla/5.0 (Macintosh; Intel Mac OS X 10_8_5) AppleWebKit/536.30.1 (KHTML, like Gecko)"
216.244.66.231 - - [30/Sep/2025:10:31:22 +0000] "GET /robots.txt HTTP/1.1" 301 162 "-" "Mozilla/5.0 (compatible; DotBot/1.2; +https://opensiteexplorer.org/dotbot; help@moz.com)"
216.244.66.231 - - [30/Sep/2025:10:31:22 +0000] "GET /robots.txt HTTP/1.1" 301 162 "-" "Mozilla/5.0 (compatible; DotBot/1.2; +https://opensiteexplorer.org/dotbot; help@moz.com)"
20.191.45.212 - - [30/Sep/2025:10:31:23 +0000] "GET / HTTP/1.1" 301 162 "http://www.aceitunaslosada.com/" "DuckDuckBot/1.1; (+http://duckduckgo.com/duckduckbot.html)"
20.191.45.212 - - [30/Sep/2025:10:31:24 +0000] "GET /favicon.ico HTTP/1.1" 301 162 "http://www.aceitunaslosada.com/favicon.ico" "DuckDuckBot/1.1; (+http://duckduckgo.com/duckduckbot.html)"
204.12.208.18 - - [30/Sep/2025:10:32:21 +0000] "GET /wp-content/plb692e7/index.php HTTP/1.1" 301 162 "http://aceitunaslosada.com/wp-content/plb692e7/index.php" "Mozilla/5.0 (Macintosh; Intel Mac OS X 10_6_8) AppleWebKit/535.1 (KHTML, like Gecko) Chrome/13.0.782.112 Safari/535.1"
194.49.57.182 - - [30/Sep/2025:10:37:46 +0000] "GET /firma-losada/twitter.png HTTP/1.1" 301 162 "-" "Mozilla/5.0 (Macintosh; Intel Mac OS X 10_8_5) AppleWebKit/536.30.1 (KHTML, like Gecko)"
194.49.57.182 - - [30/Sep/2025:10:37:46 +0000] "GET /firma-losada/facebook.png HTTP/1.1" 301 162 "-" "Mozilla/5.0 (Macintosh; Intel Mac OS X 10_8_5) AppleWebKit/536.30.1 (KHTML, like Gecko)"
194.49.57.182 - - [30/Sep/2025:10:37:46 +0000] "GET /firma-losada/youtube.png HTTP/1.1" 301 162 "-" "Mozilla/5.0 (Macintosh; Intel Mac OS X 10_8_5) AppleWebKit/536.30.1 (KHTML, like Gecko)"
194.49.57.182 - - [30/Sep/2025:10:37:46 +0000] "GET /firma-losada/pinterest.png HTTP/1.1" 301 162 "-" "Mozilla/5.0 (Macintosh; Intel Mac OS X 10_8_5) AppleWebKit/536.30.1 (KHTML, like Gecko)"
194.49.57.182 - - [30/Sep/2025:10:37:46 +0000] "GET /firma-losada/google_plus.png HTTP/1.1" 301 162 "-" "Mozilla/5.0 (Macintosh; Intel Mac OS X 10_8_5) AppleWebKit/536.30.1 (KHTML, like Gecko)"
194.49.57.182 - - [30/Sep/2025:10:37:46 +0000] "GET /firma-losada/twitter.png HTTP/1.1" 301 162 "-" "Mozilla/5.0 (Macintosh; Intel Mac OS X 10_8_5) AppleWebKit/536.30.1 (KHTML, like Gecko)"
194.49.57.182 - - [30/Sep/2025:10:37:46 +0000] "GET /firma-losada/google_plus.png HTTP/1.1" 301 162 "-" "Mozilla/5.0 (Macintosh; Intel Mac OS X 10_8_5) AppleWebKit/536.30.1 (KHTML, like Gecko)"
194.49.57.182 - - [30/Sep/2025:10:37:47 +0000] "GET /firma-losada/twitter.png HTTP/1.1" 301 162 "-" "Mozilla/5.0 (Macintosh; Intel Mac OS X 10_8_5) AppleWebKit/536.30.1 (KHTML, like Gecko)"
