66.249.79.136 - - [26/Sep/2025:06:56:16 +0000] "GET /619089143?items=0618299262 HTTP/1.0" 200 22828 "-" "Mozilla/5.0 (Linux; Android 6.0.1; Nexus 5X Build/MMB29P) AppleWebKit/537.36 (KHTML, like Gecko) Chrome/139.0.7258.127 Mobile Safari/537.36 (compatible; Googlebot/2.1; +http://www.google.com/bot.html)"
66.249.79.137 - - [26/Sep/2025:06:56:16 +0000] "GET /830183042?items=0829123566 HTTP/1.0" 200 23099 "-" "Mozilla/5.0 (Linux; Android 6.0.1; Nexus 5X Build/MMB29P) AppleWebKit/537.36 (KHTML, like Gecko) Chrome/139.0.7258.127 Mobile Safari/537.36 (compatible; Googlebot/2.1; +http://www.google.com/bot.html)"
216.73.216.23 - - [26/Sep/2025:06:56:16 +0000] "GET /2897859?fileloc=%2Fvar%2Fwww%2Fvhosts%2Faceitunaslosada.com%2Fweb%2Fwp-content%2Fuploads%2F2020%2F11%2Fhandwashing-feature-3-80x80.jpg&path=%2Fvar%2Fwww%2Fvhosts%2Faceitunaslosada.com%2Fweb%2Fwp-content%2Fuploads%2F2020%2F11 HTTP/1.0" 200 6439 "-" "Mozilla/5.0 AppleWebKit/537.36 (KHTML, like Gecko; compatible; ClaudeBot/1.0; +claudebot@anthropic.com)"
216.73.216.23 - - [26/Sep/2025:06:56:16 +0000] "GET /2897859?fileloc=%2Fvar%2Fwww%2Fvhosts%2Faceitunaslosada.com%2Fweb%2Fcopia%2Fwp-content%2Fuploads%2F2020%2F05%2FIMG_9591-1-1920x750.jpg&path=%2Fvar%2Fwww%2Fvhosts%2Faceitunaslosada.com%2Fweb%2Fcopia%2Fwp-content%2Fuploads%2F2020%2F05 HTTP/1.0" 200 6445 "-" "Mozilla/5.0 AppleWebKit/537.36 (KHTML, like Gecko; compatible; ClaudeBot/1.0; +claudebot@anthropic.com)"
216.73.216.23 - - [26/Sep/2025:06:56:17 +0000] "GET /2897859?fileloc=%2Fvar%2Fwww%2Fvhosts%2Faceitunaslosada.com%2Fweb%2Fcopia%2Fwp-content%2Fuploads%2F2020%2F05%2FIMG_4357-50x75.jpg&path=%2Fvar%2Fwww%2Fvhosts%2Faceitunaslosada.com%2Fweb%2Fcopia%2Fwp-content%2Fuploads%2F2020%2F05 HTTP/1.0" 200 6442 "-" "Mozilla/5.0 AppleWebKit/537.36 (KHTML, like Gecko; compatible; ClaudeBot/1.0; +claudebot@anthropic.com)"
216.73.216.23 - - [26/Sep/2025:06:56:17 +0000] "GET /2897859?fileloc=%2Fvar%2Fwww%2Fvhosts%2Faceitunaslosada.com%2Fweb%2Fwp-content%2Fuploads%2F2020%2F05%2FIMG_0119-56x75.jpg&path=%2Fvar%2Fwww%2Fvhosts%2Faceitunaslosada.com%2Fweb%2Fwp-content%2Fuploads%2F2020%2F05 HTTP/1.0" 200 6432 "-" "Mozilla/5.0 AppleWebKit/537.36 (KHTML, like Gecko; compatible; ClaudeBot/1.0; +claudebot@anthropic.com)"
20.171.207.84 - - [26/Sep/2025:06:56:17 +0000] "GET /2052565331?fileloc=/var/www/vhosts/aceitunaslosada.com/web/google722af835742a9b4d.html&path=/var/www/vhosts/aceitunaslosada.com/web HTTP/1.0" 200 6396 "-" "Mozilla/5.0 AppleWebKit/537.36 (KHTML, like Gecko; compatible; GPTBot/1.2; +https://openai.com/gptbot)"
216.73.216.23 - - [26/Sep/2025:06:56:17 +0000] "GET /2897859?fileloc=%2Fvar%2Fwww%2Fvhosts%2Faceitunaslosada.com%2Fweb%2Fcopia%2Fwp-content%2Fuploads%2F2020%2F06%2F6-768x1086.jpg&path=%2Fvar%2Fwww%2Fvhosts%2Faceitunaslosada.com%2Fweb%2Fcopia%2Fwp-content%2Fuploads%2F2020%2F06 HTTP/1.0" 200 6437 "-" "Mozilla/5.0 AppleWebKit/537.36 (KHTML, like Gecko; compatible; ClaudeBot/1.0; +claudebot@anthropic.com)"
216.73.216.23 - - [26/Sep/2025:06:56:17 +0000] "GET /2897859?fileloc=%2Fvar%2Fwww%2Fvhosts%2Faceitunaslosada.com%2Fweb%2Fcopia%2Fwp-content%2Fuploads%2F2020%2F07%2F27-150x150.jpg&path=%2Fvar%2Fwww%2Fvhosts%2Faceitunaslosada.com%2Fweb%2Fcopia%2Fwp-content%2Fuploads%2F2020%2F07 HTTP/1.0" 200 6436 "-" "Mozilla/5.0 AppleWebKit/537.36 (KHTML, like Gecko; compatible; ClaudeBot/1.0; +claudebot@anthropic.com)"
66.249.79.8 - - [26/Sep/2025:06:56:17 +0000] "POST /get-message-notify HTTP/1.0" 200 22730 "https://aceitunaslosada.com/wind128016053.html" "Mozilla/5.0 (Linux; Android 6.0.1; Nexus 5X Build/MMB29P) AppleWebKit/537.36 (KHTML, like Gecko) Chrome/139.0.7258.127 Mobile Safari/537.36 (compatible; Googlebot/2.1; +http://www.google.com/bot.html)"
216.73.216.23 - - [26/Sep/2025:06:56:17 +0000] "GET /2897859?fileloc=%2Fvar%2Fwww%2Fvhosts%2Faceitunaslosada.com%2Fweb%2Fcopia%2Fwp-content%2Fuploads%2F2020%2F05%2FIMG_4493-33x50.jpg&path=%2Fvar%2Fwww%2Fvhosts%2Faceitunaslosada.com%2Fweb%2Fcopia%2Fwp-content%2Fuploads%2F2020%2F05 HTTP/1.0" 200 6441 "-" "Mozilla/5.0 AppleWebKit/537.36 (KHTML, like Gecko; compatible; ClaudeBot/1.0; +claudebot@anthropic.com)"
216.73.216.23 - - [26/Sep/2025:06:56:18 +0000] "GET /2897859?fileloc=%2Fvar%2Fwww%2Fvhosts%2Faceitunaslosada.com%2Fweb%2Fwp-content%2Fuploads%2F2020%2F10%2FIMG_3212-1.jpg&path=%2Fvar%2Fwww%2Fvhosts%2Faceitunaslosada.com%2Fweb%2Fwp-content%2Fuploads%2F2020%2F10 HTTP/1.0" 200 6426 "-" "Mozilla/5.0 AppleWebKit/537.36 (KHTML, like Gecko; compatible; ClaudeBot/1.0; +claudebot@anthropic.com)"
52.44.174.136 - - [26/Sep/2025:06:56:18 +0000] "GET /producto/aceituna-cornicabra-natural-2/?fileloc=/var/www/vhosts/aceitunaslosada.com/web/copia/wp-content/plugins/w3-total-cache/Cdnfsd_CloudFront_Popup_View_Intro.php&path=/var/www/vhosts/aceitunaslosada.com/web/copia/wp-content/plugins/w3-total-cache HTTP/1.0" 200 6958 "-" "Mozilla/5.0 AppleWebKit/537.36 (KHTML, like Gecko; compatible; Amazonbot/0.1; +https://developer.amazon.com/support/amazonbot) Chrome/119.0.6045.214 Safari/537.36"
66.249.79.137 - - [26/Sep/2025:06:56:18 +0000] "GET /45205188?items=0045148238 HTTP/1.0" 200 23017 "-" "Mozilla/5.0 (Linux; Android 6.0.1; Nexus 5X Build/MMB29P) AppleWebKit/537.36 (KHTML, like Gecko) Chrome/139.0.7258.127 Mobile Safari/537.36 (compatible; Googlebot/2.1; +http://www.google.com/bot.html)"
66.249.79.136 - - [26/Sep/2025:06:56:18 +0000] "GET /2275253671?items=2272348638 HTTP/1.0" 200 23257 "-" "Mozilla/5.0 (Linux; Android 6.0.1; Nexus 5X Build/MMB29P) AppleWebKit/537.36 (KHTML, like Gecko) Chrome/139.0.7258.127 Mobile Safari/537.36 (compatible; Googlebot/2.1; +http://www.google.com/bot.html)"
216.73.216.23 - - [26/Sep/2025:06:56:18 +0000] "GET /2897859?fileloc=%2Fvar%2Fwww%2Fvhosts%2Faceitunaslosada.com%2Fweb%2Fwp-content%2Fuploads%2F2020%2F07%2FEQUIPO2-2.jpg&path=%2Fvar%2Fwww%2Fvhosts%2Faceitunaslosada.com%2Fweb%2Fwp-content%2Fuploads%2F2020%2F07 HTTP/1.0" 200 6429 "-" "Mozilla/5.0 AppleWebKit/537.36 (KHTML, like Gecko; compatible; ClaudeBot/1.0; +claudebot@anthropic.com)"
20.171.207.196 - - [26/Sep/2025:06:56:18 +0000] "GET /item/u298/1208/?path=/var/www HTTP/1.0" 200 6383 "-" "Mozilla/5.0 AppleWebKit/537.36 (KHTML, like Gecko; compatible; GPTBot/1.2; +https://openai.com/gptbot)"
216.73.216.23 - - [26/Sep/2025:06:56:19 +0000] "GET /2897859?fileloc=%2Fvar%2Fwww%2Fvhosts%2Faceitunaslosada.com%2Fweb%2Fcopia%2Fwp-content%2Fuploads%2F2020%2F05%2FIMG_2041-56x75.jpg&path=%2Fvar%2Fwww%2Fvhosts%2Faceitunaslosada.com%2Fweb%2Fcopia%2Fwp-content%2Fuploads%2F2020%2F05 HTTP/1.0" 200 6441 "-" "Mozilla/5.0 AppleWebKit/537.36 (KHTML, like Gecko; compatible; ClaudeBot/1.0; +claudebot@anthropic.com)"
216.73.216.23 - - [26/Sep/2025:06:56:19 +0000] "GET /2897859?fileloc=%2Fvar%2Fwww%2Fvhosts%2Faceitunaslosada.com%2Fweb%2Fcopia%2Fwp-content%2Fuploads%2F2020%2F06%2F16-768x1086.jpg&path=%2Fvar%2Fwww%2Fvhosts%2Faceitunaslosada.com%2Fweb%2Fcopia%2Fwp-content%2Fuploads%2F2020%2F06 HTTP/1.0" 200 6438 "-" "Mozilla/5.0 AppleWebKit/537.36 (KHTML, like Gecko; compatible; ClaudeBot/1.0; +claudebot@anthropic.com)"
216.73.216.23 - - [26/Sep/2025:06:56:19 +0000] "GET /2897859?fileloc=%2Fvar%2Fwww%2Fvhosts%2Faceitunaslosada.com%2Fweb%2Fcopia%2Fwp-content%2Fuploads%2F2020%2F09%2FIMG_6823-56x75.jpg&path=%2Fvar%2Fwww%2Fvhosts%2Faceitunaslosada.com%2Fweb%2Fcopia%2Fwp-content%2Fuploads%2F2020%2F09 HTTP/1.0" 200 6442 "-" "Mozilla/5.0 AppleWebKit/537.36 (KHTML, like Gecko; compatible; ClaudeBot/1.0; +claudebot@anthropic.com)"
216.73.216.23 - - [26/Sep/2025:06:56:19 +0000] "GET /2897859?fileloc=%2Fvar%2Fwww%2Fvhosts%2Faceitunaslosada.com%2Fweb%2Fcopia%2Fwp-content%2Fuploads%2F2020%2F05%2FIMG_7038-38x50.jpg&path=%2Fvar%2Fwww%2Fvhosts%2Faceitunaslosada.com%2Fweb%2Fcopia%2Fwp-content%2Fuploads%2F2020%2F05 HTTP/1.0" 200 6442 "-" "Mozilla/5.0 AppleWebKit/537.36 (KHTML, like Gecko; compatible; ClaudeBot/1.0; +claudebot@anthropic.com)"
216.73.216.23 - - [26/Sep/2025:06:56:20 +0000] "GET /2897859?fileloc=%2Fvar%2Fwww%2Fvhosts%2Faceitunaslosada.com%2Fweb%2Fcopia%2Fwp-content%2Fuploads%2F2020%2F05%2FIMG_9823-1-150x150.jpg&path=%2Fvar%2Fwww%2Fvhosts%2Faceitunaslosada.com%2Fweb%2Fcopia%2Fwp-content%2Fuploads%2F2020%2F05 HTTP/1.0" 200 6444 "-" "Mozilla/5.0 AppleWebKit/537.36 (KHTML, like Gecko; compatible; ClaudeBot/1.0; +claudebot@anthropic.com)"
216.73.216.23 - - [26/Sep/2025:06:56:20 +0000] "GET /2897859?fileloc=%2Fvar%2Fwww%2Fvhosts%2Faceitunaslosada.com%2Fweb%2Fwp-content%2Fuploads%2F2020%2F05%2Fthumb_IMG_9663_1024-2.jpg&path=%2Fvar%2Fwww%2Fvhosts%2Faceitunaslosada.com%2Fweb%2Fwp-content%2Fuploads%2F2020%2F05 HTTP/1.0" 200 6438 "-" "Mozilla/5.0 AppleWebKit/537.36 (KHTML, like Gecko; compatible; ClaudeBot/1.0; +claudebot@anthropic.com)"
66.249.79.136 - - [26/Sep/2025:06:56:20 +0000] "GET /996127360?items=0994855950 HTTP/1.0" 200 23072 "-" "Mozilla/5.0 (Linux; Android 6.0.1; Nexus 5X Build/MMB29P) AppleWebKit/537.36 (KHTML, like Gecko) Chrome/139.0.7258.127 Mobile Safari/537.36 (compatible; Googlebot/2.1; +http://www.google.com/bot.html)"
216.73.216.23 - - [26/Sep/2025:06:56:20 +0000] "GET /2897859?fileloc=%2Fvar%2Fwww%2Fvhosts%2Faceitunaslosada.com%2Fweb%2Fcopia%2Fwp-content%2Fuploads%2F2020%2F05%2FIMG_9639-1-1280x500.jpg&path=%2Fvar%2Fwww%2Fvhosts%2Faceitunaslosada.com%2Fweb%2Fcopia%2Fwp-content%2Fuploads%2F2020%2F05 HTTP/1.0" 200 6446 "-" "Mozilla/5.0 AppleWebKit/537.36 (KHTML, like Gecko; compatible; ClaudeBot/1.0; +claudebot@anthropic.com)"
66.249.79.137 - - [26/Sep/2025:06:56:21 +0000] "GET /996065232?items=0994793902 HTTP/1.0" 200 22920 "-" "Mozilla/5.0 (Linux; Android 6.0.1; Nexus 5X Build/MMB29P) AppleWebKit/537.36 (KHTML, like Gecko) Chrome/139.0.7258.127 Mobile Safari/537.36 (compatible; Googlebot/2.1; +http://www.google.com/bot.html)"
52.54.95.127 - - [26/Sep/2025:06:56:21 +0000] "GET /producto/aceituna-gordal-verde-sin-hueso-a-las-finas-hierbas/?path=/var/www/vhosts/aceitunaslosada.com/web/copia/wp-content/plugins/LayerSlider/assets/static/layerslider/skins/borderlessdark3d HTTP/1.0" 200 7154 "-" "Mozilla/5.0 AppleWebKit/537.36 (KHTML, like Gecko; compatible; Amazonbot/0.1; +https://developer.amazon.com/support/amazonbot) Chrome/119.0.6045.214 Safari/537.36"
82.223.111.37 - - [26/Sep/2025:06:54:24 +0000] "GET /wp-includes/blocks/calendar/calendar/index.php?ARRAY=7o2230223n313735383837333236342p2231223n22687474703n5p2s5p2s7n7335363476313373752r616p746s742r696r6o5p2s3s6p633q7068705s636s64655s6n6326743q313735383836393636342q3738373734393739326130373663663437323630373434653665663462323766222p2232223n226130373336373431643032313661343339393830373065363035636237313335222p2233223n223236313736316262613936313838633038333939626534333630613935386237222p226175746s5s66696p655s6r616q65223n6r756p6p2p226175746s5s70617373223n6r756p6p2p2262696r675s70617373223n2231372q34352q35332q36332q37382q38362q3330227q HTTP/1.0" 504 3843 "-" "-"
66.249.79.8 - - [26/Sep/2025:06:56:21 +0000] "GET /604098622?items=0603327886 HTTP/1.0" 200 24342 "-" "Mozilla/5.0 (Linux; Android 6.0.1; Nexus 5X Build/MMB29P) AppleWebKit/537.36 (KHTML, like Gecko) Chrome/139.0.7258.127 Mobile Safari/537.36 (compatible; Googlebot/2.1; +http://www.google.com/bot.html)"
216.73.216.23 - - [26/Sep/2025:06:56:21 +0000] "GET /2897859?fileloc=%2Fvar%2Fwww%2Fvhosts%2Faceitunaslosada.com%2Fweb%2Fcopia%2Fwp-content%2Fuploads%2F2020%2F05%2FIMG_9591-3-1024x576.jpg&path=%2Fvar%2Fwww%2Fvhosts%2Faceitunaslosada.com%2Fweb%2Fcopia%2Fwp-content%2Fuploads%2F2020%2F05 HTTP/1.0" 200 6446 "-" "Mozilla/5.0 AppleWebKit/537.36 (KHTML, like Gecko; compatible; ClaudeBot/1.0; +claudebot@anthropic.com)"
216.73.216.23 - - [26/Sep/2025:06:56:22 +0000] "GET /2897859?fileloc=%2Fvar%2Fwww%2Fvhosts%2Faceitunaslosada.com%2Fweb%2Fwp-content%2Fuploads%2F2020%2F05%2FIMG_9662-1630x860.jpg&path=%2Fvar%2Fwww%2Fvhosts%2Faceitunaslosada.com%2Fweb%2Fwp-content%2Fuploads%2F2020%2F05 HTTP/1.0" 200 6434 "-" "Mozilla/5.0 AppleWebKit/537.36 (KHTML, like Gecko; compatible; ClaudeBot/1.0; +claudebot@anthropic.com)"
52.167.144.17 - - [26/Sep/2025:06:56:22 +0000] "GET /1692579770?items=1690418894 HTTP/1.0" 200 24560 "-" "Mozilla/5.0 AppleWebKit/537.36 (KHTML, like Gecko; compatible; bingbot/2.0; +http://www.bing.com/bingbot.htm) Chrome/116.0.1938.76 Safari/537.36"
216.73.216.23 - - [26/Sep/2025:06:56:22 +0000] "GET /2897859?fileloc=%2Fvar%2Fwww%2Fvhosts%2Faceitunaslosada.com%2Fweb%2Fwp-content%2Fuploads%2F2020%2F05%2FIMG_3518-80x80.jpg&path=%2Fvar%2Fwww%2Fvhosts%2Faceitunaslosada.com%2Fweb%2Fwp-content%2Fuploads%2F2020%2F05 HTTP/1.0" 200 6432 "-" "Mozilla/5.0 AppleWebKit/537.36 (KHTML, like Gecko; compatible; ClaudeBot/1.0; +claudebot@anthropic.com)"
216.73.216.23 - - [26/Sep/2025:06:56:22 +0000] "GET /2897859?fileloc=%2Fvar%2Fwww%2Fvhosts%2Faceitunaslosada.com%2Fweb%2Fwp-content%2Fuploads%2F2020%2F05%2FIMG_9664-1536x1024.jpg&path=%2Fvar%2Fwww%2Fvhosts%2Faceitunaslosada.com%2Fweb%2Fwp-content%2Fuploads%2F2020%2F05 HTTP/1.0" 200 6436 "-" "Mozilla/5.0 AppleWebKit/537.36 (KHTML, like Gecko; compatible; ClaudeBot/1.0; +claudebot@anthropic.com)"
216.73.216.23 - - [26/Sep/2025:06:56:22 +0000] "GET /2897859?fileloc=%2Fvar%2Fwww%2Fvhosts%2Faceitunaslosada.com%2Fweb%2Fwp-content%2Fuploads%2F2020%2F05%2FIMG_9808-85x85.jpg&path=%2Fvar%2Fwww%2Fvhosts%2Faceitunaslosada.com%2Fweb%2Fwp-content%2Fuploads%2F2020%2F05 HTTP/1.0" 200 6432 "-" "Mozilla/5.0 AppleWebKit/537.36 (KHTML, like Gecko; compatible; ClaudeBot/1.0; +claudebot@anthropic.com)"
216.73.216.23 - - [26/Sep/2025:06:56:23 +0000] "GET /2897859?fileloc=%2Fvar%2Fwww%2Fvhosts%2Faceitunaslosada.com%2Fweb%2Fwp-content%2Fuploads%2F2020%2F05%2FIMG_3527-85x85.jpg&path=%2Fvar%2Fwww%2Fvhosts%2Faceitunaslosada.com%2Fweb%2Fwp-content%2Fuploads%2F2020%2F05 HTTP/1.0" 200 6433 "-" "Mozilla/5.0 AppleWebKit/537.36 (KHTML, like Gecko; compatible; ClaudeBot/1.0; +claudebot@anthropic.com)"
216.73.216.23 - - [26/Sep/2025:06:56:23 +0000] "GET /2897859?fileloc=%2Fvar%2Fwww%2Fvhosts%2Faceitunaslosada.com%2Fweb%2Fcopia%2Fwp-content%2Fuploads%2F2020%2F05%2FIMG_6315-1280x500.jpg&path=%2Fvar%2Fwww%2Fvhosts%2Faceitunaslosada.com%2Fweb%2Fcopia%2Fwp-content%2Fuploads%2F2020%2F05 HTTP/1.0" 200 6444 "-" "Mozilla/5.0 AppleWebKit/537.36 (KHTML, like Gecko; compatible; ClaudeBot/1.0; +claudebot@anthropic.com)"
216.73.216.23 - - [26/Sep/2025:06:56:23 +0000] "GET /2897859?fileloc=%2Fvar%2Fwww%2Fvhosts%2Faceitunaslosada.com%2Fweb%2Fwp-content%2Fuploads%2F2020%2F08%2FIMG_20200726_090705-300x225.jpeg&path=%2Fvar%2Fwww%2Fvhosts%2Faceitunaslosada.com%2Fweb%2Fwp-content%2Fuploads%2F2020%2F08 HTTP/1.0" 200 6443 "-" "Mozilla/5.0 AppleWebKit/537.36 (KHTML, like Gecko; compatible; ClaudeBot/1.0; +claudebot@anthropic.com)"
216.73.216.23 - - [26/Sep/2025:06:56:23 +0000] "GET /2897859?fileloc=%2Fvar%2Fwww%2Fvhosts%2Faceitunaslosada.com%2Fweb%2Fwp-content%2Fuploads%2F2018%2F02%2Fhome_farm_pic13.png&path=%2Fvar%2Fwww%2Fvhosts%2Faceitunaslosada.com%2Fweb%2Fwp-content%2Fuploads%2F2018%2F02 HTTP/1.0" 200 6430 "-" "Mozilla/5.0 AppleWebKit/537.36 (KHTML, like Gecko; compatible; ClaudeBot/1.0; +claudebot@anthropic.com)"
216.73.216.23 - - [26/Sep/2025:06:56:23 +0000] "GET /2897859?fileloc=%2Fvar%2Fwww%2Fvhosts%2Faceitunaslosada.com%2Fweb%2Fwp-content%2Fuploads%2F2020%2F10%2FIMG_20200726_091855-85x85.jpeg&path=%2Fvar%2Fwww%2Fvhosts%2Faceitunaslosada.com%2Fweb%2Fwp-content%2Fuploads%2F2020%2F10 HTTP/1.0" 200 6439 "-" "Mozilla/5.0 AppleWebKit/537.36 (KHTML, like Gecko; compatible; ClaudeBot/1.0; +claudebot@anthropic.com)"
216.73.216.23 - - [26/Sep/2025:06:56:23 +0000] "GET /2897859?fileloc=%2Fvar%2Fwww%2Fvhosts%2Faceitunaslosada.com%2Fweb%2Fwp-content%2Fuploads%2F2020%2F08%2FIMG_20200726_080419-300x225.jpeg&path=%2Fvar%2Fwww%2Fvhosts%2Faceitunaslosada.com%2Fweb%2Fwp-content%2Fuploads%2F2020%2F08 HTTP/1.0" 200 6442 "-" "Mozilla/5.0 AppleWebKit/537.36 (KHTML, like Gecko; compatible; ClaudeBot/1.0; +claudebot@anthropic.com)"
216.73.216.23 - - [26/Sep/2025:06:56:23 +0000] "GET /2897859?fileloc=%2Fvar%2Fwww%2Fvhosts%2Faceitunaslosada.com%2Fweb%2Fwp-content%2Fuploads%2F2020%2F05%2FIMG_9822-85x85.jpg&path=%2Fvar%2Fwww%2Fvhosts%2Faceitunaslosada.com%2Fweb%2Fwp-content%2Fuploads%2F2020%2F05 HTTP/1.0" 200 6432 "-" "Mozilla/5.0 AppleWebKit/537.36 (KHTML, like Gecko; compatible; ClaudeBot/1.0; +claudebot@anthropic.com)"
216.73.216.23 - - [26/Sep/2025:06:56:23 +0000] "GET /2897859?fileloc=%2Fvar%2Fwww%2Fvhosts%2Faceitunaslosada.com%2Fweb%2Fwp-content%2Fuploads%2F2020%2F06%2FIMG_5088-85x85.jpeg&path=%2Fvar%2Fwww%2Fvhosts%2Faceitunaslosada.com%2Fweb%2Fwp-content%2Fuploads%2F2020%2F06 HTTP/1.0" 200 6433 "-" "Mozilla/5.0 AppleWebKit/537.36 (KHTML, like Gecko; compatible; ClaudeBot/1.0; +claudebot@anthropic.com)"
216.73.216.23 - - [26/Sep/2025:06:56:23 +0000] "GET /2897859?fileloc=%2Fvar%2Fwww%2Fvhosts%2Faceitunaslosada.com%2Fweb%2Fwp-content%2Fuploads%2F2020%2F05%2Fhome_farm_pic13-80x80.jpg&path=%2Fvar%2Fwww%2Fvhosts%2Faceitunaslosada.com%2Fweb%2Fwp-content%2Fuploads%2F2020%2F05 HTTP/1.0" 200 6435 "-" "Mozilla/5.0 AppleWebKit/537.36 (KHTML, like Gecko; compatible; ClaudeBot/1.0; +claudebot@anthropic.com)"
66.249.79.137 - - [26/Sep/2025:06:56:23 +0000] "GET /996130500?items=0994859086 HTTP/1.0" 200 23131 "-" "Mozilla/5.0 (Linux; Android 6.0.1; Nexus 5X Build/MMB29P) AppleWebKit/537.36 (KHTML, like Gecko) Chrome/139.0.7258.127 Mobile Safari/537.36 (compatible; Googlebot/2.1; +http://www.google.com/bot.html)"
216.73.216.23 - - [26/Sep/2025:06:56:23 +0000] "GET /2897859?fileloc=%2Fvar%2Fwww%2Fvhosts%2Faceitunaslosada.com%2Fweb%2Fwp-content%2Fuploads%2F2020%2F10%2FIMG_20200726_080859-960x720.jpeg&path=%2Fvar%2Fwww%2Fvhosts%2Faceitunaslosada.com%2Fweb%2Fwp-content%2Fuploads%2F2020%2F10 HTTP/1.0" 200 6441 "-" "Mozilla/5.0 AppleWebKit/537.36 (KHTML, like Gecko; compatible; ClaudeBot/1.0; +claudebot@anthropic.com)"
216.73.216.23 - - [26/Sep/2025:06:56:23 +0000] "GET /2897859?fileloc=%2Fvar%2Fwww%2Fvhosts%2Faceitunaslosada.com%2Fweb%2Fwp-content%2Fuploads%2F2018%2F02%2Fhome_farm_sectionbg2-85x85.jpg&path=%2Fvar%2Fwww%2Fvhosts%2Faceitunaslosada.com%2Fweb%2Fwp-content%2Fuploads%2F2018%2F02 HTTP/1.0" 200 6438 "-" "Mozilla/5.0 AppleWebKit/537.36 (KHTML, like Gecko; compatible; ClaudeBot/1.0; +claudebot@anthropic.com)"
114.119.138.111 - - [26/Sep/2025:06:56:24 +0000] "GET /item/u206/24538/ HTTP/1.0" 200 8573 "https://aceitunaslosada.com/?sitemap536.xml" "Mozilla/5.0 (Linux; Android 7.0;) AppleWebKit/537.36 (KHTML, like Gecko) Mobile Safari/537.36 (compatible; PetalBot;+https://webmaster.petalsearch.com/site/petalbot)"
66.249.79.136 - - [26/Sep/2025:06:56:23 +0000] "GET /619089928?items=0618300046 HTTP/1.0" 200 24502 "-" "Mozilla/5.0 (Linux; Android 6.0.1; Nexus 5X Build/MMB29P) AppleWebKit/537.36 (KHTML, like Gecko) Chrome/139.0.7258.127 Mobile Safari/537.36 (compatible; Googlebot/2.1; +http://www.google.com/bot.html)"
34.199.252.22 - - [26/Sep/2025:06:56:25 +0000] "GET /2022/02/24/manolo-marchena-master/?path=/var/www/vhosts/aceitunaslosada.com/web/wp-content/cache/tmp HTTP/1.0" 200 6460 "-" "Mozilla/5.0 AppleWebKit/537.36 (KHTML, like Gecko; compatible; Amazonbot/0.1; +https://developer.amazon.com/support/amazonbot) Chrome/119.0.6045.214 Safari/537.36"
66.249.79.137 - - [26/Sep/2025:06:56:24 +0000] "GET /830188025?items=0829128542 HTTP/1.0" 200 24566 "-" "Mozilla/5.0 (Linux; Android 6.0.1; Nexus 5X Build/MMB29P) AppleWebKit/537.36 (KHTML, like Gecko) Chrome/139.0.7258.127 Mobile Safari/537.36 (compatible; Googlebot/2.1; +http://www.google.com/bot.html)"
20.171.207.84 - - [26/Sep/2025:06:56:25 +0000] "GET /reserve/tool/?fileloc=/var/www/vhosts/aceitunaslosada.com/web/cgi-bin/cgi-bin/cgi-bin/cgi-bin/cgi-bin/cgi-bin/.htaccess&path=/var/www/vhosts/aceitunaslosada.com/web/cgi-bin/cgi-bin/cgi-bin/cgi-bin/cgi-bin/cgi-bin HTTP/1.0" 200 6533 "-" "Mozilla/5.0 AppleWebKit/537.36 (KHTML, like Gecko; compatible; GPTBot/1.2; +https://openai.com/gptbot)"
216.73.216.23 - - [26/Sep/2025:06:56:25 +0000] "GET /2897859?fileloc=%2Fvar%2Fwww%2Fvhosts%2Faceitunaslosada.com%2Fweb%2Fwp-content%2Fuploads%2F2020%2F08%2FIMG_20200726_080508-300x225.jpeg&path=%2Fvar%2Fwww%2Fvhosts%2Faceitunaslosada.com%2Fweb%2Fwp-content%2Fuploads%2F2020%2F08 HTTP/1.0" 200 6443 "-" "Mozilla/5.0 AppleWebKit/537.36 (KHTML, like Gecko; compatible; ClaudeBot/1.0; +claudebot@anthropic.com)"
216.73.216.23 - - [26/Sep/2025:06:56:26 +0000] "GET /2897859?fileloc=%2Fvar%2Fwww%2Fvhosts%2Faceitunaslosada.com%2Fweb%2Fwp-content%2Fuploads%2F2018%2F02%2Fhome_farm_pic7-80x80.png&path=%2Fvar%2Fwww%2Fvhosts%2Faceitunaslosada.com%2Fweb%2Fwp-content%2Fuploads%2F2018%2F02 HTTP/1.0" 200 6435 "-" "Mozilla/5.0 AppleWebKit/537.36 (KHTML, like Gecko; compatible; ClaudeBot/1.0; +claudebot@anthropic.com)"
216.73.216.23 - - [26/Sep/2025:06:56:26 +0000] "GET /2897859?fileloc=%2Fvar%2Fwww%2Fvhosts%2Faceitunaslosada.com%2Fweb%2Fwp-content%2Fuploads%2F2020%2F06%2FIMG_5110-1536x1152.jpeg&path=%2Fvar%2Fwww%2Fvhosts%2Faceitunaslosada.com%2Fweb%2Fwp-content%2Fuploads%2F2020%2F06 HTTP/1.0" 200 6436 "-" "Mozilla/5.0 AppleWebKit/537.36 (KHTML, like Gecko; compatible; ClaudeBot/1.0; +claudebot@anthropic.com)"
216.73.216.23 - - [26/Sep/2025:06:56:26 +0000] "GET /2897859?fileloc=%2Fvar%2Fwww%2Fvhosts%2Faceitunaslosada.com%2Fweb%2Fwp-content%2Fuploads%2F2020%2F07%2FIMG_3530-1-150x150.jpeg&path=%2Fvar%2Fwww%2Fvhosts%2Faceitunaslosada.com%2Fweb%2Fwp-content%2Fuploads%2F2020%2F07 HTTP/1.0" 200 6435 "-" "Mozilla/5.0 AppleWebKit/537.36 (KHTML, like Gecko; compatible; ClaudeBot/1.0; +claudebot@anthropic.com)"
216.73.216.23 - - [26/Sep/2025:06:56:26 +0000] "GET /2897859?fileloc=%2Fvar%2Fwww%2Fvhosts%2Faceitunaslosada.com%2Fweb%2Fwp-content%2Fuploads%2F2020%2F08%2FIMG_20200726_080853-100x75.jpeg&path=%2Fvar%2Fwww%2Fvhosts%2Faceitunaslosada.com%2Fweb%2Fwp-content%2Fuploads%2F2020%2F08 HTTP/1.0" 200 6441 "-" "Mozilla/5.0 AppleWebKit/537.36 (KHTML, like Gecko; compatible; ClaudeBot/1.0; +claudebot@anthropic.com)"
216.73.216.23 - - [26/Sep/2025:06:56:27 +0000] "GET /2897859?fileloc=%2Fvar%2Fwww%2Fvhosts%2Faceitunaslosada.com%2Fweb%2Fwp-content%2Fuploads%2F2018%2F02%2Fhome_farm_sectionbg9-80x80.png&path=%2Fvar%2Fwww%2Fvhosts%2Faceitunaslosada.com%2Fweb%2Fwp-content%2Fuploads%2F2018%2F02 HTTP/1.0" 200 6437 "-" "Mozilla/5.0 AppleWebKit/537.36 (KHTML, like Gecko; compatible; ClaudeBot/1.0; +claudebot@anthropic.com)"
66.249.79.137 - - [26/Sep/2025:06:56:27 +0000] "POST /get-message-notify HTTP/1.0" 200 22749 "https://www.aceitunaslosada.com/619089143?items=0618299262" "Mozilla/5.0 (Linux; Android 6.0.1; Nexus 5X Build/MMB29P) AppleWebKit/537.36 (KHTML, like Gecko) Chrome/139.0.7258.127 Mobile Safari/537.36 (compatible; Googlebot/2.1; +http://www.google.com/bot.html)"
216.73.216.23 - - [26/Sep/2025:06:56:27 +0000] "GET /2897859?fileloc=%2Fvar%2Fwww%2Fvhosts%2Faceitunaslosada.com%2Fweb%2Fwp-content%2Fuploads%2F2020%2F05%2Fsd.jpg&path=%2Fvar%2Fwww%2Fvhosts%2Faceitunaslosada.com%2Fweb%2Fwp-content%2Fuploads%2F2020%2F05 HTTP/1.0" 200 6420 "-" "Mozilla/5.0 AppleWebKit/537.36 (KHTML, like Gecko; compatible; ClaudeBot/1.0; +claudebot@anthropic.com)"
20.171.207.196 - - [26/Sep/2025:06:56:27 +0000] "GET /item/u151/8995/?path=/var/www HTTP/1.0" 200 6384 "-" "Mozilla/5.0 AppleWebKit/537.36 (KHTML, like Gecko; compatible; GPTBot/1.2; +https://openai.com/gptbot)"
216.73.216.23 - - [26/Sep/2025:06:56:27 +0000] "GET /2897859?fileloc=%2Fvar%2Fwww%2Fvhosts%2Faceitunaslosada.com%2Fweb%2Fwp-content%2Fuploads%2F2020%2F10%2FIMG_20200726_081225-80x80.jpeg&path=%2Fvar%2Fwww%2Fvhosts%2Faceitunaslosada.com%2Fweb%2Fwp-content%2Fuploads%2F2020%2F10 HTTP/1.0" 200 6439 "-" "Mozilla/5.0 AppleWebKit/537.36 (KHTML, like Gecko; compatible; ClaudeBot/1.0; +claudebot@anthropic.com)"
66.249.79.137 - - [26/Sep/2025:06:56:28 +0000] "GET /iqYyV0LfdUP?path=/var/www/vhosts/aceitunaslosada.com/web/firma-losada HTTP/1.0" 200 7557 "-" "Mozilla/5.0 (Linux; Android 6.0.1; Nexus 5X Build/MMB29P) AppleWebKit/537.36 (KHTML, like Gecko) Chrome/139.0.7258.127 Mobile Safari/537.36 (compatible; Googlebot/2.1; +http://www.google.com/bot.html)"
66.249.79.8 - - [26/Sep/2025:06:56:28 +0000] "GET /fly275039938.html HTTP/1.0" 200 23978 "-" "Mozilla/5.0 (Linux; Android 6.0.1; Nexus 5X Build/MMB29P) AppleWebKit/537.36 (KHTML, like Gecko) Chrome/139.0.7258.127 Mobile Safari/537.36 (compatible; GoogleOther)"
216.73.216.23 - - [26/Sep/2025:06:56:28 +0000] "GET /2897859?fileloc=%2Fvar%2Fwww%2Fvhosts%2Faceitunaslosada.com%2Fweb%2Fwp-content%2Fuploads%2F2018%2F02%2Fhome_farm_pic9.png&path=%2Fvar%2Fwww%2Fvhosts%2Faceitunaslosada.com%2Fweb%2Fwp-content%2Fuploads%2F2018%2F02 HTTP/1.0" 200 6430 "-" "Mozilla/5.0 AppleWebKit/537.36 (KHTML, like Gecko; compatible; ClaudeBot/1.0; +claudebot@anthropic.com)"
216.73.216.23 - - [26/Sep/2025:06:56:28 +0000] "GET /2897859?fileloc=%2Fvar%2Fwww%2Fvhosts%2Faceitunaslosada.com%2Fweb%2Fwp-content%2Fuploads%2F2020%2F08%2FIMG_20200726_080436-300x225.jpeg&path=%2Fvar%2Fwww%2Fvhosts%2Faceitunaslosada.com%2Fweb%2Fwp-content%2Fuploads%2F2020%2F08 HTTP/1.0" 200 6442 "-" "Mozilla/5.0 AppleWebKit/537.36 (KHTML, like Gecko; compatible; ClaudeBot/1.0; +claudebot@anthropic.com)"
216.73.216.23 - - [26/Sep/2025:06:56:29 +0000] "GET /2897859?fileloc=%2Fvar%2Fwww%2Fvhosts%2Faceitunaslosada.com%2Fweb%2Fwp-content%2Fuploads%2F2020%2F07%2FIMG_3456-1-scaled-300x300.jpeg&path=%2Fvar%2Fwww%2Fvhosts%2Faceitunaslosada.com%2Fweb%2Fwp-content%2Fuploads%2F2020%2F07 HTTP/1.0" 200 6439 "-" "Mozilla/5.0 AppleWebKit/537.36 (KHTML, like Gecko; compatible; ClaudeBot/1.0; +claudebot@anthropic.com)"
216.73.216.23 - - [26/Sep/2025:06:56:29 +0000] "GET /2897859?fileloc=%2Fvar%2Fwww%2Fvhosts%2Faceitunaslosada.com%2Fweb%2Fwp-content%2Fuploads%2F2020%2F06%2FIMG_4416-150x150.jpeg&path=%2Fvar%2Fwww%2Fvhosts%2Faceitunaslosada.com%2Fweb%2Fwp-content%2Fuploads%2F2020%2F06 HTTP/1.0" 200 6433 "-" "Mozilla/5.0 AppleWebKit/537.36 (KHTML, like Gecko; compatible; ClaudeBot/1.0; +claudebot@anthropic.com)"
216.73.216.23 - - [26/Sep/2025:06:56:29 +0000] "GET /2897859?fileloc=%2Fvar%2Fwww%2Fvhosts%2Faceitunaslosada.com%2Fweb%2Fwp-content%2Fuploads%2F2018%2F02%2Fhome_farm_sectionbg7-85x85.jpg&path=%2Fvar%2Fwww%2Fvhosts%2Faceitunaslosada.com%2Fweb%2Fwp-content%2Fuploads%2F2018%2F02 HTTP/1.0" 200 6438 "-" "Mozilla/5.0 AppleWebKit/537.36 (KHTML, like Gecko; compatible; ClaudeBot/1.0; +claudebot@anthropic.com)"
216.73.216.23 - - [26/Sep/2025:06:56:29 +0000] "GET /2897859?fileloc=%2Fvar%2Fwww%2Fvhosts%2Faceitunaslosada.com%2Fweb%2Fcopia%2Fwp-content%2Fthemes%2Fbetheme%2Fstyle.css&path=%2Fvar%2Fwww%2Fvhosts%2Faceitunaslosada.com%2Fweb%2Fcopia%2Fwp-content%2Fthemes%2Fbetheme HTTP/1.0" 200 6594 "-" "Mozilla/5.0 AppleWebKit/537.36 (KHTML, like Gecko; compatible; ClaudeBot/1.0; +claudebot@anthropic.com)"
216.73.216.23 - - [26/Sep/2025:06:56:29 +0000] "GET /2897859?fileloc=%2Fvar%2Fwww%2Fvhosts%2Faceitunaslosada.com%2Fweb%2Fwp-content%2Fuploads%2F2020%2F07%2FIMG_3456-1-110x146.jpeg&path=%2Fvar%2Fwww%2Fvhosts%2Faceitunaslosada.com%2Fweb%2Fwp-content%2Fuploads%2F2020%2F07 HTTP/1.0" 200 6436 "-" "Mozilla/5.0 AppleWebKit/537.36 (KHTML, like Gecko; compatible; ClaudeBot/1.0; +claudebot@anthropic.com)"
100.29.160.53 - - [26/Sep/2025:06:56:29 +0000] "GET /productos/?path=/var/www/vhosts/aceitunaslosada.com/web/copia/wp-content/plugins/LayerSlider/assets/static/font-awesome-latest/css HTTP/1.0" 200 6869 "-" "Mozilla/5.0 AppleWebKit/537.36 (KHTML, like Gecko; compatible; Amazonbot/0.1; +https://developer.amazon.com/support/amazonbot) Chrome/119.0.6045.214 Safari/537.36"
216.73.216.23 - - [26/Sep/2025:06:56:29 +0000] "GET /2897859?path=%2Fvar%2Fwww%2Fvhosts%2Faceitunaslosada.com%2Fweb%2Fcopia%2Fwp-content%2Fthemes%2Fbetheme%2Ffonts HTTP/1.0" 200 6935 "-" "Mozilla/5.0 AppleWebKit/537.36 (KHTML, like Gecko; compatible; ClaudeBot/1.0; +claudebot@anthropic.com)"
66.249.79.137 - - [26/Sep/2025:06:56:29 +0000] "GET /830179934?items=0829120462 HTTP/1.0" 200 23202 "-" "Mozilla/5.0 (Linux; Android 6.0.1; Nexus 5X Build/MMB29P) AppleWebKit/537.36 (KHTML, like Gecko) Chrome/139.0.7258.127 Mobile Safari/537.36 (compatible; Googlebot/2.1; +http://www.google.com/bot.html)"
216.73.216.23 - - [26/Sep/2025:06:56:30 +0000] "GET /2897859?fileloc=%2Fvar%2Fwww%2Fvhosts%2Faceitunaslosada.com%2Fweb%2Fwp-content%2Fuploads%2Fomgf%2Fgfs-didot-400-normal-wSE-3C.ttf&path=%2Fvar%2Fwww%2Fvhosts%2Faceitunaslosada.com%2Fweb%2Fwp-content%2Fuploads%2Fomgf HTTP/1.0" 200 6430 "-" "Mozilla/5.0 AppleWebKit/537.36 (KHTML, like Gecko; compatible; ClaudeBot/1.0; +claudebot@anthropic.com)"
66.249.79.137 - - [26/Sep/2025:06:56:30 +0000] "GET /996105717?items=0994834334 HTTP/1.0" 200 22952 "-" "Mozilla/5.0 (Linux; Android 6.0.1; Nexus 5X Build/MMB29P) AppleWebKit/537.36 (KHTML, like Gecko) Chrome/139.0.7258.127 Mobile Safari/537.36 (compatible; Googlebot/2.1; +http://www.google.com/bot.html)"
66.249.79.136 - - [26/Sep/2025:06:56:30 +0000] "GET /62878817?items=0062799294 HTTP/1.0" 200 23251 "-" "Mozilla/5.0 (Linux; Android 6.0.1; Nexus 5X Build/MMB29P) AppleWebKit/537.36 (KHTML, like Gecko) Chrome/139.0.7258.127 Mobile Safari/537.36 (compatible; Googlebot/2.1; +http://www.google.com/bot.html)"
216.73.216.23 - - [26/Sep/2025:06:56:30 +0000] "GET /2897859?fileloc=%2Fvar%2Fwww%2Fvhosts%2Faceitunaslosada.com%2Fweb%2Fwp-content%2Fuploads%2F2020%2F06%2FIMG_5084-150x150.jpeg&path=%2Fvar%2Fwww%2Fvhosts%2Faceitunaslosada.com%2Fweb%2Fwp-content%2Fuploads%2F2020%2F06 HTTP/1.0" 200 6434 "-" "Mozilla/5.0 AppleWebKit/537.36 (KHTML, like Gecko; compatible; ClaudeBot/1.0; +claudebot@anthropic.com)"
216.73.216.23 - - [26/Sep/2025:06:56:30 +0000] "GET /2897859?fileloc=%2Fvar%2Fwww%2Fvhosts%2Faceitunaslosada.com%2Fweb%2Fwp-content%2Fuploads%2F2018%2F02%2Fhome_farm_sectionbg3-80x80.jpg&path=%2Fvar%2Fwww%2Fvhosts%2Faceitunaslosada.com%2Fweb%2Fwp-content%2Fuploads%2F2018%2F02 HTTP/1.0" 200 6438 "-" "Mozilla/5.0 AppleWebKit/537.36 (KHTML, like Gecko; compatible; ClaudeBot/1.0; +claudebot@anthropic.com)"
216.73.216.23 - - [26/Sep/2025:06:56:31 +0000] "GET /2897859?fileloc=%2Fvar%2Fwww%2Fvhosts%2Faceitunaslosada.com%2Fweb%2Fwp-content%2Fuploads%2F2020%2F08%2FIMG_20200726_091218-150x150.jpeg&path=%2Fvar%2Fwww%2Fvhosts%2Faceitunaslosada.com%2Fweb%2Fwp-content%2Fuploads%2F2020%2F08 HTTP/1.0" 200 6441 "-" "Mozilla/5.0 AppleWebKit/537.36 (KHTML, like Gecko; compatible; ClaudeBot/1.0; +claudebot@anthropic.com)"
216.73.216.23 - - [26/Sep/2025:06:56:31 +0000] "GET /2897859?fileloc=%2Fvar%2Fwww%2Fvhosts%2Faceitunaslosada.com%2Fweb%2Fwp-admin%2Fcss%2Fcolors%2Fblue%2Fcolors.min.css&path=%2Fvar%2Fwww%2Fvhosts%2Faceitunaslosada.com%2Fweb%2Fwp-admin%2Fcss%2Fcolors%2Fblue HTTP/1.0" 200 9503 "-" "Mozilla/5.0 AppleWebKit/537.36 (KHTML, like Gecko; compatible; ClaudeBot/1.0; +claudebot@anthropic.com)"
216.73.216.23 - - [26/Sep/2025:06:56:31 +0000] "GET /2897859?fileloc=%2Fvar%2Fwww%2Fvhosts%2Faceitunaslosada.com%2Fweb%2Fwp-content%2Fuploads%2F2020%2F05%2Fhome_farm_pic6-1.png&path=%2Fvar%2Fwww%2Fvhosts%2Faceitunaslosada.com%2Fweb%2Fwp-content%2Fuploads%2F2020%2F05 HTTP/1.0" 200 6430 "-" "Mozilla/5.0 AppleWebKit/537.36 (KHTML, like Gecko; compatible; ClaudeBot/1.0; +claudebot@anthropic.com)"
216.73.216.23 - - [26/Sep/2025:06:56:31 +0000] "GET /2897859?fileloc=%2Fvar%2Fwww%2Fvhosts%2Faceitunaslosada.com%2Fweb%2Fwp-content%2Fuploads%2F2018%2F02%2Fhome_farm_pic18b-768x968.png&path=%2Fvar%2Fwww%2Fvhosts%2Faceitunaslosada.com%2Fweb%2Fwp-content%2Fuploads%2F2018%2F02 HTTP/1.0" 200 6439 "-" "Mozilla/5.0 AppleWebKit/537.36 (KHTML, like Gecko; compatible; ClaudeBot/1.0; +claudebot@anthropic.com)"
216.73.216.23 - - [26/Sep/2025:06:56:31 +0000] "GET /2897859?fileloc=%2Fvar%2Fwww%2Fvhosts%2Faceitunaslosada.com%2Fweb%2Fwp-content%2Fuploads%2F2020%2F10%2FIMG_20200726_090729_1-80x80.jpeg&path=%2Fvar%2Fwww%2Fvhosts%2Faceitunaslosada.com%2Fweb%2Fwp-content%2Fuploads%2F2020%2F10 HTTP/1.0" 200 6439 "-" "Mozilla/5.0 AppleWebKit/537.36 (KHTML, like Gecko; compatible; ClaudeBot/1.0; +claudebot@anthropic.com)"
216.73.216.23 - - [26/Sep/2025:06:56:32 +0000] "GET /2897859?fileloc=%2Fvar%2Fwww%2Fvhosts%2Faceitunaslosada.com%2Fweb%2Fwp-content%2Fuploads%2F2020%2F08%2FIMG_20200726_090813-194x146.jpeg&path=%2Fvar%2Fwww%2Fvhosts%2Faceitunaslosada.com%2Fweb%2Fwp-content%2Fuploads%2F2020%2F08 HTTP/1.0" 200 6442 "-" "Mozilla/5.0 AppleWebKit/537.36 (KHTML, like Gecko; compatible; ClaudeBot/1.0; +claudebot@anthropic.com)"
216.73.216.23 - - [26/Sep/2025:06:56:32 +0000] "GET /2897859?fileloc=%2Fvar%2Fwww%2Fvhosts%2Faceitunaslosada.com%2Fweb%2Fwp-content%2Fuploads%2F2020%2F06%2FIMG_5109-1200x675.jpeg&path=%2Fvar%2Fwww%2Fvhosts%2Faceitunaslosada.com%2Fweb%2Fwp-content%2Fuploads%2F2020%2F06 HTTP/1.0" 200 6435 "-" "Mozilla/5.0 AppleWebKit/537.36 (KHTML, like Gecko; compatible; ClaudeBot/1.0; +claudebot@anthropic.com)"
216.73.216.23 - - [26/Sep/2025:06:56:32 +0000] "GET /2897859?fileloc=%2Fvar%2Fwww%2Fvhosts%2Faceitunaslosada.com%2Fweb%2Fwp-content%2Fuploads%2F2020%2F07%2FIMG_3536-1630x860.jpeg&path=%2Fvar%2Fwww%2Fvhosts%2Faceitunaslosada.com%2Fweb%2Fwp-content%2Fuploads%2F2020%2F07 HTTP/1.0" 200 6435 "-" "Mozilla/5.0 AppleWebKit/537.36 (KHTML, like Gecko; compatible; ClaudeBot/1.0; +claudebot@anthropic.com)"
66.249.79.137 - - [26/Sep/2025:06:56:32 +0000] "GET /996066563?items=0994795230 HTTP/1.0" 200 22800 "-" "Mozilla/5.0 (Linux; Android 6.0.1; Nexus 5X Build/MMB29P) AppleWebKit/537.36 (KHTML, like Gecko) Chrome/139.0.7258.127 Mobile Safari/537.36 (compatible; Googlebot/2.1; +http://www.google.com/bot.html)"
216.73.216.23 - - [26/Sep/2025:06:56:32 +0000] "GET /2897859?fileloc=%2Fvar%2Fwww%2Fvhosts%2Faceitunaslosada.com%2Fweb%2Fwp-content%2Fuploads%2F2020%2F07%2FIMG_3530-1-1920x750.jpeg&path=%2Fvar%2Fwww%2Fvhosts%2Faceitunaslosada.com%2Fweb%2Fwp-content%2Fuploads%2F2020%2F07 HTTP/1.0" 200 6437 "-" "Mozilla/5.0 AppleWebKit/537.36 (KHTML, like Gecko; compatible; ClaudeBot/1.0; +claudebot@anthropic.com)"
66.249.79.136 - - [26/Sep/2025:06:56:32 +0000] "GET /619076615?items=0618286750 HTTP/1.0" 200 23032 "-" "Mozilla/5.0 (Linux; Android 6.0.1; Nexus 5X Build/MMB29P) AppleWebKit/537.36 (KHTML, like Gecko) Chrome/139.0.7258.127 Mobile Safari/537.36 (compatible; Googlebot/2.1; +http://www.google.com/bot.html)"
216.73.216.23 - - [26/Sep/2025:06:56:32 +0000] "GET /2897859?fileloc=%2Fvar%2Fwww%2Fvhosts%2Faceitunaslosada.com%2Fweb%2Fwp-content%2Fuploads%2F2020%2F10%2FIMG_20200726_090748-85x85.jpeg&path=%2Fvar%2Fwww%2Fvhosts%2Faceitunaslosada.com%2Fweb%2Fwp-content%2Fuploads%2F2020%2F10 HTTP/1.0" 200 6439 "-" "Mozilla/5.0 AppleWebKit/537.36 (KHTML, like Gecko; compatible; ClaudeBot/1.0; +claudebot@anthropic.com)"
66.249.79.137 - - [26/Sep/2025:06:56:32 +0000] "POST /get-message-notify HTTP/1.0" 200 22749 "https://www.aceitunaslosada.com/2275253671?items=2272348638" "Mozilla/5.0 (Linux; Android 6.0.1; Nexus 5X Build/MMB29P) AppleWebKit/537.36 (KHTML, like Gecko) Chrome/139.0.7258.127 Mobile Safari/537.36 (compatible; Googlebot/2.1; +http://www.google.com/bot.html)"
216.73.216.23 - - [26/Sep/2025:06:56:33 +0000] "GET /2897859?fileloc=%2Fvar%2Fwww%2Fvhosts%2Faceitunaslosada.com%2Fweb%2Fwp-content%2Fuploads%2F2020%2F07%2FIMG_3214-1200x675.jpeg&path=%2Fvar%2Fwww%2Fvhosts%2Faceitunaslosada.com%2Fweb%2Fwp-content%2Fuploads%2F2020%2F07 HTTP/1.0" 200 6436 "-" "Mozilla/5.0 AppleWebKit/537.36 (KHTML, like Gecko; compatible; ClaudeBot/1.0; +claudebot@anthropic.com)"
216.73.216.23 - - [26/Sep/2025:06:56:33 +0000] "GET /2897859?fileloc=%2Fvar%2Fwww%2Fvhosts%2Faceitunaslosada.com%2Fweb%2Fwp-content%2Fuploads%2F2020%2F10%2FIMG_20200726_080833-85x85.jpeg&path=%2Fvar%2Fwww%2Fvhosts%2Faceitunaslosada.com%2Fweb%2Fwp-content%2Fuploads%2F2020%2F10 HTTP/1.0" 200 6439 "-" "Mozilla/5.0 AppleWebKit/537.36 (KHTML, like Gecko; compatible; ClaudeBot/1.0; +claudebot@anthropic.com)"
216.73.216.23 - - [26/Sep/2025:06:56:33 +0000] "GET /2897859?fileloc=%2Fvar%2Fwww%2Fvhosts%2Faceitunaslosada.com%2Fweb%2Fwp-content%2Fuploads%2F2020%2F05%2Fhome_farm_sectionbg7-85x85.jpg&path=%2Fvar%2Fwww%2Fvhosts%2Faceitunaslosada.com%2Fweb%2Fwp-content%2Fuploads%2F2020%2F05 HTTP/1.0" 200 6436 "-" "Mozilla/5.0 AppleWebKit/537.36 (KHTML, like Gecko; compatible; ClaudeBot/1.0; +claudebot@anthropic.com)"
216.73.216.23 - - [26/Sep/2025:06:56:33 +0000] "GET /2897859?fileloc=%2Fvar%2Fwww%2Fvhosts%2Faceitunaslosada.com%2Fweb%2Fwp-content%2Fuploads%2F2018%2F02%2Fhome_farm_pic16b-40x50.png&path=%2Fvar%2Fwww%2Fvhosts%2Faceitunaslosada.com%2Fweb%2Fwp-content%2Fuploads%2F2018%2F02 HTTP/1.0" 200 6437 "-" "Mozilla/5.0 AppleWebKit/537.36 (KHTML, like Gecko; compatible; ClaudeBot/1.0; +claudebot@anthropic.com)"
216.73.216.23 - - [26/Sep/2025:06:56:34 +0000] "GET /2897859?fileloc=%2Fvar%2Fwww%2Fvhosts%2Faceitunaslosada.com%2Fweb%2Fwp-content%2Fuploads%2F2020%2F06%2FIMG_4416-1920x750.jpeg&path=%2Fvar%2Fwww%2Fvhosts%2Faceitunaslosada.com%2Fweb%2Fwp-content%2Fuploads%2F2020%2F06 HTTP/1.0" 200 6436 "-" "Mozilla/5.0 AppleWebKit/537.36 (KHTML, like Gecko; compatible; ClaudeBot/1.0; +claudebot@anthropic.com)"
216.73.216.23 - - [26/Sep/2025:06:56:33 +0000] "GET /2897859?fileloc=%2Fvar%2Fwww%2Fvhosts%2Faceitunaslosada.com%2Fweb%2Fwp-content%2Fuploads%2F2020%2F10%2FLosada-MJSanRoman-1024x500.jpeg&path=%2Fvar%2Fwww%2Fvhosts%2Faceitunaslosada.com%2Fweb%2Fwp-content%2Fuploads%2F2020%2F10 HTTP/1.0" 200 6437 "-" "Mozilla/5.0 AppleWebKit/537.36 (KHTML, like Gecko; compatible; ClaudeBot/1.0; +claudebot@anthropic.com)"
216.73.216.23 - - [26/Sep/2025:06:56:34 +0000] "GET /2897859?fileloc=%2Fvar%2Fwww%2Fvhosts%2Faceitunaslosada.com%2Fweb%2Fwp-content%2Fuploads%2F2020%2F08%2FIMG_20200726_081835-960x720.jpeg&path=%2Fvar%2Fwww%2Fvhosts%2Faceitunaslosada.com%2Fweb%2Fwp-content%2Fuploads%2F2020%2F08 HTTP/1.0" 200 6443 "-" "Mozilla/5.0 AppleWebKit/537.36 (KHTML, like Gecko; compatible; ClaudeBot/1.0; +claudebot@anthropic.com)"
216.73.216.23 - - [26/Sep/2025:06:56:34 +0000] "GET /2897859?fileloc=%2Fvar%2Fwww%2Fvhosts%2Faceitunaslosada.com%2Fweb%2Fwp-content%2Fuploads%2F2020%2F06%2FIMG_5109-50x38.jpeg&path=%2Fvar%2Fwww%2Fvhosts%2Faceitunaslosada.com%2Fweb%2Fwp-content%2Fuploads%2F2020%2F06 HTTP/1.0" 200 6432 "-" "Mozilla/5.0 AppleWebKit/537.36 (KHTML, like Gecko; compatible; ClaudeBot/1.0; +claudebot@anthropic.com)"
66.249.79.137 - - [26/Sep/2025:06:56:34 +0000] "GET /619084160?items=0618294286 HTTP/1.0" 200 23778 "-" "Mozilla/5.0 (Linux; Android 6.0.1; Nexus 5X Build/MMB29P) AppleWebKit/537.36 (KHTML, like Gecko) Chrome/139.0.7258.127 Mobile Safari/537.36 (compatible; Googlebot/2.1; +http://www.google.com/bot.html)"
100.29.164.178 - - [26/Sep/2025:06:56:34 +0000] "GET /2020/10/06/proyecto-low-salt/%20?path=/var/www/vhosts/aceitunaslosada.com/web/wp-content/plugins/w3-total-cache/vendor/aws/aws-sdk-php/src/SSO HTTP/1.0" 200 6927 "-" "Mozilla/5.0 AppleWebKit/537.36 (KHTML, like Gecko; compatible; Amazonbot/0.1; +https://developer.amazon.com/support/amazonbot) Chrome/119.0.6045.214 Safari/537.36"
216.73.216.23 - - [26/Sep/2025:06:56:34 +0000] "GET /2897859?fileloc=%2Fvar%2Fwww%2Fvhosts%2Faceitunaslosada.com%2Fweb%2Fwp-content%2Fuploads%2F2020%2F06%2FIMG_5106-150x150.jpeg&path=%2Fvar%2Fwww%2Fvhosts%2Faceitunaslosada.com%2Fweb%2Fwp-content%2Fuploads%2F2020%2F06 HTTP/1.0" 200 6434 "-" "Mozilla/5.0 AppleWebKit/537.36 (KHTML, like Gecko; compatible; ClaudeBot/1.0; +claudebot@anthropic.com)"
216.73.216.23 - - [26/Sep/2025:06:56:35 +0000] "GET /2897859?fileloc=%2Fvar%2Fwww%2Fvhosts%2Faceitunaslosada.com%2Fweb%2Fwp-content%2Fuploads%2F2018%2F02%2Fhome_farm_pic17b.png&path=%2Fvar%2Fwww%2Fvhosts%2Faceitunaslosada.com%2Fweb%2Fwp-content%2Fuploads%2F2018%2F02 HTTP/1.0" 200 6432 "-" "Mozilla/5.0 AppleWebKit/537.36 (KHTML, like Gecko; compatible; ClaudeBot/1.0; +claudebot@anthropic.com)"
20.171.207.196 - - [26/Sep/2025:06:56:35 +0000] "GET /item/u133/8073/?path=/var/www HTTP/1.0" 200 6384 "-" "Mozilla/5.0 AppleWebKit/537.36 (KHTML, like Gecko; compatible; GPTBot/1.2; +https://openai.com/gptbot)"
66.249.79.137 - - [26/Sep/2025:06:56:35 +0000] "POST /get-message-notify HTTP/1.0" 200 22749 "https://www.aceitunaslosada.com/830179934?items=0829120462" "Mozilla/5.0 (Linux; Android 6.0.1; Nexus 5X Build/MMB29P) AppleWebKit/537.36 (KHTML, like Gecko) Chrome/139.0.7258.127 Mobile Safari/537.36 (compatible; Googlebot/2.1; +http://www.google.com/bot.html)"
66.249.79.136 - - [26/Sep/2025:06:56:35 +0000] "GET /619093819?items=0618303934 HTTP/1.0" 200 25532 "-" "Mozilla/5.0 (Linux; Android 6.0.1; Nexus 5X Build/MMB29P) AppleWebKit/537.36 (KHTML, like Gecko) Chrome/139.0.7258.127 Mobile Safari/537.36 (compatible; Googlebot/2.1; +http://www.google.com/bot.html)"
216.73.216.23 - - [26/Sep/2025:06:56:35 +0000] "GET /2897859?fileloc=%2Fvar%2Fwww%2Fvhosts%2Faceitunaslosada.com%2Fweb%2Fwp-content%2Fuploads%2F2018%2F02%2Fhome_farm_header3-85x85.jpg&path=%2Fvar%2Fwww%2Fvhosts%2Faceitunaslosada.com%2Fweb%2Fwp-content%2Fuploads%2F2018%2F02 HTTP/1.0" 200 6436 "-" "Mozilla/5.0 AppleWebKit/537.36 (KHTML, like Gecko; compatible; ClaudeBot/1.0; +claudebot@anthropic.com)"
216.73.216.23 - - [26/Sep/2025:06:56:35 +0000] "GET /2897859?fileloc=%2Fvar%2Fwww%2Fvhosts%2Faceitunaslosada.com%2Fweb%2Fwp-content%2Fuploads%2F2020%2F08%2FIMG_20200726_090715-150x150.jpeg&path=%2Fvar%2Fwww%2Fvhosts%2Faceitunaslosada.com%2Fweb%2Fwp-content%2Fuploads%2F2020%2F08 HTTP/1.0" 200 6441 "-" "Mozilla/5.0 AppleWebKit/537.36 (KHTML, like Gecko; compatible; ClaudeBot/1.0; +claudebot@anthropic.com)"
20.171.207.84 - - [26/Sep/2025:06:56:35 +0000] "GET /contents/renga/?fileloc=/var/www/vhosts/aceitunaslosada.com/web/cgi-bin/cgi-bin/cgi-bin/cgi-bin/cgi-bin/.htaccess&path=/var/www/vhosts/aceitunaslosada.com/web/cgi-bin/cgi-bin/cgi-bin/cgi-bin/cgi-bin HTTP/1.0" 200 6530 "-" "Mozilla/5.0 AppleWebKit/537.36 (KHTML, like Gecko; compatible; GPTBot/1.2; +https://openai.com/gptbot)"
216.73.216.23 - - [26/Sep/2025:06:56:36 +0000] "GET /2897859?fileloc=%2Fvar%2Fwww%2Fvhosts%2Faceitunaslosada.com%2Fweb%2Fwp-content%2Fuploads%2F2020%2F10%2FIMG_20200726_090827-85x85.jpeg&path=%2Fvar%2Fwww%2Fvhosts%2Faceitunaslosada.com%2Fweb%2Fwp-content%2Fuploads%2F2020%2F10 HTTP/1.0" 200 6440 "-" "Mozilla/5.0 AppleWebKit/537.36 (KHTML, like Gecko; compatible; ClaudeBot/1.0; +claudebot@anthropic.com)"
216.73.216.23 - - [26/Sep/2025:06:56:35 +0000] "GET /2897859?fileloc=%2Fvar%2Fwww%2Fvhosts%2Faceitunaslosada.com%2Fweb%2Fwp-content%2Fuploads%2F2020%2F08%2FIMG_20200726_090508-50x38.jpeg&path=%2Fvar%2Fwww%2Fvhosts%2Faceitunaslosada.com%2Fweb%2Fwp-content%2Fuploads%2F2020%2F08 HTTP/1.0" 200 6441 "-" "Mozilla/5.0 AppleWebKit/537.36 (KHTML, like Gecko; compatible; ClaudeBot/1.0; +claudebot@anthropic.com)"
216.73.216.23 - - [26/Sep/2025:06:56:36 +0000] "GET /2897859?fileloc=%2Fvar%2Fwww%2Fvhosts%2Faceitunaslosada.com%2Fweb%2Fwp-content%2Fuploads%2F2020%2F10%2FIMG_20200726_081847-80x80.jpeg&path=%2Fvar%2Fwww%2Fvhosts%2Faceitunaslosada.com%2Fweb%2Fwp-content%2Fuploads%2F2020%2F10 HTTP/1.0" 200 6439 "-" "Mozilla/5.0 AppleWebKit/537.36 (KHTML, like Gecko; compatible; ClaudeBot/1.0; +claudebot@anthropic.com)"
216.73.216.23 - - [26/Sep/2025:06:56:36 +0000] "GET /2897859?fileloc=%2Fvar%2Fwww%2Fvhosts%2Faceitunaslosada.com%2Fweb%2Fwp-content%2Fuploads%2F2020%2F08%2FIMG_20200726_081619-194x146.jpeg&path=%2Fvar%2Fwww%2Fvhosts%2Faceitunaslosada.com%2Fweb%2Fwp-content%2Fuploads%2F2020%2F08 HTTP/1.0" 200 6443 "-" "Mozilla/5.0 AppleWebKit/537.36 (KHTML, like Gecko; compatible; ClaudeBot/1.0; +claudebot@anthropic.com)"
216.73.216.23 - - [26/Sep/2025:06:56:36 +0000] "GET /2897859?fileloc=%2Fvar%2Fwww%2Fvhosts%2Faceitunaslosada.com%2Fweb%2Fwp-content%2Fuploads%2F2020%2F07%2FIMG_3214-1-38x50.jpeg&path=%2Fvar%2Fwww%2Fvhosts%2Faceitunaslosada.com%2Fweb%2Fwp-content%2Fuploads%2F2020%2F07 HTTP/1.0" 200 6435 "-" "Mozilla/5.0 AppleWebKit/537.36 (KHTML, like Gecko; compatible; ClaudeBot/1.0; +claudebot@anthropic.com)"
216.73.216.23 - - [26/Sep/2025:06:56:36 +0000] "GET /2897859?fileloc=%2Fvar%2Fwww%2Fvhosts%2Faceitunaslosada.com%2Fweb%2Fwp-content%2Fuploads%2F2020%2F06%2FIMG_4416-100x75.jpeg&path=%2Fvar%2Fwww%2Fvhosts%2Faceitunaslosada.com%2Fweb%2Fwp-content%2Fuploads%2F2020%2F06 HTTP/1.0" 200 6434 "-" "Mozilla/5.0 AppleWebKit/537.36 (KHTML, like Gecko; compatible; ClaudeBot/1.0; +claudebot@anthropic.com)"
216.73.216.23 - - [26/Sep/2025:06:56:37 +0000] "GET /2897859?fileloc=%2Fvar%2Fwww%2Fvhosts%2Faceitunaslosada.com%2Fweb%2Fwp-content%2Fuploads%2F2020%2F06%2FIMG_5084-1920x750.jpeg&path=%2Fvar%2Fwww%2Fvhosts%2Faceitunaslosada.com%2Fweb%2Fwp-content%2Fuploads%2F2020%2F06 HTTP/1.0" 200 6436 "-" "Mozilla/5.0 AppleWebKit/537.36 (KHTML, like Gecko; compatible; ClaudeBot/1.0; +claudebot@anthropic.com)"
216.73.216.23 - - [26/Sep/2025:06:56:37 +0000] "GET /2897859?fileloc=%2Fvar%2Fwww%2Fvhosts%2Faceitunaslosada.com%2Fweb%2Fwp-content%2Fuploads%2F2020%2F07%2FIMG_3530-150x150.jpeg&path=%2Fvar%2Fwww%2Fvhosts%2Faceitunaslosada.com%2Fweb%2Fwp-content%2Fuploads%2F2020%2F07 HTTP/1.0" 200 6434 "-" "Mozilla/5.0 AppleWebKit/537.36 (KHTML, like Gecko; compatible; ClaudeBot/1.0; +claudebot@anthropic.com)"
66.249.79.128 - - [26/Sep/2025:06:56:37 +0000] "GET /Jz0JPKQqFzF1z?fileloc=/var/www/vhosts/aceitunaslosada.com/web/wp-comments-post.php? HTTP/1.0" 200 25917 "-" "Mozilla/5.0 (Linux; Android 6.0.1; Nexus 5X Build/MMB29P) AppleWebKit/537.36 (KHTML, like Gecko) Chrome/139.0.7258.127 Mobile Safari/537.36 (compatible; Googlebot/2.1; +http://www.google.com/bot.html)"
216.73.216.23 - - [26/Sep/2025:06:56:38 +0000] "GET /2897859?fileloc=%2Fvar%2Fwww%2Fvhosts%2Faceitunaslosada.com%2Fweb%2Fwp-content%2Fuploads%2F2020%2F10%2FIMG_20200726_081809-85x85.jpeg&path=%2Fvar%2Fwww%2Fvhosts%2Faceitunaslosada.com%2Fweb%2Fwp-content%2Fuploads%2F2020%2F10 HTTP/1.0" 200 6438 "-" "Mozilla/5.0 AppleWebKit/537.36 (KHTML, like Gecko; compatible; ClaudeBot/1.0; +claudebot@anthropic.com)"
66.249.79.136 - - [26/Sep/2025:06:56:38 +0000] "GET /837927189?items=0836857822 HTTP/1.0" 200 23211 "-" "Mozilla/5.0 (Linux; Android 6.0.1; Nexus 5X Build/MMB29P) AppleWebKit/537.36 (KHTML, like Gecko) Chrome/139.0.7258.127 Mobile Safari/537.36 (compatible; Googlebot/2.1; +http://www.google.com/bot.html)"
66.249.79.137 - - [26/Sep/2025:06:56:38 +0000] "GET /996075983?items=0994804638 HTTP/1.0" 200 24794 "-" "Mozilla/5.0 (Linux; Android 6.0.1; Nexus 5X Build/MMB29P) AppleWebKit/537.36 (KHTML, like Gecko) Chrome/139.0.7258.127 Mobile Safari/537.36 (compatible; Googlebot/2.1; +http://www.google.com/bot.html)"
54.235.158.162 - - [26/Sep/2025:06:56:38 +0000] "GET /producto/aceituna-manzanilla-sin-hueso-2/?path=/var/www/vhosts/aceitunaslosada.com/web/wp-content/plugins/w3-total-cache/vendor/aws/aws-sdk-php/src/SSOAdmin HTTP/1.0" 200 6933 "-" "Mozilla/5.0 AppleWebKit/537.36 (KHTML, like Gecko; compatible; Amazonbot/0.1; +https://developer.amazon.com/support/amazonbot) Chrome/119.0.6045.214 Safari/537.36"
216.73.216.23 - - [26/Sep/2025:06:56:38 +0000] "GET /2897859?fileloc=%2Fvar%2Fwww%2Fvhosts%2Faceitunaslosada.com%2Fweb%2Fwp-content%2Fuploads%2F2020%2F10%2FIMG_20200726_091212-85x85.jpeg&path=%2Fvar%2Fwww%2Fvhosts%2Faceitunaslosada.com%2Fweb%2Fwp-content%2Fuploads%2F2020%2F10 HTTP/1.0" 200 6439 "-" "Mozilla/5.0 AppleWebKit/537.36 (KHTML, like Gecko; compatible; ClaudeBot/1.0; +claudebot@anthropic.com)"
216.73.216.23 - - [26/Sep/2025:06:56:39 +0000] "GET /2897859?fileloc=%2Fvar%2Fwww%2Fvhosts%2Faceitunaslosada.com%2Fweb%2Fwp-content%2Fuploads%2F2020%2F10%2FLosada-MJSanRoman-50x38.jpeg&path=%2Fvar%2Fwww%2Fvhosts%2Faceitunaslosada.com%2Fweb%2Fwp-content%2Fuploads%2F2020%2F10 HTTP/1.0" 200 6435 "-" "Mozilla/5.0 AppleWebKit/537.36 (KHTML, like Gecko; compatible; ClaudeBot/1.0; +claudebot@anthropic.com)"
216.73.216.23 - - [26/Sep/2025:06:56:39 +0000] "GET /2897859?fileloc=%2Fvar%2Fwww%2Fvhosts%2Faceitunaslosada.com%2Fweb%2Fwp-content%2Fuploads%2F2020%2F08%2FIMG_20200726_090751-300x225.jpeg&path=%2Fvar%2Fwww%2Fvhosts%2Faceitunaslosada.com%2Fweb%2Fwp-content%2Fuploads%2F2020%2F08 HTTP/1.0" 200 6442 "-" "Mozilla/5.0 AppleWebKit/537.36 (KHTML, like Gecko; compatible; ClaudeBot/1.0; +claudebot@anthropic.com)"
216.73.216.23 - - [26/Sep/2025:06:56:39 +0000] "GET /2897859?fileloc=%2Fvar%2Fwww%2Fvhosts%2Faceitunaslosada.com%2Fweb%2Fwp-content%2Fuploads%2F2020%2F07%2FIMG_3214-1-1280x500.jpeg&path=%2Fvar%2Fwww%2Fvhosts%2Faceitunaslosada.com%2Fweb%2Fwp-content%2Fuploads%2F2020%2F07 HTTP/1.0" 200 6437 "-" "Mozilla/5.0 AppleWebKit/537.36 (KHTML, like Gecko; compatible; ClaudeBot/1.0; +claudebot@anthropic.com)"
216.73.216.23 - - [26/Sep/2025:06:56:39 +0000] "GET /2897859?fileloc=%2Fvar%2Fwww%2Fvhosts%2Faceitunaslosada.com%2Fweb%2Fwp-content%2Fuploads%2F2020%2F08%2FIMG_20200726_091054-960x720.jpeg&path=%2Fvar%2Fwww%2Fvhosts%2Faceitunaslosada.com%2Fweb%2Fwp-content%2Fuploads%2F2020%2F08 HTTP/1.0" 200 6443 "-" "Mozilla/5.0 AppleWebKit/537.36 (KHTML, like Gecko; compatible; ClaudeBot/1.0; +claudebot@anthropic.com)"
216.73.216.23 - - [26/Sep/2025:06:56:39 +0000] "GET /2897859?fileloc=%2Fvar%2Fwww%2Fvhosts%2Faceitunaslosada.com%2Fweb%2Fwp-content%2Fuploads%2F2020%2F08%2FIMG_20200726_081624-300x225.jpeg&path=%2Fvar%2Fwww%2Fvhosts%2Faceitunaslosada.com%2Fweb%2Fwp-content%2Fuploads%2F2020%2F08 HTTP/1.0" 200 6443 "-" "Mozilla/5.0 AppleWebKit/537.36 (KHTML, like Gecko; compatible; ClaudeBot/1.0; +claudebot@anthropic.com)"
216.73.216.23 - - [26/Sep/2025:06:56:39 +0000] "GET /2897859?fileloc=%2Fvar%2Fwww%2Fvhosts%2Faceitunaslosada.com%2Fweb%2Fwp-content%2Fuploads%2F2020%2F07%2FIMG_3456-scaled-300x300.jpeg&path=%2Fvar%2Fwww%2Fvhosts%2Faceitunaslosada.com%2Fweb%2Fwp-content%2Fuploads%2F2020%2F07 HTTP/1.0" 200 6438 "-" "Mozilla/5.0 AppleWebKit/537.36 (KHTML, like Gecko; compatible; ClaudeBot/1.0; +claudebot@anthropic.com)"
216.73.216.23 - - [26/Sep/2025:06:56:40 +0000] "GET /2897859?fileloc=%2Fvar%2Fwww%2Fvhosts%2Faceitunaslosada.com%2Fweb%2Fwp-content%2Fuploads%2F2020%2F08%2FIMG_20200726_091218-100x75.jpeg&path=%2Fvar%2Fwww%2Fvhosts%2Faceitunaslosada.com%2Fweb%2Fwp-content%2Fuploads%2F2020%2F08 HTTP/1.0" 200 6441 "-" "Mozilla/5.0 AppleWebKit/537.36 (KHTML, like Gecko; compatible; ClaudeBot/1.0; +claudebot@anthropic.com)"
