194.102.104.219 - - [25/Sep/2025:19:29:57 +0000] "GET /wp-content/cache/db/options/93f/galleries/radio.php HTTP/1.1" 301 162 "http://aceitunaslosada.com/wp-content/cache/db/options/93f/galleries/radio.php" "Mozilla/5.0 (Windows NT 10.0; Win64; x64) AppleWebKit/537.36 (KHTML, like Gecko) Chrome/58.0.3029.110 Safari/537.3"
194.102.104.219 - - [25/Sep/2025:19:30:06 +0000] "POST /wp-content/cache/db/options/93f/galleries/index.php HTTP/1.1" 301 162 "http://aceitunaslosada.com/wp-content/cache/db/options/93f/galleries/index.php" "Mozilla/5.0 (Windows NT 10.0; Win64; x64) AppleWebKit/537.36 (KHTML, like Gecko) Chrome/58.0.3029.110 Safari/537.3"
194.102.104.219 - - [25/Sep/2025:19:30:10 +0000] "GET /wp-content/cache/db/options/93f/galleries/inputs.php HTTP/1.1" 301 162 "http://aceitunaslosada.com/wp-content/cache/db/options/93f/galleries/inputs.php" "Mozilla/5.0 (Windows NT 10.0; Win64; x64) AppleWebKit/537.36 (KHTML, like Gecko) Chrome/58.0.3029.110 Safari/537.3"
194.102.104.219 - - [25/Sep/2025:19:30:15 +0000] "POST /wp-content/cache/db/options/93f/galleries/index.php HTTP/1.1" 301 162 "http://aceitunaslosada.com/wp-content/cache/db/options/93f/galleries/index.php" "Mozilla/5.0 (Windows NT 10.0; Win64; x64) AppleWebKit/537.36 (KHTML, like Gecko) Chrome/58.0.3029.110 Safari/537.3"
194.102.104.219 - - [25/Sep/2025:19:30:23 +0000] "GET /wp-content/cache/db/options/93f/galleries/about.php HTTP/1.1" 301 162 "http://aceitunaslosada.com/wp-content/cache/db/options/93f/galleries/about.php" "Mozilla/5.0 (Windows NT 10.0; Win64; x64) AppleWebKit/537.36 (KHTML, like Gecko) Chrome/58.0.3029.110 Safari/537.3"
194.102.104.219 - - [25/Sep/2025:19:30:36 +0000] "POST /wp-content/cache/db/options/93f/galleries/index.php HTTP/1.1" 301 162 "http://aceitunaslosada.com/wp-content/cache/db/options/93f/galleries/index.php" "Mozilla/5.0 (Windows NT 10.0; Win64; x64) AppleWebKit/537.36 (KHTML, like Gecko) Chrome/58.0.3029.110 Safari/537.3"
194.102.104.219 - - [25/Sep/2025:19:30:51 +0000] "GET /wp-content/cache/db/options/93f/galleries/pages.php HTTP/1.1" 301 162 "http://aceitunaslosada.com/wp-content/cache/db/options/93f/galleries/pages.php" "Mozilla/5.0 (Windows NT 10.0; Win64; x64) AppleWebKit/537.36 (KHTML, like Gecko) Chrome/58.0.3029.110 Safari/537.3"
194.102.104.219 - - [25/Sep/2025:19:31:07 +0000] "POST /wp-content/cache/db/options/93f/galleries/index.php HTTP/1.1" 301 162 "http://aceitunaslosada.com/wp-content/cache/db/options/93f/galleries/index.php" "Mozilla/5.0 (Windows NT 10.0; Win64; x64) AppleWebKit/537.36 (KHTML, like Gecko) Chrome/58.0.3029.110 Safari/537.3"
194.102.104.219 - - [25/Sep/2025:19:31:15 +0000] "GET /wp-content/cache/db/options/93f/galleries/wp-login.php HTTP/1.1" 301 162 "http://aceitunaslosada.com/wp-content/cache/db/options/93f/galleries/wp-login.php" "Mozilla/5.0 (Windows NT 10.0; Win64; x64) AppleWebKit/537.36 (KHTML, like Gecko) Chrome/58.0.3029.110 Safari/537.3"
194.102.104.219 - - [25/Sep/2025:19:31:25 +0000] "GET /mah.php HTTP/1.1" 301 162 "http://aceitunaslosada.com/mah.php" "Mozilla/5.0 (Windows NT 10.0; Win64; x64) AppleWebKit/537.36 (KHTML, like Gecko) Chrome/58.0.3029.110 Safari/537.3"
194.102.104.219 - - [25/Sep/2025:19:31:33 +0000] "GET /product.php HTTP/1.1" 301 162 "http://aceitunaslosada.com/product.php" "Mozilla/5.0 (Windows NT 10.0; Win64; x64) AppleWebKit/537.36 (KHTML, like Gecko) Chrome/58.0.3029.110 Safari/537.3"
194.102.104.219 - - [25/Sep/2025:19:31:36 +0000] "GET /options.php HTTP/1.1" 301 162 "http://aceitunaslosada.com/options.php" "Mozilla/5.0 (Windows NT 10.0; Win64; x64) AppleWebKit/537.36 (KHTML, like Gecko) Chrome/58.0.3029.110 Safari/537.3"
194.102.104.219 - - [25/Sep/2025:19:31:45 +0000] "POST /options.php HTTP/1.1" 301 162 "http://aceitunaslosada.com/options.php" "Mozilla/5.0 (Windows NT 10.0; Win64; x64) AppleWebKit/537.36 (KHTML, like Gecko) Chrome/58.0.3029.110 Safari/537.3"
194.102.104.219 - - [25/Sep/2025:19:31:58 +0000] "GET /admin.php HTTP/1.1" 301 162 "http://aceitunaslosada.com/admin.php" "Mozilla/5.0 (Windows NT 10.0; Win64; x64) AppleWebKit/537.36 (KHTML, like Gecko) Chrome/58.0.3029.110 Safari/537.3"
194.102.104.219 - - [25/Sep/2025:19:32:15 +0000] "POST /admin.php HTTP/1.1" 301 162 "http://aceitunaslosada.com/admin.php" "Mozilla/5.0 (Windows NT 10.0; Win64; x64) AppleWebKit/537.36 (KHTML, like Gecko) Chrome/58.0.3029.110 Safari/537.3"
194.102.104.219 - - [25/Sep/2025:19:32:20 +0000] "POST /admin.php HTTP/1.1" 301 162 "http://aceitunaslosada.com/admin.php" "Mozilla/5.0 (Windows NT 10.0; Win64; x64) AppleWebKit/537.36 (KHTML, like Gecko) Chrome/58.0.3029.110 Safari/537.3"
194.102.104.219 - - [25/Sep/2025:19:32:28 +0000] "GET /ex.php HTTP/1.1" 301 162 "http://aceitunaslosada.com/ex.php" "Mozilla/5.0 (Windows NT 10.0; Win64; x64) AppleWebKit/537.36 (KHTML, like Gecko) Chrome/58.0.3029.110 Safari/537.3"
194.102.104.219 - - [25/Sep/2025:19:32:33 +0000] "POST /admin.php HTTP/1.1" 301 162 "http://aceitunaslosada.com/admin.php" "Mozilla/5.0 (Windows NT 10.0; Win64; x64) AppleWebKit/537.36 (KHTML, like Gecko) Chrome/58.0.3029.110 Safari/537.3"
194.102.104.219 - - [25/Sep/2025:19:32:46 +0000] "GET /radio.php HTTP/1.1" 301 162 "http://aceitunaslosada.com/radio.php" "Mozilla/5.0 (Windows NT 10.0; Win64; x64) AppleWebKit/537.36 (KHTML, like Gecko) Chrome/58.0.3029.110 Safari/537.3"
194.102.104.219 - - [25/Sep/2025:19:32:53 +0000] "POST /admin.php HTTP/1.1" 301 162 "http://aceitunaslosada.com/admin.php" "Mozilla/5.0 (Windows NT 10.0; Win64; x64) AppleWebKit/537.36 (KHTML, like Gecko) Chrome/58.0.3029.110 Safari/537.3"
194.102.104.219 - - [25/Sep/2025:19:32:59 +0000] "GET /inputs.php HTTP/1.1" 301 162 "http://aceitunaslosada.com/inputs.php" "Mozilla/5.0 (Windows NT 10.0; Win64; x64) AppleWebKit/537.36 (KHTML, like Gecko) Chrome/58.0.3029.110 Safari/537.3"
194.102.104.219 - - [25/Sep/2025:19:33:05 +0000] "POST /admin.php HTTP/1.1" 301 162 "http://aceitunaslosada.com/admin.php" "Mozilla/5.0 (Windows NT 10.0; Win64; x64) AppleWebKit/537.36 (KHTML, like Gecko) Chrome/58.0.3029.110 Safari/537.3"
194.102.104.219 - - [25/Sep/2025:19:33:11 +0000] "GET /about.php HTTP/1.1" 301 162 "http://aceitunaslosada.com/about.php" "Mozilla/5.0 (Windows NT 10.0; Win64; x64) AppleWebKit/537.36 (KHTML, like Gecko) Chrome/58.0.3029.110 Safari/537.3"
194.102.104.219 - - [25/Sep/2025:19:33:21 +0000] "POST /admin.php HTTP/1.1" 301 162 "http://aceitunaslosada.com/admin.php" "Mozilla/5.0 (Windows NT 10.0; Win64; x64) AppleWebKit/537.36 (KHTML, like Gecko) Chrome/58.0.3029.110 Safari/537.3"
194.102.104.219 - - [25/Sep/2025:19:33:27 +0000] "GET /pages.php HTTP/1.1" 301 162 "http://aceitunaslosada.com/pages.php" "Mozilla/5.0 (Windows NT 10.0; Win64; x64) AppleWebKit/537.36 (KHTML, like Gecko) Chrome/58.0.3029.110 Safari/537.3"
204.12.208.18 - - [25/Sep/2025:19:35:35 +0000] "GET /wp-content/plb692e7/index.php HTTP/1.1" 301 162 "http://aceitunaslosada.com/wp-content/plb692e7/index.php" "Mozilla/4.0 (compatible; MSIE 7.0; Windows NT 5.1; SV1; .NET CLR 1.1.4322)"
204.12.208.18 - - [25/Sep/2025:19:35:55 +0000] "GET /wp-content/plb692e7/index.php HTTP/1.1" 301 162 "http://aceitunaslosada.com/wp-content/plb692e7/index.php" "Mozilla/5.0 (Macintosh; Intel Mac OS X 10_6_8) AppleWebKit/535.1 (KHTML, like Gecko) RockMelt/0.9.64.361 Chrome/13.0.782.218 Safari/535.1"
162.220.166.153 - - [25/Sep/2025:19:37:31 +0000] "GET /wp-content/uploads/2014/09/1200X500-DEAN-AND-DELUCA.jpg HTTP/1.1" 301 162 "-" "Mozilla/5.0 (Windows NT 10.0; Win64; x64) AppleWebKit/537.36 (KHTML, like Gecko) Chrome/124.0.0.0 Safari/537.36"
162.220.166.153 - - [25/Sep/2025:19:37:37 +0000] "GET /wp-content/uploads/2014/09/1200x5000-THE-WHALE-FLORES.jpg HTTP/1.1" 301 162 "-" "Mozilla/5.0 (Windows NT 10.0; Win64; x64) AppleWebKit/537.36 (KHTML, like Gecko) Chrome/124.0.0.0 Safari/537.36"
162.220.166.153 - - [25/Sep/2025:19:37:57 +0000] "GET /wp-content/uploads/2014/09/1200X500-BARRA.jpg HTTP/1.1" 301 162 "-" "Mozilla/5.0 (Windows NT 10.0; Win64; x64) AppleWebKit/537.36 (KHTML, like Gecko) Chrome/124.0.0.0 Safari/537.36"
162.220.166.153 - - [25/Sep/2025:19:38:11 +0000] "GET /wp-content/uploads/2014/09/1200x500-aceitunas.jpg HTTP/1.1" 301 162 "-" "Mozilla/5.0 (Windows NT 10.0; Win64; x64) AppleWebKit/537.36 (KHTML, like Gecko) Chrome/124.0.0.0 Safari/537.36"
162.220.166.153 - - [25/Sep/2025:19:38:22 +0000] "GET /wp-content/uploads/2014/09/1200X500-WHOLE-FOODS.jpg HTTP/1.1" 301 162 "-" "Mozilla/5.0 (Windows NT 10.0; Win64; x64) AppleWebKit/537.36 (KHTML, like Gecko) Chrome/124.0.0.0 Safari/537.36"
204.12.208.18 - - [25/Sep/2025:19:49:10 +0000] "GET /wp-content/plb692e7/index.php HTTP/1.1" 301 162 "http://aceitunaslosada.com/wp-content/plb692e7/index.php" "Mozilla/5.0 (Macintosh; Intel Mac OS X 10.5; rv:8.0.1) Gecko/20100101 Firefox/8.0.1"
119.28.138.88 - - [25/Sep/2025:20:00:12 +0000] "GET /wp-json/wp/v2/posts HTTP/1.1" 301 162 "-" "Mozilla/5.0 (Windows NT 10.0; Win64; x64) AppleWebKit/537.36 (KHTML, like Gecko) Chrome/120.0.0.0 Safari/537.36"
204.12.208.18 - - [25/Sep/2025:20:02:40 +0000] "GET /wp-content/plb692e7/index.php HTTP/1.1" 301 162 "http://aceitunaslosada.com/wp-content/plb692e7/index.php" "Mozilla/5.0 (Windows NT 6.1; WOW64) AppleWebKit/535.1 (KHTML, like Gecko) Chrome/14.0.835.202 Safari/535.1"
204.12.208.18 - - [25/Sep/2025:20:03:00 +0000] "GET /wp-content/plb692e7/index.php HTTP/1.1" 301 162 "http://aceitunaslosada.com/wp-content/plb692e7/index.php" "Mozilla/4.0 (compatible; MSIE 7.0; Windows NT 5.1)"
20.171.207.238 - - [25/Sep/2025:20:09:50 +0000] "GET / HTTP/1.1" 301 162 "-" "Mozilla/5.0 AppleWebKit/537.36 (KHTML, like Gecko; compatible; GPTBot/1.2; +https://openai.com/gptbot)"
204.12.208.18 - - [25/Sep/2025:20:16:41 +0000] "GET /wp-content/plb692e7/index.php HTTP/1.1" 301 162 "http://aceitunaslosada.com/wp-content/plb692e7/index.php" "Mozilla/5.0 (Macintosh; U; Intel Mac OS X 10_6_2; ja-jp) AppleWebKit/531.21.8 (KHTML, like Gecko) Version/4.0.4 Safari/531.21.10"
204.12.208.18 - - [25/Sep/2025:20:17:01 +0000] "GET /wp-content/plb692e7/index.php HTTP/1.1" 301 162 "http://aceitunaslosada.com/wp-content/plb692e7/index.php" "Mozilla/5.0 (Macintosh; Intel Mac OS X 10.7; rv:9.0.1) Gecko/20100101 Firefox/9.0.1"
111.124.201.199 - - [25/Sep/2025:20:17:16 +0000] "GET / HTTP/1.1" 301 162 "-" "Mozilla/5.0 (Macintosh; Intel Mac OS X 10_15_7) AppleWebKit/537.36 (KHTML, like Gecko) Chrome/110.0.0.0 Safari/537.36"
111.124.201.199 - - [25/Sep/2025:20:17:17 +0000] "GET / HTTP/1.1" 301 162 "-" "Mozilla/5.0 (Macintosh; Intel Mac OS X 10_15_7) AppleWebKit/537.36 (KHTML, like Gecko) Chrome/110.0.0.0 Safari/537.36"
216.244.66.231 - - [25/Sep/2025:20:19:24 +0000] "GET /robots.txt HTTP/1.1" 301 162 "-" "Mozilla/5.0 (compatible; DotBot/1.2; +https://opensiteexplorer.org/dotbot; help@moz.com)"
204.12.208.18 - - [25/Sep/2025:20:30:02 +0000] "GET /wp-content/plb692e7/index.php HTTP/1.1" 301 162 "http://aceitunaslosada.com/wp-content/plb692e7/index.php" "Mozilla/5.0 (Macintosh; Intel Mac OS X 10_6_8) AppleWebKit/534.57.2 (KHTML, like Gecko) Version/5.1.7 Safari/534.57.2"
204.12.208.18 - - [25/Sep/2025:20:30:22 +0000] "GET /wp-content/plb692e7/index.php HTTP/1.1" 301 162 "http://aceitunaslosada.com/wp-content/plb692e7/index.php" "Mozilla/5.0 (Macintosh; Intel Mac OS X 10.5; rv:5.0.1) Gecko/20100101 Firefox/5.0.1"
20.171.207.133 - - [25/Sep/2025:20:31:50 +0000] "GET / HTTP/1.1" 301 162 "-" "Mozilla/5.0 AppleWebKit/537.36 (KHTML, like Gecko; compatible; GPTBot/1.2; +https://openai.com/gptbot)"
204.12.208.18 - - [25/Sep/2025:20:43:18 +0000] "GET /wp-content/plb692e7/index.php HTTP/1.1" 301 162 "http://aceitunaslosada.com/wp-content/plb692e7/index.php" "Mozilla/5.0 (Macintosh; Intel Mac OS X 10_6_8) AppleWebKit/535.1 (KHTML, like Gecko) RockMelt/0.9.64.361 Chrome/13.0.782.218 Safari/535.1"
132.232.144.200 - - [25/Sep/2025:20:45:01 +0000] "GET / HTTP/1.1" 301 162 "-" "Mozilla/5.0 (iPhone; CPU iPhone OS 13_2_3 like Mac OS X) AppleWebKit/605.1.15 (KHTML, like Gecko) Version/13.0.3 Mobile/15E148 Safari/604.1"
204.12.208.18 - - [25/Sep/2025:20:56:59 +0000] "GET /wp-content/plb692e7/index.php HTTP/1.1" 301 162 "http://aceitunaslosada.com/wp-content/plb692e7/index.php" "Mozilla/5.0 (Macintosh; U; Intel Mac OS X 10_5_5; ja-jp) AppleWebKit/525.26.2 (KHTML, like Gecko) Version/3.2 Safari/525.26.12"
110.172.98.2 - - [25/Sep/2025:21:01:46 +0000] "GET / HTTP/1.1" 301 162 "-" "Mozilla/5.0 (Windows NT 10.0; Win64; x64) AppleWebKit/537.36 (KHTML, like Gecko) Chrome/79.0.3945.130 Safari/537.36"
204.12.208.18 - - [25/Sep/2025:21:11:11 +0000] "GET /wp-content/plb692e7/index.php HTTP/1.1" 301 162 "http://aceitunaslosada.com/wp-content/plb692e7/index.php" "Mozilla/4.0 (compatible; MSIE 8.0; Windows NT 5.1; Trident/4.0; .NET CLR 2.0.50727; .NET CLR 3.0.04506.30; .NET CLR 3.0.04506.648)"
216.244.66.231 - - [25/Sep/2025:21:12:33 +0000] "GET /robots.txt HTTP/1.1" 301 162 "-" "Mozilla/5.0 (compatible; DotBot/1.2; +https://opensiteexplorer.org/dotbot; help@moz.com)"
204.12.208.18 - - [25/Sep/2025:21:25:13 +0000] "GET /wp-content/plb692e7/index.php HTTP/1.1" 301 162 "http://aceitunaslosada.com/wp-content/plb692e7/index.php" "Opera/9.80 (Macintosh; Intel Mac OS X 10.6.8; U; ja) Presto/2.10.289 Version/12.00"
204.12.208.18 - - [25/Sep/2025:21:25:33 +0000] "GET /wp-content/plb692e7/index.php HTTP/1.1" 301 162 "http://aceitunaslosada.com/wp-content/plb692e7/index.php" "Mozilla/5.0 (Macintosh; U; Intel Mac OS X 10_6_2; ja-jp) AppleWebKit/531.21.8 (KHTML, like Gecko) Version/4.0.4 Safari/531.21.10"
223.109.252.144 - - [25/Sep/2025:21:28:57 +0000] "GET / HTTP/1.1" 301 162 "-" "Sogou web spider/4.0(+http://www.sogou.com/docs/help/webmasters.htm#07)"
204.12.208.18 - - [25/Sep/2025:21:38:41 +0000] "GET /wp-content/plb692e7/index.php HTTP/1.1" 301 162 "http://aceitunaslosada.com/wp-content/plb692e7/index.php" "Mozilla/5.0 (Windows NT 5.1) AppleWebKit/535.2 (KHTML, like Gecko) Chrome/15.0.874.120 Safari/535.2"
204.12.208.18 - - [25/Sep/2025:21:52:17 +0000] "GET /wp-content/plb692e7/index.php HTTP/1.1" 301 162 "http://aceitunaslosada.com/wp-content/plb692e7/index.php" "Mozilla/5.0 (Windows; U; Windows NT 5.1; en-US) AppleWebKit/534.16 (KHTML, like Gecko) Chrome/10.0.648.151 Safari/534.16"
204.12.208.18 - - [25/Sep/2025:21:52:37 +0000] "GET /wp-content/plb692e7/index.php HTTP/1.1" 301 162 "http://aceitunaslosada.com/wp-content/plb692e7/index.php" "Mozilla/5.0 (Windows NT 6.1; WOW64; rv:5.0) Gecko/20100101 Firefox/5.0"
216.244.66.231 - - [25/Sep/2025:22:05:45 +0000] "GET /robots.txt HTTP/1.1" 301 162 "-" "Mozilla/5.0 (compatible; DotBot/1.2; +https://opensiteexplorer.org/dotbot; help@moz.com)"
204.12.208.18 - - [25/Sep/2025:22:06:07 +0000] "GET /wp-content/plb692e7/index.php HTTP/1.1" 301 162 "http://aceitunaslosada.com/wp-content/plb692e7/index.php" "Mozilla/5.0 (Macintosh; U; Intel Mac OS X 10_5_6; ja-jp) AppleWebKit/525.27.1 (KHTML, like Gecko) Version/3.2.1 Safari/525.27.1"
43.173.179.10 - - [25/Sep/2025:22:18:46 +0000] "GET / HTTP/1.1" 301 162 "-" "Mozilla/5.0 (Windows NT 10.0; Win64; x64) AppleWebKit/537.36 (KHTML, like Gecko) Chrome/131.0.0.0 Safari/537.36"
204.12.208.18 - - [25/Sep/2025:22:20:23 +0000] "GET /wp-content/plb692e7/index.php HTTP/1.1" 301 162 "http://aceitunaslosada.com/wp-content/plb692e7/index.php" "Mozilla/5.0 (Macintosh; U; Intel Mac OS X 10_5_3; ja-jp) AppleWebKit/525.18 (KHTML, like Gecko) Version/3.1.1 Safari/525.20"
112.86.225.251 - - [25/Sep/2025:22:21:57 +0000] "GET / HTTP/1.1" 301 162 "-" "Sogou web spider/4.0(+http://www.sogou.com/docs/help/webmasters.htm#07)"
204.12.208.18 - - [25/Sep/2025:22:34:15 +0000] "GET /wp-content/plb692e7/index.php HTTP/1.1" 301 162 "http://aceitunaslosada.com/wp-content/plb692e7/index.php" "Mozilla/5.0 (Windows NT 6.1) AppleWebKit/535.1 (KHTML, like Gecko) Chrome/13.0.782.107 Safari/535.1"
101.99.88.90 - - [25/Sep/2025:22:46:48 +0000] "GET / HTTP/1.1" 301 162 "-" "Mozilla/5.0 (compatible; Googlebot/2.1; +http://www.google.com/bot.html)"
101.99.88.90 - - [25/Sep/2025:22:46:51 +0000] "GET /wp-content/plb692e7/index.php HTTP/1.1" 301 162 "-" "-"
204.12.208.18 - - [25/Sep/2025:22:47:19 +0000] "GET /wp-content/plb692e7/index.php HTTP/1.1" 301 162 "http://aceitunaslosada.com/wp-content/plb692e7/index.php" "Mozilla/5.0 (compatible; MSIE 10.0; Windows NT 6.2; WOW64; Trident/6.0)"
204.12.208.18 - - [25/Sep/2025:22:47:39 +0000] "GET /wp-content/plb692e7/index.php HTTP/1.1" 301 162 "http://aceitunaslosada.com/wp-content/plb692e7/index.php" "Mozilla/5.0 (Macintosh; U; Intel Mac OS X 10_5_6; ja-jp) AppleWebKit/525.27.1 (KHTML, like Gecko) Version/3.2.1 Safari/525.27.1"
103.131.71.239 - - [25/Sep/2025:22:56:43 +0000] "GET /robots.txt HTTP/1.1" 301 162 "-" "Mozilla/5.0 (compatible; coccocbot-web/1.0; +http://help.coccoc.com/searchengine)"
216.244.66.231 - - [25/Sep/2025:22:57:53 +0000] "GET /robots.txt HTTP/1.1" 301 162 "-" "Mozilla/5.0 (compatible; DotBot/1.2; +https://opensiteexplorer.org/dotbot; help@moz.com)"
204.12.208.18 - - [25/Sep/2025:23:00:36 +0000] "GET /wp-content/plb692e7/index.php HTTP/1.1" 301 162 "http://aceitunaslosada.com/wp-content/plb692e7/index.php" "Mozilla/5.0 (Windows NT 5.1; rv:6.0) Gecko/20100101 Firefox/6.0"
204.12.208.18 - - [25/Sep/2025:23:13:19 +0000] "GET /wp-content/plb692e7/index.php HTTP/1.1" 301 162 "http://aceitunaslosada.com/wp-content/plb692e7/index.php" "Mozilla/5.0 (compatible; MSIE 10.0; Windows NT 6.1; Trident/6.0)"
54.81.43.75 - - [25/Sep/2025:23:17:25 +0000] "GET /robots.txt HTTP/1.1" 301 162 "-" "Mozilla/5.0 (X11; Linux x86_64) AppleWebKit/537.36 (KHTML, like Gecko) Chrome/138.0.0.0 Safari/537.36"
162.250.217.83 - - [25/Sep/2025:23:17:26 +0000] "GET / HTTP/1.1" 301 162 "-" "Mozilla/5.0 (X11; Linux x86_64) AppleWebKit/537.36 (KHTML, like Gecko) Chrome/138.0.0.0 Safari/537.36"
204.12.208.18 - - [25/Sep/2025:23:27:06 +0000] "GET /wp-content/plb692e7/index.php HTTP/1.1" 301 162 "http://aceitunaslosada.com/wp-content/plb692e7/index.php" "Mozilla/5.0 (Macintosh; Intel Mac OS X 10_6_8) AppleWebKit/534.24 (KHTML, like Gecko) Iron/11.0.700.2 Chrome/11.0.700.2 Safari/534.24"
204.12.208.18 - - [25/Sep/2025:23:40:10 +0000] "GET /wp-content/plb692e7/index.php HTTP/1.1" 301 162 "http://aceitunaslosada.com/wp-content/plb692e7/index.php" "Mozilla/5.0 (compatible; MSIE 9.0; Windows NT 6.1; WOW64; Trident/5.0; SLCC2; .NET CLR 2.0.50727; .NET CLR 3.5.30729; .NET CLR 3.0.30729; Media Center PC 6.0; MAGW; .NET4.0C; Lunascape 6.5.8.24780)"
216.244.66.231 - - [25/Sep/2025:23:50:59 +0000] "GET /robots.txt HTTP/1.1" 301 162 "-" "Mozilla/5.0 (compatible; DotBot/1.2; +https://opensiteexplorer.org/dotbot; help@moz.com)"
204.12.208.18 - - [25/Sep/2025:23:53:48 +0000] "GET /wp-content/plb692e7/index.php HTTP/1.1" 301 162 "http://aceitunaslosada.com/wp-content/plb692e7/index.php" "Mozilla/5.0 (Windows NT 6.1; WOW64; rv:5.0) Gecko/20100101 Firefox/5.0"
204.12.208.18 - - [26/Sep/2025:00:07:18 +0000] "GET /wp-content/plb692e7/index.php HTTP/1.1" 301 162 "http://aceitunaslosada.com/wp-content/plb692e7/index.php" "Mozilla/5.0 (compatible; MSIE 10.0; Windows NT 6.2; ARM; Trident/6.0)"
204.12.208.18 - - [26/Sep/2025:00:21:04 +0000] "GET /wp-content/plb692e7/index.php HTTP/1.1" 301 162 "http://aceitunaslosada.com/wp-content/plb692e7/index.php" "Mozilla/5.0 (compatible; MSIE 9.0; Windows NT 6.1; WOW64; Trident/5.0; SLCC2; .NET CLR 2.0.50727; .NET CLR 3.5.30729; .NET CLR 3.0.30729; Media Center PC 6.0; MAGW; .NET4.0C; Lunascape 6.5.8.24780)"
203.33.203.148 - - [26/Sep/2025:00:26:02 +0000] "GET / HTTP/1.1" 301 162 "-" "Mozilla/5.0 (iPhone; CPU iPhone OS 13_2_3 like Mac OS X) AppleWebKit/605.1.15 (KHTML, like Gecko) Version/13.0.3 Mobile/15E148 Safari/604.1"
183.56.247.251 - - [26/Sep/2025:00:31:02 +0000] "GET /wp-login.php HTTP/1.1" 301 162 "-" "Apache-HttpClient/4.5.2 (Java/1.8.0_161)"
204.12.208.18 - - [26/Sep/2025:00:34:44 +0000] "GET /wp-content/plb692e7/index.php HTTP/1.1" 301 162 "http://aceitunaslosada.com/wp-content/plb692e7/index.php" "Mozilla/5.0 (Windows NT 5.1; rv:6.0) Gecko/20100101 Firefox/6.0"
204.12.208.18 - - [26/Sep/2025:00:35:04 +0000] "GET /wp-content/plb692e7/index.php HTTP/1.1" 301 162 "http://aceitunaslosada.com/wp-content/plb692e7/index.php" "Mozilla/5.0 (Macintosh; U; PPC Mac OS X 10_4_11; ja-jp) AppleWebKit/525.13 (KHTML, like Gecko) Version/3.1 Safari/525.13"
216.244.66.231 - - [26/Sep/2025:00:44:32 +0000] "GET /robots.txt HTTP/1.1" 301 162 "-" "Mozilla/5.0 (compatible; DotBot/1.2; +https://opensiteexplorer.org/dotbot; help@moz.com)"
204.12.208.18 - - [26/Sep/2025:00:48:20 +0000] "GET /wp-content/plb692e7/index.php HTTP/1.1" 301 162 "http://aceitunaslosada.com/wp-content/plb692e7/index.php" "Mozilla/5.0 (Windows NT 5.1) AppleWebKit/535.2 (KHTML, like Gecko) Chrome/15.0.874.120 Safari/535.2"
35.187.111.154 - - [26/Sep/2025:00:51:51 +0000] "GET / HTTP/1.1" 301 162 "-" "Mozilla/5.0 (Windows NT 10.0; Win64; x64) AppleWebKit/537.36 (KHTML, like Gecko) Chrome/84.0.4147.105 Safari/537.36"
103.131.71.70 - - [26/Sep/2025:00:54:58 +0000] "GET /robots.txt HTTP/1.1" 301 162 "-" "Mozilla/5.0 (compatible; coccocbot-web/1.0; +http://help.coccoc.com/searchengine)"
204.12.208.18 - - [26/Sep/2025:01:02:04 +0000] "GET /wp-content/plb692e7/index.php HTTP/1.1" 301 162 "http://aceitunaslosada.com/wp-content/plb692e7/index.php" "Mozilla/5.0 (Macintosh; Intel Mac OS X 10.5; rv:5.0.1) Gecko/20100101 Firefox/5.0.1"
204.12.208.18 - - [26/Sep/2025:01:02:24 +0000] "GET /wp-content/plb692e7/index.php HTTP/1.1" 301 162 "http://aceitunaslosada.com/wp-content/plb692e7/index.php" "Opera/9.80 (Windows NT 6.1; U; ja) Presto/2.9.168 Version/11.50"
196.251.73.195 - - [26/Sep/2025:01:06:57 +0000] "GET /wp-content/plugins/ccx/index.php HTTP/1.1" 301 162 "-" "Mozlila/5.0 (Linux; Android 7.0; SM-G892A Bulid/NRD90M; wv) AppleWebKit/537.36 (KHTML, like Gecko) Version/4.0 Chrome/60.0.3112.107 Moblie Safari/537.36"
196.251.73.195 - - [26/Sep/2025:01:07:00 +0000] "GET /ccx/index.php HTTP/1.1" 301 162 "-" "Mozlila/5.0 (Linux; Android 7.0; SM-G892A Bulid/NRD90M; wv) AppleWebKit/537.36 (KHTML, like Gecko) Version/4.0 Chrome/60.0.3112.107 Moblie Safari/537.36"
196.251.73.195 - - [26/Sep/2025:01:07:07 +0000] "GET /wp-content/plugins/ccx/index.php HTTP/1.1" 301 162 "-" "Mozlila/5.0 (Linux; Android 7.0; SM-G892A Bulid/NRD90M; wv) AppleWebKit/537.36 (KHTML, like Gecko) Version/4.0 Chrome/60.0.3112.107 Moblie Safari/537.36"
196.251.73.195 - - [26/Sep/2025:01:07:13 +0000] "GET /wp-content/themes/ccx/index.php HTTP/1.1" 301 162 "-" "Mozlila/5.0 (Linux; Android 7.0; SM-G892A Bulid/NRD90M; wv) AppleWebKit/537.36 (KHTML, like Gecko) Version/4.0 Chrome/60.0.3112.107 Moblie Safari/537.36"
196.251.73.195 - - [26/Sep/2025:01:07:20 +0000] "GET /index.php?3x=3x HTTP/1.1" 301 162 "-" "Mozlila/5.0 (Linux; Android 7.0; SM-G892A Bulid/NRD90M; wv) AppleWebKit/537.36 (KHTML, like Gecko) Version/4.0 Chrome/60.0.3112.107 Moblie Safari/537.36"
196.251.73.195 - - [26/Sep/2025:01:07:26 +0000] "GET /css/admin/content.php%20 HTTP/1.1" 301 162 "-" "Mozlila/5.0 (Linux; Android 7.0; SM-G892A Bulid/NRD90M; wv) AppleWebKit/537.36 (KHTML, like Gecko) Version/4.0 Chrome/60.0.3112.107 Moblie Safari/537.36"
196.251.73.195 - - [26/Sep/2025:01:07:32 +0000] "GET /wp-content/themes/seotheme/mar.php HTTP/1.1" 301 162 "-" "Mozlila/5.0 (Linux; Android 7.0; SM-G892A Bulid/NRD90M; wv) AppleWebKit/537.36 (KHTML, like Gecko) Version/4.0 Chrome/60.0.3112.107 Moblie Safari/537.36"
196.251.73.195 - - [26/Sep/2025:01:07:38 +0000] "GET /wp-content/plugins/ioptimization/IOptimize.php?rchk HTTP/1.1" 301 162 "-" "Mozlila/5.0 (Linux; Android 7.0; SM-G892A Bulid/NRD90M; wv) AppleWebKit/537.36 (KHTML, like Gecko) Version/4.0 Chrome/60.0.3112.107 Moblie Safari/537.36"
196.251.73.195 - - [26/Sep/2025:01:07:46 +0000] "GET /wp-content/themes/pridmag/db.php?u HTTP/1.1" 301 162 "-" "Mozlila/5.0 (Linux; Android 7.0; SM-G892A Bulid/NRD90M; wv) AppleWebKit/537.36 (KHTML, like Gecko) Version/4.0 Chrome/60.0.3112.107 Moblie Safari/537.36"
196.251.73.195 - - [26/Sep/2025:01:07:55 +0000] "GET /shell20211028.php HTTP/1.1" 301 162 "-" "Mozlila/5.0 (Linux; Android 7.0; SM-G892A Bulid/NRD90M; wv) AppleWebKit/537.36 (KHTML, like Gecko) Version/4.0 Chrome/60.0.3112.107 Moblie Safari/537.36"
196.251.73.195 - - [26/Sep/2025:01:08:00 +0000] "GET /wp-content/themes/ccx/index.php HTTP/1.1" 301 162 "-" "Mozlila/5.0 (Linux; Android 7.0; SM-G892A Bulid/NRD90M; wv) AppleWebKit/537.36 (KHTML, like Gecko) Version/4.0 Chrome/60.0.3112.107 Moblie Safari/537.36"
196.251.73.195 - - [26/Sep/2025:01:08:08 +0000] "GET /xmlrp.php?url=https://rentry.co/yu8xc/raw HTTP/1.1" 301 162 "-" "Mozlila/5.0 (Linux; Android 7.0; SM-G892A Bulid/NRD90M; wv) AppleWebKit/537.36 (KHTML, like Gecko) Version/4.0 Chrome/60.0.3112.107 Moblie Safari/537.36"
196.251.73.195 - - [26/Sep/2025:01:08:14 +0000] "GET /wp-content/db_cache.php HTTP/1.1" 301 162 "-" "Mozlila/5.0 (Linux; Android 7.0; SM-G892A Bulid/NRD90M; wv) AppleWebKit/537.36 (KHTML, like Gecko) Version/4.0 Chrome/60.0.3112.107 Moblie Safari/537.36"
196.251.73.195 - - [26/Sep/2025:01:08:18 +0000] "GET /wp-content/plugins/backup_index.php HTTP/1.1" 301 162 "-" "Mozlila/5.0 (Linux; Android 7.0; SM-G892A Bulid/NRD90M; wv) AppleWebKit/537.36 (KHTML, like Gecko) Version/4.0 Chrome/60.0.3112.107 Moblie Safari/537.36"
196.251.73.195 - - [26/Sep/2025:01:08:23 +0000] "GET /boom.php?x HTTP/1.1" 301 162 "-" "Mozlila/5.0 (Linux; Android 7.0; SM-G892A Bulid/NRD90M; wv) AppleWebKit/537.36 (KHTML, like Gecko) Version/4.0 Chrome/60.0.3112.107 Moblie Safari/537.36"
196.251.73.195 - - [26/Sep/2025:01:08:28 +0000] "GET /wp-content/plugins/t_file_wp/t_file_wp.php?test=hello HTTP/1.1" 301 162 "-" "Mozlila/5.0 (Linux; Android 7.0; SM-G892A Bulid/NRD90M; wv) AppleWebKit/537.36 (KHTML, like Gecko) Version/4.0 Chrome/60.0.3112.107 Moblie Safari/537.36"
196.251.73.195 - - [26/Sep/2025:01:08:33 +0000] "GET /style.php HTTP/1.1" 301 162 "-" "Mozlila/5.0 (Linux; Android 7.0; SM-G892A Bulid/NRD90M; wv) AppleWebKit/537.36 (KHTML, like Gecko) Version/4.0 Chrome/60.0.3112.107 Moblie Safari/537.36"
204.12.208.18 - - [26/Sep/2025:01:16:07 +0000] "GET /wp-content/plb692e7/index.php HTTP/1.1" 301 162 "http://aceitunaslosada.com/wp-content/plb692e7/index.php" "Opera/9.80 (Windows NT 6.1; U; ja) Presto/2.9.168 Version/11.50"
204.12.208.18 - - [26/Sep/2025:01:16:27 +0000] "GET /wp-content/plb692e7/index.php HTTP/1.1" 301 162 "http://aceitunaslosada.com/wp-content/plb692e7/index.php" "Mozilla/4.0 (compatible; MSIE 8.0; Windows NT 5.1; Trident/4.0; .NET CLR 2.0.50727; InfoPath.1"
196.251.73.195 - - [26/Sep/2025:01:18:37 +0000] "GET /.tmp/fywvkgtiud.php HTTP/1.1" 301 162 "-" "Mozlila/5.0 (Linux; Android 7.0; SM-G892A Bulid/NRD90M; wv) AppleWebKit/537.36 (KHTML, like Gecko) Version/4.0 Chrome/60.0.3112.107 Moblie Safari/537.36"
196.251.73.195 - - [26/Sep/2025:01:18:39 +0000] "GET /wp-admin/uzgdhqwbyv.php HTTP/1.1" 301 162 "-" "Mozlila/5.0 (Linux; Android 7.0; SM-G892A Bulid/NRD90M; wv) AppleWebKit/537.36 (KHTML, like Gecko) Version/4.0 Chrome/60.0.3112.107 Moblie Safari/537.36"
196.251.73.195 - - [26/Sep/2025:01:18:39 +0000] "GET /rwyzyqozvo.php HTTP/1.1" 301 162 "-" "Mozlila/5.0 (Linux; Android 7.0; SM-G892A Bulid/NRD90M; wv) AppleWebKit/537.36 (KHTML, like Gecko) Version/4.0 Chrome/60.0.3112.107 Moblie Safari/537.36"
196.251.73.195 - - [26/Sep/2025:01:18:40 +0000] "GET /omsgljtiou.php HTTP/1.1" 301 162 "-" "Mozlila/5.0 (Linux; Android 7.0; SM-G892A Bulid/NRD90M; wv) AppleWebKit/537.36 (KHTML, like Gecko) Version/4.0 Chrome/60.0.3112.107 Moblie Safari/537.36"
204.12.208.18 - - [26/Sep/2025:01:29:38 +0000] "GET /wp-content/plb692e7/index.php HTTP/1.1" 301 162 "http://aceitunaslosada.com/wp-content/plb692e7/index.php" "Mozilla/5.0 (Windows NT 5.1) AppleWebKit/534.30 (KHTML, like Gecko) Chrome/12.0.742.122 Safari/534.30 ChromePlus/1.6.3.1"
101.99.88.90 - - [26/Sep/2025:01:36:25 +0000] "GET / HTTP/1.1" 301 162 "-" "Mozilla/5.0 (compatible; Googlebot/2.1; +http://www.google.com/bot.html)"
204.12.208.18 - - [26/Sep/2025:01:43:21 +0000] "GET /wp-content/plb692e7/index.php HTTP/1.1" 301 162 "http://aceitunaslosada.com/wp-content/plb692e7/index.php" "Mozilla/5.0 (Macintosh; Intel Mac OS X 10.5; rv:8.0.1) Gecko/20100101 Firefox/8.0.1"
80.97.160.132 - - [26/Sep/2025:01:43:33 +0000] "GET /wp-content/cache/db/options/fe4/i18ns/index.php HTTP/1.1" 301 162 "http://aceitunaslosada.com/wp-content/cache/db/options/fe4/i18ns/index.php" "Mozilla/5.0 (Windows NT 10.0; Win64; x64) AppleWebKit/537.36 (KHTML, like Gecko) Chrome/58.0.3029.110 Safari/537.3"
80.97.160.132 - - [26/Sep/2025:01:43:39 +0000] "POST /wp-content/cache/db/options/fe4/i18ns/index.php HTTP/1.1" 301 162 "http://aceitunaslosada.com/wp-content/cache/db/options/fe4/i18ns/index.php" "Mozilla/5.0 (Windows NT 10.0; Win64; x64) AppleWebKit/537.36 (KHTML, like Gecko) Chrome/58.0.3029.110 Safari/537.3"
80.97.160.132 - - [26/Sep/2025:01:43:45 +0000] "POST /wp-content/cache/db/options/fe4/i18ns/index.php HTTP/1.1" 301 162 "http://aceitunaslosada.com/wp-content/cache/db/options/fe4/i18ns/index.php" "Mozilla/5.0 (Windows NT 10.0; Win64; x64) AppleWebKit/537.36 (KHTML, like Gecko) Chrome/58.0.3029.110 Safari/537.3"
80.97.160.132 - - [26/Sep/2025:01:43:48 +0000] "GET /wp-content/cache/db/options/fe4/i18ns/wp-login.php HTTP/1.1" 301 162 "http://aceitunaslosada.com/wp-content/cache/db/options/fe4/i18ns/wp-login.php" "Mozilla/5.0 (Windows NT 10.0; Win64; x64) AppleWebKit/537.36 (KHTML, like Gecko) Chrome/58.0.3029.110 Safari/537.3"
80.97.160.132 - - [26/Sep/2025:01:43:52 +0000] "POST /wp-content/cache/db/options/fe4/i18ns/index.php HTTP/1.1" 301 162 "http://aceitunaslosada.com/wp-content/cache/db/options/fe4/i18ns/index.php" "Mozilla/5.0 (Windows NT 10.0; Win64; x64) AppleWebKit/537.36 (KHTML, like Gecko) Chrome/58.0.3029.110 Safari/537.3"
80.97.160.132 - - [26/Sep/2025:01:43:55 +0000] "GET /wp-content/cache/db/options/fe4/i18ns/ex.php HTTP/1.1" 301 162 "http://aceitunaslosada.com/wp-content/cache/db/options/fe4/i18ns/ex.php" "Mozilla/5.0 (Windows NT 10.0; Win64; x64) AppleWebKit/537.36 (KHTML, like Gecko) Chrome/58.0.3029.110 Safari/537.3"
80.97.160.132 - - [26/Sep/2025:01:43:58 +0000] "POST /wp-content/cache/db/options/fe4/i18ns/index.php HTTP/1.1" 301 162 "http://aceitunaslosada.com/wp-content/cache/db/options/fe4/i18ns/index.php" "Mozilla/5.0 (Windows NT 10.0; Win64; x64) AppleWebKit/537.36 (KHTML, like Gecko) Chrome/58.0.3029.110 Safari/537.3"
80.97.160.132 - - [26/Sep/2025:01:44:01 +0000] "GET /wp-content/cache/db/options/fe4/i18ns/radio.php HTTP/1.1" 301 162 "http://aceitunaslosada.com/wp-content/cache/db/options/fe4/i18ns/radio.php" "Mozilla/5.0 (Windows NT 10.0; Win64; x64) AppleWebKit/537.36 (KHTML, like Gecko) Chrome/58.0.3029.110 Safari/537.3"
80.97.160.132 - - [26/Sep/2025:01:44:06 +0000] "POST /wp-content/cache/db/options/fe4/i18ns/index.php HTTP/1.1" 301 162 "http://aceitunaslosada.com/wp-content/cache/db/options/fe4/i18ns/index.php" "Mozilla/5.0 (Windows NT 10.0; Win64; x64) AppleWebKit/537.36 (KHTML, like Gecko) Chrome/58.0.3029.110 Safari/537.3"
80.97.160.132 - - [26/Sep/2025:01:44:13 +0000] "GET /wp-content/cache/db/options/fe4/i18ns/inputs.php HTTP/1.1" 301 162 "http://aceitunaslosada.com/wp-content/cache/db/options/fe4/i18ns/inputs.php" "Mozilla/5.0 (Windows NT 10.0; Win64; x64) AppleWebKit/537.36 (KHTML, like Gecko) Chrome/58.0.3029.110 Safari/537.3"
80.97.160.132 - - [26/Sep/2025:01:44:17 +0000] "POST /wp-content/cache/db/options/fe4/i18ns/index.php HTTP/1.1" 301 162 "http://aceitunaslosada.com/wp-content/cache/db/options/fe4/i18ns/index.php" "Mozilla/5.0 (Windows NT 10.0; Win64; x64) AppleWebKit/537.36 (KHTML, like Gecko) Chrome/58.0.3029.110 Safari/537.3"
80.97.160.132 - - [26/Sep/2025:01:44:20 +0000] "GET /wp-content/cache/db/options/fe4/i18ns/about.php HTTP/1.1" 301 162 "http://aceitunaslosada.com/wp-content/cache/db/options/fe4/i18ns/about.php" "Mozilla/5.0 (Windows NT 10.0; Win64; x64) AppleWebKit/537.36 (KHTML, like Gecko) Chrome/58.0.3029.110 Safari/537.3"
80.97.160.132 - - [26/Sep/2025:01:44:24 +0000] "POST /wp-content/cache/db/options/fe4/i18ns/index.php HTTP/1.1" 301 162 "http://aceitunaslosada.com/wp-content/cache/db/options/fe4/i18ns/index.php" "Mozilla/5.0 (Windows NT 10.0; Win64; x64) AppleWebKit/537.36 (KHTML, like Gecko) Chrome/58.0.3029.110 Safari/537.3"
80.97.160.132 - - [26/Sep/2025:01:44:30 +0000] "GET /wp-content/cache/db/options/fe4/i18ns/pages.php HTTP/1.1" 301 162 "http://aceitunaslosada.com/wp-content/cache/db/options/fe4/i18ns/pages.php" "Mozilla/5.0 (Windows NT 10.0; Win64; x64) AppleWebKit/537.36 (KHTML, like Gecko) Chrome/58.0.3029.110 Safari/537.3"
80.97.160.132 - - [26/Sep/2025:01:44:35 +0000] "GET /copia/wp-content/plugins/broken-link-checker/core/query-content/index.php HTTP/1.1" 301 162 "http://aceitunaslosada.com/copia/wp-content/plugins/broken-link-checker/core/query-content/index.php" "Mozilla/5.0 (Windows NT 10.0; Win64; x64) AppleWebKit/537.36 (KHTML, like Gecko) Chrome/58.0.3029.110 Safari/537.3"
80.97.160.132 - - [26/Sep/2025:01:44:38 +0000] "POST /copia/wp-content/plugins/broken-link-checker/core/query-content/index.php HTTP/1.1" 301 162 "http://aceitunaslosada.com/copia/wp-content/plugins/broken-link-checker/core/query-content/index.php" "Mozilla/5.0 (Windows NT 10.0; Win64; x64) AppleWebKit/537.36 (KHTML, like Gecko) Chrome/58.0.3029.110 Safari/537.3"
80.97.160.132 - - [26/Sep/2025:01:44:41 +0000] "GET /wp-content/plugins/sitepress-multilingual-cms/vendor/yoast/audits/index.php HTTP/1.1" 301 162 "http://aceitunaslosada.com/wp-content/plugins/sitepress-multilingual-cms/vendor/yoast/audits/index.php" "Mozilla/5.0 (Windows NT 10.0; Win64; x64) AppleWebKit/537.36 (KHTML, like Gecko) Chrome/58.0.3029.110 Safari/537.3"
80.97.160.132 - - [26/Sep/2025:01:44:44 +0000] "POST /wp-content/plugins/sitepress-multilingual-cms/vendor/yoast/audits/index.php HTTP/1.1" 301 162 "http://aceitunaslosada.com/wp-content/plugins/sitepress-multilingual-cms/vendor/yoast/audits/index.php" "Mozilla/5.0 (Windows NT 10.0; Win64; x64) AppleWebKit/537.36 (KHTML, like Gecko) Chrome/58.0.3029.110 Safari/537.3"
80.97.160.132 - - [26/Sep/2025:01:44:49 +0000] "GET /copia/wp-content/plugins/wp-add-mime-types/includes/cloudflare/index.php HTTP/1.1" 301 162 "http://aceitunaslosada.com/copia/wp-content/plugins/wp-add-mime-types/includes/cloudflare/index.php" "Mozilla/5.0 (Windows NT 10.0; Win64; x64) AppleWebKit/537.36 (KHTML, like Gecko) Chrome/58.0.3029.110 Safari/537.3"
80.97.160.132 - - [26/Sep/2025:01:44:53 +0000] "POST /copia/wp-content/plugins/wp-add-mime-types/includes/cloudflare/index.php HTTP/1.1" 301 162 "http://aceitunaslosada.com/copia/wp-content/plugins/wp-add-mime-types/includes/cloudflare/index.php" "Mozilla/5.0 (Windows NT 10.0; Win64; x64) AppleWebKit/537.36 (KHTML, like Gecko) Chrome/58.0.3029.110 Safari/537.3"
80.97.160.132 - - [26/Sep/2025:01:44:56 +0000] "GET /wp-content/cache/page_enhanced/www.aceitunaslosada.com/oini3t97mra8fi/list-grid/index.php HTTP/1.1" 301 162 "http://aceitunaslosada.com/wp-content/cache/page_enhanced/www.aceitunaslosada.com/oini3t97mra8fi/list-grid/index.php" "Mozilla/5.0 (Windows NT 10.0; Win64; x64) AppleWebKit/537.36 (KHTML, like Gecko) Chrome/58.0.3029.110 Safari/537.3"
80.97.160.132 - - [26/Sep/2025:01:44:59 +0000] "POST /wp-content/cache/page_enhanced/www.aceitunaslosada.com/oini3t97mra8fi/list-grid/index.php HTTP/1.1" 301 162 "http://aceitunaslosada.com/wp-content/cache/page_enhanced/www.aceitunaslosada.com/oini3t97mra8fi/list-grid/index.php" "Mozilla/5.0 (Windows NT 10.0; Win64; x64) AppleWebKit/537.36 (KHTML, like Gecko) Chrome/58.0.3029.110 Safari/537.3"
80.97.160.132 - - [26/Sep/2025:01:45:01 +0000] "GET /wp-content/cache/db/options/5b4/embeds/index.php HTTP/1.1" 301 162 "http://aceitunaslosada.com/wp-content/cache/db/options/5b4/embeds/index.php" "Mozilla/5.0 (Windows NT 10.0; Win64; x64) AppleWebKit/537.36 (KHTML, like Gecko) Chrome/58.0.3029.110 Safari/537.3"
80.97.160.132 - - [26/Sep/2025:01:45:12 +0000] "POST /wp-content/cache/db/options/5b4/embeds/index.php HTTP/1.1" 301 162 "http://aceitunaslosada.com/wp-content/cache/db/options/5b4/embeds/index.php" "Mozilla/5.0 (Windows NT 10.0; Win64; x64) AppleWebKit/537.36 (KHTML, like Gecko) Chrome/58.0.3029.110 Safari/537.3"
80.97.160.132 - - [26/Sep/2025:01:45:17 +0000] "POST /wp-content/cache/db/options/5b4/embeds/index.php HTTP/1.1" 301 162 "http://aceitunaslosada.com/wp-content/cache/db/options/5b4/embeds/index.php" "Mozilla/5.0 (Windows NT 10.0; Win64; x64) AppleWebKit/537.36 (KHTML, like Gecko) Chrome/58.0.3029.110 Safari/537.3"
80.97.160.132 - - [26/Sep/2025:01:45:21 +0000] "GET /wp-content/cache/db/options/5b4/embeds/wp-login.php HTTP/1.1" 301 162 "http://aceitunaslosada.com/wp-content/cache/db/options/5b4/embeds/wp-login.php" "Mozilla/5.0 (Windows NT 10.0; Win64; x64) AppleWebKit/537.36 (KHTML, like Gecko) Chrome/58.0.3029.110 Safari/537.3"
80.97.160.132 - - [26/Sep/2025:01:45:25 +0000] "POST /wp-content/cache/db/options/5b4/embeds/index.php HTTP/1.1" 301 162 "http://aceitunaslosada.com/wp-content/cache/db/options/5b4/embeds/index.php" "Mozilla/5.0 (Windows NT 10.0; Win64; x64) AppleWebKit/537.36 (KHTML, like Gecko) Chrome/58.0.3029.110 Safari/537.3"
80.97.160.132 - - [26/Sep/2025:01:45:28 +0000] "GET /wp-content/cache/db/options/5b4/embeds/ex.php HTTP/1.1" 301 162 "http://aceitunaslosada.com/wp-content/cache/db/options/5b4/embeds/ex.php" "Mozilla/5.0 (Windows NT 10.0; Win64; x64) AppleWebKit/537.36 (KHTML, like Gecko) Chrome/58.0.3029.110 Safari/537.3"
80.97.160.132 - - [26/Sep/2025:01:45:32 +0000] "POST /wp-content/cache/db/options/5b4/embeds/index.php HTTP/1.1" 301 162 "http://aceitunaslosada.com/wp-content/cache/db/options/5b4/embeds/index.php" "Mozilla/5.0 (Windows NT 10.0; Win64; x64) AppleWebKit/537.36 (KHTML, like Gecko) Chrome/58.0.3029.110 Safari/537.3"
80.97.160.132 - - [26/Sep/2025:01:45:36 +0000] "GET /wp-content/cache/db/options/5b4/embeds/radio.php HTTP/1.1" 301 162 "http://aceitunaslosada.com/wp-content/cache/db/options/5b4/embeds/radio.php" "Mozilla/5.0 (Windows NT 10.0; Win64; x64) AppleWebKit/537.36 (KHTML, like Gecko) Chrome/58.0.3029.110 Safari/537.3"
80.97.160.132 - - [26/Sep/2025:01:45:41 +0000] "POST /wp-content/cache/db/options/5b4/embeds/index.php HTTP/1.1" 301 162 "http://aceitunaslosada.com/wp-content/cache/db/options/5b4/embeds/index.php" "Mozilla/5.0 (Windows NT 10.0; Win64; x64) AppleWebKit/537.36 (KHTML, like Gecko) Chrome/58.0.3029.110 Safari/537.3"
80.97.160.132 - - [26/Sep/2025:01:45:44 +0000] "GET /wp-content/cache/db/options/5b4/embeds/inputs.php HTTP/1.1" 301 162 "http://aceitunaslosada.com/wp-content/cache/db/options/5b4/embeds/inputs.php" "Mozilla/5.0 (Windows NT 10.0; Win64; x64) AppleWebKit/537.36 (KHTML, like Gecko) Chrome/58.0.3029.110 Safari/537.3"
80.97.160.132 - - [26/Sep/2025:01:45:46 +0000] "POST /wp-content/cache/db/options/5b4/embeds/index.php HTTP/1.1" 301 162 "http://aceitunaslosada.com/wp-content/cache/db/options/5b4/embeds/index.php" "Mozilla/5.0 (Windows NT 10.0; Win64; x64) AppleWebKit/537.36 (KHTML, like Gecko) Chrome/58.0.3029.110 Safari/537.3"
80.97.160.132 - - [26/Sep/2025:01:45:48 +0000] "GET /wp-content/cache/db/options/5b4/embeds/about.php HTTP/1.1" 301 162 "http://aceitunaslosada.com/wp-content/cache/db/options/5b4/embeds/about.php" "Mozilla/5.0 (Windows NT 10.0; Win64; x64) AppleWebKit/537.36 (KHTML, like Gecko) Chrome/58.0.3029.110 Safari/537.3"
80.97.160.132 - - [26/Sep/2025:01:45:52 +0000] "POST /wp-content/cache/db/options/5b4/embeds/index.php HTTP/1.1" 301 162 "http://aceitunaslosada.com/wp-content/cache/db/options/5b4/embeds/index.php" "Mozilla/5.0 (Windows NT 10.0; Win64; x64) AppleWebKit/537.36 (KHTML, like Gecko) Chrome/58.0.3029.110 Safari/537.3"
80.97.160.132 - - [26/Sep/2025:01:45:56 +0000] "GET /wp-content/cache/db/options/5b4/embeds/pages.php HTTP/1.1" 301 162 "http://aceitunaslosada.com/wp-content/cache/db/options/5b4/embeds/pages.php" "Mozilla/5.0 (Windows NT 10.0; Win64; x64) AppleWebKit/537.36 (KHTML, like Gecko) Chrome/58.0.3029.110 Safari/537.3"
80.97.160.132 - - [26/Sep/2025:01:46:03 +0000] "GET /wp-content/cache/db/options/93f/galleries/index.php HTTP/1.1" 301 162 "http://aceitunaslosada.com/wp-content/cache/db/options/93f/galleries/index.php" "Mozilla/5.0 (Windows NT 10.0; Win64; x64) AppleWebKit/537.36 (KHTML, like Gecko) Chrome/58.0.3029.110 Safari/537.3"
80.97.160.132 - - [26/Sep/2025:01:46:09 +0000] "POST /wp-content/cache/db/options/93f/galleries/index.php HTTP/1.1" 301 162 "http://aceitunaslosada.com/wp-content/cache/db/options/93f/galleries/index.php" "Mozilla/5.0 (Windows NT 10.0; Win64; x64) AppleWebKit/537.36 (KHTML, like Gecko) Chrome/58.0.3029.110 Safari/537.3"
80.97.160.132 - - [26/Sep/2025:01:46:12 +0000] "POST /wp-content/cache/db/options/93f/galleries/index.php HTTP/1.1" 301 162 "http://aceitunaslosada.com/wp-content/cache/db/options/93f/galleries/index.php" "Mozilla/5.0 (Windows NT 10.0; Win64; x64) AppleWebKit/537.36 (KHTML, like Gecko) Chrome/58.0.3029.110 Safari/537.3"
80.97.160.132 - - [26/Sep/2025:01:46:16 +0000] "GET /wp-content/cache/db/options/93f/galleries/wp-login.php HTTP/1.1" 301 162 "http://aceitunaslosada.com/wp-content/cache/db/options/93f/galleries/wp-login.php" "Mozilla/5.0 (Windows NT 10.0; Win64; x64) AppleWebKit/537.36 (KHTML, like Gecko) Chrome/58.0.3029.110 Safari/537.3"
80.97.160.132 - - [26/Sep/2025:01:46:20 +0000] "POST /wp-content/cache/db/options/93f/galleries/index.php HTTP/1.1" 301 162 "http://aceitunaslosada.com/wp-content/cache/db/options/93f/galleries/index.php" "Mozilla/5.0 (Windows NT 10.0; Win64; x64) AppleWebKit/537.36 (KHTML, like Gecko) Chrome/58.0.3029.110 Safari/537.3"
80.97.160.132 - - [26/Sep/2025:01:46:24 +0000] "GET /wp-content/cache/db/options/93f/galleries/ex.php HTTP/1.1" 301 162 "http://aceitunaslosada.com/wp-content/cache/db/options/93f/galleries/ex.php" "Mozilla/5.0 (Windows NT 10.0; Win64; x64) AppleWebKit/537.36 (KHTML, like Gecko) Chrome/58.0.3029.110 Safari/537.3"
80.97.160.132 - - [26/Sep/2025:01:46:27 +0000] "POST /wp-content/cache/db/options/93f/galleries/index.php HTTP/1.1" 301 162 "http://aceitunaslosada.com/wp-content/cache/db/options/93f/galleries/index.php" "Mozilla/5.0 (Windows NT 10.0; Win64; x64) AppleWebKit/537.36 (KHTML, like Gecko) Chrome/58.0.3029.110 Safari/537.3"
80.97.160.132 - - [26/Sep/2025:01:46:30 +0000] "GET /wp-content/cache/db/options/93f/galleries/radio.php HTTP/1.1" 301 162 "http://aceitunaslosada.com/wp-content/cache/db/options/93f/galleries/radio.php" "Mozilla/5.0 (Windows NT 10.0; Win64; x64) AppleWebKit/537.36 (KHTML, like Gecko) Chrome/58.0.3029.110 Safari/537.3"
80.97.160.132 - - [26/Sep/2025:01:46:34 +0000] "POST /wp-content/cache/db/options/93f/galleries/index.php HTTP/1.1" 301 162 "http://aceitunaslosada.com/wp-content/cache/db/options/93f/galleries/index.php" "Mozilla/5.0 (Windows NT 10.0; Win64; x64) AppleWebKit/537.36 (KHTML, like Gecko) Chrome/58.0.3029.110 Safari/537.3"
80.97.160.132 - - [26/Sep/2025:01:46:38 +0000] "GET /wp-content/cache/db/options/93f/galleries/inputs.php HTTP/1.1" 301 162 "http://aceitunaslosada.com/wp-content/cache/db/options/93f/galleries/inputs.php" "Mozilla/5.0 (Windows NT 10.0; Win64; x64) AppleWebKit/537.36 (KHTML, like Gecko) Chrome/58.0.3029.110 Safari/537.3"
80.97.160.132 - - [26/Sep/2025:01:46:42 +0000] "POST /wp-content/cache/db/options/93f/galleries/index.php HTTP/1.1" 301 162 "http://aceitunaslosada.com/wp-content/cache/db/options/93f/galleries/index.php" "Mozilla/5.0 (Windows NT 10.0; Win64; x64) AppleWebKit/537.36 (KHTML, like Gecko) Chrome/58.0.3029.110 Safari/537.3"
80.97.160.132 - - [26/Sep/2025:01:46:47 +0000] "GET /wp-content/cache/db/options/93f/galleries/about.php HTTP/1.1" 301 162 "http://aceitunaslosada.com/wp-content/cache/db/options/93f/galleries/about.php" "Mozilla/5.0 (Windows NT 10.0; Win64; x64) AppleWebKit/537.36 (KHTML, like Gecko) Chrome/58.0.3029.110 Safari/537.3"
80.97.160.132 - - [26/Sep/2025:01:46:49 +0000] "POST /wp-content/cache/db/options/93f/galleries/index.php HTTP/1.1" 301 162 "http://aceitunaslosada.com/wp-content/cache/db/options/93f/galleries/index.php" "Mozilla/5.0 (Windows NT 10.0; Win64; x64) AppleWebKit/537.36 (KHTML, like Gecko) Chrome/58.0.3029.110 Safari/537.3"
80.97.160.132 - - [26/Sep/2025:01:46:52 +0000] "GET /wp-content/cache/db/options/93f/galleries/pages.php HTTP/1.1" 301 162 "http://aceitunaslosada.com/wp-content/cache/db/options/93f/galleries/pages.php" "Mozilla/5.0 (Windows NT 10.0; Win64; x64) AppleWebKit/537.36 (KHTML, like Gecko) Chrome/58.0.3029.110 Safari/537.3"
80.97.160.132 - - [26/Sep/2025:01:46:55 +0000] "GET /mah.php HTTP/1.1" 301 162 "http://aceitunaslosada.com/mah.php" "Mozilla/5.0 (Windows NT 10.0; Win64; x64) AppleWebKit/537.36 (KHTML, like Gecko) Chrome/58.0.3029.110 Safari/537.3"
80.97.160.132 - - [26/Sep/2025:01:46:57 +0000] "GET /product.php HTTP/1.1" 301 162 "http://aceitunaslosada.com/product.php" "Mozilla/5.0 (Windows NT 10.0; Win64; x64) AppleWebKit/537.36 (KHTML, like Gecko) Chrome/58.0.3029.110 Safari/537.3"
80.97.160.132 - - [26/Sep/2025:01:46:59 +0000] "GET /options.php HTTP/1.1" 301 162 "http://aceitunaslosada.com/options.php" "Mozilla/5.0 (Windows NT 10.0; Win64; x64) AppleWebKit/537.36 (KHTML, like Gecko) Chrome/58.0.3029.110 Safari/537.3"
80.97.160.132 - - [26/Sep/2025:01:47:01 +0000] "POST /options.php HTTP/1.1" 301 162 "http://aceitunaslosada.com/options.php" "Mozilla/5.0 (Windows NT 10.0; Win64; x64) AppleWebKit/537.36 (KHTML, like Gecko) Chrome/58.0.3029.110 Safari/537.3"
80.97.160.132 - - [26/Sep/2025:01:47:03 +0000] "GET /admin.php HTTP/1.1" 301 162 "http://aceitunaslosada.com/admin.php" "Mozilla/5.0 (Windows NT 10.0; Win64; x64) AppleWebKit/537.36 (KHTML, like Gecko) Chrome/58.0.3029.110 Safari/537.3"
80.97.160.132 - - [26/Sep/2025:01:47:10 +0000] "POST /admin.php HTTP/1.1" 301 162 "http://aceitunaslosada.com/admin.php" "Mozilla/5.0 (Windows NT 10.0; Win64; x64) AppleWebKit/537.36 (KHTML, like Gecko) Chrome/58.0.3029.110 Safari/537.3"
80.97.160.132 - - [26/Sep/2025:01:47:13 +0000] "POST /admin.php HTTP/1.1" 301 162 "http://aceitunaslosada.com/admin.php" "Mozilla/5.0 (Windows NT 10.0; Win64; x64) AppleWebKit/537.36 (KHTML, like Gecko) Chrome/58.0.3029.110 Safari/537.3"
80.97.160.132 - - [26/Sep/2025:01:47:15 +0000] "GET /wp-login.php HTTP/1.1" 301 162 "http://aceitunaslosada.com/wp-login.php" "Mozilla/5.0 (Windows NT 10.0; Win64; x64) AppleWebKit/537.36 (KHTML, like Gecko) Chrome/58.0.3029.110 Safari/537.3"
80.97.160.132 - - [26/Sep/2025:01:47:18 +0000] "POST /admin.php HTTP/1.1" 301 162 "http://aceitunaslosada.com/admin.php" "Mozilla/5.0 (Windows NT 10.0; Win64; x64) AppleWebKit/537.36 (KHTML, like Gecko) Chrome/58.0.3029.110 Safari/537.3"
80.97.160.132 - - [26/Sep/2025:01:47:22 +0000] "GET /ex.php HTTP/1.1" 301 162 "http://aceitunaslosada.com/ex.php" "Mozilla/5.0 (Windows NT 10.0; Win64; x64) AppleWebKit/537.36 (KHTML, like Gecko) Chrome/58.0.3029.110 Safari/537.3"
80.97.160.132 - - [26/Sep/2025:01:47:29 +0000] "POST /admin.php HTTP/1.1" 301 162 "http://aceitunaslosada.com/admin.php" "Mozilla/5.0 (Windows NT 10.0; Win64; x64) AppleWebKit/537.36 (KHTML, like Gecko) Chrome/58.0.3029.110 Safari/537.3"
80.97.160.132 - - [26/Sep/2025:01:47:57 +0000] "GET /radio.php HTTP/1.1" 301 162 "http://aceitunaslosada.com/radio.php" "Mozilla/5.0 (Windows NT 10.0; Win64; x64) AppleWebKit/537.36 (KHTML, like Gecko) Chrome/58.0.3029.110 Safari/537.3"
80.97.160.132 - - [26/Sep/2025:01:48:03 +0000] "POST /admin.php HTTP/1.1" 301 162 "http://aceitunaslosada.com/admin.php" "Mozilla/5.0 (Windows NT 10.0; Win64; x64) AppleWebKit/537.36 (KHTML, like Gecko) Chrome/58.0.3029.110 Safari/537.3"
80.97.160.132 - - [26/Sep/2025:01:48:05 +0000] "GET /inputs.php HTTP/1.1" 301 162 "http://aceitunaslosada.com/inputs.php" "Mozilla/5.0 (Windows NT 10.0; Win64; x64) AppleWebKit/537.36 (KHTML, like Gecko) Chrome/58.0.3029.110 Safari/537.3"
80.97.160.132 - - [26/Sep/2025:01:48:09 +0000] "POST /admin.php HTTP/1.1" 301 162 "http://aceitunaslosada.com/admin.php" "Mozilla/5.0 (Windows NT 10.0; Win64; x64) AppleWebKit/537.36 (KHTML, like Gecko) Chrome/58.0.3029.110 Safari/537.3"
80.97.160.132 - - [26/Sep/2025:01:48:12 +0000] "GET /about.php HTTP/1.1" 301 162 "http://aceitunaslosada.com/about.php" "Mozilla/5.0 (Windows NT 10.0; Win64; x64) AppleWebKit/537.36 (KHTML, like Gecko) Chrome/58.0.3029.110 Safari/537.3"
80.97.160.132 - - [26/Sep/2025:01:48:13 +0000] "POST /admin.php HTTP/1.1" 301 162 "http://aceitunaslosada.com/admin.php" "Mozilla/5.0 (Windows NT 10.0; Win64; x64) AppleWebKit/537.36 (KHTML, like Gecko) Chrome/58.0.3029.110 Safari/537.3"
80.97.160.132 - - [26/Sep/2025:01:48:15 +0000] "GET /pages.php HTTP/1.1" 301 162 "http://aceitunaslosada.com/pages.php" "Mozilla/5.0 (Windows NT 10.0; Win64; x64) AppleWebKit/537.36 (KHTML, like Gecko) Chrome/58.0.3029.110 Safari/537.3"
204.12.208.18 - - [26/Sep/2025:01:56:56 +0000] "GET /wp-content/plb692e7/index.php HTTP/1.1" 301 162 "http://aceitunaslosada.com/wp-content/plb692e7/index.php" "Mozilla/5.0 (Windows NT 5.1; rv:6.0) Gecko/20100101 Firefox/6.0"
204.12.208.18 - - [26/Sep/2025:01:57:16 +0000] "GET /wp-content/plb692e7/index.php HTTP/1.1" 301 162 "http://aceitunaslosada.com/wp-content/plb692e7/index.php" "Mozilla/5.0 (Windows NT 10.0; WOW64) AppleWebKit/537.36 (KHTML, like Gecko) Chrome/74.0.3729.131 Safari/537.36"
204.12.208.18 - - [26/Sep/2025:02:10:27 +0000] "GET /wp-content/plb692e7/index.php HTTP/1.1" 301 162 "http://aceitunaslosada.com/wp-content/plb692e7/index.php" "Mozilla/5.0 (Macintosh; U; Intel Mac OS X 10_5_5; ja-jp) AppleWebKit/525.26.2 (KHTML, like Gecko) Version/3.2 Safari/525.26.12"
204.12.208.18 - - [26/Sep/2025:02:24:25 +0000] "GET /wp-content/plb692e7/index.php HTTP/1.1" 301 162 "http://aceitunaslosada.com/wp-content/plb692e7/index.php" "Mozilla/5.0 (compatible; MSIE 10.0; Windows NT 6.2; WOW64; Trident/6.0)"
216.244.66.231 - - [26/Sep/2025:02:34:09 +0000] "GET /robots.txt HTTP/1.1" 301 162 "-" "Mozilla/5.0 (compatible; DotBot/1.2; +https://opensiteexplorer.org/dotbot; help@moz.com)"
13.79.87.25 - - [26/Sep/2025:02:36:49 +0000] "GET /wp-content/plugins/hellopress/wp_filemanager.php HTTP/1.1" 301 162 "-" "-"
