20.171.207.74 - - [24/Sep/2025:11:00:30 +0000] "GET /2020/10/08/nuevas-plantaciones/ HTTP/1.1" 301 162 "-" "Mozilla/5.0 AppleWebKit/537.36 (KHTML, like Gecko; compatible; GPTBot/1.2; +https://openai.com/gptbot)"
20.171.207.74 - - [24/Sep/2025:11:00:33 +0000] "GET /2020/07/24/el-desvareto/ HTTP/1.1" 301 162 "-" "Mozilla/5.0 AppleWebKit/537.36 (KHTML, like Gecko; compatible; GPTBot/1.2; +https://openai.com/gptbot)"
20.171.207.74 - - [24/Sep/2025:11:00:36 +0000] "GET /2022/02/24/gordal-variety-pairings/ HTTP/1.1" 301 162 "-" "Mozilla/5.0 AppleWebKit/537.36 (KHTML, like Gecko; compatible; GPTBot/1.2; +https://openai.com/gptbot)"
20.171.207.74 - - [24/Sep/2025:11:00:51 +0000] "GET /2020/10/13/finca-montegarrido-cc-z-e/ HTTP/1.1" 301 162 "-" "Mozilla/5.0 AppleWebKit/537.36 (KHTML, like Gecko; compatible; GPTBot/1.2; +https://openai.com/gptbot)"
20.171.207.74 - - [24/Sep/2025:11:00:57 +0000] "GET /proximos-retos/ HTTP/1.1" 301 162 "-" "Mozilla/5.0 AppleWebKit/537.36 (KHTML, like Gecko; compatible; GPTBot/1.2; +https://openai.com/gptbot)"
20.171.207.74 - - [24/Sep/2025:11:01:07 +0000] "GET /2022/02/24/manolo-marchena-master/ HTTP/1.1" 301 162 "-" "Mozilla/5.0 AppleWebKit/537.36 (KHTML, like Gecko; compatible; GPTBot/1.2; +https://openai.com/gptbot)"
20.171.207.74 - - [24/Sep/2025:11:01:12 +0000] "GET /2020/10/08/la-floracion/ HTTP/1.1" 301 162 "-" "Mozilla/5.0 AppleWebKit/537.36 (KHTML, like Gecko; compatible; GPTBot/1.2; +https://openai.com/gptbot)"
20.171.207.74 - - [24/Sep/2025:11:01:17 +0000] "GET /2020/10/13/100-natural-sin-conservantes/ HTTP/1.1" 301 162 "-" "Mozilla/5.0 AppleWebKit/537.36 (KHTML, like Gecko; compatible; GPTBot/1.2; +https://openai.com/gptbot)"
20.171.207.74 - - [24/Sep/2025:11:01:23 +0000] "GET /2020/10/06/nueva-linea-ecologica/ HTTP/1.1" 301 162 "-" "Mozilla/5.0 AppleWebKit/537.36 (KHTML, like Gecko; compatible; GPTBot/1.2; +https://openai.com/gptbot)"
20.171.207.74 - - [24/Sep/2025:11:01:27 +0000] "GET /desarrollo-varietal-2/ HTTP/1.1" 301 162 "-" "Mozilla/5.0 AppleWebKit/537.36 (KHTML, like Gecko; compatible; GPTBot/1.2; +https://openai.com/gptbot)"
20.171.207.74 - - [24/Sep/2025:11:01:30 +0000] "GET /2022/02/17/pensamiento-organico/ HTTP/1.1" 301 162 "-" "Mozilla/5.0 AppleWebKit/537.36 (KHTML, like Gecko; compatible; GPTBot/1.2; +https://openai.com/gptbot)"
20.171.207.74 - - [24/Sep/2025:11:01:36 +0000] "GET /gordal/ HTTP/1.1" 301 162 "-" "Mozilla/5.0 AppleWebKit/537.36 (KHTML, like Gecko; compatible; GPTBot/1.2; +https://openai.com/gptbot)"
20.171.207.74 - - [24/Sep/2025:11:01:42 +0000] "GET /nuevas-plantaciones/ HTTP/1.1" 301 162 "-" "Mozilla/5.0 AppleWebKit/537.36 (KHTML, like Gecko; compatible; GPTBot/1.2; +https://openai.com/gptbot)"
20.171.207.74 - - [24/Sep/2025:11:01:46 +0000] "GET /productos/ HTTP/1.1" 301 162 "-" "Mozilla/5.0 AppleWebKit/537.36 (KHTML, like Gecko; compatible; GPTBot/1.2; +https://openai.com/gptbot)"
20.171.207.74 - - [24/Sep/2025:11:01:49 +0000] "GET /2022/02/24/thinking-organic/ HTTP/1.1" 301 162 "-" "Mozilla/5.0 AppleWebKit/537.36 (KHTML, like Gecko; compatible; GPTBot/1.2; +https://openai.com/gptbot)"
20.171.207.74 - - [24/Sep/2025:11:01:52 +0000] "GET /contacto/ HTTP/1.1" 301 162 "-" "Mozilla/5.0 AppleWebKit/537.36 (KHTML, like Gecko; compatible; GPTBot/1.2; +https://openai.com/gptbot)"
20.171.207.74 - - [24/Sep/2025:11:02:04 +0000] "GET /carrito/ HTTP/1.1" 301 162 "-" "Mozilla/5.0 AppleWebKit/537.36 (KHTML, like Gecko; compatible; GPTBot/1.2; +https://openai.com/gptbot)"
20.171.207.74 - - [24/Sep/2025:11:02:08 +0000] "GET /2022/01/10/61-%c2%b7-21-tributo-al-60o-aniversario-de-aceitunas-losada/ HTTP/1.1" 301 162 "-" "Mozilla/5.0 AppleWebKit/537.36 (KHTML, like Gecko; compatible; GPTBot/1.2; +https://openai.com/gptbot)"
20.171.207.74 - - [24/Sep/2025:11:03:27 +0000] "GET /cornicabra/ HTTP/1.1" 301 162 "-" "Mozilla/5.0 AppleWebKit/537.36 (KHTML, like Gecko; compatible; GPTBot/1.2; +https://openai.com/gptbot)"
20.171.207.74 - - [24/Sep/2025:11:03:56 +0000] "GET /2020/10/06/proyecto-low-salt/ HTTP/1.1" 301 162 "-" "Mozilla/5.0 AppleWebKit/537.36 (KHTML, like Gecko; compatible; GPTBot/1.2; +https://openai.com/gptbot)"
20.171.207.74 - - [24/Sep/2025:11:04:41 +0000] "GET /2020/11/04/calidad/ HTTP/1.1" 301 162 "-" "Mozilla/5.0 AppleWebKit/537.36 (KHTML, like Gecko; compatible; GPTBot/1.2; +https://openai.com/gptbot)"
178.128.105.210 - - [24/Sep/2025:11:05:32 +0000] "GET / HTTP/1.1" 301 162 "-" "Mozilla/5.0 (Windows NT 10.0; Win64; x64) AppleWebKit/537.36 (KHTML, like Gecko) Chrome/80.0.3987.149 Safari/537.36"
20.171.207.74 - - [24/Sep/2025:11:07:53 +0000] "GET /2020/10/13/super-intensivo-de-arbequina/%20 HTTP/1.1" 301 162 "-" "Mozilla/5.0 AppleWebKit/537.36 (KHTML, like Gecko; compatible; GPTBot/1.2; +https://openai.com/gptbot)"
20.171.207.74 - - [24/Sep/2025:11:09:28 +0000] "GET /origen-2/ HTTP/1.1" 301 162 "-" "Mozilla/5.0 AppleWebKit/537.36 (KHTML, like Gecko; compatible; GPTBot/1.2; +https://openai.com/gptbot)"
20.171.207.74 - - [24/Sep/2025:11:11:12 +0000] "GET /politica-de-cookies/ HTTP/1.1" 301 162 "-" "Mozilla/5.0 AppleWebKit/537.36 (KHTML, like Gecko; compatible; GPTBot/1.2; +https://openai.com/gptbot)"
204.12.208.18 - - [24/Sep/2025:11:12:56 +0000] "GET /wp-content/plb692e7/index.php HTTP/1.1" 301 162 "http://aceitunaslosada.com/wp-content/plb692e7/index.php" "Mozilla/5.0 (Macintosh; U; PPC Mac OS X; ja-jp) AppleWebKit/523.10.6 (KHTML, like Gecko) Version/3.0.4 Safari/523.10.6"
204.12.208.18 - - [24/Sep/2025:11:13:16 +0000] "GET /wp-content/plb692e7/index.php HTTP/1.1" 301 162 "http://aceitunaslosada.com/wp-content/plb692e7/index.php" "Mozilla/5.0 (Windows NT 6.0; rv:7.0.1) Gecko/20100101 Firefox/7.0.1"
112.86.225.196 - - [24/Sep/2025:11:14:32 +0000] "GET / HTTP/1.1" 301 162 "-" "Sogou web spider/4.0(+http://www.sogou.com/docs/help/webmasters.htm#07)"
94.16.115.121 - - [24/Sep/2025:11:15:13 +0000] "GET / HTTP/1.1" 301 162 "aceitunaslosada.com" "Mozilla/5.0 (Linux; Android 8.0.0; SM-C9000) AppleWebKit/537.36 (KHTML, like Gecko) Chrome/81.0.4044.138 Mobile Safari/537.36"
20.171.207.74 - - [24/Sep/2025:11:19:50 +0000] "GET /2022/02/28/la-vie-en-rose/ HTTP/1.1" 301 162 "-" "Mozilla/5.0 AppleWebKit/537.36 (KHTML, like Gecko; compatible; GPTBot/1.2; +https://openai.com/gptbot)"
20.54.123.219 - - [24/Sep/2025:11:23:40 +0000] "GET /firma-losada/youtube.png HTTP/1.1" 301 162 "-" "Mozilla/5.0 (compatible; MSIE 10.0; Windows NT 6.2; WOW64; Trident/6.0)"
20.54.123.219 - - [24/Sep/2025:11:23:40 +0000] "GET /firma-losada/twitter.png HTTP/1.1" 301 162 "-" "Mozilla/5.0 (compatible; MSIE 10.0; Windows NT 6.2; WOW64; Trident/6.0)"
20.54.123.219 - - [24/Sep/2025:11:23:40 +0000] "GET /firma-losada/logo-losada-2.jpg HTTP/1.1" 301 162 "-" "Mozilla/5.0 (compatible; MSIE 10.0; Windows NT 6.2; WOW64; Trident/6.0)"
20.54.123.219 - - [24/Sep/2025:11:23:40 +0000] "GET /firma-losada/google_plus.png HTTP/1.1" 301 162 "-" "Mozilla/5.0 (compatible; MSIE 10.0; Windows NT 6.2; WOW64; Trident/6.0)"
20.54.123.219 - - [24/Sep/2025:11:23:40 +0000] "GET /firma-losada/facebook.png HTTP/1.1" 301 162 "-" "Mozilla/5.0 (compatible; MSIE 10.0; Windows NT 6.2; WOW64; Trident/6.0)"
20.54.123.219 - - [24/Sep/2025:11:23:40 +0000] "GET /firma-losada/pinterest.png HTTP/1.1" 301 162 "-" "Mozilla/5.0 (compatible; MSIE 10.0; Windows NT 6.2; WOW64; Trident/6.0)"
204.12.208.18 - - [24/Sep/2025:11:27:59 +0000] "GET /wp-content/plb692e7/index.php HTTP/1.1" 301 162 "http://aceitunaslosada.com/wp-content/plb692e7/index.php" "Mozilla/5.0 (Windows NT 5.1) AppleWebKit/534.30 (KHTML, like Gecko) Chrome/12.0.742.122 Safari/534.30 ChromePlus/1.6.3.1"
20.54.123.219 - - [24/Sep/2025:11:29:49 +0000] "GET /firma-losada/facebook.png HTTP/1.1" 301 162 "-" "Mozilla/5.0 (compatible; MSIE 10.0; Windows NT 6.2; WOW64; Trident/6.0)"
20.54.123.219 - - [24/Sep/2025:11:29:49 +0000] "GET /firma-losada/google_plus.png HTTP/1.1" 301 162 "-" "Mozilla/5.0 (compatible; MSIE 10.0; Windows NT 6.2; WOW64; Trident/6.0)"
20.54.123.219 - - [24/Sep/2025:11:29:49 +0000] "GET /firma-losada/pinterest.png HTTP/1.1" 301 162 "-" "Mozilla/5.0 (compatible; MSIE 10.0; Windows NT 6.2; WOW64; Trident/6.0)"
20.54.123.219 - - [24/Sep/2025:11:29:49 +0000] "GET /firma-losada/logo-losada-2.jpg HTTP/1.1" 301 162 "-" "Mozilla/5.0 (compatible; MSIE 10.0; Windows NT 6.2; WOW64; Trident/6.0)"
20.54.123.219 - - [24/Sep/2025:11:29:49 +0000] "GET /firma-losada/twitter.png HTTP/1.1" 301 162 "-" "Mozilla/5.0 (compatible; MSIE 10.0; Windows NT 6.2; WOW64; Trident/6.0)"
20.54.123.219 - - [24/Sep/2025:11:29:49 +0000] "GET /firma-losada/youtube.png HTTP/1.1" 301 162 "-" "Mozilla/5.0 (compatible; MSIE 10.0; Windows NT 6.2; WOW64; Trident/6.0)"
20.171.207.74 - - [24/Sep/2025:11:29:57 +0000] "GET /2020/10/06/proyecto-low-salt/%20 HTTP/1.1" 301 162 "-" "Mozilla/5.0 AppleWebKit/537.36 (KHTML, like Gecko; compatible; GPTBot/1.2; +https://openai.com/gptbot)"
43.135.186.135 - - [24/Sep/2025:11:31:46 +0000] "GET / HTTP/1.1" 301 162 "-" "Mozilla/5.0 (iPhone; CPU iPhone OS 13_2_3 like Mac OS X) AppleWebKit/605.1.15 (KHTML, like Gecko) Version/13.0.3 Mobile/15E148 Safari/604.1"
204.12.208.18 - - [24/Sep/2025:11:42:44 +0000] "GET /wp-content/plb692e7/index.php HTTP/1.1" 301 162 "http://aceitunaslosada.com/wp-content/plb692e7/index.php" "Mozilla/4.0 (compatible; MSIE 7.0; Windows NT 5.1; .NET CLR 1.1.4322; .NET CLR 2.0.50727)"
154.180.208.4 - - [24/Sep/2025:11:55:26 +0000] "GET / HTTP/1.1" 301 162 "-" "Mozilla/5.0 (Windows NT 10.0; Win64; x64) AppleWebKit/537.36 (KHTML, like Gecko) Chrome/140.0.0.0 Safari/537.36"
34.77.168.71 - - [24/Sep/2025:11:55:53 +0000] "GET /robots.txt HTTP/1.1" 301 162 "-" "Mozilla/5.0 (compatible; VelenPublicWebCrawler/1.0; +https://velen.io)"
204.12.208.18 - - [24/Sep/2025:11:57:24 +0000] "GET /wp-content/plb692e7/index.php HTTP/1.1" 301 162 "http://aceitunaslosada.com/wp-content/plb692e7/index.php" "Mozilla/5.0 (Macintosh; U; Intel Mac OS X 10_5_5; ja-jp) AppleWebKit/525.26.2 (KHTML, like Gecko) Version/3.2 Safari/525.26.12"
204.12.208.18 - - [24/Sep/2025:11:57:44 +0000] "GET /wp-content/plb692e7/index.php HTTP/1.1" 301 162 "http://aceitunaslosada.com/wp-content/plb692e7/index.php" "Mozilla/5.0 (compatible; MSIE 10.0; Windows NT 6.2; WOW64; Trident/6.0)"
216.244.66.231 - - [24/Sep/2025:12:05:15 +0000] "GET /robots.txt HTTP/1.1" 301 162 "-" "Mozilla/5.0 (compatible; DotBot/1.2; +https://opensiteexplorer.org/dotbot; help@moz.com)"
204.12.208.18 - - [24/Sep/2025:12:11:42 +0000] "GET /wp-content/plb692e7/index.php HTTP/1.1" 301 162 "http://aceitunaslosada.com/wp-content/plb692e7/index.php" "Mozilla/5.0 (Windows NT 5.1) AppleWebKit/534.30 (KHTML, like Gecko) Chrome/12.0.742.122 Safari/534.30 ChromePlus/1.6.3.1"
204.12.208.18 - - [24/Sep/2025:12:12:02 +0000] "GET /wp-content/plb692e7/index.php HTTP/1.1" 301 162 "http://aceitunaslosada.com/wp-content/plb692e7/index.php" "Mozilla/5.0 (Macintosh; U; Intel Mac OS X 10_6_3; ja-jp) AppleWebKit/531.21.11 (KHTML, like Gecko) Version/4.0.4 Safari/531.21.10"
20.171.207.74 - - [24/Sep/2025:12:19:02 +0000] "GET /AceitunasLosada/blog/ HTTP/1.1" 301 162 "-" "Mozilla/5.0 AppleWebKit/537.36 (KHTML, like Gecko; compatible; GPTBot/1.2; +https://openai.com/gptbot)"
98.88.205.170 - - [24/Sep/2025:12:24:41 +0000] "GET / HTTP/1.1" 301 162 "-" "Mozilla/5.0 (X11; Linux x86_64) AppleWebKit/537.36 (KHTML, like Gecko) Chrome/124.0.0.0 Safari/537.36"
38.205.128.157 - - [24/Sep/2025:12:25:26 +0000] "GET / HTTP/1.1" 301 162 "-" "Mozilla/5.0 (Windows NT 10.0; Win64; x64) AppleWebKit/537.36 (KHTML, like Gecko) Chrome/139.0.0.0 Safari/537.36"
204.12.208.18 - - [24/Sep/2025:12:25:42 +0000] "GET /wp-content/plb692e7/index.php HTTP/1.1" 301 162 "http://aceitunaslosada.com/wp-content/plb692e7/index.php" "Mozilla/5.0 (compatible; MSIE 9.0; Windows NT 6.0; Trident/5.0)"
204.12.208.18 - - [24/Sep/2025:12:26:02 +0000] "GET /wp-content/plb692e7/index.php HTTP/1.1" 301 162 "http://aceitunaslosada.com/wp-content/plb692e7/index.php" "Mozilla/5.0 (Windows NT 5.1; rv:6.0) Gecko/20100101 Firefox/6.0"
20.171.207.74 - - [24/Sep/2025:12:33:26 +0000] "GET /carmona-mix-/?lang=en HTTP/1.1" 301 162 "-" "Mozilla/5.0 AppleWebKit/537.36 (KHTML, like Gecko; compatible; GPTBot/1.2; +https://openai.com/gptbot)"
85.10.202.88 - - [24/Sep/2025:12:33:37 +0000] "GET /2020/07/24/el-desvareto/?lang=fr HTTP/1.1" 301 162 "http://www.aceitunaslosada.com/2020/07/24/el-desvareto/?lang=fr" "crawler_eb_germany_2.0"
204.12.208.18 - - [24/Sep/2025:12:39:43 +0000] "GET /wp-content/plb692e7/index.php HTTP/1.1" 301 162 "http://aceitunaslosada.com/wp-content/plb692e7/index.php" "Mozilla/5.0 (Macintosh; U; Intel Mac OS X 10_5_5; ja-jp) AppleWebKit/525.26.2 (KHTML, like Gecko) Version/3.2 Safari/525.26.12"
85.10.202.88 - - [24/Sep/2025:12:40:39 +0000] "GET /2020/11/04/calidad/?lang=fr HTTP/1.1" 301 162 "http://www.aceitunaslosada.com/2020/11/04/calidad/?lang=fr" "crawler_eb_germany_2.0"
185.193.157.187 - - [24/Sep/2025:12:52:34 +0000] "GET / HTTP/1.1" 301 162 "-" "Mozilla/5.0 (Windows NT 10.0; Win64; x64) AppleWebKit/537.36 (KHTML, like Gecko) Chrome/78.0.3904.108 Safari/537.36"
204.12.208.18 - - [24/Sep/2025:12:53:53 +0000] "GET /wp-content/plb692e7/index.php HTTP/1.1" 301 162 "http://aceitunaslosada.com/wp-content/plb692e7/index.php" "Mozilla/5.0 (Macintosh; U; Intel Mac OS X 10_5_5; ja-jp) AppleWebKit/525.26.2 (KHTML, like Gecko) Version/3.2 Safari/525.26.12"
204.12.208.18 - - [24/Sep/2025:12:54:13 +0000] "GET /wp-content/plb692e7/index.php HTTP/1.1" 301 162 "http://aceitunaslosada.com/wp-content/plb692e7/index.php" "Mozilla/5.0 (Macintosh; Intel Mac OS X 10_6_8) AppleWebKit/534.24 (KHTML, like Gecko) Chrome/11.0.696.71 Safari/534.24"
204.12.208.18 - - [24/Sep/2025:13:07:48 +0000] "GET /wp-content/plb692e7/index.php HTTP/1.1" 301 162 "http://aceitunaslosada.com/wp-content/plb692e7/index.php" "Mozilla/5.0 (Macintosh; U; Intel Mac OS X 10_5_6; ja-jp) AppleWebKit/528.16 (KHTML, like Gecko) Version/4.0 Safari/528.16"
204.12.208.18 - - [24/Sep/2025:13:08:08 +0000] "GET /wp-content/plb692e7/index.php HTTP/1.1" 301 162 "http://aceitunaslosada.com/wp-content/plb692e7/index.php" "Mozilla/5.0 (Macintosh; Intel Mac OS X 10_6_8) AppleWebKit/534.30 (KHTML, like Gecko) Chrome/12.0.742.112 Safari/534.30"
204.12.208.18 - - [24/Sep/2025:13:21:37 +0000] "GET /wp-content/plb692e7/index.php HTTP/1.1" 301 162 "http://aceitunaslosada.com/wp-content/plb692e7/index.php" "Mozilla/5.0 (Windows NT 6.1; WOW64) AppleWebKit/535.1 (KHTML, like Gecko) Chrome/14.0.835.202 Safari/535.1"
204.12.208.18 - - [24/Sep/2025:13:34:44 +0000] "GET /wp-content/plb692e7/index.php HTTP/1.1" 301 162 "http://aceitunaslosada.com/wp-content/plb692e7/index.php" "Mozilla/5.0 (compatible; MSIE 9.0; Windows NT 6.1; WOW64; Trident/5.0; Sleipnir/2.9.8)"
204.12.208.18 - - [24/Sep/2025:13:35:04 +0000] "GET /wp-content/plb692e7/index.php HTTP/1.1" 301 162 "http://aceitunaslosada.com/wp-content/plb692e7/index.php" "Mozilla/5.0 (Macintosh; U; Intel Mac OS X; ja-jp) AppleWebKit/523.10.3 (KHTML, like Gecko) Version/3.0.4 Safari/523.10"
204.12.208.18 - - [24/Sep/2025:13:48:14 +0000] "GET /wp-content/plb692e7/index.php HTTP/1.1" 301 162 "http://aceitunaslosada.com/wp-content/plb692e7/index.php" "Mozilla/5.0 (Macintosh; Intel Mac OS X 10_6_8) AppleWebKit/535.7 (KHTML, like Gecko) Chrome/16.0.912.75 Safari/535.7"
20.54.123.219 - - [24/Sep/2025:13:48:28 +0000] "GET /firma-losada/twitter.png HTTP/1.1" 301 162 "-" "Mozilla/5.0 (compatible; MSIE 10.0; Windows NT 6.2; WOW64; Trident/6.0)"
20.54.123.219 - - [24/Sep/2025:13:48:28 +0000] "GET /firma-losada/logo-losada-2.jpg HTTP/1.1" 301 162 "-" "Mozilla/5.0 (compatible; MSIE 10.0; Windows NT 6.2; WOW64; Trident/6.0)"
20.54.123.219 - - [24/Sep/2025:13:48:28 +0000] "GET /firma-losada/facebook.png HTTP/1.1" 301 162 "-" "Mozilla/5.0 (compatible; MSIE 10.0; Windows NT 6.2; WOW64; Trident/6.0)"
20.54.123.219 - - [24/Sep/2025:13:48:28 +0000] "GET /firma-losada/youtube.png HTTP/1.1" 301 162 "-" "Mozilla/5.0 (compatible; MSIE 10.0; Windows NT 6.2; WOW64; Trident/6.0)"
20.54.123.219 - - [24/Sep/2025:13:48:28 +0000] "GET /firma-losada/pinterest.png HTTP/1.1" 301 162 "-" "Mozilla/5.0 (compatible; MSIE 10.0; Windows NT 6.2; WOW64; Trident/6.0)"
20.54.123.219 - - [24/Sep/2025:13:48:28 +0000] "GET /firma-losada/google_plus.png HTTP/1.1" 301 162 "-" "Mozilla/5.0 (compatible; MSIE 10.0; Windows NT 6.2; WOW64; Trident/6.0)"
116.179.32.68 - - [24/Sep/2025:13:55:41 +0000] "GET /?lang=en HTTP/1.1" 301 162 "-" "Mozilla/5.0 (compatible; Baiduspider/2.0; +http://www.baidu.com/search/spider.html)"
202.238.194.242 - - [24/Sep/2025:13:58:31 +0000] "GET /wp- HTTP/1.1" 301 162 "-" "Mozilla/5.0 (Windows NT 10.0; Win64; x64) AppleWebKit/537.36 (KHTML, like Gecko) Chrome/139.0.0.0 Safari/537.36"
204.12.208.18 - - [24/Sep/2025:14:02:04 +0000] "GET /wp-content/plb692e7/index.php HTTP/1.1" 301 162 "http://aceitunaslosada.com/wp-content/plb692e7/index.php" "Mozilla/5.0 (X11; Linux i686) AppleWebKit/535.2 (KHTML, like Gecko) Ubuntu/10.04 Chromium/15.0.874.106 Chrome/15.0.874.106 Safari/535.2"
204.12.208.18 - - [24/Sep/2025:14:02:24 +0000] "GET /wp-content/plb692e7/index.php HTTP/1.1" 301 162 "http://aceitunaslosada.com/wp-content/plb692e7/index.php" "Mozilla/4.0 (compatible; MSIE 7.0; Windows NT 6.0; SLCC1; .NET CLR 2.0.50727; Media Center PC 5.0; .NET CLR 3.0.04506)"
27.115.124.45 - - [24/Sep/2025:14:04:59 +0000] "GET / HTTP/1.1" 301 162 "-" "Mozilla/5.0 (Linux; Android 10; HUAWEI P30 Pro) AppleWebKit/537.36 (KHTML, like Gecko) Chrome/89.0.4389.105 Mobile Safari/537.36"
27.115.124.101 - - [24/Sep/2025:14:05:08 +0000] "GET /wp- HTTP/1.1" 301 162 "-" "Mozilla/5.0 (Linux; Android 11; V2055A) AppleWebKit/537.36 (KHTML, like Gecko) Chrome/91.0.4472.101 Mobile Safari/537.36"
142.250.32.6 - - [24/Sep/2025:14:11:38 +0000] "GET /firma-losada/youtube.png HTTP/1.1" 301 162 "-" "Mozilla/5.0 (Windows NT 5.1; rv:11.0) Gecko Firefox/11.0 (via ggpht.com GoogleImageProxy)"
142.250.32.7 - - [24/Sep/2025:14:11:38 +0000] "GET /firma-losada/pinterest.png HTTP/1.1" 301 162 "-" "Mozilla/5.0 (Windows NT 5.1; rv:11.0) Gecko Firefox/11.0 (via ggpht.com GoogleImageProxy)"
142.250.32.6 - - [24/Sep/2025:14:11:38 +0000] "GET /firma-losada/google_plus.png HTTP/1.1" 301 162 "-" "Mozilla/5.0 (Windows NT 5.1; rv:11.0) Gecko Firefox/11.0 (via ggpht.com GoogleImageProxy)"
142.250.32.7 - - [24/Sep/2025:14:11:38 +0000] "GET /firma-losada/logo-losada-2.jpg HTTP/1.1" 301 162 "-" "Mozilla/5.0 (Windows NT 5.1; rv:11.0) Gecko Firefox/11.0 (via ggpht.com GoogleImageProxy)"
142.250.32.8 - - [24/Sep/2025:14:11:38 +0000] "GET /firma-losada/twitter.png HTTP/1.1" 301 162 "-" "Mozilla/5.0 (Windows NT 5.1; rv:11.0) Gecko Firefox/11.0 (via ggpht.com GoogleImageProxy)"
142.250.32.6 - - [24/Sep/2025:14:11:38 +0000] "GET /firma-losada/facebook.png HTTP/1.1" 301 162 "-" "Mozilla/5.0 (Windows NT 5.1; rv:11.0) Gecko Firefox/11.0 (via ggpht.com GoogleImageProxy)"
101.42.117.179 - - [24/Sep/2025:14:12:08 +0000] "GET / HTTP/1.1" 301 162 "-" "Mozilla/5.0 (iPhone; CPU iPhone OS 13_2_3 like Mac OS X) AppleWebKit/605.1.15 (KHTML, like Gecko) Version/13.0.3 Mobile/15E148 Safari/604.1"
204.12.208.18 - - [24/Sep/2025:14:15:46 +0000] "GET /wp-content/plb692e7/index.php HTTP/1.1" 301 162 "http://aceitunaslosada.com/wp-content/plb692e7/index.php" "Mozilla/5.0 (Macintosh; Intel Mac OS X 10_6_8) AppleWebKit/535.7 (KHTML, like Gecko) Chrome/16.0.912.75 Safari/535.7"
204.12.208.18 - - [24/Sep/2025:14:16:18 +0000] "GET /wp-content/plb692e7/index.php HTTP/1.1" 301 162 "http://aceitunaslosada.com/wp-content/plb692e7/index.php" "Mozilla/5.0 (Windows NT 6.1) AppleWebKit/534.24 (KHTML, like Gecko) Chrome/11.0.696.65 Safari/534.24"
204.12.208.18 - - [24/Sep/2025:14:17:34 +0000] "GET /wp-content/plb692e7/index.php HTTP/1.1" 301 162 "http://aceitunaslosada.com/wp-content/plb692e7/index.php" "Mozilla/5.0 (Macintosh; Intel Mac OS X 10_6_8) AppleWebKit/534.24 (KHTML, like Gecko) Iron/11.0.700.2 Chrome/11.0.700.2 Safari/534.24"
43.157.175.122 - - [24/Sep/2025:14:20:13 +0000] "GET / HTTP/1.1" 301 162 "-" "Mozilla/5.0 (iPhone; CPU iPhone OS 13_2_3 like Mac OS X) AppleWebKit/605.1.15 (KHTML, like Gecko) Version/13.0.3 Mobile/15E148 Safari/604.1"
204.12.208.18 - - [24/Sep/2025:14:29:38 +0000] "GET /wp-content/plb692e7/index.php HTTP/1.1" 301 162 "http://aceitunaslosada.com/wp-content/plb692e7/index.php" "Mozilla/5.0 (Macintosh; Intel Mac OS X 10_6_8) AppleWebKit/534.52.7 (KHTML, like Gecko) Version/5.1.2 Safari/534.52.7"
66.249.79.8 - - [24/Sep/2025:14:35:46 +0000] "GET /ads.txt HTTP/1.1" 301 162 "-" "Mozilla/5.0 (compatible; Googlebot/2.1; +http://www.google.com/bot.html)"
112.86.225.187 - - [24/Sep/2025:14:41:16 +0000] "GET / HTTP/1.1" 301 162 "-" "Sogou web spider/4.0(+http://www.sogou.com/docs/help/webmasters.htm#07)"
74.208.167.104 - - [24/Sep/2025:14:41:17 +0000] "GET /chosen.php?p= HTTP/1.1" 301 162 "-" "Mozlila/5.0 (Linux; Android 7.0; SM-G892A Bulid/NRD90M; wv) AppleWebKit/537.36 (KHTML, like Gecko) Version/4.0 Chrome/60.0.3112.107 Moblie Safari/537.36"
204.12.208.18 - - [24/Sep/2025:14:43:35 +0000] "GET /wp-content/plb692e7/index.php HTTP/1.1" 301 162 "http://aceitunaslosada.com/wp-content/plb692e7/index.php" "Opera/9.80 (Macintosh; Intel Mac OS X 10.6.8; U; ja) Presto/2.10.289 Version/12.00"
180.102.110.145 - - [24/Sep/2025:14:48:01 +0000] "GET / HTTP/1.1" 301 162 "-" "Sogou web spider/4.0(+http://www.sogou.com/docs/help/webmasters.htm#07)"
74.208.167.104 - - [24/Sep/2025:14:49:56 +0000] "GET /wp-content/plugins/core/include.php HTTP/1.1" 301 162 "-" "Mozlila/5.0 (Linux; Android 7.0; SM-G892A Bulid/NRD90M; wv) AppleWebKit/537.36 (KHTML, like Gecko) Version/4.0 Chrome/60.0.3112.107 Moblie Safari/537.36"
74.208.167.104 - - [24/Sep/2025:14:50:00 +0000] "GET /ws.php HTTP/1.1" 301 162 "-" "Mozlila/5.0 (Linux; Android 7.0; SM-G892A Bulid/NRD90M; wv) AppleWebKit/537.36 (KHTML, like Gecko) Version/4.0 Chrome/60.0.3112.107 Moblie Safari/537.36"
74.208.167.104 - - [24/Sep/2025:14:50:02 +0000] "GET /404.php HTTP/1.1" 301 162 "-" "Mozlila/5.0 (Linux; Android 7.0; SM-G892A Bulid/NRD90M; wv) AppleWebKit/537.36 (KHTML, like Gecko) Version/4.0 Chrome/60.0.3112.107 Moblie Safari/537.36"
74.208.167.104 - - [24/Sep/2025:14:50:04 +0000] "GET /wp.php HTTP/1.1" 301 162 "-" "Mozlila/5.0 (Linux; Android 7.0; SM-G892A Bulid/NRD90M; wv) AppleWebKit/537.36 (KHTML, like Gecko) Version/4.0 Chrome/60.0.3112.107 Moblie Safari/537.36"
74.208.167.104 - - [24/Sep/2025:14:50:06 +0000] "GET /wp-head.php HTTP/1.1" 301 162 "-" "Mozlila/5.0 (Linux; Android 7.0; SM-G892A Bulid/NRD90M; wv) AppleWebKit/537.36 (KHTML, like Gecko) Version/4.0 Chrome/60.0.3112.107 Moblie Safari/537.36"
190.16.237.208 - - [24/Sep/2025:14:50:07 +0000] "GET /wp-json/wp/v2/posts HTTP/1.1" 301 162 "-" "Mozilla/5.0 (Windows NT 10.0; Win64; x64) AppleWebKit/537.36 (KHTML, like Gecko) Chrome/120.0.0.0 Safari/537.36"
74.208.167.104 - - [24/Sep/2025:14:50:08 +0000] "GET /wp-includes/wp-class.php HTTP/1.1" 301 162 "-" "Mozlila/5.0 (Linux; Android 7.0; SM-G892A Bulid/NRD90M; wv) AppleWebKit/537.36 (KHTML, like Gecko) Version/4.0 Chrome/60.0.3112.107 Moblie Safari/537.36"
216.244.66.231 - - [24/Sep/2025:14:55:46 +0000] "GET /robots.txt HTTP/1.1" 301 162 "-" "Mozilla/5.0 (compatible; DotBot/1.2; +https://opensiteexplorer.org/dotbot; help@moz.com)"
204.12.208.18 - - [24/Sep/2025:14:57:36 +0000] "GET /wp-content/plb692e7/index.php HTTP/1.1" 301 162 "http://aceitunaslosada.com/wp-content/plb692e7/index.php" "Opera/9.80 (Windows NT 6.1; U; ja) Presto/2.9.168 Version/11.50"
204.12.208.18 - - [24/Sep/2025:15:11:16 +0000] "GET /wp-content/plb692e7/index.php HTTP/1.1" 301 162 "http://aceitunaslosada.com/wp-content/plb692e7/index.php" "Mozilla/5.0 (Macintosh; U; Intel Mac OS X 10_6_2; ja-jp) AppleWebKit/531.21.8 (KHTML, like Gecko) Version/4.0.4 Safari/531.21.10"
52.167.144.56 - - [24/Sep/2025:15:14:04 +0000] "GET /robots.txt HTTP/1.1" 301 162 "-" "Mozilla/5.0 AppleWebKit/537.36 (KHTML, like Gecko; compatible; bingbot/2.0; +http://www.bing.com/bingbot.htm) Chrome/116.0.1938.76 Safari/537.36"
40.77.167.41 - - [24/Sep/2025:15:14:12 +0000] "GET /en/author/victor/ HTTP/1.1" 301 162 "-" "Mozilla/5.0 AppleWebKit/537.36 (KHTML, like Gecko; compatible; bingbot/2.0; +http://www.bing.com/bingbot.htm) Chrome/116.0.1938.76 Safari/537.36"
74.208.167.104 - - [24/Sep/2025:15:14:29 +0000] "GET /atomlib.php HTTP/1.1" 301 162 "-" "Mozlila/5.0 (Linux; Android 7.0; SM-G892A Bulid/NRD90M; wv) AppleWebKit/537.36 (KHTML, like Gecko) Version/4.0 Chrome/60.0.3112.107 Moblie Safari/537.36"
74.208.167.104 - - [24/Sep/2025:15:14:30 +0000] "GET /css.php HTTP/1.1" 301 162 "-" "Mozlila/5.0 (Linux; Android 7.0; SM-G892A Bulid/NRD90M; wv) AppleWebKit/537.36 (KHTML, like Gecko) Version/4.0 Chrome/60.0.3112.107 Moblie Safari/537.36"
74.208.167.104 - - [24/Sep/2025:15:14:31 +0000] "GET /simple.php HTTP/1.1" 301 162 "-" "Mozlila/5.0 (Linux; Android 7.0; SM-G892A Bulid/NRD90M; wv) AppleWebKit/537.36 (KHTML, like Gecko) Version/4.0 Chrome/60.0.3112.107 Moblie Safari/537.36"
74.208.167.104 - - [24/Sep/2025:15:14:32 +0000] "GET /wp-config.php HTTP/1.1" 301 162 "-" "Mozlila/5.0 (Linux; Android 7.0; SM-G892A Bulid/NRD90M; wv) AppleWebKit/537.36 (KHTML, like Gecko) Version/4.0 Chrome/60.0.3112.107 Moblie Safari/537.36"
74.208.167.104 - - [24/Sep/2025:15:14:33 +0000] "GET /bypass.php HTTP/1.1" 301 162 "-" "Mozlila/5.0 (Linux; Android 7.0; SM-G892A Bulid/NRD90M; wv) AppleWebKit/537.36 (KHTML, like Gecko) Version/4.0 Chrome/60.0.3112.107 Moblie Safari/537.36"
74.208.167.104 - - [24/Sep/2025:15:14:33 +0000] "GET /shell.php HTTP/1.1" 301 162 "-" "Mozlila/5.0 (Linux; Android 7.0; SM-G892A Bulid/NRD90M; wv) AppleWebKit/537.36 (KHTML, like Gecko) Version/4.0 Chrome/60.0.3112.107 Moblie Safari/537.36"
204.12.208.18 - - [24/Sep/2025:15:26:05 +0000] "GET /wp-content/plb692e7/index.php HTTP/1.1" 301 162 "http://aceitunaslosada.com/wp-content/plb692e7/index.php" "Mozilla/5.0 (Macintosh; U; PPC Mac OS X; ja-jp) AppleWebKit/523.12.2 (KHTML, like Gecko) Version/3.0.4 Safari/523.12.2"
204.12.208.18 - - [24/Sep/2025:15:26:25 +0000] "GET /wp-content/plb692e7/index.php HTTP/1.1" 301 162 "http://aceitunaslosada.com/wp-content/plb692e7/index.php" "Mozilla/4.0 (compatible; MSIE 8.0; Windows NT 5.1; Trident/4.0; EasyBits GO v1.0; InfoPath.1; .NET CLR 2.0.50727; .NET CLR 3.0.4506.2152; .NET CLR 3.5.30729)"
188.130.142.142 - - [24/Sep/2025:15:26:46 +0000] "GET /robots.txt HTTP/1.0" 301 162 "-" "Mozilla/5.0 (Windows NT 10.0; Win64; x64) AppleWebKit/537.36 (KHTML, like Gecko) Chrome/139.0.0.0 Safari/537.36/Nutch-1.21-SNAPSHOT"
188.130.142.142 - - [24/Sep/2025:15:26:48 +0000] "GET / HTTP/1.1" 301 162 "-" "Mozilla/5.0 (Windows NT 10.0; Win64; x64) AppleWebKit/537.36 (KHTML, like Gecko) Chrome/139.0.0.0 Safari/537.36/Nutch-1.21-SNAPSHOT"
20.54.93.67 - - [24/Sep/2025:15:39:46 +0000] "GET /firma-losada/facebook.png HTTP/1.1" 301 162 "-" "Mozilla/5.0 (compatible; MSIE 10.0; Windows NT 6.2; WOW64; Trident/6.0)"
20.54.93.67 - - [24/Sep/2025:15:39:46 +0000] "GET /firma-losada/youtube.png HTTP/1.1" 301 162 "-" "Mozilla/5.0 (compatible; MSIE 10.0; Windows NT 6.2; WOW64; Trident/6.0)"
20.54.93.67 - - [24/Sep/2025:15:39:46 +0000] "GET /firma-losada/logo-losada-2.jpg HTTP/1.1" 301 162 "-" "Mozilla/5.0 (compatible; MSIE 10.0; Windows NT 6.2; WOW64; Trident/6.0)"
20.54.93.67 - - [24/Sep/2025:15:39:46 +0000] "GET /firma-losada/twitter.png HTTP/1.1" 301 162 "-" "Mozilla/5.0 (compatible; MSIE 10.0; Windows NT 6.2; WOW64; Trident/6.0)"
20.54.93.67 - - [24/Sep/2025:15:39:46 +0000] "GET /firma-losada/pinterest.png HTTP/1.1" 301 162 "-" "Mozilla/5.0 (compatible; MSIE 10.0; Windows NT 6.2; WOW64; Trident/6.0)"
20.54.93.67 - - [24/Sep/2025:15:39:46 +0000] "GET /firma-losada/google_plus.png HTTP/1.1" 301 162 "-" "Mozilla/5.0 (compatible; MSIE 10.0; Windows NT 6.2; WOW64; Trident/6.0)"
204.12.208.18 - - [24/Sep/2025:15:40:14 +0000] "GET /wp-content/plb692e7/index.php HTTP/1.1" 301 162 "http://aceitunaslosada.com/wp-content/plb692e7/index.php" "Mozilla/5.0 (Macintosh; Intel Mac OS X 10_6_8) AppleWebKit/534.57.2 (KHTML, like Gecko) Version/5.1.7 Safari/534.57.2"
74.208.167.104 - - [24/Sep/2025:15:40:20 +0000] "GET /wp-content/themes/tflow/up.php HTTP/1.1" 301 162 "-" "Mozlila/5.0 (Linux; Android 7.0; SM-G892A Bulid/NRD90M; wv) AppleWebKit/537.36 (KHTML, like Gecko) Version/4.0 Chrome/60.0.3112.107 Moblie Safari/537.36"
74.208.167.104 - - [24/Sep/2025:15:40:24 +0000] "GET /wp-content/themes/wp-pridmag/up.php HTTP/1.1" 301 162 "-" "Mozlila/5.0 (Linux; Android 7.0; SM-G892A Bulid/NRD90M; wv) AppleWebKit/537.36 (KHTML, like Gecko) Version/4.0 Chrome/60.0.3112.107 Moblie Safari/537.36"
204.12.208.18 - - [24/Sep/2025:15:40:34 +0000] "GET /wp-content/plb692e7/index.php HTTP/1.1" 301 162 "http://aceitunaslosada.com/wp-content/plb692e7/index.php" "Mozilla/4.0 (compatible; MSIE 8.0; Windows NT 5.1; Trident/4.0; .NET CLR 2.0.50727; InfoPath.1"
54.163.106.229 - - [24/Sep/2025:15:41:20 +0000] "GET / HTTP/1.1" 301 162 "-" "axios/1.9.0"
185.177.72.24 - - [24/Sep/2025:15:42:27 +0000] "GET / HTTP/1.1" 301 162 "-" "python-httpx/0.28.1"
74.208.167.104 - - [24/Sep/2025:15:46:40 +0000] "GET /wp-content/themes/tflow/up.php HTTP/1.1" 301 162 "-" "Mozlila/5.0 (Linux; Android 7.0; SM-G892A Bulid/NRD90M; wv) AppleWebKit/537.36 (KHTML, like Gecko) Version/4.0 Chrome/60.0.3112.107 Moblie Safari/537.36"
74.208.167.104 - - [24/Sep/2025:15:46:46 +0000] "GET /wp-content/themes/wp-pridmag/up.php HTTP/1.1" 301 162 "-" "Mozlila/5.0 (Linux; Android 7.0; SM-G892A Bulid/NRD90M; wv) AppleWebKit/537.36 (KHTML, like Gecko) Version/4.0 Chrome/60.0.3112.107 Moblie Safari/537.36"
74.208.167.104 - - [24/Sep/2025:15:49:49 +0000] "GET /wzy.php?action=door123 HTTP/1.1" 301 162 "http://www.google.com" "Mozilla/5.0 (Linux; Android 7.0; SM-G892A Build/NRD90M; wv) AppleWebKit/537.36 (KHTML, like Gecko) Version/4.0 Chrome/60.0.3112.107 Mobile Safari/537.36"
74.208.167.104 - - [24/Sep/2025:15:51:35 +0000] "GET /xx.php HTTP/1.1" 301 162 "www.google.com" "Mozlila/5.0 (Linux; Android 7.0; SM-G892A Bulid/NRD90M; wv) AppleWebKit/537.36 (KHTML, like Gecko) Version/4.0 Chrome/60.0.3112.107 Moblie Safari/537.36"
74.208.167.104 - - [24/Sep/2025:15:53:33 +0000] "GET /wp-content/plugins/dummyyummy/wp-signup.php HTTP/1.1" 301 162 "www.google.com" "Mozlila/5.0 (Linux; Android 7.0; SM-G892A Bulid/NRD90M; wv) AppleWebKit/537.36 (KHTML, like Gecko) Version/4.0 Chrome/60.0.3112.107 Moblie Safari/537.36"
204.12.208.18 - - [24/Sep/2025:15:54:20 +0000] "GET /wp-content/plb692e7/index.php HTTP/1.1" 301 162 "http://aceitunaslosada.com/wp-content/plb692e7/index.php" "Mozilla/5.0 (Macintosh; U; PPC Mac OS X; ja-jp) AppleWebKit/522.11.1 (KHTML, like Gecko) Version/3.0.3 Safari/522.12.1"
66.249.79.133 - - [24/Sep/2025:16:02:27 +0000] "GET /robots.txt HTTP/1.1" 301 162 "-" "Mozilla/5.0 (compatible; Googlebot/2.1; +http://www.google.com/bot.html)"
66.249.79.133 - - [24/Sep/2025:16:02:28 +0000] "GET / HTTP/1.1" 301 162 "-" "Mozilla/5.0 (Linux; Android 6.0.1; Nexus 5X Build/MMB29P) AppleWebKit/537.36 (KHTML, like Gecko) Chrome/139.0.7258.127 Mobile Safari/537.36 (compatible; Googlebot/2.1; +http://www.google.com/bot.html)"
204.12.208.18 - - [24/Sep/2025:16:08:03 +0000] "GET /wp-content/plb692e7/index.php HTTP/1.1" 301 162 "http://aceitunaslosada.com/wp-content/plb692e7/index.php" "Mozilla/5.0 (X11; Linux i686) AppleWebKit/535.2 (KHTML, like Gecko) Ubuntu/10.04 Chromium/15.0.874.106 Chrome/15.0.874.106 Safari/535.2"
74.208.167.104 - - [24/Sep/2025:16:10:04 +0000] "GET /ioxi01.php HTTP/1.1" 301 162 "www.google.com" "Mozlila/5.0 (Linux; Android 7.0; SM-G892A Bulid/NRD90M; wv) AppleWebKit/537.36 (KHTML, like Gecko) Version/4.0 Chrome/60.0.3112.107 Moblie Safari/537.36"
74.208.167.104 - - [24/Sep/2025:16:12:38 +0000] "GET /.well-known/pki-validation/wp-login.php HTTP/1.1" 301 162 "www.google.com" "Mozlila/5.0 (Linux; Android 7.0; SM-G892A Bulid/NRD90M; wv) AppleWebKit/537.36 (KHTML, like Gecko) Version/4.0 Chrome/60.0.3112.107 Moblie Safari/537.36"
74.208.167.104 - - [24/Sep/2025:16:13:39 +0000] "GET /wso.php HTTP/1.1" 301 162 "-" "Mozlila/5.0 (Linux; Android 7.0; SM-G892A Bulid/NRD90M; wv) AppleWebKit/537.36 (KHTML, like Gecko) Version/4.0 Chrome/60.0.3112.107 Moblie Safari/537.36"
74.208.167.104 - - [24/Sep/2025:16:18:54 +0000] "GET /cong.php HTTP/1.1" 301 162 "www.google.com" "Mozlila/5.0 (Linux; Android 7.0; SM-G892A Bulid/NRD90M; wv) AppleWebKit/537.36 (KHTML, like Gecko) Version/4.0 Chrome/60.0.3112.107 Moblie Safari/537.36"
74.208.167.104 - - [24/Sep/2025:16:18:57 +0000] "GET /css/index.php HTTP/1.1" 301 162 "www.google.com" "Mozlila/5.0 (Linux; Android 7.0; SM-G892A Bulid/NRD90M; wv) AppleWebKit/537.36 (KHTML, like Gecko) Version/4.0 Chrome/60.0.3112.107 Moblie Safari/537.36"
43.173.179.238 - - [24/Sep/2025:16:21:26 +0000] "GET / HTTP/1.1" 301 162 "-" "Mozilla/5.0 (Windows NT 10.0; Win64; x64) AppleWebKit/537.36 (KHTML, like Gecko) Chrome/104.0.5112.81 Safari/537.36"
204.12.208.18 - - [24/Sep/2025:16:21:44 +0000] "GET /wp-content/plb692e7/index.php HTTP/1.1" 301 162 "http://aceitunaslosada.com/wp-content/plb692e7/index.php" "Mozilla/5.0 (Windows NT 6.0; rv:7.0.1) Gecko/20100101 Firefox/7.0.1"
74.208.167.104 - - [24/Sep/2025:16:32:34 +0000] "GET /wp-includes/sitemaps/providers/mariju.php HTTP/1.1" 301 162 "-" "Mozlila/5.0 (Linux; Android 7.0; SM-G892A Bulid/NRD90M; wv) AppleWebKit/537.36 (KHTML, like Gecko) Version/4.0 Chrome/60.0.3112.107 Moblie Safari/537.36"
74.208.167.104 - - [24/Sep/2025:16:32:37 +0000] "GET /wp-admin/css/colors/coffee/mariju.php HTTP/1.1" 301 162 "-" "Mozlila/5.0 (Linux; Android 7.0; SM-G892A Bulid/NRD90M; wv) AppleWebKit/537.36 (KHTML, like Gecko) Version/4.0 Chrome/60.0.3112.107 Moblie Safari/537.36"
74.208.167.104 - - [24/Sep/2025:16:32:40 +0000] "GET /cgi-bin/mariju.php HTTP/1.1" 301 162 "-" "Mozlila/5.0 (Linux; Android 7.0; SM-G892A Bulid/NRD90M; wv) AppleWebKit/537.36 (KHTML, like Gecko) Version/4.0 Chrome/60.0.3112.107 Moblie Safari/537.36"
74.208.167.104 - - [24/Sep/2025:16:32:44 +0000] "GET /wp-includes/IXR/mariju.php HTTP/1.1" 301 162 "-" "Mozlila/5.0 (Linux; Android 7.0; SM-G892A Bulid/NRD90M; wv) AppleWebKit/537.36 (KHTML, like Gecko) Version/4.0 Chrome/60.0.3112.107 Moblie Safari/537.36"
74.208.167.104 - - [24/Sep/2025:16:32:47 +0000] "GET /.well-known/acme-challenge/mariju.php HTTP/1.1" 301 162 "-" "Mozlila/5.0 (Linux; Android 7.0; SM-G892A Bulid/NRD90M; wv) AppleWebKit/537.36 (KHTML, like Gecko) Version/4.0 Chrome/60.0.3112.107 Moblie Safari/537.36"
74.208.167.104 - - [24/Sep/2025:16:32:50 +0000] "GET /images/mariju.php HTTP/1.1" 301 162 "-" "Mozlila/5.0 (Linux; Android 7.0; SM-G892A Bulid/NRD90M; wv) AppleWebKit/537.36 (KHTML, like Gecko) Version/4.0 Chrome/60.0.3112.107 Moblie Safari/537.36"
74.208.167.104 - - [24/Sep/2025:16:32:53 +0000] "GET /wp-includes/php-compat/mariju.php HTTP/1.1" 301 162 "-" "Mozlila/5.0 (Linux; Android 7.0; SM-G892A Bulid/NRD90M; wv) AppleWebKit/537.36 (KHTML, like Gecko) Version/4.0 Chrome/60.0.3112.107 Moblie Safari/537.36"
74.208.167.104 - - [24/Sep/2025:16:33:02 +0000] "GET /wp-admin/maint/mariju.php HTTP/1.1" 301 162 "-" "Mozlila/5.0 (Linux; Android 7.0; SM-G892A Bulid/NRD90M; wv) AppleWebKit/537.36 (KHTML, like Gecko) Version/4.0 Chrome/60.0.3112.107 Moblie Safari/537.36"
204.12.208.18 - - [24/Sep/2025:16:35:30 +0000] "GET /wp-content/plb692e7/index.php HTTP/1.1" 301 162 "http://aceitunaslosada.com/wp-content/plb692e7/index.php" "Mozilla/5.0 (Macintosh; Intel Mac OS X 10.5; rv:8.0.1) Gecko/20100101 Firefox/8.0.1"
204.12.208.18 - - [24/Sep/2025:16:49:23 +0000] "GET /wp-content/plb692e7/index.php HTTP/1.1" 301 162 "http://aceitunaslosada.com/wp-content/plb692e7/index.php" "Mozilla/5.0 (Macintosh; U; PPC Mac OS X; ja-jp) AppleWebKit/522.11.1 (KHTML, like Gecko) Version/3.0.3 Safari/522.12.1"
204.12.208.18 - - [24/Sep/2025:17:02:32 +0000] "GET /wp-content/plb692e7/index.php HTTP/1.1" 301 162 "http://aceitunaslosada.com/wp-content/plb692e7/index.php" "Mozilla/4.0 (compatible; MSIE 7.0; Windows NT 6.0; SLCC1; .NET CLR 2.0.50727; Media Center PC 5.0; .NET CLR 3.0.04506)"
216.244.66.231 - - [24/Sep/2025:17:12:30 +0000] "GET /robots.txt HTTP/1.1" 301 162 "-" "Mozilla/5.0 (compatible; DotBot/1.2; +https://opensiteexplorer.org/dotbot; help@moz.com)"
20.171.207.74 - - [24/Sep/2025:17:15:59 +0000] "GET /author/wp_update-1715971989/ HTTP/1.1" 301 162 "-" "Mozilla/5.0 AppleWebKit/537.36 (KHTML, like Gecko; compatible; GPTBot/1.2; +https://openai.com/gptbot)"
204.12.208.18 - - [24/Sep/2025:17:16:22 +0000] "GET /wp-content/plb692e7/index.php HTTP/1.1" 301 162 "http://aceitunaslosada.com/wp-content/plb692e7/index.php" "Mozilla/5.0 (Macintosh; Intel Mac OS X 10_7_2) AppleWebKit/535.2 (KHTML, like Gecko) Chrome/15.0.874.106 Safari/535.2"
201.103.169.64 - - [24/Sep/2025:17:22:57 +0000] "GET /firma-losada/logo-losada-2.jpg HTTP/1.1" 301 162 "-" "Mozilla/4.0 (compatible; ms-office; MSOffice 16)"
201.103.169.64 - - [24/Sep/2025:17:22:57 +0000] "GET /firma-losada/google_plus.png HTTP/1.1" 301 162 "-" "Mozilla/4.0 (compatible; ms-office; MSOffice 16)"
201.103.169.64 - - [24/Sep/2025:17:22:57 +0000] "GET /firma-losada/facebook.png HTTP/1.1" 301 162 "-" "Mozilla/4.0 (compatible; ms-office; MSOffice 16)"
201.103.169.64 - - [24/Sep/2025:17:22:57 +0000] "GET /firma-losada/twitter.png HTTP/1.1" 301 162 "-" "Mozilla/4.0 (compatible; ms-office; MSOffice 16)"
201.103.132.135 - - [24/Sep/2025:17:22:57 +0000] "GET /firma-losada/youtube.png HTTP/1.1" 301 162 "-" "Mozilla/4.0 (compatible; ms-office; MSOffice 16)"
201.103.169.64 - - [24/Sep/2025:17:22:58 +0000] "GET /firma-losada/pinterest.png HTTP/1.1" 301 162 "-" "Mozilla/4.0 (compatible; ms-office; MSOffice 16)"
201.103.169.64 - - [24/Sep/2025:17:22:59 +0000] "GET /firma-losada/logo-losada-2.jpg HTTP/1.1" 301 162 "-" "Mozilla/4.0 (compatible; ms-office; MSOffice 16)"
201.103.132.135 - - [24/Sep/2025:17:22:59 +0000] "GET /firma-losada/twitter.png HTTP/1.1" 301 162 "-" "Mozilla/4.0 (compatible; ms-office; MSOffice 16)"
201.103.169.64 - - [24/Sep/2025:17:22:59 +0000] "GET /firma-losada/pinterest.png HTTP/1.1" 301 162 "-" "Mozilla/4.0 (compatible; ms-office; MSOffice 16)"
187.189.87.105 - - [24/Sep/2025:17:23:11 +0000] "OPTIONS /firma-losada/ HTTP/1.1" 301 162 "-" "Microsoft Office Outlook 2014"
187.189.87.105 - - [24/Sep/2025:17:23:11 +0000] "OPTIONS /firma-losada/ HTTP/1.1" 301 162 "-" "Microsoft Office Outlook 2014"
187.189.87.105 - - [24/Sep/2025:17:23:11 +0000] "OPTIONS /firma-losada/ HTTP/1.1" 301 162 "-" "Microsoft Office Outlook 2014"
201.103.169.64 - - [24/Sep/2025:17:23:11 +0000] "OPTIONS /firma-losada/ HTTP/1.1" 301 162 "-" "Microsoft Office Outlook 2014"
201.103.169.64 - - [24/Sep/2025:17:23:11 +0000] "OPTIONS /firma-losada/ HTTP/1.1" 301 162 "-" "Microsoft Office Outlook 2014"
201.103.169.64 - - [24/Sep/2025:17:23:11 +0000] "OPTIONS /firma-losada/ HTTP/1.1" 301 162 "-" "Microsoft Office Outlook 2014"
187.189.87.105 - - [24/Sep/2025:17:23:12 +0000] "GET /firma-losada/google_plus.png HTTP/1.1" 301 162 "-" "Mozilla/4.0 (compatible; ms-office; MSOffice 16)"
201.103.169.64 - - [24/Sep/2025:17:23:12 +0000] "GET /firma-losada/google_plus.png HTTP/1.1" 301 162 "-" "Mozilla/4.0 (compatible; ms-office; MSOffice 16)"
187.189.87.105 - - [24/Sep/2025:17:23:13 +0000] "GET /firma-losada/youtube.png HTTP/1.1" 301 162 "-" "Mozilla/4.0 (compatible; ms-office; MSOffice 16)"
187.189.87.105 - - [24/Sep/2025:17:23:13 +0000] "GET /firma-losada/pinterest.png HTTP/1.1" 301 162 "-" "Mozilla/4.0 (compatible; ms-office; MSOffice 16)"
201.103.169.64 - - [24/Sep/2025:17:23:13 +0000] "GET /firma-losada/facebook.png HTTP/1.1" 301 162 "-" "Mozilla/4.0 (compatible; ms-office; MSOffice 16)"
201.103.169.64 - - [24/Sep/2025:17:23:13 +0000] "GET /firma-losada/logo-losada-2.jpg HTTP/1.1" 301 162 "-" "Mozilla/4.0 (compatible; ms-office; MSOffice 16)"
201.103.169.64 - - [24/Sep/2025:17:23:13 +0000] "GET /firma-losada/twitter.png HTTP/1.1" 301 162 "-" "Mozilla/4.0 (compatible; ms-office; MSOffice 16)"
201.103.132.135 - - [24/Sep/2025:17:23:13 +0000] "GET /firma-losada/pinterest.png HTTP/1.1" 301 162 "-" "Mozilla/4.0 (compatible; ms-office; MSOffice 16)"
201.103.169.64 - - [24/Sep/2025:17:23:13 +0000] "GET /firma-losada/youtube.png HTTP/1.1" 301 162 "-" "Mozilla/4.0 (compatible; ms-office; MSOffice 16)"
201.103.169.64 - - [24/Sep/2025:17:23:13 +0000] "GET /firma-losada/facebook.png HTTP/1.1" 301 162 "-" "Mozilla/4.0 (compatible; ms-office; MSOffice 16)"
201.103.169.64 - - [24/Sep/2025:17:23:13 +0000] "GET /firma-losada/logo-losada-2.jpg HTTP/1.1" 301 162 "-" "Mozilla/4.0 (compatible; ms-office; MSOffice 16)"
201.103.169.64 - - [24/Sep/2025:17:23:13 +0000] "GET /firma-losada/twitter.png HTTP/1.1" 301 162 "-" "Mozilla/4.0 (compatible; ms-office; MSOffice 16)"
200.68.173.73 - - [24/Sep/2025:17:28:53 +0000] "GET /firma-losada/youtube.png HTTP/1.1" 301 162 "-" "Mozilla/5.0 (iPhone; CPU iPhone OS 18_6_2 like Mac OS X) AppleWebKit/605.1.15 (KHTML, like Gecko) Mobile/15E148"
200.68.173.73 - - [24/Sep/2025:17:28:53 +0000] "GET /firma-losada/pinterest.png HTTP/1.1" 301 162 "-" "Mozilla/5.0 (iPhone; CPU iPhone OS 18_6_2 like Mac OS X) AppleWebKit/605.1.15 (KHTML, like Gecko) Mobile/15E148"
200.68.173.73 - - [24/Sep/2025:17:28:53 +0000] "GET /firma-losada/google_plus.png HTTP/1.1" 301 162 "-" "Mozilla/5.0 (iPhone; CPU iPhone OS 18_6_2 like Mac OS X) AppleWebKit/605.1.15 (KHTML, like Gecko) Mobile/15E148"
200.68.173.73 - - [24/Sep/2025:17:28:53 +0000] "GET /firma-losada/facebook.png HTTP/1.1" 301 162 "-" "Mozilla/5.0 (iPhone; CPU iPhone OS 18_6_2 like Mac OS X) AppleWebKit/605.1.15 (KHTML, like Gecko) Mobile/15E148"
200.68.173.73 - - [24/Sep/2025:17:28:53 +0000] "GET /firma-losada/twitter.png HTTP/1.1" 301 162 "-" "Mozilla/5.0 (iPhone; CPU iPhone OS 18_6_2 like Mac OS X) AppleWebKit/605.1.15 (KHTML, like Gecko) Mobile/15E148"
200.68.173.73 - - [24/Sep/2025:17:28:53 +0000] "GET /firma-losada/logo-losada-2.jpg HTTP/1.1" 301 162 "-" "Mozilla/5.0 (iPhone; CPU iPhone OS 18_6_2 like Mac OS X) AppleWebKit/605.1.15 (KHTML, like Gecko) Mobile/15E148"
204.12.208.18 - - [24/Sep/2025:17:30:08 +0000] "GET /wp-content/plb692e7/index.php HTTP/1.1" 301 162 "http://aceitunaslosada.com/wp-content/plb692e7/index.php" "Mozilla/5.0 (compatible; MSIE 9.0; Windows NT 6.0; Trident/5.0)"
204.12.208.18 - - [24/Sep/2025:17:30:28 +0000] "GET /wp-content/plb692e7/index.php HTTP/1.1" 301 162 "http://aceitunaslosada.com/wp-content/plb692e7/index.php" "Mozilla/5.0 (Macintosh; Intel Mac OS X 10_6_8) AppleWebKit/534.52.7 (KHTML, like Gecko) Version/5.1.2 Safari/534.52.7"
187.189.87.105 - - [24/Sep/2025:17:34:47 +0000] "GET /firma-losada/logo-losada-2.jpg HTTP/1.1" 301 162 "-" "Mozilla/4.0 (compatible; ms-office; MSOffice 16)"
187.189.87.105 - - [24/Sep/2025:17:34:47 +0000] "GET /firma-losada/youtube.png HTTP/1.1" 301 162 "-" "Mozilla/4.0 (compatible; ms-office; MSOffice 16)"
187.189.87.105 - - [24/Sep/2025:17:34:47 +0000] "GET /firma-losada/pinterest.png HTTP/1.1" 301 162 "-" "Mozilla/4.0 (compatible; ms-office; MSOffice 16)"
201.103.169.64 - - [24/Sep/2025:17:34:47 +0000] "GET /firma-losada/facebook.png HTTP/1.1" 301 162 "-" "Mozilla/4.0 (compatible; ms-office; MSOffice 16)"
201.103.169.64 - - [24/Sep/2025:17:34:47 +0000] "GET /firma-losada/twitter.png HTTP/1.1" 301 162 "-" "Mozilla/4.0 (compatible; ms-office; MSOffice 16)"
201.103.132.135 - - [24/Sep/2025:17:34:47 +0000] "GET /firma-losada/google_plus.png HTTP/1.1" 301 162 "-" "Mozilla/4.0 (compatible; ms-office; MSOffice 16)"
187.189.87.105 - - [24/Sep/2025:17:34:52 +0000] "GET /firma-losada/google_plus.png HTTP/1.1" 301 162 "-" "Mozilla/4.0 (compatible; ms-office; MSOffice 16)"
187.189.87.105 - - [24/Sep/2025:17:34:52 +0000] "GET /firma-losada/youtube.png HTTP/1.1" 301 162 "-" "Mozilla/4.0 (compatible; ms-office; MSOffice 16)"
187.189.87.105 - - [24/Sep/2025:17:34:52 +0000] "GET /firma-losada/pinterest.png HTTP/1.1" 301 162 "-" "Mozilla/4.0 (compatible; ms-office; MSOffice 16)"
201.103.169.64 - - [24/Sep/2025:17:34:52 +0000] "GET /firma-losada/facebook.png HTTP/1.1" 301 162 "-" "Mozilla/4.0 (compatible; ms-office; MSOffice 16)"
201.103.132.135 - - [24/Sep/2025:17:34:52 +0000] "GET /firma-losada/logo-losada-2.jpg HTTP/1.1" 301 162 "-" "Mozilla/4.0 (compatible; ms-office; MSOffice 16)"
201.103.169.64 - - [24/Sep/2025:17:34:52 +0000] "GET /firma-losada/twitter.png HTTP/1.1" 301 162 "-" "Mozilla/4.0 (compatible; ms-office; MSOffice 16)"
23.95.184.98 - - [24/Sep/2025:17:43:50 +0000] "GET / HTTP/1.1" 301 162 "-" "Mozilla/5.0"
204.12.208.18 - - [24/Sep/2025:17:43:53 +0000] "GET /wp-content/plb692e7/index.php HTTP/1.1" 301 162 "http://aceitunaslosada.com/wp-content/plb692e7/index.php" "Mozilla/5.0 (Windows NT 5.1) AppleWebKit/534.30 (KHTML, like Gecko) Chrome/12.0.742.122 Safari/534.30 ChromePlus/1.6.3.1"
43.135.145.77 - - [24/Sep/2025:17:44:21 +0000] "GET / HTTP/1.1" 301 162 "-" "Mozilla/5.0 (iPhone; CPU iPhone OS 13_2_3 like Mac OS X) AppleWebKit/605.1.15 (KHTML, like Gecko) Version/13.0.3 Mobile/15E148 Safari/604.1"
104.234.19.63 - - [24/Sep/2025:17:45:53 +0000] "GET /style.php HTTP/1.1" 301 162 "-" "Go-http-client/1.1"
193.36.224.145 - - [24/Sep/2025:17:45:53 +0000] "GET /wp-content/style.php HTTP/1.1" 301 162 "-" "Go-http-client/1.1"
193.36.224.145 - - [24/Sep/2025:17:45:54 +0000] "GET /wp-content/themes/style.php HTTP/1.1" 301 162 "-" "Go-http-client/1.1"
193.36.224.145 - - [24/Sep/2025:17:45:54 +0000] "GET /wp-admin/style.php HTTP/1.1" 301 162 "-" "Go-http-client/1.1"
193.36.224.145 - - [24/Sep/2025:17:45:55 +0000] "GET /wp-includes/style.php HTTP/1.1" 301 162 "-" "Go-http-client/1.1"
193.36.224.145 - - [24/Sep/2025:17:45:55 +0000] "GET /chosen.php?p= HTTP/1.1" 301 162 "-" "Go-http-client/1.1"
193.36.224.145 - - [24/Sep/2025:17:45:55 +0000] "GET /file.php HTTP/1.1" 301 162 "-" "Go-http-client/1.1"
103.131.71.64 - - [24/Sep/2025:17:54:28 +0000] "GET /robots.txt HTTP/1.1" 301 162 "-" "Mozilla/5.0 (compatible; coccocbot-web/1.0; +http://help.coccoc.com/searchengine)"
165.22.38.182 - - [24/Sep/2025:17:54:52 +0000] "GET / HTTP/1.1" 301 162 "-" "Mozilla/5.0 (Windows NT 10.0; Win64; x64) AppleWebKit/537.36 (KHTML, like Gecko) Chrome/80.0.3987.149 Safari/537.36"
204.12.208.18 - - [24/Sep/2025:17:57:45 +0000] "GET /wp-content/plb692e7/index.php HTTP/1.1" 301 162 "http://aceitunaslosada.com/wp-content/plb692e7/index.php" "Mozilla/5.0 (Macintosh; Intel Mac OS X 10_6_8) AppleWebKit/535.1 (KHTML, like Gecko) RockMelt/0.9.64.361 Chrome/13.0.782.218 Safari/535.1"
20.171.207.74 - - [24/Sep/2025:17:59:54 +0000] "GET /andalucia-mix/?lang=en HTTP/1.1" 301 162 "-" "Mozilla/5.0 AppleWebKit/537.36 (KHTML, like Gecko; compatible; GPTBot/1.2; +https://openai.com/gptbot)"
20.171.207.74 - - [24/Sep/2025:18:01:53 +0000] "GET /category/nuestros-origenes-agricultura-de/ HTTP/1.1" 301 162 "-" "Mozilla/5.0 AppleWebKit/537.36 (KHTML, like Gecko; compatible; GPTBot/1.2; +https://openai.com/gptbot)"
121.4.97.180 - - [24/Sep/2025:18:03:16 +0000] "GET / HTTP/1.1" 301 162 "-" "Mozilla/5.0 (iPhone; CPU iPhone OS 13_2_3 like Mac OS X) AppleWebKit/605.1.15 (KHTML, like Gecko) Version/13.0.3 Mobile/15E148 Safari/604.1"
185.255.131.130 - - [24/Sep/2025:18:05:05 +0000] "GET /wp-admin/css/ HTTP/1.1" 301 162 "binance.com" "Mozilla/5.0 (Windows NT 10.0; Win64; x64) AppleWebKit/537.36 (KHTML, like Gecko) Chrome/90.0.4430.85 Safari/537.36"
204.12.208.18 - - [24/Sep/2025:18:11:36 +0000] "GET /wp-content/plb692e7/index.php HTTP/1.1" 301 162 "http://aceitunaslosada.com/wp-content/plb692e7/index.php" "Mozilla/5.0 (Macintosh; Intel Mac OS X 10.6; rv:6.0.2) Gecko/20100101 Firefox/6.0.2"
43.166.7.113 - - [24/Sep/2025:18:20:19 +0000] "GET /en/ HTTP/1.1" 301 162 "-" "Mozilla/5.0 (iPhone; CPU iPhone OS 13_2_3 like Mac OS X) AppleWebKit/605.1.15 (KHTML, like Gecko) Version/13.0.3 Mobile/15E148 Safari/604.1"
204.12.208.18 - - [24/Sep/2025:18:25:33 +0000] "GET /wp-content/plb692e7/index.php HTTP/1.1" 301 162 "http://aceitunaslosada.com/wp-content/plb692e7/index.php" "Mozilla/5.0 (compatible; MSIE 10.0; Windows NT 6.2; Trident/6.0)"
204.12.208.18 - - [24/Sep/2025:18:25:53 +0000] "GET /wp-content/plb692e7/index.php HTTP/1.1" 301 162 "http://aceitunaslosada.com/wp-content/plb692e7/index.php" "Mozilla/5.0 (Macintosh; Intel Mac OS X 10.7; rv:9.0.1) Gecko/20100101 Firefox/9.0.1"
66.249.79.1 - - [24/Sep/2025:18:36:06 +0000] "GET /robots.txt HTTP/1.1" 301 162 "-" "Mozilla/5.0 (compatible; Googlebot/2.1; +http://www.google.com/bot.html)"
66.249.79.1 - - [24/Sep/2025:18:36:06 +0000] "GET / HTTP/1.1" 301 162 "-" "Mozilla/5.0 (Linux; Android 6.0.1; Nexus 5X Build/MMB29P) AppleWebKit/537.36 (KHTML, like Gecko) Chrome/139.0.7258.127 Mobile Safari/537.36 (compatible; Googlebot/2.1; +http://www.google.com/bot.html)"
66.249.79.8 - - [24/Sep/2025:18:36:19 +0000] "GET / HTTP/1.1" 301 162 "-" "Mozilla/5.0 (compatible; Googlebot/2.1; +http://www.google.com/bot.html)"
66.249.79.8 - - [24/Sep/2025:18:36:20 +0000] "GET / HTTP/1.1" 301 162 "-" "Mozilla/5.0 (Linux; Android 6.0.1; Nexus 5X Build/MMB29P) AppleWebKit/537.36 (KHTML, like Gecko) Chrome/99.0.4844.84 Mobile Safari/537.36 (compatible; Googlebot/2.1; +http://www.google.com/bot.html)"
204.12.208.18 - - [24/Sep/2025:18:39:02 +0000] "GET /wp-content/plb692e7/index.php HTTP/1.1" 301 162 "http://aceitunaslosada.com/wp-content/plb692e7/index.php" "Mozilla/4.0 (compatible; MSIE 7.0; Windows NT 5.1; SV1; .NET CLR 1.1.4322)"
204.12.208.18 - - [24/Sep/2025:18:39:22 +0000] "GET /wp-content/plb692e7/index.php HTTP/1.1" 301 162 "http://aceitunaslosada.com/wp-content/plb692e7/index.php" "Mozilla/5.0 (Macintosh; Intel Mac OS X 10_6_8) AppleWebKit/535.1 (KHTML, like Gecko) Chrome/14.0.835.202 Safari/535.1"
204.12.208.18 - - [24/Sep/2025:18:52:55 +0000] "GET /wp-content/plb692e7/index.php HTTP/1.1" 301 162 "http://aceitunaslosada.com/wp-content/plb692e7/index.php" "Mozilla/5.0 (Macintosh; Intel Mac OS X 10_6_8) AppleWebKit/535.1 (KHTML, like Gecko) Chrome/13.0.782.220 Safari/535.1"
89.144.145.213 - - [24/Sep/2025:18:54:19 +0000] "GET / HTTP/1.1" 301 162 "https://www.google.ca" "Mozilla/5.0 (Macintosh; Intel Mac OS X 10_15_7; rv:128.0) Gecko/20100101 Firefox/128.0"
