13.79.87.25 - - [26/Sep/2025:02:36:52 +0000] "GET /error.php HTTP/1.1" 301 162 "-" "-"
13.79.87.25 - - [26/Sep/2025:02:36:52 +0000] "GET /law.php HTTP/1.1" 301 162 "-" "-"
13.79.87.25 - - [26/Sep/2025:02:36:52 +0000] "GET /cool.php HTTP/1.1" 301 162 "-" "-"
13.79.87.25 - - [26/Sep/2025:02:36:52 +0000] "GET /resp.php HTTP/1.1" 301 162 "-" "-"
13.79.87.25 - - [26/Sep/2025:02:36:52 +0000] "GET /wpls.php HTTP/1.1" 301 162 "-" "-"
13.79.87.25 - - [26/Sep/2025:02:36:52 +0000] "GET /algox.php HTTP/1.1" 301 162 "-" "-"
13.79.87.25 - - [26/Sep/2025:02:36:52 +0000] "GET /async.php HTTP/1.1" 301 162 "-" "-"
13.79.87.25 - - [26/Sep/2025:02:36:53 +0000] "GET /ffile.php HTTP/1.1" 301 162 "-" "-"
13.79.87.25 - - [26/Sep/2025:02:36:53 +0000] "GET /wp-gr.php HTTP/1.1" 301 162 "-" "-"
43.157.188.74 - - [26/Sep/2025:02:37:20 +0000] "GET / HTTP/1.1" 301 162 "-" "Mozilla/5.0 (iPhone; CPU iPhone OS 13_2_3 like Mac OS X) AppleWebKit/605.1.15 (KHTML, like Gecko) Version/13.0.3 Mobile/15E148 Safari/604.1"
204.12.208.18 - - [26/Sep/2025:02:37:49 +0000] "GET /wp-content/plb692e7/index.php HTTP/1.1" 301 162 "http://aceitunaslosada.com/wp-content/plb692e7/index.php" "Mozilla/4.0 (compatible; MSIE 7.0; Windows NT 5.1; SV1; .NET CLR 1.1.4322)"
35.91.152.27 - - [26/Sep/2025:02:39:05 +0000] "GET / HTTP/1.1" 301 162 "-" "Mozilla/5.0 (Windows NT 10.0; Win64; x64) AppleWebKit/537.36 (KHTML, like Gecko) Chrome/113.0.0.0 Safari/537.36"
13.79.87.25 - - [26/Sep/2025:02:46:52 +0000] "GET /orm.php HTTP/1.1" 301 162 "-" "-"
13.79.87.25 - - [26/Sep/2025:02:47:21 +0000] "GET /tcp.php HTTP/1.1" 301 162 "-" "-"
13.79.87.25 - - [26/Sep/2025:02:47:47 +0000] "GET /tox.php HTTP/1.1" 301 162 "-" "-"
13.79.87.25 - - [26/Sep/2025:02:47:47 +0000] "GET /trd.php HTTP/1.1" 301 162 "-" "-"
13.79.87.25 - - [26/Sep/2025:02:47:47 +0000] "GET /whv.php HTTP/1.1" 301 162 "-" "-"
13.79.87.25 - - [26/Sep/2025:02:47:47 +0000] "GET /xex.php HTTP/1.1" 301 162 "-" "-"
13.79.87.25 - - [26/Sep/2025:02:47:47 +0000] "GET /xzs.php HTTP/1.1" 301 162 "-" "-"
13.79.87.25 - - [26/Sep/2025:02:47:47 +0000] "GET /yep.php HTTP/1.1" 301 162 "-" "-"
13.79.87.25 - - [26/Sep/2025:02:47:48 +0000] "GET /aaaa.php HTTP/1.1" 301 162 "-" "-"
204.12.208.18 - - [26/Sep/2025:02:50:43 +0000] "GET /wp-content/plb692e7/index.php HTTP/1.1" 301 162 "http://aceitunaslosada.com/wp-content/plb692e7/index.php" "Mozilla/5.0 (Macintosh; U; Intel Mac OS X 10_6_3; ja-jp) AppleWebKit/531.21.11 (KHTML, like Gecko) Version/4.0.4 Safari/531.21.10"
204.12.208.18 - - [26/Sep/2025:02:51:03 +0000] "GET /wp-content/plb692e7/index.php HTTP/1.1" 301 162 "http://aceitunaslosada.com/wp-content/plb692e7/index.php" "Mozilla/4.0 (compatible; MSIE 8.0; Windows NT 5.1; Trident/4.0; EasyBits GO v1.0; InfoPath.1; .NET CLR 2.0.50727; .NET CLR 3.0.4506.2152; .NET CLR 3.5.30729)"
52.10.212.201 - - [26/Sep/2025:02:52:49 +0000] "GET / HTTP/1.1" 301 162 "-" "Mozilla/5.0 (Windows NT 10.0; Win64; x64) AppleWebKit/537.36 (KHTML, like Gecko) Chrome/113.0.0.0 Safari/537.36"
13.79.87.25 - - [26/Sep/2025:02:57:54 +0000] "GET /hk.php HTTP/1.1" 301 162 "-" "-"
204.12.208.18 - - [26/Sep/2025:03:04:01 +0000] "GET /wp-content/plb692e7/index.php HTTP/1.1" 301 162 "http://aceitunaslosada.com/wp-content/plb692e7/index.php" "Mozilla/4.0 (compatible; MSIE 6.0; X11; Linux i686; ja) Opera 10.10"
204.12.208.18 - - [26/Sep/2025:03:17:57 +0000] "GET /wp-content/plb692e7/index.php HTTP/1.1" 301 162 "http://aceitunaslosada.com/wp-content/plb692e7/index.php" "Mozilla/5.0 (Macintosh; U; Intel Mac OS X 10_5_6; ja-jp) AppleWebKit/528.16 (KHTML, like Gecko) Version/4.0 Safari/528.16"
204.12.208.18 - - [26/Sep/2025:03:18:17 +0000] "GET /wp-content/plb692e7/index.php HTTP/1.1" 301 162 "http://aceitunaslosada.com/wp-content/plb692e7/index.php" "Mozilla/5.0 (Macintosh; Intel Mac OS X 10_6_8) AppleWebKit/534.52.7 (KHTML, like Gecko) Version/5.1.2 Safari/534.52.7"
101.99.88.90 - - [26/Sep/2025:03:20:00 +0000] "GET / HTTP/1.1" 301 162 "-" "Mozilla/5.0 (compatible; Googlebot/2.1; +http://www.google.com/bot.html)"
5.10.217.76 - - [26/Sep/2025:03:22:36 +0000] "GET /wp-content/cache/db/options/fe4/i18ns/index.php HTTP/1.1" 301 162 "http://aceitunaslosada.com/wp-content/cache/db/options/fe4/i18ns/index.php" "Mozilla/5.0 (Windows NT 10.0; Win64; x64) AppleWebKit/537.36 (KHTML, like Gecko) Chrome/58.0.3029.110 Safari/537.3"
5.10.217.76 - - [26/Sep/2025:03:22:42 +0000] "POST /wp-content/cache/db/options/fe4/i18ns/index.php HTTP/1.1" 301 162 "http://aceitunaslosada.com/wp-content/cache/db/options/fe4/i18ns/index.php" "Mozilla/5.0 (Windows NT 10.0; Win64; x64) AppleWebKit/537.36 (KHTML, like Gecko) Chrome/58.0.3029.110 Safari/537.3"
5.10.217.76 - - [26/Sep/2025:03:22:44 +0000] "POST /wp-content/cache/db/options/fe4/i18ns/index.php HTTP/1.1" 301 162 "http://aceitunaslosada.com/wp-content/cache/db/options/fe4/i18ns/index.php" "Mozilla/5.0 (Windows NT 10.0; Win64; x64) AppleWebKit/537.36 (KHTML, like Gecko) Chrome/58.0.3029.110 Safari/537.3"
5.10.217.76 - - [26/Sep/2025:03:22:47 +0000] "GET /wp-content/cache/db/options/fe4/i18ns/ex.php HTTP/1.1" 301 162 "http://aceitunaslosada.com/wp-content/cache/db/options/fe4/i18ns/ex.php" "Mozilla/5.0 (Windows NT 10.0; Win64; x64) AppleWebKit/537.36 (KHTML, like Gecko) Chrome/58.0.3029.110 Safari/537.3"
5.10.217.76 - - [26/Sep/2025:03:22:50 +0000] "POST /wp-content/cache/db/options/fe4/i18ns/index.php HTTP/1.1" 301 162 "http://aceitunaslosada.com/wp-content/cache/db/options/fe4/i18ns/index.php" "Mozilla/5.0 (Windows NT 10.0; Win64; x64) AppleWebKit/537.36 (KHTML, like Gecko) Chrome/58.0.3029.110 Safari/537.3"
5.10.217.76 - - [26/Sep/2025:03:22:53 +0000] "GET /wp-content/cache/db/options/fe4/i18ns/radio.php HTTP/1.1" 301 162 "http://aceitunaslosada.com/wp-content/cache/db/options/fe4/i18ns/radio.php" "Mozilla/5.0 (Windows NT 10.0; Win64; x64) AppleWebKit/537.36 (KHTML, like Gecko) Chrome/58.0.3029.110 Safari/537.3"
5.10.217.76 - - [26/Sep/2025:03:22:55 +0000] "POST /wp-content/cache/db/options/fe4/i18ns/index.php HTTP/1.1" 301 162 "http://aceitunaslosada.com/wp-content/cache/db/options/fe4/i18ns/index.php" "Mozilla/5.0 (Windows NT 10.0; Win64; x64) AppleWebKit/537.36 (KHTML, like Gecko) Chrome/58.0.3029.110 Safari/537.3"
5.10.217.76 - - [26/Sep/2025:03:22:58 +0000] "GET /wp-content/cache/db/options/fe4/i18ns/inputs.php HTTP/1.1" 301 162 "http://aceitunaslosada.com/wp-content/cache/db/options/fe4/i18ns/inputs.php" "Mozilla/5.0 (Windows NT 10.0; Win64; x64) AppleWebKit/537.36 (KHTML, like Gecko) Chrome/58.0.3029.110 Safari/537.3"
5.10.217.76 - - [26/Sep/2025:03:23:00 +0000] "POST /wp-content/cache/db/options/fe4/i18ns/index.php HTTP/1.1" 301 162 "http://aceitunaslosada.com/wp-content/cache/db/options/fe4/i18ns/index.php" "Mozilla/5.0 (Windows NT 10.0; Win64; x64) AppleWebKit/537.36 (KHTML, like Gecko) Chrome/58.0.3029.110 Safari/537.3"
5.10.217.76 - - [26/Sep/2025:03:23:02 +0000] "GET /wp-content/cache/db/options/fe4/i18ns/about.php HTTP/1.1" 301 162 "http://aceitunaslosada.com/wp-content/cache/db/options/fe4/i18ns/about.php" "Mozilla/5.0 (Windows NT 10.0; Win64; x64) AppleWebKit/537.36 (KHTML, like Gecko) Chrome/58.0.3029.110 Safari/537.3"
5.10.217.76 - - [26/Sep/2025:03:23:06 +0000] "POST /wp-content/cache/db/options/fe4/i18ns/index.php HTTP/1.1" 301 162 "http://aceitunaslosada.com/wp-content/cache/db/options/fe4/i18ns/index.php" "Mozilla/5.0 (Windows NT 10.0; Win64; x64) AppleWebKit/537.36 (KHTML, like Gecko) Chrome/58.0.3029.110 Safari/537.3"
5.10.217.76 - - [26/Sep/2025:03:23:11 +0000] "GET /wp-content/cache/db/options/fe4/i18ns/pages.php HTTP/1.1" 301 162 "http://aceitunaslosada.com/wp-content/cache/db/options/fe4/i18ns/pages.php" "Mozilla/5.0 (Windows NT 10.0; Win64; x64) AppleWebKit/537.36 (KHTML, like Gecko) Chrome/58.0.3029.110 Safari/537.3"
5.10.217.76 - - [26/Sep/2025:03:23:14 +0000] "POST /wp-content/cache/db/options/fe4/i18ns/index.php HTTP/1.1" 301 162 "http://aceitunaslosada.com/wp-content/cache/db/options/fe4/i18ns/index.php" "Mozilla/5.0 (Windows NT 10.0; Win64; x64) AppleWebKit/537.36 (KHTML, like Gecko) Chrome/58.0.3029.110 Safari/537.3"
5.10.217.76 - - [26/Sep/2025:03:23:17 +0000] "GET /wp-content/cache/db/options/fe4/i18ns/wp-login.php HTTP/1.1" 301 162 "http://aceitunaslosada.com/wp-content/cache/db/options/fe4/i18ns/wp-login.php" "Mozilla/5.0 (Windows NT 10.0; Win64; x64) AppleWebKit/537.36 (KHTML, like Gecko) Chrome/58.0.3029.110 Safari/537.3"
5.10.217.76 - - [26/Sep/2025:03:23:19 +0000] "GET /copia/wp-content/plugins/broken-link-checker/core/query-content/index.php HTTP/1.1" 301 162 "http://aceitunaslosada.com/copia/wp-content/plugins/broken-link-checker/core/query-content/index.php" "Mozilla/5.0 (Windows NT 10.0; Win64; x64) AppleWebKit/537.36 (KHTML, like Gecko) Chrome/58.0.3029.110 Safari/537.3"
5.10.217.76 - - [26/Sep/2025:03:23:21 +0000] "POST /copia/wp-content/plugins/broken-link-checker/core/query-content/index.php HTTP/1.1" 301 162 "http://aceitunaslosada.com/copia/wp-content/plugins/broken-link-checker/core/query-content/index.php" "Mozilla/5.0 (Windows NT 10.0; Win64; x64) AppleWebKit/537.36 (KHTML, like Gecko) Chrome/58.0.3029.110 Safari/537.3"
5.10.217.76 - - [26/Sep/2025:03:23:26 +0000] "GET /wp-content/plugins/sitepress-multilingual-cms/vendor/yoast/audits/index.php HTTP/1.1" 301 162 "http://aceitunaslosada.com/wp-content/plugins/sitepress-multilingual-cms/vendor/yoast/audits/index.php" "Mozilla/5.0 (Windows NT 10.0; Win64; x64) AppleWebKit/537.36 (KHTML, like Gecko) Chrome/58.0.3029.110 Safari/537.3"
5.10.217.76 - - [26/Sep/2025:03:23:31 +0000] "POST /wp-content/plugins/sitepress-multilingual-cms/vendor/yoast/audits/index.php HTTP/1.1" 301 162 "http://aceitunaslosada.com/wp-content/plugins/sitepress-multilingual-cms/vendor/yoast/audits/index.php" "Mozilla/5.0 (Windows NT 10.0; Win64; x64) AppleWebKit/537.36 (KHTML, like Gecko) Chrome/58.0.3029.110 Safari/537.3"
5.10.217.76 - - [26/Sep/2025:03:23:36 +0000] "GET /copia/wp-content/plugins/wp-add-mime-types/includes/cloudflare/index.php HTTP/1.1" 301 162 "http://aceitunaslosada.com/copia/wp-content/plugins/wp-add-mime-types/includes/cloudflare/index.php" "Mozilla/5.0 (Windows NT 10.0; Win64; x64) AppleWebKit/537.36 (KHTML, like Gecko) Chrome/58.0.3029.110 Safari/537.3"
5.10.217.76 - - [26/Sep/2025:03:23:39 +0000] "POST /copia/wp-content/plugins/wp-add-mime-types/includes/cloudflare/index.php HTTP/1.1" 301 162 "http://aceitunaslosada.com/copia/wp-content/plugins/wp-add-mime-types/includes/cloudflare/index.php" "Mozilla/5.0 (Windows NT 10.0; Win64; x64) AppleWebKit/537.36 (KHTML, like Gecko) Chrome/58.0.3029.110 Safari/537.3"
5.10.217.76 - - [26/Sep/2025:03:23:42 +0000] "GET /wp-content/cache/page_enhanced/www.aceitunaslosada.com/oini3t97mra8fi/list-grid/index.php HTTP/1.1" 301 162 "http://aceitunaslosada.com/wp-content/cache/page_enhanced/www.aceitunaslosada.com/oini3t97mra8fi/list-grid/index.php" "Mozilla/5.0 (Windows NT 10.0; Win64; x64) AppleWebKit/537.36 (KHTML, like Gecko) Chrome/58.0.3029.110 Safari/537.3"
5.10.217.76 - - [26/Sep/2025:03:23:45 +0000] "POST /wp-content/cache/page_enhanced/www.aceitunaslosada.com/oini3t97mra8fi/list-grid/index.php HTTP/1.1" 301 162 "http://aceitunaslosada.com/wp-content/cache/page_enhanced/www.aceitunaslosada.com/oini3t97mra8fi/list-grid/index.php" "Mozilla/5.0 (Windows NT 10.0; Win64; x64) AppleWebKit/537.36 (KHTML, like Gecko) Chrome/58.0.3029.110 Safari/537.3"
5.10.217.76 - - [26/Sep/2025:03:23:47 +0000] "GET /wp-content/cache/db/options/5b4/embeds/index.php HTTP/1.1" 301 162 "http://aceitunaslosada.com/wp-content/cache/db/options/5b4/embeds/index.php" "Mozilla/5.0 (Windows NT 10.0; Win64; x64) AppleWebKit/537.36 (KHTML, like Gecko) Chrome/58.0.3029.110 Safari/537.3"
5.10.217.76 - - [26/Sep/2025:03:23:53 +0000] "POST /wp-content/cache/db/options/5b4/embeds/index.php HTTP/1.1" 301 162 "http://aceitunaslosada.com/wp-content/cache/db/options/5b4/embeds/index.php" "Mozilla/5.0 (Windows NT 10.0; Win64; x64) AppleWebKit/537.36 (KHTML, like Gecko) Chrome/58.0.3029.110 Safari/537.3"
5.10.217.76 - - [26/Sep/2025:03:23:59 +0000] "POST /wp-content/cache/db/options/5b4/embeds/index.php HTTP/1.1" 301 162 "http://aceitunaslosada.com/wp-content/cache/db/options/5b4/embeds/index.php" "Mozilla/5.0 (Windows NT 10.0; Win64; x64) AppleWebKit/537.36 (KHTML, like Gecko) Chrome/58.0.3029.110 Safari/537.3"
5.10.217.76 - - [26/Sep/2025:03:24:03 +0000] "GET /wp-content/cache/db/options/5b4/embeds/ex.php HTTP/1.1" 301 162 "http://aceitunaslosada.com/wp-content/cache/db/options/5b4/embeds/ex.php" "Mozilla/5.0 (Windows NT 10.0; Win64; x64) AppleWebKit/537.36 (KHTML, like Gecko) Chrome/58.0.3029.110 Safari/537.3"
5.10.217.76 - - [26/Sep/2025:03:24:08 +0000] "POST /wp-content/cache/db/options/5b4/embeds/index.php HTTP/1.1" 301 162 "http://aceitunaslosada.com/wp-content/cache/db/options/5b4/embeds/index.php" "Mozilla/5.0 (Windows NT 10.0; Win64; x64) AppleWebKit/537.36 (KHTML, like Gecko) Chrome/58.0.3029.110 Safari/537.3"
5.10.217.76 - - [26/Sep/2025:03:24:13 +0000] "GET /wp-content/cache/db/options/5b4/embeds/radio.php HTTP/1.1" 301 162 "http://aceitunaslosada.com/wp-content/cache/db/options/5b4/embeds/radio.php" "Mozilla/5.0 (Windows NT 10.0; Win64; x64) AppleWebKit/537.36 (KHTML, like Gecko) Chrome/58.0.3029.110 Safari/537.3"
5.10.217.76 - - [26/Sep/2025:03:24:18 +0000] "POST /wp-content/cache/db/options/5b4/embeds/index.php HTTP/1.1" 301 162 "http://aceitunaslosada.com/wp-content/cache/db/options/5b4/embeds/index.php" "Mozilla/5.0 (Windows NT 10.0; Win64; x64) AppleWebKit/537.36 (KHTML, like Gecko) Chrome/58.0.3029.110 Safari/537.3"
5.10.217.76 - - [26/Sep/2025:03:24:23 +0000] "GET /wp-content/cache/db/options/5b4/embeds/inputs.php HTTP/1.1" 301 162 "http://aceitunaslosada.com/wp-content/cache/db/options/5b4/embeds/inputs.php" "Mozilla/5.0 (Windows NT 10.0; Win64; x64) AppleWebKit/537.36 (KHTML, like Gecko) Chrome/58.0.3029.110 Safari/537.3"
5.10.217.76 - - [26/Sep/2025:03:24:28 +0000] "POST /wp-content/cache/db/options/5b4/embeds/index.php HTTP/1.1" 301 162 "http://aceitunaslosada.com/wp-content/cache/db/options/5b4/embeds/index.php" "Mozilla/5.0 (Windows NT 10.0; Win64; x64) AppleWebKit/537.36 (KHTML, like Gecko) Chrome/58.0.3029.110 Safari/537.3"
5.10.217.76 - - [26/Sep/2025:03:24:34 +0000] "GET /wp-content/cache/db/options/5b4/embeds/about.php HTTP/1.1" 301 162 "http://aceitunaslosada.com/wp-content/cache/db/options/5b4/embeds/about.php" "Mozilla/5.0 (Windows NT 10.0; Win64; x64) AppleWebKit/537.36 (KHTML, like Gecko) Chrome/58.0.3029.110 Safari/537.3"
5.10.217.76 - - [26/Sep/2025:03:24:42 +0000] "POST /wp-content/cache/db/options/5b4/embeds/index.php HTTP/1.1" 301 162 "http://aceitunaslosada.com/wp-content/cache/db/options/5b4/embeds/index.php" "Mozilla/5.0 (Windows NT 10.0; Win64; x64) AppleWebKit/537.36 (KHTML, like Gecko) Chrome/58.0.3029.110 Safari/537.3"
5.10.217.76 - - [26/Sep/2025:03:24:47 +0000] "GET /wp-content/cache/db/options/5b4/embeds/pages.php HTTP/1.1" 301 162 "http://aceitunaslosada.com/wp-content/cache/db/options/5b4/embeds/pages.php" "Mozilla/5.0 (Windows NT 10.0; Win64; x64) AppleWebKit/537.36 (KHTML, like Gecko) Chrome/58.0.3029.110 Safari/537.3"
5.10.217.76 - - [26/Sep/2025:03:24:51 +0000] "POST /wp-content/cache/db/options/5b4/embeds/index.php HTTP/1.1" 301 162 "http://aceitunaslosada.com/wp-content/cache/db/options/5b4/embeds/index.php" "Mozilla/5.0 (Windows NT 10.0; Win64; x64) AppleWebKit/537.36 (KHTML, like Gecko) Chrome/58.0.3029.110 Safari/537.3"
5.10.217.76 - - [26/Sep/2025:03:24:57 +0000] "GET /wp-content/cache/db/options/5b4/embeds/wp-login.php HTTP/1.1" 301 162 "http://aceitunaslosada.com/wp-content/cache/db/options/5b4/embeds/wp-login.php" "Mozilla/5.0 (Windows NT 10.0; Win64; x64) AppleWebKit/537.36 (KHTML, like Gecko) Chrome/58.0.3029.110 Safari/537.3"
5.10.217.76 - - [26/Sep/2025:03:25:03 +0000] "GET /wp-content/cache/db/options/93f/galleries/index.php HTTP/1.1" 301 162 "http://aceitunaslosada.com/wp-content/cache/db/options/93f/galleries/index.php" "Mozilla/5.0 (Windows NT 10.0; Win64; x64) AppleWebKit/537.36 (KHTML, like Gecko) Chrome/58.0.3029.110 Safari/537.3"
5.10.217.76 - - [26/Sep/2025:03:25:09 +0000] "POST /wp-content/cache/db/options/93f/galleries/index.php HTTP/1.1" 301 162 "http://aceitunaslosada.com/wp-content/cache/db/options/93f/galleries/index.php" "Mozilla/5.0 (Windows NT 10.0; Win64; x64) AppleWebKit/537.36 (KHTML, like Gecko) Chrome/58.0.3029.110 Safari/537.3"
5.10.217.76 - - [26/Sep/2025:03:25:13 +0000] "POST /wp-content/cache/db/options/93f/galleries/index.php HTTP/1.1" 301 162 "http://aceitunaslosada.com/wp-content/cache/db/options/93f/galleries/index.php" "Mozilla/5.0 (Windows NT 10.0; Win64; x64) AppleWebKit/537.36 (KHTML, like Gecko) Chrome/58.0.3029.110 Safari/537.3"
5.10.217.76 - - [26/Sep/2025:03:25:19 +0000] "GET /wp-content/cache/db/options/93f/galleries/ex.php HTTP/1.1" 301 162 "http://aceitunaslosada.com/wp-content/cache/db/options/93f/galleries/ex.php" "Mozilla/5.0 (Windows NT 10.0; Win64; x64) AppleWebKit/537.36 (KHTML, like Gecko) Chrome/58.0.3029.110 Safari/537.3"
5.10.217.76 - - [26/Sep/2025:03:25:25 +0000] "POST /wp-content/cache/db/options/93f/galleries/index.php HTTP/1.1" 301 162 "http://aceitunaslosada.com/wp-content/cache/db/options/93f/galleries/index.php" "Mozilla/5.0 (Windows NT 10.0; Win64; x64) AppleWebKit/537.36 (KHTML, like Gecko) Chrome/58.0.3029.110 Safari/537.3"
5.10.217.76 - - [26/Sep/2025:03:25:28 +0000] "GET /wp-content/cache/db/options/93f/galleries/radio.php HTTP/1.1" 301 162 "http://aceitunaslosada.com/wp-content/cache/db/options/93f/galleries/radio.php" "Mozilla/5.0 (Windows NT 10.0; Win64; x64) AppleWebKit/537.36 (KHTML, like Gecko) Chrome/58.0.3029.110 Safari/537.3"
5.10.217.76 - - [26/Sep/2025:03:25:32 +0000] "POST /wp-content/cache/db/options/93f/galleries/index.php HTTP/1.1" 301 162 "http://aceitunaslosada.com/wp-content/cache/db/options/93f/galleries/index.php" "Mozilla/5.0 (Windows NT 10.0; Win64; x64) AppleWebKit/537.36 (KHTML, like Gecko) Chrome/58.0.3029.110 Safari/537.3"
5.10.217.76 - - [26/Sep/2025:03:25:37 +0000] "GET /wp-content/cache/db/options/93f/galleries/inputs.php HTTP/1.1" 301 162 "http://aceitunaslosada.com/wp-content/cache/db/options/93f/galleries/inputs.php" "Mozilla/5.0 (Windows NT 10.0; Win64; x64) AppleWebKit/537.36 (KHTML, like Gecko) Chrome/58.0.3029.110 Safari/537.3"
5.10.217.76 - - [26/Sep/2025:03:25:41 +0000] "POST /wp-content/cache/db/options/93f/galleries/index.php HTTP/1.1" 301 162 "http://aceitunaslosada.com/wp-content/cache/db/options/93f/galleries/index.php" "Mozilla/5.0 (Windows NT 10.0; Win64; x64) AppleWebKit/537.36 (KHTML, like Gecko) Chrome/58.0.3029.110 Safari/537.3"
5.10.217.76 - - [26/Sep/2025:03:25:45 +0000] "GET /wp-content/cache/db/options/93f/galleries/about.php HTTP/1.1" 301 162 "http://aceitunaslosada.com/wp-content/cache/db/options/93f/galleries/about.php" "Mozilla/5.0 (Windows NT 10.0; Win64; x64) AppleWebKit/537.36 (KHTML, like Gecko) Chrome/58.0.3029.110 Safari/537.3"
5.10.217.76 - - [26/Sep/2025:03:25:50 +0000] "POST /wp-content/cache/db/options/93f/galleries/index.php HTTP/1.1" 301 162 "http://aceitunaslosada.com/wp-content/cache/db/options/93f/galleries/index.php" "Mozilla/5.0 (Windows NT 10.0; Win64; x64) AppleWebKit/537.36 (KHTML, like Gecko) Chrome/58.0.3029.110 Safari/537.3"
5.10.217.76 - - [26/Sep/2025:03:25:54 +0000] "GET /wp-content/cache/db/options/93f/galleries/pages.php HTTP/1.1" 301 162 "http://aceitunaslosada.com/wp-content/cache/db/options/93f/galleries/pages.php" "Mozilla/5.0 (Windows NT 10.0; Win64; x64) AppleWebKit/537.36 (KHTML, like Gecko) Chrome/58.0.3029.110 Safari/537.3"
5.10.217.76 - - [26/Sep/2025:03:25:59 +0000] "POST /wp-content/cache/db/options/93f/galleries/index.php HTTP/1.1" 301 162 "http://aceitunaslosada.com/wp-content/cache/db/options/93f/galleries/index.php" "Mozilla/5.0 (Windows NT 10.0; Win64; x64) AppleWebKit/537.36 (KHTML, like Gecko) Chrome/58.0.3029.110 Safari/537.3"
5.10.217.76 - - [26/Sep/2025:03:26:05 +0000] "GET /wp-content/cache/db/options/93f/galleries/wp-login.php HTTP/1.1" 301 162 "http://aceitunaslosada.com/wp-content/cache/db/options/93f/galleries/wp-login.php" "Mozilla/5.0 (Windows NT 10.0; Win64; x64) AppleWebKit/537.36 (KHTML, like Gecko) Chrome/58.0.3029.110 Safari/537.3"
5.10.217.76 - - [26/Sep/2025:03:26:10 +0000] "GET /mah.php HTTP/1.1" 301 162 "http://aceitunaslosada.com/mah.php" "Mozilla/5.0 (Windows NT 10.0; Win64; x64) AppleWebKit/537.36 (KHTML, like Gecko) Chrome/58.0.3029.110 Safari/537.3"
5.10.217.76 - - [26/Sep/2025:03:26:11 +0000] "GET /product.php HTTP/1.1" 301 162 "http://aceitunaslosada.com/product.php" "Mozilla/5.0 (Windows NT 10.0; Win64; x64) AppleWebKit/537.36 (KHTML, like Gecko) Chrome/58.0.3029.110 Safari/537.3"
5.10.217.76 - - [26/Sep/2025:03:26:13 +0000] "GET /options.php HTTP/1.1" 301 162 "http://aceitunaslosada.com/options.php" "Mozilla/5.0 (Windows NT 10.0; Win64; x64) AppleWebKit/537.36 (KHTML, like Gecko) Chrome/58.0.3029.110 Safari/537.3"
5.10.217.76 - - [26/Sep/2025:03:26:16 +0000] "POST /options.php HTTP/1.1" 301 162 "http://aceitunaslosada.com/options.php" "Mozilla/5.0 (Windows NT 10.0; Win64; x64) AppleWebKit/537.36 (KHTML, like Gecko) Chrome/58.0.3029.110 Safari/537.3"
5.10.217.76 - - [26/Sep/2025:03:26:21 +0000] "GET /admin.php HTTP/1.1" 301 162 "http://aceitunaslosada.com/admin.php" "Mozilla/5.0 (Windows NT 10.0; Win64; x64) AppleWebKit/537.36 (KHTML, like Gecko) Chrome/58.0.3029.110 Safari/537.3"
5.10.217.76 - - [26/Sep/2025:03:26:26 +0000] "POST /admin.php HTTP/1.1" 301 162 "http://aceitunaslosada.com/admin.php" "Mozilla/5.0 (Windows NT 10.0; Win64; x64) AppleWebKit/537.36 (KHTML, like Gecko) Chrome/58.0.3029.110 Safari/537.3"
5.10.217.76 - - [26/Sep/2025:03:26:29 +0000] "POST /admin.php HTTP/1.1" 301 162 "http://aceitunaslosada.com/admin.php" "Mozilla/5.0 (Windows NT 10.0; Win64; x64) AppleWebKit/537.36 (KHTML, like Gecko) Chrome/58.0.3029.110 Safari/537.3"
5.10.217.76 - - [26/Sep/2025:03:26:33 +0000] "GET /ex.php HTTP/1.1" 301 162 "http://aceitunaslosada.com/ex.php" "Mozilla/5.0 (Windows NT 10.0; Win64; x64) AppleWebKit/537.36 (KHTML, like Gecko) Chrome/58.0.3029.110 Safari/537.3"
5.10.217.76 - - [26/Sep/2025:03:26:34 +0000] "POST /admin.php HTTP/1.1" 301 162 "http://aceitunaslosada.com/admin.php" "Mozilla/5.0 (Windows NT 10.0; Win64; x64) AppleWebKit/537.36 (KHTML, like Gecko) Chrome/58.0.3029.110 Safari/537.3"
5.10.217.76 - - [26/Sep/2025:03:26:38 +0000] "GET /radio.php HTTP/1.1" 301 162 "http://aceitunaslosada.com/radio.php" "Mozilla/5.0 (Windows NT 10.0; Win64; x64) AppleWebKit/537.36 (KHTML, like Gecko) Chrome/58.0.3029.110 Safari/537.3"
5.10.217.76 - - [26/Sep/2025:03:26:39 +0000] "POST /admin.php HTTP/1.1" 301 162 "http://aceitunaslosada.com/admin.php" "Mozilla/5.0 (Windows NT 10.0; Win64; x64) AppleWebKit/537.36 (KHTML, like Gecko) Chrome/58.0.3029.110 Safari/537.3"
5.10.217.76 - - [26/Sep/2025:03:26:43 +0000] "GET /inputs.php HTTP/1.1" 301 162 "http://aceitunaslosada.com/inputs.php" "Mozilla/5.0 (Windows NT 10.0; Win64; x64) AppleWebKit/537.36 (KHTML, like Gecko) Chrome/58.0.3029.110 Safari/537.3"
5.10.217.76 - - [26/Sep/2025:03:26:44 +0000] "POST /admin.php HTTP/1.1" 301 162 "http://aceitunaslosada.com/admin.php" "Mozilla/5.0 (Windows NT 10.0; Win64; x64) AppleWebKit/537.36 (KHTML, like Gecko) Chrome/58.0.3029.110 Safari/537.3"
5.10.217.76 - - [26/Sep/2025:03:26:49 +0000] "GET /about.php HTTP/1.1" 301 162 "http://aceitunaslosada.com/about.php" "Mozilla/5.0 (Windows NT 10.0; Win64; x64) AppleWebKit/537.36 (KHTML, like Gecko) Chrome/58.0.3029.110 Safari/537.3"
5.10.217.76 - - [26/Sep/2025:03:26:50 +0000] "POST /admin.php HTTP/1.1" 301 162 "http://aceitunaslosada.com/admin.php" "Mozilla/5.0 (Windows NT 10.0; Win64; x64) AppleWebKit/537.36 (KHTML, like Gecko) Chrome/58.0.3029.110 Safari/537.3"
204.12.208.18 - - [26/Sep/2025:03:31:04 +0000] "GET /wp-content/plb692e7/index.php HTTP/1.1" 301 162 "http://aceitunaslosada.com/wp-content/plb692e7/index.php" "Mozilla/5.0 (Macintosh; U; Intel Mac OS X 10_6_2; ja-jp) AppleWebKit/531.21.8 (KHTML, like Gecko) Version/4.0.4 Safari/531.21.10"
204.12.208.18 - - [26/Sep/2025:03:43:58 +0000] "GET /wp-content/plb692e7/index.php HTTP/1.1" 301 162 "http://aceitunaslosada.com/wp-content/plb692e7/index.php" "Mozilla/4.0 (compatible; MSIE 8.0; Windows NT 5.1; Trident/4.0; .NET CLR 2.0.50727; .NET CLR 3.0.04506.30; .NET CLR 3.0.04506.648)"
204.12.208.18 - - [26/Sep/2025:03:44:18 +0000] "GET /wp-content/plb692e7/index.php HTTP/1.1" 301 162 "http://aceitunaslosada.com/wp-content/plb692e7/index.php" "Mozilla/5.0 (Macintosh; Intel Mac OS X 10.5; rv:5.0.1) Gecko/20100101 Firefox/5.0.1"
52.167.144.56 - - [26/Sep/2025:03:46:18 +0000] "GET /robots.txt HTTP/1.1" 301 162 "-" "Mozilla/5.0 AppleWebKit/537.36 (KHTML, like Gecko; compatible; bingbot/2.0; +http://www.bing.com/bingbot.htm) Chrome/116.0.1938.76 Safari/537.36"
52.167.144.186 - - [26/Sep/2025:03:46:31 +0000] "GET /de/vielfalt HTTP/1.1" 301 162 "-" "Mozilla/5.0 AppleWebKit/537.36 (KHTML, like Gecko; compatible; bingbot/2.0; +http://www.bing.com/bingbot.htm) Chrome/116.0.1938.76 Safari/537.36"
204.12.208.18 - - [26/Sep/2025:03:56:58 +0000] "GET /wp-content/plb692e7/index.php HTTP/1.1" 301 162 "http://aceitunaslosada.com/wp-content/plb692e7/index.php" "Mozilla/5.0 (Macintosh; U; PPC Mac OS X; ja-jp) AppleWebKit/523.12.2 (KHTML, like Gecko) Version/3.0.4 Safari/523.12.2"
195.200.2.44 - - [26/Sep/2025:03:59:17 +0000] "GET / HTTP/1.1" 301 162 "-" "Mozilla/5.0 (Windows NT 10.0; Win64; x64; rv:92.0) Gecko/20100101 Firefox/92.0"
116.179.33.15 - - [26/Sep/2025:04:00:33 +0000] "GET /robots.txt HTTP/1.1" 301 162 "-" "Mozilla/5.0 (Windows NT 10.0; WOW64) AppleWebKit/537.36 (KHTML, like Gecko) Chrome/48.0.2564.116 Safari/537.36"
220.181.51.88 - - [26/Sep/2025:04:00:33 +0000] "GET /robots.txt HTTP/1.1" 301 162 "-" "Mozilla/5.0 (Windows NT 10.0; WOW64) AppleWebKit/537.36 (KHTML, like Gecko) Chrome/48.0.2564.116 Safari/537.36"
204.12.208.18 - - [26/Sep/2025:04:08:28 +0000] "GET /wp-content/plb692e7/index.php HTTP/1.1" 301 162 "http://aceitunaslosada.com/wp-content/plb692e7/index.php" "Mozilla/5.0 (Macintosh; Intel Mac OS X 10_6_8) AppleWebKit/535.1 (KHTML, like Gecko) Chrome/14.0.835.202 Safari/535.1"
204.12.208.18 - - [26/Sep/2025:04:10:11 +0000] "GET /wp-content/plb692e7/index.php HTTP/1.1" 301 162 "http://aceitunaslosada.com/wp-content/plb692e7/index.php" "Mozilla/5.0 (Windows NT 6.1; WOW64; rv:9.0.1) Gecko/20100101 Firefox/9.0.1"
106.119.167.146 - - [26/Sep/2025:04:11:41 +0000] "GET / HTTP/1.1" 301 162 "-" "Mozilla/5.0 (iPhone; CPU iPhone OS 13_2_3 like Mac OS X) AppleWebKit/605.1.15 (KHTML, like Gecko) Version/13.0.3 Mobile/15E148 Safari/604.1"
43.173.177.112 - - [26/Sep/2025:04:18:16 +0000] "GET / HTTP/1.1" 301 162 "-" "Mozilla/5.0 (Windows NT 10.0; Win64; x64) AppleWebKit/537.36 (KHTML, like Gecko) Chrome/112.0.0.0 Safari/537.36"
216.244.66.231 - - [26/Sep/2025:04:20:55 +0000] "GET /robots.txt HTTP/1.1" 301 162 "-" "Mozilla/5.0 (compatible; DotBot/1.2; +https://opensiteexplorer.org/dotbot; help@moz.com)"
204.12.208.18 - - [26/Sep/2025:04:23:52 +0000] "GET /wp-content/plb692e7/index.php HTTP/1.1" 301 162 "http://aceitunaslosada.com/wp-content/plb692e7/index.php" "Mozilla/4.0 (compatible; MSIE 7.0; Windows NT 5.1; .NET CLR 1.1.4322; .NET CLR 2.0.50727; .NET CLR 3.0.04506.30)"
204.12.208.18 - - [26/Sep/2025:04:36:52 +0000] "GET /wp-content/plb692e7/index.php HTTP/1.1" 301 162 "http://aceitunaslosada.com/wp-content/plb692e7/index.php" "Mozilla/5.0 (Macintosh; U; Intel Mac OS X 10_5_3; ja-jp) AppleWebKit/525.18 (KHTML, like Gecko) Version/3.1.1 Safari/525.20"
204.12.208.18 - - [26/Sep/2025:04:49:48 +0000] "GET /wp-content/plb692e7/index.php HTTP/1.1" 301 162 "http://aceitunaslosada.com/wp-content/plb692e7/index.php" "Mozilla/5.0 (Macintosh; U; PPC Mac OS X; ja-jp) AppleWebKit/523.12 (KHTML, like Gecko) Version/3.0.4 Safari/523.12"
204.12.208.18 - - [26/Sep/2025:04:50:08 +0000] "GET /wp-content/plb692e7/index.php HTTP/1.1" 301 162 "http://aceitunaslosada.com/wp-content/plb692e7/index.php" "Mozilla/5.0 (Macintosh; Intel Mac OS X 10_6_8) AppleWebKit/535.1 (KHTML, like Gecko) RockMelt/0.9.64.361 Chrome/13.0.782.218 Safari/535.1"
204.12.208.18 - - [26/Sep/2025:05:03:14 +0000] "GET /wp-content/plb692e7/index.php HTTP/1.1" 301 162 "http://aceitunaslosada.com/wp-content/plb692e7/index.php" "Mozilla/5.0 (Macintosh; U; Intel Mac OS X 10_5_6; ja-jp) AppleWebKit/528.16 (KHTML, like Gecko) Version/4.0 Safari/528.16"
216.244.66.231 - - [26/Sep/2025:05:14:23 +0000] "GET /robots.txt HTTP/1.1" 301 162 "-" "Mozilla/5.0 (compatible; DotBot/1.2; +https://opensiteexplorer.org/dotbot; help@moz.com)"
204.12.208.18 - - [26/Sep/2025:05:17:02 +0000] "GET /wp-content/plb692e7/index.php HTTP/1.1" 301 162 "http://aceitunaslosada.com/wp-content/plb692e7/index.php" "Mozilla/5.0 (Macintosh; Intel Mac OS X 10.5; rv:8.0.1) Gecko/20100101 Firefox/8.0.1"
66.249.79.8 - - [26/Sep/2025:05:28:43 +0000] "GET /robots.txt HTTP/1.1" 301 162 "-" "Mozilla/5.0 (compatible; Googlebot/2.1; +http://www.google.com/bot.html)"
66.249.79.8 - - [26/Sep/2025:05:28:44 +0000] "GET /?sitemapindex.xml HTTP/1.1" 301 162 "-" "Mozilla/5.0 (compatible; Googlebot/2.1; +http://www.google.com/bot.html)"
204.12.208.18 - - [26/Sep/2025:05:30:10 +0000] "GET /wp-content/plb692e7/index.php HTTP/1.1" 301 162 "http://aceitunaslosada.com/wp-content/plb692e7/index.php" "Mozilla/5.0 (Macintosh; U; Intel Mac OS X 10_6_2; ja-jp) AppleWebKit/531.21.8 (KHTML, like Gecko) Version/4.0.4 Safari/531.21.10"
156.146.48.141 - - [26/Sep/2025:05:30:43 +0000] "GET /.env HTTP/1.1" 301 162 "-" "Mozilla/5.0 (Macintosh; Intel Mac OS X 10.15; rv:77.0) Gecko/20100101 Firefox/77.0"
204.12.208.18 - - [26/Sep/2025:05:43:25 +0000] "GET /wp-content/plb692e7/index.php HTTP/1.1" 301 162 "http://aceitunaslosada.com/wp-content/plb692e7/index.php" "Opera/9.80 (Windows NT 6.1; U; ja) Presto/2.10.229 Version/11.60"
204.12.208.18 - - [26/Sep/2025:05:43:45 +0000] "GET /wp-content/plb692e7/index.php HTTP/1.1" 301 162 "http://aceitunaslosada.com/wp-content/plb692e7/index.php" "Mozilla/5.0 (Macintosh; U; Intel Mac OS X 10_5_6; ja-jp) AppleWebKit/528.16 (KHTML, like Gecko) Version/4.0 Safari/528.16"
156.146.48.141 - - [26/Sep/2025:05:52:45 +0000] "GET /.env HTTP/1.1" 301 162 "-" "Mozilla/5.0 (Macintosh; Intel Mac OS X 10.15; rv:77.0) Gecko/20100101 Firefox/77.0"
204.12.208.18 - - [26/Sep/2025:05:56:18 +0000] "GET /wp-content/plb692e7/index.php HTTP/1.1" 301 162 "http://aceitunaslosada.com/wp-content/plb692e7/index.php" "Mozilla/5.0 (Macintosh; Intel Mac OS X 10_6_8) AppleWebKit/534.52.7 (KHTML, like Gecko) Version/5.1.2 Safari/534.52.7"
204.12.208.18 - - [26/Sep/2025:05:56:38 +0000] "GET /wp-content/plb692e7/index.php HTTP/1.1" 301 162 "http://aceitunaslosada.com/wp-content/plb692e7/index.php" "Mozilla/4.0 (compatible; GoogleToolbar 5.0.2124.2070; Windows 6.0; MSIE 8.0.6001.18241)"
204.12.208.18 - - [26/Sep/2025:06:09:22 +0000] "GET /wp-content/plb692e7/index.php HTTP/1.1" 301 162 "http://aceitunaslosada.com/wp-content/plb692e7/index.php" "Mozilla/4.0 (compatible; GoogleToolbar 5.0.2124.2070; Windows 6.0; MSIE 8.0.6001.18241)"
43.130.139.136 - - [26/Sep/2025:06:13:35 +0000] "GET / HTTP/1.1" 301 162 "-" "Mozilla/5.0 (iPhone; CPU iPhone OS 13_2_3 like Mac OS X) AppleWebKit/605.1.15 (KHTML, like Gecko) Version/13.0.3 Mobile/15E148 Safari/604.1"
45.149.173.233 - - [26/Sep/2025:06:20:57 +0000] "GET / HTTP/1.1" 301 162 "-" "Mozilla/5.0 (Windows NT 10.0; Win64; x64) AppleWebKit/537.36 (KHTML, like Gecko) Chrome/78.0.3904.108 Safari/537.36"
204.12.208.18 - - [26/Sep/2025:06:22:56 +0000] "GET /wp-content/plb692e7/index.php HTTP/1.1" 301 162 "http://aceitunaslosada.com/wp-content/plb692e7/index.php" "Mozilla/4.0 (compatible; MSIE 8.0; Windows NT 5.1; Trident/4.0; .NET CLR 2.0.50727; .NET CLR 3.0.04506.30; .NET CLR 3.0.04506.648)"
204.12.208.18 - - [26/Sep/2025:06:23:16 +0000] "GET /wp-content/plb692e7/index.php HTTP/1.1" 301 162 "http://aceitunaslosada.com/wp-content/plb692e7/index.php" "Mozilla/5.0 (Macintosh; Intel Mac OS X 10.5; rv:5.0.1) Gecko/20100101 Firefox/5.0.1"
196.251.69.53 - - [26/Sep/2025:06:26:38 +0000] "GET /wp-test.php?Savvy=Mrx HTTP/1.1" 301 162 "-" "python-requests/2.32.5"
196.251.69.53 - - [26/Sep/2025:06:26:45 +0000] "GET /cgi-bin/wp-test.php?Savvy=Mrx HTTP/1.1" 301 162 "-" "python-requests/2.32.5"
196.251.69.53 - - [26/Sep/2025:06:26:52 +0000] "GET /central/wp-test.php?Savvy=Mrx HTTP/1.1" 301 162 "-" "python-requests/2.32.5"
54.236.1.54 - - [26/Sep/2025:06:29:20 +0000] "GET /robots.txt HTTP/1.1" 301 162 "-" "Mozilla/5.0 (compatible; Pinterestbot/1.0; +http://www.pinterest.com/bot.html)"
87.249.132.172 - - [26/Sep/2025:06:30:05 +0000] "GET / HTTP/1.0" 301 162 "http://aceitunaslosada.com/" "Mozilla/5.0 (Windows NT 10.0; Win64; x64) AppleWebKit/537.36 (KHTML, like Gecko) Chrome/131.0.0.0 Safari/537.36"