204.12.208.18 - - [24/Sep/2025:19:06:27 +0000] "GET /wp-content/plb692e7/index.php HTTP/1.1" 301 162 "http://aceitunaslosada.com/wp-content/plb692e7/index.php" "Mozilla/5.0 (compatible; MSIE 9.0; Windows NT 6.1; WOW64; Trident/5.0)"
204.12.208.18 - - [24/Sep/2025:19:06:47 +0000] "GET /wp-content/plb692e7/index.php HTTP/1.1" 301 162 "http://aceitunaslosada.com/wp-content/plb692e7/index.php" "Mozilla/5.0 (Macintosh; Intel Mac OS X 10_6_8) AppleWebKit/534.30 (KHTML, like Gecko) Chrome/12.0.742.112 Safari/534.30"
187.189.87.105 - - [24/Sep/2025:19:12:10 +0000] "GET /firma-losada/google_plus.png HTTP/1.1" 301 162 "-" "Mozilla/4.0 (compatible; ms-office; MSOffice 16)"
187.189.87.105 - - [24/Sep/2025:19:12:10 +0000] "GET /firma-losada/youtube.png HTTP/1.1" 301 162 "-" "Mozilla/4.0 (compatible; ms-office; MSOffice 16)"
201.103.169.64 - - [24/Sep/2025:19:12:10 +0000] "GET /firma-losada/twitter.png HTTP/1.1" 301 162 "-" "Mozilla/4.0 (compatible; ms-office; MSOffice 16)"
201.103.169.64 - - [24/Sep/2025:19:12:10 +0000] "GET /firma-losada/logo-losada-2.jpg HTTP/1.1" 301 162 "-" "Mozilla/4.0 (compatible; ms-office; MSOffice 16)"
201.103.169.64 - - [24/Sep/2025:19:12:10 +0000] "GET /firma-losada/pinterest.png HTTP/1.1" 301 162 "-" "Mozilla/4.0 (compatible; ms-office; MSOffice 16)"
204.12.208.18 - - [24/Sep/2025:19:20:43 +0000] "GET /wp-content/plb692e7/index.php HTTP/1.1" 301 162 "http://aceitunaslosada.com/wp-content/plb692e7/index.php" "Mozilla/5.0 (Macintosh; Intel Mac OS X 10_6_8) AppleWebKit/534.30 (KHTML, like Gecko) Chrome/12.0.742.112 Safari/534.30"
204.12.208.18 - - [24/Sep/2025:19:21:03 +0000] "GET /wp-content/plb692e7/index.php HTTP/1.1" 301 162 "http://aceitunaslosada.com/wp-content/plb692e7/index.php" "Mozilla/5.0 (Macintosh; U; Intel Mac OS X 10_5_6; ja-jp) AppleWebKit/525.27.1 (KHTML, like Gecko) Version/3.2.1 Safari/525.27.1"
204.12.208.18 - - [24/Sep/2025:19:33:43 +0000] "GET /wp-content/plb692e7/index.php HTTP/1.1" 301 162 "http://aceitunaslosada.com/wp-content/plb692e7/index.php" "Mozilla/5.0 (Macintosh; U; PPC Mac OS X 10_4_11; ja-jp) AppleWebKit/525.18 (KHTML, like Gecko) Version/3.1.2 Safari/525.22"
204.12.208.18 - - [24/Sep/2025:19:47:31 +0000] "GET /wp-content/plb692e7/index.php HTTP/1.1" 301 162 "http://aceitunaslosada.com/wp-content/plb692e7/index.php" "Mozilla/5.0 (compatible; MSIE 10.0; Windows NT 6.1; Trident/6.0)"
187.189.87.105 - - [24/Sep/2025:19:47:50 +0000] "GET /firma-losada/facebook.png HTTP/1.1" 301 162 "-" "Mozilla/4.0 (compatible; ms-office; MSOffice 16)"
187.189.87.105 - - [24/Sep/2025:19:47:50 +0000] "GET /firma-losada/twitter.png HTTP/1.1" 301 162 "-" "Mozilla/4.0 (compatible; ms-office; MSOffice 16)"
187.189.87.105 - - [24/Sep/2025:19:47:50 +0000] "GET /firma-losada/youtube.png HTTP/1.1" 301 162 "-" "Mozilla/4.0 (compatible; ms-office; MSOffice 16)"
187.189.87.105 - - [24/Sep/2025:19:47:50 +0000] "GET /firma-losada/google_plus.png HTTP/1.1" 301 162 "-" "Mozilla/4.0 (compatible; ms-office; MSOffice 16)"
201.103.169.64 - - [24/Sep/2025:19:47:50 +0000] "GET /firma-losada/logo-losada-2.jpg HTTP/1.1" 301 162 "-" "Mozilla/4.0 (compatible; ms-office; MSOffice 16)"
201.103.132.135 - - [24/Sep/2025:19:47:50 +0000] "GET /firma-losada/pinterest.png HTTP/1.1" 301 162 "-" "Mozilla/4.0 (compatible; ms-office; MSOffice 16)"
204.12.208.18 - - [24/Sep/2025:19:47:51 +0000] "GET /wp-content/plb692e7/index.php HTTP/1.1" 301 162 "http://aceitunaslosada.com/wp-content/plb692e7/index.php" "Mozilla/5.0 (Macintosh; U; Intel Mac OS X; ja-jp) AppleWebKit/523.10.3 (KHTML, like Gecko) Version/3.0.4 Safari/523.10"
216.244.66.231 - - [24/Sep/2025:19:52:23 +0000] "GET /robots.txt HTTP/1.1" 301 162 "-" "Mozilla/5.0 (compatible; DotBot/1.2; +https://opensiteexplorer.org/dotbot; help@moz.com)"
204.12.208.18 - - [24/Sep/2025:20:01:23 +0000] "GET /wp-content/plb692e7/index.php HTTP/1.1" 301 162 "http://aceitunaslosada.com/wp-content/plb692e7/index.php" "Mozilla/5.0 (compatible; MSIE 9.0; Windows NT 6.0; Trident/5.0)"
204.12.208.18 - - [24/Sep/2025:20:15:15 +0000] "GET /wp-content/plb692e7/index.php HTTP/1.1" 301 162 "http://aceitunaslosada.com/wp-content/plb692e7/index.php" "Mozilla/5.0 (Windows NT 6.1; WOW64) AppleWebKit/535.7 (KHTML, like Gecko) Chrome/16.0.912.75 Safari/535.7"
185.241.208.111 - - [24/Sep/2025:20:25:28 +0000] "POST /wp-plain.php HTTP/1.1" 301 162 "www.google.com" "Mozilla/5.0 (Linux; Android 7.0; SM-G892A Bulid/NRD90M; wv) AppleWebKit/537.36 (KHTML, like Gecko) Version/4.0 Chrome/60.0.3112.107 Moblie Safari/537.36"
185.241.208.111 - - [24/Sep/2025:20:25:28 +0000] "GET /wp-content/plugins/fix/up.php HTTP/1.1" 301 162 "-" "Mozilla/5.0 (Windows NT 10.0; Win64; x64) AppleWebKit/537.36 (KHTML, like Gecko) Chrome/85.0.4183.102 Safari/537.36"
185.241.208.111 - - [24/Sep/2025:20:25:28 +0000] "GET /wp-content/themes/seotheme/db.php?u HTTP/1.1" 301 162 "www.google.com" "Mozlila/5.0 (Linux; Android 7.0; SM-G892A Bulid/NRD90M; wv) AppleWebKit/537.36 (KHTML, like Gecko) Version/4.0 Chrome/60.0.3112.107 Moblie Safari/537.36"
185.241.208.111 - - [24/Sep/2025:20:25:28 +0000] "GET / HTTP/1.1" 301 162 "-" "Mozlila/5.0 (Linux; Android 7.0; SM-G892A Bulid/NRD90M; wv) AppleWebKit/537.36 (KHTML, like Gecko) Version/4.0 Chrome/60.0.3112.107 Moblie Safari/537.36"
185.241.208.111 - - [24/Sep/2025:20:25:29 +0000] "POST /ALFA_DATA/alfacgiapi/perl.alfa HTTP/1.1" 301 162 "www.google.com" "Mozlila/5.0 (Linux; Android 7.0; SM-G892A Bulid/NRD90M; wv) AppleWebKit/537.36 (KHTML, like Gecko) Version/4.0 Chrome/60.0.3112.107 Moblie Safari/537.36"
185.241.208.111 - - [24/Sep/2025:20:25:31 +0000] "POST /alfacgiapi/perl.alfa HTTP/1.1" 301 162 "www.google.com" "Mozlila/5.0 (Linux; Android 7.0; SM-G892A Bulid/NRD90M; wv) AppleWebKit/537.36 (KHTML, like Gecko) Version/4.0 Chrome/60.0.3112.107 Moblie Safari/537.36"
204.12.208.18 - - [24/Sep/2025:20:28:44 +0000] "GET /wp-content/plb692e7/index.php HTTP/1.1" 301 162 "http://aceitunaslosada.com/wp-content/plb692e7/index.php" "Mozilla/5.0 (compatible; MSIE 10.0; Windows NT 6.2; Trident/6.0)"
204.12.208.18 - - [24/Sep/2025:20:42:20 +0000] "GET /wp-content/plb692e7/index.php HTTP/1.1" 301 162 "http://aceitunaslosada.com/wp-content/plb692e7/index.php" "Mozilla/4.0 (compatible; MSIE 8.0; Windows NT 5.1; Trident/4.0; .NET CLR 2.0.50727; .NET CLR 3.0.04506.30; .NET CLR 3.0.04506.648)"
134.149.43.16 - - [24/Sep/2025:20:42:39 +0000] "GET //wp-content/plugins/fix/up.php HTTP/1.1" 301 162 "-" "Mozilla/5.0 (Windows NT 10.0; Win64; x64) AppleWebKit/537.36 (KHTML, like Gecko) Chrome/85.0.4183.102 Safari/537.36"
204.12.208.18 - - [24/Sep/2025:20:42:40 +0000] "GET /wp-content/plb692e7/index.php HTTP/1.1" 301 162 "http://aceitunaslosada.com/wp-content/plb692e7/index.php" "Mozilla/5.0 (Macintosh; Intel Mac OS X 10_8) AppleWebKit/536.25 (KHTML, like Gecko) Version/6.0 Safari/536.25"
216.244.66.231 - - [24/Sep/2025:20:45:31 +0000] "GET /robots.txt HTTP/1.1" 301 162 "-" "Mozilla/5.0 (compatible; DotBot/1.2; +https://opensiteexplorer.org/dotbot; help@moz.com)"
118.171.145.89 - - [24/Sep/2025:20:53:51 +0000] "GET /wp-json/wp/v2/posts HTTP/1.1" 301 162 "-" "Mozilla/5.0 (Windows NT 10.0; Win64; x64) AppleWebKit/537.36 (KHTML, like Gecko) Chrome/120.0.0.0 Safari/537.36"
204.12.208.18 - - [24/Sep/2025:20:55:55 +0000] "GET /wp-content/plb692e7/index.php HTTP/1.1" 301 162 "http://aceitunaslosada.com/wp-content/plb692e7/index.php" "Mozilla/5.0 (Macintosh; Intel Mac OS X 10_6_8) AppleWebKit/535.1 (KHTML, like Gecko) Chrome/13.0.782.112 Safari/535.1"
204.12.208.18 - - [24/Sep/2025:20:56:16 +0000] "GET /wp-content/plb692e7/index.php HTTP/1.1" 301 162 "http://aceitunaslosada.com/wp-content/plb692e7/index.php" "Opera/9.80 (Windows NT 6.1; U; ja) Presto/2.9.168 Version/11.50"
200.81.51.134 - - [24/Sep/2025:20:59:44 +0000] "GET / HTTP/1.1" 301 162 "-" "Mozilla/5.0 (Macintosh; Intel Mac OS X 10_15_7) AppleWebKit/537.36 (KHTML, like Gecko) Chrome/114.0.0.0 Safari/537.36"
20.191.45.212 - - [24/Sep/2025:21:00:58 +0000] "GET / HTTP/1.1" 301 162 "http://www.aceitunaslosada.com/" "DuckDuckBot/1.1; (+http://duckduckgo.com/duckduckbot.html)"
20.191.45.212 - - [24/Sep/2025:21:01:00 +0000] "GET /favicon.ico HTTP/1.1" 301 162 "http://www.aceitunaslosada.com/favicon.ico" "DuckDuckBot/1.1; (+http://duckduckgo.com/duckduckbot.html)"
134.149.43.16 - - [24/Sep/2025:21:04:01 +0000] "GET //wp-content/plugins/fix/up.php HTTP/1.1" 301 162 "-" "Mozilla/5.0 (Windows NT 10.0; Win64; x64) AppleWebKit/537.36 (KHTML, like Gecko) Chrome/85.0.4183.102 Safari/537.36"
204.12.208.18 - - [24/Sep/2025:21:09:09 +0000] "GET /wp-content/plb692e7/index.php HTTP/1.1" 301 162 "http://aceitunaslosada.com/wp-content/plb692e7/index.php" "Mozilla/5.0 (Macintosh; U; Intel Mac OS X; ja-jp) AppleWebKit/523.10.3 (KHTML, like Gecko) Version/3.0.4 Safari/523.10"
204.12.208.18 - - [24/Sep/2025:21:09:29 +0000] "GET /wp-content/plb692e7/index.php HTTP/1.1" 301 162 "http://aceitunaslosada.com/wp-content/plb692e7/index.php" "Mozilla/5.0 (Macintosh; Intel Mac OS X 10_6_8) AppleWebKit/535.1 (KHTML, like Gecko) RockMelt/0.9.64.361 Chrome/13.0.782.218 Safari/535.1"
204.12.208.18 - - [24/Sep/2025:21:23:12 +0000] "GET /wp-content/plb692e7/index.php HTTP/1.1" 301 162 "http://aceitunaslosada.com/wp-content/plb692e7/index.php" "Mozilla/5.0 (Macintosh; Intel Mac OS X 10_6_8) AppleWebKit/535.1 (KHTML, like Gecko) RockMelt/0.9.64.361 Chrome/13.0.782.218 Safari/535.1"
204.12.208.18 - - [24/Sep/2025:21:23:32 +0000] "GET /wp-content/plb692e7/index.php HTTP/1.1" 301 162 "http://aceitunaslosada.com/wp-content/plb692e7/index.php" "Mozilla/5.0 (Macintosh; U; Intel Mac OS X 10_6_3; ja-jp) AppleWebKit/533.16 (KHTML, like Gecko) Version/5.0 Safari/533.16"
204.12.208.18 - - [24/Sep/2025:21:36:55 +0000] "GET /wp-content/plb692e7/index.php HTTP/1.1" 301 162 "http://aceitunaslosada.com/wp-content/plb692e7/index.php" "Mozilla/5.0 (Windows; U; Windows NT 5.1; en-US) AppleWebKit/534.16 (KHTML, like Gecko) Chrome/10.0.648.151 Safari/534.16"
216.244.66.231 - - [24/Sep/2025:21:39:19 +0000] "GET /robots.txt HTTP/1.1" 301 162 "-" "Mozilla/5.0 (compatible; DotBot/1.2; +https://opensiteexplorer.org/dotbot; help@moz.com)"
119.45.20.16 - - [24/Sep/2025:21:47:08 +0000] "GET / HTTP/1.1" 301 162 "-" "Mozilla/5.0 (iPhone; CPU iPhone OS 13_2_3 like Mac OS X) AppleWebKit/605.1.15 (KHTML, like Gecko) Version/13.0.3 Mobile/15E148 Safari/604.1"
204.12.208.18 - - [24/Sep/2025:21:50:37 +0000] "GET /wp-content/plb692e7/index.php HTTP/1.1" 301 162 "http://aceitunaslosada.com/wp-content/plb692e7/index.php" "Mozilla/5.0 (Macintosh; Intel Mac OS X 10_7_2) AppleWebKit/535.2 (KHTML, like Gecko) Chrome/15.0.874.106 Safari/535.2"
204.12.208.18 - - [24/Sep/2025:21:50:57 +0000] "GET /wp-content/plb692e7/index.php HTTP/1.1" 301 162 "http://aceitunaslosada.com/wp-content/plb692e7/index.php" "Mozilla/5.0 (Macintosh; Intel Mac OS X 10_6_8) AppleWebKit/534.57.2 (KHTML, like Gecko) Version/5.1.7 Safari/534.57.2"
204.12.208.18 - - [24/Sep/2025:22:04:44 +0000] "GET /wp-content/plb692e7/index.php HTTP/1.1" 301 162 "http://aceitunaslosada.com/wp-content/plb692e7/index.php" "Mozilla/5.0 (Macintosh; Intel Mac OS X 10.5; rv:8.0.1) Gecko/20100101 Firefox/8.0.1"
43.173.182.222 - - [24/Sep/2025:22:18:14 +0000] "GET / HTTP/1.1" 301 162 "-" "Mozilla/5.0 (Windows NT 10.0; Win64; x64) AppleWebKit/537.36 (KHTML, like Gecko) Chrome/116.0.0.0 Safari/537.36"
204.12.208.18 - - [24/Sep/2025:22:18:25 +0000] "GET /wp-content/plb692e7/index.php HTTP/1.1" 301 162 "http://aceitunaslosada.com/wp-content/plb692e7/index.php" "Mozilla/5.0 (Macintosh; U; PPC Mac OS X; ja-jp) AppleWebKit/523.10.6 (KHTML, like Gecko) Version/3.0.4 Safari/523.10.6"
204.12.208.18 - - [24/Sep/2025:22:18:45 +0000] "GET /wp-content/plb692e7/index.php HTTP/1.1" 301 162 "http://aceitunaslosada.com/wp-content/plb692e7/index.php" "Mozilla/4.0 (compatible; MSIE 7.0; Windows NT 5.1)"
103.162.125.218 - - [24/Sep/2025:22:21:33 +0000] "GET / HTTP/1.1" 301 162 "-" "Mozilla/5.0 (Windows NT 10.0; Win64; x64) AppleWebKit/537.36 (KHTML, like Gecko) Chrome/129.0.0.0 Safari/537.36"
204.12.208.18 - - [24/Sep/2025:22:31:45 +0000] "GET /wp-content/plb692e7/index.php HTTP/1.1" 301 162 "http://aceitunaslosada.com/wp-content/plb692e7/index.php" "Mozilla/4.0 (compatible; MSIE 8.0; Windows NT 5.1; Trident/4.0; .NET CLR 2.0.50727; InfoPath.1"
204.12.208.18 - - [24/Sep/2025:22:32:05 +0000] "GET /wp-content/plb692e7/index.php HTTP/1.1" 301 162 "http://aceitunaslosada.com/wp-content/plb692e7/index.php" "Mozilla/5.0 (Windows NT 6.1; WOW64) AppleWebKit/535.1 (KHTML, like Gecko) Chrome/14.0.835.202 Safari/535.1"
216.244.66.231 - - [24/Sep/2025:22:33:42 +0000] "GET /robots.txt HTTP/1.1" 301 162 "-" "Mozilla/5.0 (compatible; DotBot/1.2; +https://opensiteexplorer.org/dotbot; help@moz.com)"
204.12.208.18 - - [24/Sep/2025:22:45:22 +0000] "GET /wp-content/plb692e7/index.php HTTP/1.1" 301 162 "http://aceitunaslosada.com/wp-content/plb692e7/index.php" "Mozilla/5.0 (Macintosh; Intel Mac OS X 10_6_8) AppleWebKit/534.30 (KHTML, like Gecko) Chrome/12.0.742.112 Safari/534.30"
204.12.208.18 - - [24/Sep/2025:22:45:42 +0000] "GET /wp-content/plb692e7/index.php HTTP/1.1" 301 162 "http://aceitunaslosada.com/wp-content/plb692e7/index.php" "Mozilla/5.0 (compatible; MSIE 9.0; Windows NT 6.1; WOW64; Trident/5.0; SLCC2; .NET CLR 2.0.50727; .NET CLR 3.5.30729; .NET CLR 3.0.30729; Media Center PC 6.0; MAGW; .NET4.0C; Lunascape 6.5.8.24780)"
204.12.208.18 - - [24/Sep/2025:22:58:03 +0000] "GET /wp-content/plb692e7/index.php HTTP/1.1" 301 162 "http://aceitunaslosada.com/wp-content/plb692e7/index.php" "Opera/9.80 (Windows NT 6.1; U; ja) Presto/2.9.168 Version/11.50"
134.149.43.16 - - [24/Sep/2025:23:10:18 +0000] "GET //wp-content/plugins/fix/up.php HTTP/1.1" 301 162 "-" "Mozilla/5.0 (Windows NT 10.0; Win64; x64) AppleWebKit/537.36 (KHTML, like Gecko) Chrome/85.0.4183.102 Safari/537.36"
204.12.208.18 - - [24/Sep/2025:23:11:48 +0000] "GET /wp-content/plb692e7/index.php HTTP/1.1" 301 162 "http://aceitunaslosada.com/wp-content/plb692e7/index.php" "Mozilla/5.0 (Macintosh; Intel Mac OS X 10_6_8) AppleWebKit/535.7 (KHTML, like Gecko) Chrome/16.0.912.75 Safari/535.7"
94.203.62.229 - - [24/Sep/2025:23:17:28 +0000] "GET /wp-json/wp/v2/posts HTTP/1.1" 301 162 "-" "Mozilla/5.0 (Windows NT 10.0; Win64; x64) AppleWebKit/537.36 (KHTML, like Gecko) Chrome/120.0.0.0 Safari/537.36"
45.117.164.30 - - [24/Sep/2025:23:22:48 +0000] "GET / HTTP/1.0" 301 162 "http://aceitunaslosada.com/" "Mozilla/5.0 (Windows NT 10.0; Win64; x64) AppleWebKit/537.36 (KHTML, like Gecko) Chrome/131.0.0.0 Safari/537.36 Avast/131.0.0.0"
204.12.208.18 - - [24/Sep/2025:23:25:30 +0000] "GET /wp-content/plb692e7/index.php HTTP/1.1" 301 162 "http://aceitunaslosada.com/wp-content/plb692e7/index.php" "Mozilla/5.0 (compatible; MSIE 10.0; Windows NT 6.2; Win64; x64; Trident/6.0)"
216.244.66.231 - - [24/Sep/2025:23:27:46 +0000] "GET /robots.txt HTTP/1.1" 301 162 "-" "Mozilla/5.0 (compatible; DotBot/1.2; +https://opensiteexplorer.org/dotbot; help@moz.com)"
204.12.208.18 - - [24/Sep/2025:23:38:40 +0000] "GET /wp-content/plb692e7/index.php HTTP/1.1" 301 162 "http://aceitunaslosada.com/wp-content/plb692e7/index.php" "Mozilla/5.0 (Windows NT 10.0; WOW64) AppleWebKit/537.36 (KHTML, like Gecko) Chrome/74.0.3729.131 Safari/537.36"
145.239.10.137 - - [24/Sep/2025:23:42:31 +0000] "GET /wp-control.php HTTP/1.1" 301 162 "http://aceitunaslosada.com/wp-control.php" "Mozilla/5.0 (iPhone; CPU iPhone OS 17_5_1 like Mac OS X) AppleWebKit/605.1.15 (KHTML, like Gecko) Version/17.5 Mobile/15E148 Safari/604.1"
204.12.208.18 - - [24/Sep/2025:23:51:37 +0000] "GET /wp-content/plb692e7/index.php HTTP/1.1" 301 162 "http://aceitunaslosada.com/wp-content/plb692e7/index.php" "Mozilla/5.0 (compatible; MSIE 10.0; Windows NT 6.1; Trident/6.0)"
204.12.208.18 - - [25/Sep/2025:00:04:42 +0000] "GET /wp-content/plb692e7/index.php HTTP/1.1" 301 162 "http://aceitunaslosada.com/wp-content/plb692e7/index.php" "Mozilla/5.0 (Macintosh; Intel Mac OS X 10_6_8) AppleWebKit/535.1 (KHTML, like Gecko) Chrome/13.0.782.220 Safari/535.1"
185.39.19.49 - - [25/Sep/2025:00:18:34 +0000] "GET / HTTP/1.0" 301 162 "http://aceitunaslosada.com/" "Mozilla/5.0 (Windows NT 10.0; Win64; x64) AppleWebKit/537.36 (KHTML, like Gecko) Chrome/131.0.0.0 Safari/537.36"
204.12.208.18 - - [25/Sep/2025:00:18:51 +0000] "GET /wp-content/plb692e7/index.php HTTP/1.1" 301 162 "http://aceitunaslosada.com/wp-content/plb692e7/index.php" "Mozilla/5.0 (Macintosh; Intel Mac OS X 10_6_8) AppleWebKit/535.1 (KHTML, like Gecko) RockMelt/0.9.64.361 Chrome/13.0.782.218 Safari/535.1"
204.12.208.18 - - [25/Sep/2025:00:19:11 +0000] "GET /wp-content/plb692e7/index.php HTTP/1.1" 301 162 "http://aceitunaslosada.com/wp-content/plb692e7/index.php" "Mozilla/5.0 (Windows NT 6.0; rv:7.0.1) Gecko/20100101 Firefox/7.0.1"
216.244.66.231 - - [25/Sep/2025:00:22:44 +0000] "GET /robots.txt HTTP/1.1" 301 162 "-" "Mozilla/5.0 (compatible; DotBot/1.2; +https://opensiteexplorer.org/dotbot; help@moz.com)"
204.12.208.18 - - [25/Sep/2025:00:32:27 +0000] "GET /wp-content/plb692e7/index.php HTTP/1.1" 301 162 "http://aceitunaslosada.com/wp-content/plb692e7/index.php" "Mozilla/4.0 (compatible; MSIE 7.0; Windows NT 5.1; .NET CLR 1.1.4322; .NET CLR 2.0.50727)"
204.12.208.18 - - [25/Sep/2025:00:32:47 +0000] "GET /wp-content/plb692e7/index.php HTTP/1.1" 301 162 "http://aceitunaslosada.com/wp-content/plb692e7/index.php" "Mozilla/5.0 (Macintosh; Intel Mac OS X 10.6; rv:6.0.2) Gecko/20100101 Firefox/6.0.2"
204.12.208.18 - - [25/Sep/2025:00:46:22 +0000] "GET /wp-content/plb692e7/index.php HTTP/1.1" 301 162 "http://aceitunaslosada.com/wp-content/plb692e7/index.php" "Mozilla/5.0 (Windows NT 6.1; WOW64) AppleWebKit/535.7 (KHTML, like Gecko) Chrome/16.0.912.75 Safari/535.7"
204.12.208.18 - - [25/Sep/2025:00:59:48 +0000] "GET /wp-content/plb692e7/index.php HTTP/1.1" 301 162 "http://aceitunaslosada.com/wp-content/plb692e7/index.php" "Mozilla/5.0 (compatible; MSIE 9.0; Windows NT 6.0; Trident/5.0)"
103.131.71.130 - - [25/Sep/2025:01:04:23 +0000] "GET /robots.txt HTTP/1.1" 301 162 "-" "Mozilla/5.0 (compatible; coccocbot-web/1.0; +http://help.coccoc.com/searchengine)"
74.208.167.104 - - [25/Sep/2025:01:07:28 +0000] "GET /wp-includes/sitemaps/providers/mariju.php HTTP/1.1" 301 162 "-" "Mozlila/5.0 (Linux; Android 7.0; SM-G892A Bulid/NRD90M; wv) AppleWebKit/537.36 (KHTML, like Gecko) Version/4.0 Chrome/60.0.3112.107 Moblie Safari/537.36"
74.208.167.104 - - [25/Sep/2025:01:07:32 +0000] "GET /wp-admin/css/colors/coffee/mariju.php HTTP/1.1" 301 162 "-" "Mozlila/5.0 (Linux; Android 7.0; SM-G892A Bulid/NRD90M; wv) AppleWebKit/537.36 (KHTML, like Gecko) Version/4.0 Chrome/60.0.3112.107 Moblie Safari/537.36"
74.208.167.104 - - [25/Sep/2025:01:07:37 +0000] "GET /cgi-bin/mariju.php HTTP/1.1" 301 162 "-" "Mozlila/5.0 (Linux; Android 7.0; SM-G892A Bulid/NRD90M; wv) AppleWebKit/537.36 (KHTML, like Gecko) Version/4.0 Chrome/60.0.3112.107 Moblie Safari/537.36"
74.208.167.104 - - [25/Sep/2025:01:07:40 +0000] "GET /wp-includes/IXR/mariju.php HTTP/1.1" 301 162 "-" "Mozlila/5.0 (Linux; Android 7.0; SM-G892A Bulid/NRD90M; wv) AppleWebKit/537.36 (KHTML, like Gecko) Version/4.0 Chrome/60.0.3112.107 Moblie Safari/537.36"
74.208.167.104 - - [25/Sep/2025:01:07:43 +0000] "GET /.well-known/acme-challenge/mariju.php HTTP/1.1" 301 162 "-" "Mozlila/5.0 (Linux; Android 7.0; SM-G892A Bulid/NRD90M; wv) AppleWebKit/537.36 (KHTML, like Gecko) Version/4.0 Chrome/60.0.3112.107 Moblie Safari/537.36"
74.208.167.104 - - [25/Sep/2025:01:07:47 +0000] "GET /images/mariju.php HTTP/1.1" 301 162 "-" "Mozlila/5.0 (Linux; Android 7.0; SM-G892A Bulid/NRD90M; wv) AppleWebKit/537.36 (KHTML, like Gecko) Version/4.0 Chrome/60.0.3112.107 Moblie Safari/537.36"
74.208.167.104 - - [25/Sep/2025:01:07:51 +0000] "GET /wp-includes/php-compat/mariju.php HTTP/1.1" 301 162 "-" "Mozlila/5.0 (Linux; Android 7.0; SM-G892A Bulid/NRD90M; wv) AppleWebKit/537.36 (KHTML, like Gecko) Version/4.0 Chrome/60.0.3112.107 Moblie Safari/537.36"
74.208.167.104 - - [25/Sep/2025:01:08:03 +0000] "GET /wp-admin/maint/mariju.php HTTP/1.1" 301 162 "-" "Mozlila/5.0 (Linux; Android 7.0; SM-G892A Bulid/NRD90M; wv) AppleWebKit/537.36 (KHTML, like Gecko) Version/4.0 Chrome/60.0.3112.107 Moblie Safari/537.36"
101.99.88.90 - - [25/Sep/2025:01:13:12 +0000] "GET / HTTP/1.1" 301 162 "-" "Mozilla/5.0 (compatible; Googlebot/2.1; +http://www.google.com/bot.html)"
204.12.208.18 - - [25/Sep/2025:01:13:44 +0000] "GET /wp-content/plb692e7/index.php HTTP/1.1" 301 162 "http://aceitunaslosada.com/wp-content/plb692e7/index.php" "Mozilla/4.0 (compatible; MSIE 7.0; Windows NT 5.1; SV1; .NET CLR 1.0.3705; .NET CLR 2.0.50727; .NET CLR 1.1.4322)"
64.227.164.49 - - [25/Sep/2025:01:18:19 +0000] "GET /wp-admin/css/ HTTP/1.1" 301 162 "binance.com" "Mozilla/5.0 (Windows NT 10.0; Win64; x64) AppleWebKit/537.36 (KHTML, like Gecko) Chrome/90.0.4430.85 Safari/537.36"
101.99.88.90 - - [25/Sep/2025:01:23:04 +0000] "GET / HTTP/1.1" 301 162 "-" "Mozilla/5.0 (compatible; Googlebot/2.1; +http://www.google.com/bot.html)"
204.12.208.18 - - [25/Sep/2025:01:27:43 +0000] "GET /wp-content/plb692e7/index.php HTTP/1.1" 301 162 "http://aceitunaslosada.com/wp-content/plb692e7/index.php" "Mozilla/5.0 (Macintosh; Intel Mac OS X 10_6_8) AppleWebKit/534.24 (KHTML, like Gecko) Chrome/11.0.696.71 Safari/534.24"
87.250.224.205 - - [25/Sep/2025:01:33:42 +0000] "GET /robots.txt HTTP/1.1" 301 162 "-" "Mozilla/5.0 (compatible; YandexBot/3.0; +http://yandex.com/bots)"
5.255.231.27 - - [25/Sep/2025:01:33:42 +0000] "GET /wp-content/uploads/2013/10/favicon114.png HTTP/1.1" 301 162 "-" "Mozilla/5.0 (compatible; YandexFavicons/1.0; +http://yandex.com/bots)"
5.10.217.76 - - [25/Sep/2025:01:38:41 +0000] "GET /wp-content/cache/db/options/fe4/i18ns/index.php HTTP/1.1" 301 162 "http://aceitunaslosada.com/wp-content/cache/db/options/fe4/i18ns/index.php" "Mozilla/5.0 (Windows NT 10.0; Win64; x64) AppleWebKit/537.36 (KHTML, like Gecko) Chrome/58.0.3029.110 Safari/537.3"
5.10.217.76 - - [25/Sep/2025:01:38:52 +0000] "POST /wp-content/cache/db/options/fe4/i18ns/index.php HTTP/1.1" 301 162 "http://aceitunaslosada.com/wp-content/cache/db/options/fe4/i18ns/index.php" "Mozilla/5.0 (Windows NT 10.0; Win64; x64) AppleWebKit/537.36 (KHTML, like Gecko) Chrome/58.0.3029.110 Safari/537.3"
5.10.217.76 - - [25/Sep/2025:01:38:59 +0000] "POST /wp-content/cache/db/options/fe4/i18ns/index.php HTTP/1.1" 301 162 "http://aceitunaslosada.com/wp-content/cache/db/options/fe4/i18ns/index.php" "Mozilla/5.0 (Windows NT 10.0; Win64; x64) AppleWebKit/537.36 (KHTML, like Gecko) Chrome/58.0.3029.110 Safari/537.3"
5.10.217.76 - - [25/Sep/2025:01:39:02 +0000] "GET /wp-content/cache/db/options/fe4/i18ns/ex.php HTTP/1.1" 301 162 "http://aceitunaslosada.com/wp-content/cache/db/options/fe4/i18ns/ex.php" "Mozilla/5.0 (Windows NT 10.0; Win64; x64) AppleWebKit/537.36 (KHTML, like Gecko) Chrome/58.0.3029.110 Safari/537.3"
5.10.217.76 - - [25/Sep/2025:01:39:07 +0000] "POST /wp-content/cache/db/options/fe4/i18ns/index.php HTTP/1.1" 301 162 "http://aceitunaslosada.com/wp-content/cache/db/options/fe4/i18ns/index.php" "Mozilla/5.0 (Windows NT 10.0; Win64; x64) AppleWebKit/537.36 (KHTML, like Gecko) Chrome/58.0.3029.110 Safari/537.3"
5.10.217.76 - - [25/Sep/2025:01:39:12 +0000] "GET /wp-content/cache/db/options/fe4/i18ns/radio.php HTTP/1.1" 301 162 "http://aceitunaslosada.com/wp-content/cache/db/options/fe4/i18ns/radio.php" "Mozilla/5.0 (Windows NT 10.0; Win64; x64) AppleWebKit/537.36 (KHTML, like Gecko) Chrome/58.0.3029.110 Safari/537.3"
5.10.217.76 - - [25/Sep/2025:01:39:19 +0000] "POST /wp-content/cache/db/options/fe4/i18ns/index.php HTTP/1.1" 301 162 "http://aceitunaslosada.com/wp-content/cache/db/options/fe4/i18ns/index.php" "Mozilla/5.0 (Windows NT 10.0; Win64; x64) AppleWebKit/537.36 (KHTML, like Gecko) Chrome/58.0.3029.110 Safari/537.3"
5.10.217.76 - - [25/Sep/2025:01:39:23 +0000] "GET /wp-content/cache/db/options/fe4/i18ns/inputs.php HTTP/1.1" 301 162 "http://aceitunaslosada.com/wp-content/cache/db/options/fe4/i18ns/inputs.php" "Mozilla/5.0 (Windows NT 10.0; Win64; x64) AppleWebKit/537.36 (KHTML, like Gecko) Chrome/58.0.3029.110 Safari/537.3"
5.10.217.76 - - [25/Sep/2025:01:39:28 +0000] "POST /wp-content/cache/db/options/fe4/i18ns/index.php HTTP/1.1" 301 162 "http://aceitunaslosada.com/wp-content/cache/db/options/fe4/i18ns/index.php" "Mozilla/5.0 (Windows NT 10.0; Win64; x64) AppleWebKit/537.36 (KHTML, like Gecko) Chrome/58.0.3029.110 Safari/537.3"
5.10.217.76 - - [25/Sep/2025:01:39:32 +0000] "GET /wp-content/cache/db/options/fe4/i18ns/about.php HTTP/1.1" 301 162 "http://aceitunaslosada.com/wp-content/cache/db/options/fe4/i18ns/about.php" "Mozilla/5.0 (Windows NT 10.0; Win64; x64) AppleWebKit/537.36 (KHTML, like Gecko) Chrome/58.0.3029.110 Safari/537.3"
5.10.217.76 - - [25/Sep/2025:01:39:35 +0000] "POST /wp-content/cache/db/options/fe4/i18ns/index.php HTTP/1.1" 301 162 "http://aceitunaslosada.com/wp-content/cache/db/options/fe4/i18ns/index.php" "Mozilla/5.0 (Windows NT 10.0; Win64; x64) AppleWebKit/537.36 (KHTML, like Gecko) Chrome/58.0.3029.110 Safari/537.3"
5.10.217.76 - - [25/Sep/2025:01:39:38 +0000] "GET /wp-content/cache/db/options/fe4/i18ns/pages.php HTTP/1.1" 301 162 "http://aceitunaslosada.com/wp-content/cache/db/options/fe4/i18ns/pages.php" "Mozilla/5.0 (Windows NT 10.0; Win64; x64) AppleWebKit/537.36 (KHTML, like Gecko) Chrome/58.0.3029.110 Safari/537.3"
5.10.217.76 - - [25/Sep/2025:01:39:41 +0000] "POST /wp-content/cache/db/options/fe4/i18ns/index.php HTTP/1.1" 301 162 "http://aceitunaslosada.com/wp-content/cache/db/options/fe4/i18ns/index.php" "Mozilla/5.0 (Windows NT 10.0; Win64; x64) AppleWebKit/537.36 (KHTML, like Gecko) Chrome/58.0.3029.110 Safari/537.3"
5.10.217.76 - - [25/Sep/2025:01:39:45 +0000] "GET /wp-content/cache/db/options/fe4/i18ns/wp-login.php HTTP/1.1" 301 162 "http://aceitunaslosada.com/wp-content/cache/db/options/fe4/i18ns/wp-login.php" "Mozilla/5.0 (Windows NT 10.0; Win64; x64) AppleWebKit/537.36 (KHTML, like Gecko) Chrome/58.0.3029.110 Safari/537.3"
5.10.217.76 - - [25/Sep/2025:01:39:55 +0000] "GET /copia/wp-content/plugins/broken-link-checker/core/query-content/index.php HTTP/1.1" 301 162 "http://aceitunaslosada.com/copia/wp-content/plugins/broken-link-checker/core/query-content/index.php" "Mozilla/5.0 (Windows NT 10.0; Win64; x64) AppleWebKit/537.36 (KHTML, like Gecko) Chrome/58.0.3029.110 Safari/537.3"
5.10.217.76 - - [25/Sep/2025:01:40:00 +0000] "POST /copia/wp-content/plugins/broken-link-checker/core/query-content/index.php HTTP/1.1" 301 162 "http://aceitunaslosada.com/copia/wp-content/plugins/broken-link-checker/core/query-content/index.php" "Mozilla/5.0 (Windows NT 10.0; Win64; x64) AppleWebKit/537.36 (KHTML, like Gecko) Chrome/58.0.3029.110 Safari/537.3"
5.10.217.76 - - [25/Sep/2025:01:40:04 +0000] "GET /wp-content/plugins/sitepress-multilingual-cms/vendor/yoast/audits/index.php HTTP/1.1" 301 162 "http://aceitunaslosada.com/wp-content/plugins/sitepress-multilingual-cms/vendor/yoast/audits/index.php" "Mozilla/5.0 (Windows NT 10.0; Win64; x64) AppleWebKit/537.36 (KHTML, like Gecko) Chrome/58.0.3029.110 Safari/537.3"
5.10.217.76 - - [25/Sep/2025:01:40:07 +0000] "POST /wp-content/plugins/sitepress-multilingual-cms/vendor/yoast/audits/index.php HTTP/1.1" 301 162 "http://aceitunaslosada.com/wp-content/plugins/sitepress-multilingual-cms/vendor/yoast/audits/index.php" "Mozilla/5.0 (Windows NT 10.0; Win64; x64) AppleWebKit/537.36 (KHTML, like Gecko) Chrome/58.0.3029.110 Safari/537.3"
5.10.217.76 - - [25/Sep/2025:01:40:10 +0000] "GET /copia/wp-content/plugins/wp-add-mime-types/includes/cloudflare/index.php HTTP/1.1" 301 162 "http://aceitunaslosada.com/copia/wp-content/plugins/wp-add-mime-types/includes/cloudflare/index.php" "Mozilla/5.0 (Windows NT 10.0; Win64; x64) AppleWebKit/537.36 (KHTML, like Gecko) Chrome/58.0.3029.110 Safari/537.3"
5.10.217.76 - - [25/Sep/2025:01:40:13 +0000] "POST /copia/wp-content/plugins/wp-add-mime-types/includes/cloudflare/index.php HTTP/1.1" 301 162 "http://aceitunaslosada.com/copia/wp-content/plugins/wp-add-mime-types/includes/cloudflare/index.php" "Mozilla/5.0 (Windows NT 10.0; Win64; x64) AppleWebKit/537.36 (KHTML, like Gecko) Chrome/58.0.3029.110 Safari/537.3"
5.10.217.76 - - [25/Sep/2025:01:40:16 +0000] "GET /wp-content/cache/page_enhanced/www.aceitunaslosada.com/oini3t97mra8fi/list-grid/index.php HTTP/1.1" 301 162 "http://aceitunaslosada.com/wp-content/cache/page_enhanced/www.aceitunaslosada.com/oini3t97mra8fi/list-grid/index.php" "Mozilla/5.0 (Windows NT 10.0; Win64; x64) AppleWebKit/537.36 (KHTML, like Gecko) Chrome/58.0.3029.110 Safari/537.3"
5.10.217.76 - - [25/Sep/2025:01:40:21 +0000] "POST /wp-content/cache/page_enhanced/www.aceitunaslosada.com/oini3t97mra8fi/list-grid/index.php HTTP/1.1" 301 162 "http://aceitunaslosada.com/wp-content/cache/page_enhanced/www.aceitunaslosada.com/oini3t97mra8fi/list-grid/index.php" "Mozilla/5.0 (Windows NT 10.0; Win64; x64) AppleWebKit/537.36 (KHTML, like Gecko) Chrome/58.0.3029.110 Safari/537.3"
5.10.217.76 - - [25/Sep/2025:01:40:25 +0000] "GET /wp-content/cache/db/options/5b4/embeds/index.php HTTP/1.1" 301 162 "http://aceitunaslosada.com/wp-content/cache/db/options/5b4/embeds/index.php" "Mozilla/5.0 (Windows NT 10.0; Win64; x64) AppleWebKit/537.36 (KHTML, like Gecko) Chrome/58.0.3029.110 Safari/537.3"
5.10.217.76 - - [25/Sep/2025:01:40:33 +0000] "POST /wp-content/cache/db/options/5b4/embeds/index.php HTTP/1.1" 301 162 "http://aceitunaslosada.com/wp-content/cache/db/options/5b4/embeds/index.php" "Mozilla/5.0 (Windows NT 10.0; Win64; x64) AppleWebKit/537.36 (KHTML, like Gecko) Chrome/58.0.3029.110 Safari/537.3"
5.10.217.76 - - [25/Sep/2025:01:40:36 +0000] "POST /wp-content/cache/db/options/5b4/embeds/index.php HTTP/1.1" 301 162 "http://aceitunaslosada.com/wp-content/cache/db/options/5b4/embeds/index.php" "Mozilla/5.0 (Windows NT 10.0; Win64; x64) AppleWebKit/537.36 (KHTML, like Gecko) Chrome/58.0.3029.110 Safari/537.3"
5.10.217.76 - - [25/Sep/2025:01:40:39 +0000] "GET /wp-content/cache/db/options/5b4/embeds/ex.php HTTP/1.1" 301 162 "http://aceitunaslosada.com/wp-content/cache/db/options/5b4/embeds/ex.php" "Mozilla/5.0 (Windows NT 10.0; Win64; x64) AppleWebKit/537.36 (KHTML, like Gecko) Chrome/58.0.3029.110 Safari/537.3"
5.10.217.76 - - [25/Sep/2025:01:40:43 +0000] "POST /wp-content/cache/db/options/5b4/embeds/index.php HTTP/1.1" 301 162 "http://aceitunaslosada.com/wp-content/cache/db/options/5b4/embeds/index.php" "Mozilla/5.0 (Windows NT 10.0; Win64; x64) AppleWebKit/537.36 (KHTML, like Gecko) Chrome/58.0.3029.110 Safari/537.3"
5.10.217.76 - - [25/Sep/2025:01:40:52 +0000] "GET /wp-content/cache/db/options/5b4/embeds/radio.php HTTP/1.1" 301 162 "http://aceitunaslosada.com/wp-content/cache/db/options/5b4/embeds/radio.php" "Mozilla/5.0 (Windows NT 10.0; Win64; x64) AppleWebKit/537.36 (KHTML, like Gecko) Chrome/58.0.3029.110 Safari/537.3"
5.10.217.76 - - [25/Sep/2025:01:40:56 +0000] "POST /wp-content/cache/db/options/5b4/embeds/index.php HTTP/1.1" 301 162 "http://aceitunaslosada.com/wp-content/cache/db/options/5b4/embeds/index.php" "Mozilla/5.0 (Windows NT 10.0; Win64; x64) AppleWebKit/537.36 (KHTML, like Gecko) Chrome/58.0.3029.110 Safari/537.3"
5.10.217.76 - - [25/Sep/2025:01:41:00 +0000] "GET /wp-content/cache/db/options/5b4/embeds/inputs.php HTTP/1.1" 301 162 "http://aceitunaslosada.com/wp-content/cache/db/options/5b4/embeds/inputs.php" "Mozilla/5.0 (Windows NT 10.0; Win64; x64) AppleWebKit/537.36 (KHTML, like Gecko) Chrome/58.0.3029.110 Safari/537.3"
5.10.217.76 - - [25/Sep/2025:01:41:05 +0000] "POST /wp-content/cache/db/options/5b4/embeds/index.php HTTP/1.1" 301 162 "http://aceitunaslosada.com/wp-content/cache/db/options/5b4/embeds/index.php" "Mozilla/5.0 (Windows NT 10.0; Win64; x64) AppleWebKit/537.36 (KHTML, like Gecko) Chrome/58.0.3029.110 Safari/537.3"
5.10.217.76 - - [25/Sep/2025:01:41:09 +0000] "GET /wp-content/cache/db/options/5b4/embeds/about.php HTTP/1.1" 301 162 "http://aceitunaslosada.com/wp-content/cache/db/options/5b4/embeds/about.php" "Mozilla/5.0 (Windows NT 10.0; Win64; x64) AppleWebKit/537.36 (KHTML, like Gecko) Chrome/58.0.3029.110 Safari/537.3"
5.10.217.76 - - [25/Sep/2025:01:41:13 +0000] "POST /wp-content/cache/db/options/5b4/embeds/index.php HTTP/1.1" 301 162 "http://aceitunaslosada.com/wp-content/cache/db/options/5b4/embeds/index.php" "Mozilla/5.0 (Windows NT 10.0; Win64; x64) AppleWebKit/537.36 (KHTML, like Gecko) Chrome/58.0.3029.110 Safari/537.3"
5.10.217.76 - - [25/Sep/2025:01:41:20 +0000] "GET /wp-content/cache/db/options/5b4/embeds/pages.php HTTP/1.1" 301 162 "http://aceitunaslosada.com/wp-content/cache/db/options/5b4/embeds/pages.php" "Mozilla/5.0 (Windows NT 10.0; Win64; x64) AppleWebKit/537.36 (KHTML, like Gecko) Chrome/58.0.3029.110 Safari/537.3"
5.10.217.76 - - [25/Sep/2025:01:41:23 +0000] "POST /wp-content/cache/db/options/5b4/embeds/index.php HTTP/1.1" 301 162 "http://aceitunaslosada.com/wp-content/cache/db/options/5b4/embeds/index.php" "Mozilla/5.0 (Windows NT 10.0; Win64; x64) AppleWebKit/537.36 (KHTML, like Gecko) Chrome/58.0.3029.110 Safari/537.3"
5.10.217.76 - - [25/Sep/2025:01:41:27 +0000] "GET /wp-content/cache/db/options/5b4/embeds/wp-login.php HTTP/1.1" 301 162 "http://aceitunaslosada.com/wp-content/cache/db/options/5b4/embeds/wp-login.php" "Mozilla/5.0 (Windows NT 10.0; Win64; x64) AppleWebKit/537.36 (KHTML, like Gecko) Chrome/58.0.3029.110 Safari/537.3"
5.10.217.76 - - [25/Sep/2025:01:41:30 +0000] "GET /wp-content/cache/db/options/93f/galleries/index.php HTTP/1.1" 301 162 "http://aceitunaslosada.com/wp-content/cache/db/options/93f/galleries/index.php" "Mozilla/5.0 (Windows NT 10.0; Win64; x64) AppleWebKit/537.36 (KHTML, like Gecko) Chrome/58.0.3029.110 Safari/537.3"
5.10.217.76 - - [25/Sep/2025:01:41:38 +0000] "POST /wp-content/cache/db/options/93f/galleries/index.php HTTP/1.1" 301 162 "http://aceitunaslosada.com/wp-content/cache/db/options/93f/galleries/index.php" "Mozilla/5.0 (Windows NT 10.0; Win64; x64) AppleWebKit/537.36 (KHTML, like Gecko) Chrome/58.0.3029.110 Safari/537.3"
5.10.217.76 - - [25/Sep/2025:01:41:43 +0000] "POST /wp-content/cache/db/options/93f/galleries/index.php HTTP/1.1" 301 162 "http://aceitunaslosada.com/wp-content/cache/db/options/93f/galleries/index.php" "Mozilla/5.0 (Windows NT 10.0; Win64; x64) AppleWebKit/537.36 (KHTML, like Gecko) Chrome/58.0.3029.110 Safari/537.3"
5.10.217.76 - - [25/Sep/2025:01:41:47 +0000] "GET /wp-content/cache/db/options/93f/galleries/ex.php HTTP/1.1" 301 162 "http://aceitunaslosada.com/wp-content/cache/db/options/93f/galleries/ex.php" "Mozilla/5.0 (Windows NT 10.0; Win64; x64) AppleWebKit/537.36 (KHTML, like Gecko) Chrome/58.0.3029.110 Safari/537.3"
204.12.208.18 - - [25/Sep/2025:01:41:47 +0000] "GET /wp-content/plb692e7/index.php HTTP/1.1" 301 162 "http://aceitunaslosada.com/wp-content/plb692e7/index.php" "Mozilla/5.0 (Windows NT 6.1; WOW64; rv:5.0) Gecko/20100101 Firefox/5.0"
5.10.217.76 - - [25/Sep/2025:01:41:52 +0000] "POST /wp-content/cache/db/options/93f/galleries/index.php HTTP/1.1" 301 162 "http://aceitunaslosada.com/wp-content/cache/db/options/93f/galleries/index.php" "Mozilla/5.0 (Windows NT 10.0; Win64; x64) AppleWebKit/537.36 (KHTML, like Gecko) Chrome/58.0.3029.110 Safari/537.3"
5.10.217.76 - - [25/Sep/2025:01:41:57 +0000] "GET /wp-content/cache/db/options/93f/galleries/radio.php HTTP/1.1" 301 162 "http://aceitunaslosada.com/wp-content/cache/db/options/93f/galleries/radio.php" "Mozilla/5.0 (Windows NT 10.0; Win64; x64) AppleWebKit/537.36 (KHTML, like Gecko) Chrome/58.0.3029.110 Safari/537.3"
5.10.217.76 - - [25/Sep/2025:01:42:00 +0000] "POST /wp-content/cache/db/options/93f/galleries/index.php HTTP/1.1" 301 162 "http://aceitunaslosada.com/wp-content/cache/db/options/93f/galleries/index.php" "Mozilla/5.0 (Windows NT 10.0; Win64; x64) AppleWebKit/537.36 (KHTML, like Gecko) Chrome/58.0.3029.110 Safari/537.3"
5.10.217.76 - - [25/Sep/2025:01:42:07 +0000] "GET /wp-content/cache/db/options/93f/galleries/inputs.php HTTP/1.1" 301 162 "http://aceitunaslosada.com/wp-content/cache/db/options/93f/galleries/inputs.php" "Mozilla/5.0 (Windows NT 10.0; Win64; x64) AppleWebKit/537.36 (KHTML, like Gecko) Chrome/58.0.3029.110 Safari/537.3"
5.10.217.76 - - [25/Sep/2025:01:42:12 +0000] "POST /wp-content/cache/db/options/93f/galleries/index.php HTTP/1.1" 301 162 "http://aceitunaslosada.com/wp-content/cache/db/options/93f/galleries/index.php" "Mozilla/5.0 (Windows NT 10.0; Win64; x64) AppleWebKit/537.36 (KHTML, like Gecko) Chrome/58.0.3029.110 Safari/537.3"
5.10.217.76 - - [25/Sep/2025:01:42:17 +0000] "GET /wp-content/cache/db/options/93f/galleries/about.php HTTP/1.1" 301 162 "http://aceitunaslosada.com/wp-content/cache/db/options/93f/galleries/about.php" "Mozilla/5.0 (Windows NT 10.0; Win64; x64) AppleWebKit/537.36 (KHTML, like Gecko) Chrome/58.0.3029.110 Safari/537.3"
5.10.217.76 - - [25/Sep/2025:01:42:20 +0000] "POST /wp-content/cache/db/options/93f/galleries/index.php HTTP/1.1" 301 162 "http://aceitunaslosada.com/wp-content/cache/db/options/93f/galleries/index.php" "Mozilla/5.0 (Windows NT 10.0; Win64; x64) AppleWebKit/537.36 (KHTML, like Gecko) Chrome/58.0.3029.110 Safari/537.3"
5.10.217.76 - - [25/Sep/2025:01:42:27 +0000] "GET /wp-content/cache/db/options/93f/galleries/pages.php HTTP/1.1" 301 162 "http://aceitunaslosada.com/wp-content/cache/db/options/93f/galleries/pages.php" "Mozilla/5.0 (Windows NT 10.0; Win64; x64) AppleWebKit/537.36 (KHTML, like Gecko) Chrome/58.0.3029.110 Safari/537.3"
5.10.217.76 - - [25/Sep/2025:01:42:31 +0000] "POST /wp-content/cache/db/options/93f/galleries/index.php HTTP/1.1" 301 162 "http://aceitunaslosada.com/wp-content/cache/db/options/93f/galleries/index.php" "Mozilla/5.0 (Windows NT 10.0; Win64; x64) AppleWebKit/537.36 (KHTML, like Gecko) Chrome/58.0.3029.110 Safari/537.3"
5.10.217.76 - - [25/Sep/2025:01:42:35 +0000] "GET /wp-content/cache/db/options/93f/galleries/wp-login.php HTTP/1.1" 301 162 "http://aceitunaslosada.com/wp-content/cache/db/options/93f/galleries/wp-login.php" "Mozilla/5.0 (Windows NT 10.0; Win64; x64) AppleWebKit/537.36 (KHTML, like Gecko) Chrome/58.0.3029.110 Safari/537.3"
5.10.217.76 - - [25/Sep/2025:01:42:38 +0000] "GET /mah.php HTTP/1.1" 301 162 "http://aceitunaslosada.com/mah.php" "Mozilla/5.0 (Windows NT 10.0; Win64; x64) AppleWebKit/537.36 (KHTML, like Gecko) Chrome/58.0.3029.110 Safari/537.3"
5.10.217.76 - - [25/Sep/2025:01:42:43 +0000] "GET /product.php HTTP/1.1" 301 162 "http://aceitunaslosada.com/product.php" "Mozilla/5.0 (Windows NT 10.0; Win64; x64) AppleWebKit/537.36 (KHTML, like Gecko) Chrome/58.0.3029.110 Safari/537.3"
5.10.217.76 - - [25/Sep/2025:01:42:47 +0000] "GET /options.php HTTP/1.1" 301 162 "http://aceitunaslosada.com/options.php" "Mozilla/5.0 (Windows NT 10.0; Win64; x64) AppleWebKit/537.36 (KHTML, like Gecko) Chrome/58.0.3029.110 Safari/537.3"
5.10.217.76 - - [25/Sep/2025:01:42:52 +0000] "POST /options.php HTTP/1.1" 301 162 "http://aceitunaslosada.com/options.php" "Mozilla/5.0 (Windows NT 10.0; Win64; x64) AppleWebKit/537.36 (KHTML, like Gecko) Chrome/58.0.3029.110 Safari/537.3"
5.10.217.76 - - [25/Sep/2025:01:42:58 +0000] "GET /admin.php HTTP/1.1" 301 162 "http://aceitunaslosada.com/admin.php" "Mozilla/5.0 (Windows NT 10.0; Win64; x64) AppleWebKit/537.36 (KHTML, like Gecko) Chrome/58.0.3029.110 Safari/537.3"
5.10.217.76 - - [25/Sep/2025:01:43:05 +0000] "POST /admin.php HTTP/1.1" 301 162 "http://aceitunaslosada.com/admin.php" "Mozilla/5.0 (Windows NT 10.0; Win64; x64) AppleWebKit/537.36 (KHTML, like Gecko) Chrome/58.0.3029.110 Safari/537.3"
5.10.217.76 - - [25/Sep/2025:01:43:09 +0000] "POST /admin.php HTTP/1.1" 301 162 "http://aceitunaslosada.com/admin.php" "Mozilla/5.0 (Windows NT 10.0; Win64; x64) AppleWebKit/537.36 (KHTML, like Gecko) Chrome/58.0.3029.110 Safari/537.3"
5.10.217.76 - - [25/Sep/2025:01:43:11 +0000] "GET /ex.php HTTP/1.1" 301 162 "http://aceitunaslosada.com/ex.php" "Mozilla/5.0 (Windows NT 10.0; Win64; x64) AppleWebKit/537.36 (KHTML, like Gecko) Chrome/58.0.3029.110 Safari/537.3"
5.10.217.76 - - [25/Sep/2025:01:43:14 +0000] "POST /admin.php HTTP/1.1" 301 162 "http://aceitunaslosada.com/admin.php" "Mozilla/5.0 (Windows NT 10.0; Win64; x64) AppleWebKit/537.36 (KHTML, like Gecko) Chrome/58.0.3029.110 Safari/537.3"
5.10.217.76 - - [25/Sep/2025:01:43:18 +0000] "GET /radio.php HTTP/1.1" 301 162 "http://aceitunaslosada.com/radio.php" "Mozilla/5.0 (Windows NT 10.0; Win64; x64) AppleWebKit/537.36 (KHTML, like Gecko) Chrome/58.0.3029.110 Safari/537.3"
5.10.217.76 - - [25/Sep/2025:01:43:20 +0000] "POST /admin.php HTTP/1.1" 301 162 "http://aceitunaslosada.com/admin.php" "Mozilla/5.0 (Windows NT 10.0; Win64; x64) AppleWebKit/537.36 (KHTML, like Gecko) Chrome/58.0.3029.110 Safari/537.3"
5.10.217.76 - - [25/Sep/2025:01:43:24 +0000] "GET /inputs.php HTTP/1.1" 301 162 "http://aceitunaslosada.com/inputs.php" "Mozilla/5.0 (Windows NT 10.0; Win64; x64) AppleWebKit/537.36 (KHTML, like Gecko) Chrome/58.0.3029.110 Safari/537.3"
5.10.217.76 - - [25/Sep/2025:01:43:33 +0000] "POST /admin.php HTTP/1.1" 301 162 "http://aceitunaslosada.com/admin.php" "Mozilla/5.0 (Windows NT 10.0; Win64; x64) AppleWebKit/537.36 (KHTML, like Gecko) Chrome/58.0.3029.110 Safari/537.3"
5.10.217.76 - - [25/Sep/2025:01:43:37 +0000] "GET /about.php HTTP/1.1" 301 162 "http://aceitunaslosada.com/about.php" "Mozilla/5.0 (Windows NT 10.0; Win64; x64) AppleWebKit/537.36 (KHTML, like Gecko) Chrome/58.0.3029.110 Safari/537.3"
5.10.217.76 - - [25/Sep/2025:01:43:42 +0000] "POST /admin.php HTTP/1.1" 301 162 "http://aceitunaslosada.com/admin.php" "Mozilla/5.0 (Windows NT 10.0; Win64; x64) AppleWebKit/537.36 (KHTML, like Gecko) Chrome/58.0.3029.110 Safari/537.3"
5.10.217.76 - - [25/Sep/2025:01:43:45 +0000] "GET /pages.php HTTP/1.1" 301 162 "http://aceitunaslosada.com/pages.php" "Mozilla/5.0 (Windows NT 10.0; Win64; x64) AppleWebKit/537.36 (KHTML, like Gecko) Chrome/58.0.3029.110 Safari/537.3"
204.12.208.18 - - [25/Sep/2025:01:55:54 +0000] "GET /wp-content/plb692e7/index.php HTTP/1.1" 301 162 "http://aceitunaslosada.com/wp-content/plb692e7/index.php" "Mozilla/5.0 (Macintosh; U; Intel Mac OS X 10_6_3; ja-jp) AppleWebKit/531.21.11 (KHTML, like Gecko) Version/4.0.4 Safari/531.21.10"
204.12.208.18 - - [25/Sep/2025:01:56:14 +0000] "GET /wp-content/plb692e7/index.php HTTP/1.1" 301 162 "http://aceitunaslosada.com/wp-content/plb692e7/index.php" "Mozilla/5.0 (Macintosh; Intel Mac OS X 10.7; rv:9.0.1) Gecko/20100101 Firefox/9.0.1"
64.227.164.49 - - [25/Sep/2025:01:57:32 +0000] "GET /wp-admin/css/ HTTP/1.1" 301 162 "binance.com" "Mozilla/5.0 (Windows NT 10.0; Win64; x64) AppleWebKit/537.36 (KHTML, like Gecko) Chrome/90.0.4430.85 Safari/537.36"
101.99.88.90 - - [25/Sep/2025:02:03:43 +0000] "GET / HTTP/1.1" 301 162 "-" "Mozilla/5.0 (compatible; Googlebot/2.1; +http://www.google.com/bot.html)"
173.208.148.34 - - [25/Sep/2025:02:06:05 +0000] "GET /index.php?params=1 HTTP/1.1" 301 162 "-" "Mozilla/5.0 (Windows NT 10.0; Win64; x64) AppleWebKit/537.36 (KHTML, like Gecko) Chrome/91.0.4472.106 Safari/537.36"
204.12.208.18 - - [25/Sep/2025:02:09:02 +0000] "GET /wp-content/plb692e7/index.php HTTP/1.1" 301 162 "http://aceitunaslosada.com/wp-content/plb692e7/index.php" "Opera/9.80 (Windows NT 6.1; U; ja) Presto/2.9.168 Version/11.50"
101.99.88.90 - - [25/Sep/2025:02:18:44 +0000] "GET / HTTP/1.1" 301 162 "-" "Mozilla/5.0 (compatible; Googlebot/2.1; +http://www.google.com/bot.html)"
204.12.208.18 - - [25/Sep/2025:02:23:06 +0000] "GET /wp-content/plb692e7/index.php HTTP/1.1" 301 162 "http://aceitunaslosada.com/wp-content/plb692e7/index.php" "Mozilla/5.0 (Windows NT 6.1; WOW64) AppleWebKit/535.7 (KHTML, like Gecko) Chrome/16.0.912.75 Safari/535.7"
125.88.231.98 - - [25/Sep/2025:02:23:10 +0000] "GET /wp-login.php HTTP/1.1" 301 162 "-" "Apache-HttpClient/4.5.2 (Java/1.8.0_161)"
101.99.88.90 - - [25/Sep/2025:02:26:43 +0000] "GET / HTTP/1.1" 301 162 "-" "Mozilla/5.0 (compatible; Googlebot/2.1; +http://www.google.com/bot.html)"
4.230.45.55 - - [25/Sep/2025:02:29:58 +0000] "GET /wp-content/plugins/hellopress/wp_filemanager.php HTTP/1.1" 301 162 "-" "-"
4.230.45.55 - - [25/Sep/2025:02:30:00 +0000] "GET /abcd.php HTTP/1.1" 301 162 "-" "-"
4.230.45.55 - - [25/Sep/2025:02:30:00 +0000] "GET /nc4.php HTTP/1.1" 301 162 "-" "-"
4.230.45.55 - - [25/Sep/2025:02:30:01 +0000] "GET /we.php HTTP/1.1" 301 162 "-" "-"
4.230.45.55 - - [25/Sep/2025:02:30:01 +0000] "GET /lock360.php HTTP/1.1" 301 162 "-" "-"
4.230.45.55 - - [25/Sep/2025:02:30:02 +0000] "GET /class.php HTTP/1.1" 301 162 "-" "-"
4.230.45.55 - - [25/Sep/2025:02:30:02 +0000] "GET /ar.php HTTP/1.1" 301 162 "-" "-"
4.230.45.55 - - [25/Sep/2025:02:30:03 +0000] "GET /file.php? HTTP/1.1" 301 162 "-" "-"
66.249.79.1 - - [25/Sep/2025:02:33:00 +0000] "GET /en/ HTTP/1.1" 301 162 "-" "Mozilla/5.0 (Linux; Android 6.0.1; Nexus 5X Build/MMB29P) AppleWebKit/537.36 (KHTML, like Gecko) Chrome/139.0.7258.127 Mobile Safari/537.36 (compatible; Googlebot/2.1; +http://www.google.com/bot.html)"
204.12.208.18 - - [25/Sep/2025:02:36:49 +0000] "GET /wp-content/plb692e7/index.php HTTP/1.1" 301 162 "http://aceitunaslosada.com/wp-content/plb692e7/index.php" "Mozilla/5.0 (compatible; MSIE 9.0; Windows NT 6.1; WOW64; Trident/5.0)"
204.12.208.18 - - [25/Sep/2025:02:37:09 +0000] "GET /wp-content/plb692e7/index.php HTTP/1.1" 301 162 "http://aceitunaslosada.com/wp-content/plb692e7/index.php" "Mozilla/5.0 (X11; Linux i686) AppleWebKit/535.2 (KHTML, like Gecko) Ubuntu/10.04 Chromium/15.0.874.106 Chrome/15.0.874.106 Safari/535.2"
4.230.45.55 - - [25/Sep/2025:02:40:08 +0000] "GET /lc.php HTTP/1.1" 301 162 "-" "-"
4.230.45.55 - - [25/Sep/2025:02:40:09 +0000] "GET /wp-22.php HTTP/1.1" 301 162 "-" "-"
4.230.45.55 - - [25/Sep/2025:02:40:10 +0000] "GET /mah.php HTTP/1.1" 301 162 "-" "-"
4.230.45.55 - - [25/Sep/2025:02:40:10 +0000] "GET /up.php HTTP/1.1" 301 162 "-" "-"
4.230.45.55 - - [25/Sep/2025:02:40:11 +0000] "GET /atombil.php HTTP/1.1" 301 162 "-" "-"
4.230.45.55 - - [25/Sep/2025:02:40:11 +0000] "GET /sxo.php HTTP/1.1" 301 162 "-" "-"
4.230.45.55 - - [25/Sep/2025:02:40:11 +0000] "GET /fox.php HTTP/1.1" 301 162 "-" "-"
204.12.208.18 - - [25/Sep/2025:02:50:19 +0000] "GET /wp-content/plb692e7/index.php HTTP/1.1" 301 162 "http://aceitunaslosada.com/wp-content/plb692e7/index.php" "Mozilla/5.0 (Macintosh; Intel Mac OS X 10_6_8) AppleWebKit/534.24 (KHTML, like Gecko) Iron/11.0.700.2 Chrome/11.0.700.2 Safari/534.24"
204.12.208.18 - - [25/Sep/2025:02:50:39 +0000] "GET /wp-content/plb692e7/index.php HTTP/1.1" 301 162 "http://aceitunaslosada.com/wp-content/plb692e7/index.php" "Mozilla/5.0 (Windows NT 5.1) AppleWebKit/535.2 (KHTML, like Gecko) Chrome/15.0.874.120 Safari/535.2"
20.171.207.74 - - [25/Sep/2025:02:59:35 +0000] "GET /wp-control.php HTTP/1.1" 301 162 "-" "Mozilla/5.0 AppleWebKit/537.36 (KHTML, like Gecko; compatible; GPTBot/1.2; +https://openai.com/gptbot)"
44.248.126.15 - - [25/Sep/2025:03:03:27 +0000] "GET / HTTP/1.1" 301 162 "-" "Mozilla/5.0 (Windows NT 10.0; Win64; x64) AppleWebKit/537.36 (KHTML, like Gecko) Chrome/113.0.0.0 Safari/537.36"
63.141.250.58 - - [25/Sep/2025:03:03:53 +0000] "GET /index.php?params=1 HTTP/1.1" 301 162 "-" "Mozilla/5.0 (Windows NT 10.0; Win64; x64) AppleWebKit/537.36 (KHTML, like Gecko) Chrome/91.0.4472.106 Safari/537.36"
204.12.208.18 - - [25/Sep/2025:03:04:32 +0000] "GET /wp-content/plb692e7/index.php HTTP/1.1" 301 162 "http://aceitunaslosada.com/wp-content/plb692e7/index.php" "Mozilla/5.0 (Macintosh; Intel Mac OS X 10_6_8) AppleWebKit/534.24 (KHTML, like Gecko) Iron/11.0.700.2 Chrome/11.0.700.2 Safari/534.24"
216.244.66.231 - - [25/Sep/2025:03:09:18 +0000] "GET /robots.txt HTTP/1.1" 301 162 "-" "Mozilla/5.0 (compatible; DotBot/1.2; +https://opensiteexplorer.org/dotbot; help@moz.com)"
204.12.208.18 - - [25/Sep/2025:03:18:45 +0000] "GET /wp-content/plb692e7/index.php HTTP/1.1" 301 162 "http://aceitunaslosada.com/wp-content/plb692e7/index.php" "Mozilla/4.0 (compatible; MSIE 6.0; X11; Linux i686; ja) Opera 10.10"
85.203.20.80 - - [25/Sep/2025:03:26:27 +0000] "GET / HTTP/1.0" 301 162 "http://aceitunaslosada.com/" "Mozilla/5.0 (Windows NT 10.0; Win64; x64) AppleWebKit/537.36 (KHTML, like Gecko) Chrome/131.0.0.0 Safari/537.36 Avast/131.0.0.0"
34.77.159.182 - - [25/Sep/2025:03:27:47 +0000] "GET / HTTP/1.1" 301 162 "-" "python-requests/2.32.5"
204.12.208.18 - - [25/Sep/2025:03:32:40 +0000] "GET /wp-content/plb692e7/index.php HTTP/1.1" 301 162 "http://aceitunaslosada.com/wp-content/plb692e7/index.php" "Mozilla/5.0 (Macintosh; Intel Mac OS X 10.5; rv:5.0.1) Gecko/20100101 Firefox/5.0.1"
173.208.148.34 - - [25/Sep/2025:03:38:05 +0000] "GET /index.php?params=1 HTTP/1.1" 301 162 "-" "Mozilla/5.0 (Windows NT 10.0; Win64; x64) AppleWebKit/537.36 (KHTML, like Gecko) Chrome/91.0.4472.106 Safari/537.36"
204.12.208.18 - - [25/Sep/2025:03:46:09 +0000] "GET /wp-content/plb692e7/index.php HTTP/1.1" 301 162 "http://aceitunaslosada.com/wp-content/plb692e7/index.php" "Mozilla/4.0 (compatible; GoogleToolbar 5.0.2124.2070; Windows 6.0; MSIE 8.0.6001.18241)"
204.12.208.18 - - [25/Sep/2025:03:46:29 +0000] "GET /wp-content/plb692e7/index.php HTTP/1.1" 301 162 "http://aceitunaslosada.com/wp-content/plb692e7/index.php" "Mozilla/5.0 (Windows; U; Windows NT 5.1; en-US) AppleWebKit/534.16 (KHTML, like Gecko) Chrome/10.0.648.151 Safari/534.16"
204.12.208.18 - - [25/Sep/2025:03:59:33 +0000] "GET /wp-content/plb692e7/index.php HTTP/1.1" 301 162 "http://aceitunaslosada.com/wp-content/plb692e7/index.php" "Mozilla/5.0 (Windows; U; Windows NT 5.1; en-US) AppleWebKit/534.16 (KHTML, like Gecko) Chrome/10.0.648.151 Safari/534.16"
35.90.254.222 - - [25/Sep/2025:04:07:21 +0000] "GET / HTTP/1.1" 301 162 "-" "Mozilla/5.0 (Windows NT 10.0; Win64; x64) AppleWebKit/537.36 (KHTML, like Gecko) Chrome/113.0.0.0 Safari/537.36"
34.143.210.16 - - [25/Sep/2025:04:09:15 +0000] "GET /wp-json/wp/v2/posts HTTP/1.1" 301 162 "-" "Mozilla/5.0 (Windows NT 10.0; Win64; x64) AppleWebKit/537.36 (KHTML, like Gecko) Chrome/120.0.0.0 Safari/537.36"
