66.249.79.137 - - [27/Sep/2025:06:46:58 +0000] "GET /2057477365?items=2054850462 HTTP/1.0" 200 24539 "-" "Mozilla/5.0 (Linux; Android 6.0.1; Nexus 5X Build/MMB29P) AppleWebKit/537.36 (KHTML, like Gecko) Chrome/139.0.7258.127 Mobile Safari/537.36 (compatible; Googlebot/2.1; +http://www.google.com/bot.html)"
216.73.216.23 - - [27/Sep/2025:06:46:59 +0000] "GET /';txt%20+=%20'%3C'%20+%20node.getAttribute('src'?fileloc=%2Fvar%2Fwww%2Fvhosts%2Faceitunaslosada.com%2Fweb%2Fcopia%2Fwp-content%2Fuploads%2F2020%2F05%2Fthumb_IMG_9949_1024.jpg&path=%2Fvar%2Fwww%2Fvhosts%2Faceitunaslosada.com%2Fweb%2Fcopia%2Fwp-content%2Fuploads%2F2020%2F05 HTTP/1.0" 200 6446 "-" "Mozilla/5.0 AppleWebKit/537.36 (KHTML, like Gecko; compatible; ClaudeBot/1.0; +claudebot@anthropic.com)"
216.73.216.23 - - [27/Sep/2025:06:46:59 +0000] "GET /';txt%20+=%20'%3C'%20+%20node.getAttribute('src'?fileloc=%2Fvar%2Fwww%2Fvhosts%2Faceitunaslosada.com%2Fweb%2Fcopia%2Fwp-content%2Fuploads%2F2020%2F07%2FIMG_5089-2-scaled.jpg&path=%2Fvar%2Fwww%2Fvhosts%2Faceitunaslosada.com%2Fweb%2Fcopia%2Fwp-content%2Fuploads%2F2020%2F07 HTTP/1.0" 200 6442 "-" "Mozilla/5.0 AppleWebKit/537.36 (KHTML, like Gecko; compatible; ClaudeBot/1.0; +claudebot@anthropic.com)"
20.171.207.44 - - [27/Sep/2025:06:46:59 +0000] "GET /1116896256?path=/ HTTP/1.0" 200 6365 "-" "Mozilla/5.0 AppleWebKit/537.36 (KHTML, like Gecko; compatible; GPTBot/1.2; +https://openai.com/gptbot)"
66.249.79.1 - - [27/Sep/2025:06:46:59 +0000] "GET /1361189387?items=1359451742 HTTP/1.0" 200 26143 "-" "Mozilla/5.0 (Linux; Android 6.0.1; Nexus 5X Build/MMB29P) AppleWebKit/537.36 (KHTML, like Gecko) Chrome/139.0.7258.127 Mobile Safari/537.36 (compatible; Googlebot/2.1; +http://www.google.com/bot.html)"
216.73.216.23 - - [27/Sep/2025:06:47:00 +0000] "GET /';txt%20+=%20'%3C'%20+%20node.getAttribute('src'?fileloc=%2Fvar%2Fwww%2Fvhosts%2Faceitunaslosada.com%2Fweb%2Fcopia%2Fwp-content%2Fuploads%2F2020%2F07%2FIMG_2064-1-80x80.jpg&path=%2Fvar%2Fwww%2Fvhosts%2Faceitunaslosada.com%2Fweb%2Fcopia%2Fwp-content%2Fuploads%2F2020%2F07 HTTP/1.0" 200 6443 "-" "Mozilla/5.0 AppleWebKit/537.36 (KHTML, like Gecko; compatible; ClaudeBot/1.0; +claudebot@anthropic.com)"
216.73.216.23 - - [27/Sep/2025:06:47:00 +0000] "GET /';txt%20+=%20'%3C'%20+%20node.getAttribute('src'?fileloc=%2Fvar%2Fwww%2Fvhosts%2Faceitunaslosada.com%2Fweb%2Fcopia%2Fwp-content%2Fuploads%2F2020%2F07%2FEQUIPO2-2-80x80.jpg&path=%2Fvar%2Fwww%2Fvhosts%2Faceitunaslosada.com%2Fweb%2Fcopia%2Fwp-content%2Fuploads%2F2020%2F07 HTTP/1.0" 200 6443 "-" "Mozilla/5.0 AppleWebKit/537.36 (KHTML, like Gecko; compatible; ClaudeBot/1.0; +claudebot@anthropic.com)"
66.249.79.8 - - [27/Sep/2025:06:47:00 +0000] "POST /get-message-notify HTTP/1.0" 200 24983 "https://aceitunaslosada.com/1294387736?items=1292735406" "Mozilla/5.0 (Linux; Android 6.0.1; Nexus 5X Build/MMB29P) AppleWebKit/537.36 (KHTML, like Gecko) Chrome/139.0.7258.127 Mobile Safari/537.36 (compatible; Googlebot/2.1; +http://www.google.com/bot.html)"
66.249.79.136 - - [27/Sep/2025:06:47:01 +0000] "GET /1606216962?items=1604166382 HTTP/1.0" 200 3528 "-" "Mozilla/5.0 (Linux; Android 6.0.1; Nexus 5X Build/MMB29P) AppleWebKit/537.36 (KHTML, like Gecko) Chrome/139.0.7258.127 Mobile Safari/537.36 (compatible; Googlebot/2.1; +http://www.google.com/bot.html)"
216.73.216.23 - - [27/Sep/2025:06:47:02 +0000] "GET /';txt%20+=%20'%3C'%20+%20node.getAttribute('src'?fileloc=%2Fvar%2Fwww%2Fvhosts%2Faceitunaslosada.com%2Fweb%2Fcopia%2Fwp-content%2Fuploads%2F2020%2F07%2FIMG_6032-2-768x576.jpg&path=%2Fvar%2Fwww%2Fvhosts%2Faceitunaslosada.com%2Fweb%2Fcopia%2Fwp-content%2Fuploads%2F2020%2F07 HTTP/1.0" 200 3528 "-" "Mozilla/5.0 AppleWebKit/537.36 (KHTML, like Gecko; compatible; ClaudeBot/1.0; +claudebot@anthropic.com)"
20.171.207.119 - - [27/Sep/2025:06:47:01 +0000] "GET /following278012007.html?path=/var/www HTTP/1.0" 200 3528 "-" "Mozilla/5.0 AppleWebKit/537.36 (KHTML, like Gecko; compatible; GPTBot/1.2; +https://openai.com/gptbot)"
216.73.216.23 - - [27/Sep/2025:06:47:02 +0000] "GET /';txt%20+=%20'%3C'%20+%20node.getAttribute('src'?fileloc=%2Fvar%2Fwww%2Fvhosts%2Faceitunaslosada.com%2Fweb%2Fcopia%2Fwp-content%2Fuploads%2F2020%2F05%2FIMG_3526-150x150.jpg&path=%2Fvar%2Fwww%2Fvhosts%2Faceitunaslosada.com%2Fweb%2Fcopia%2Fwp-content%2Fuploads%2F2020%2F05 HTTP/1.0" 200 3528 "-" "Mozilla/5.0 AppleWebKit/537.36 (KHTML, like Gecko; compatible; ClaudeBot/1.0; +claudebot@anthropic.com)"
20.171.207.44 - - [27/Sep/2025:06:47:02 +0000] "GET /1116945069?path=/ HTTP/1.0" 200 3528 "-" "Mozilla/5.0 AppleWebKit/537.36 (KHTML, like Gecko; compatible; GPTBot/1.2; +https://openai.com/gptbot)"
66.249.79.1 - - [27/Sep/2025:06:47:02 +0000] "GET /1856980789?items=1854609950 HTTP/1.0" 200 3528 "-" "Mozilla/5.0 (Linux; Android 6.0.1; Nexus 5X Build/MMB29P) AppleWebKit/537.36 (KHTML, like Gecko) Chrome/139.0.7258.127 Mobile Safari/537.36 (compatible; Googlebot/2.1; +http://www.google.com/bot.html)"
216.73.216.23 - - [27/Sep/2025:06:47:02 +0000] "GET /';txt%20+=%20'%3C'%20+%20node.getAttribute('src'?fileloc=%2Fvar%2Fwww%2Fvhosts%2Faceitunaslosada.com%2Fweb%2Fcopia%2Fwp-content%2Fuploads%2F2020%2F07%2FIMG_1925-768x1200.jpg&path=%2Fvar%2Fwww%2Fvhosts%2Faceitunaslosada.com%2Fweb%2Fcopia%2Fwp-content%2Fuploads%2F2020%2F07 HTTP/1.0" 200 3528 "-" "Mozilla/5.0 AppleWebKit/537.36 (KHTML, like Gecko; compatible; ClaudeBot/1.0; +claudebot@anthropic.com)"
66.249.79.136 - - [27/Sep/2025:06:47:02 +0000] "GET /zhHant/product/surugaya/A2347980653?campaign_uid=f64d716db5e979ed2f947dbaf4296895b951ae7f HTTP/1.0" 200 3528 "-" "Mozilla/5.0 (Linux; Android 6.0.1; Nexus 5X Build/MMB29P) AppleWebKit/537.36 (KHTML, like Gecko) Chrome/139.0.7258.127 Mobile Safari/537.36 (compatible; Googlebot/2.1; +http://www.google.com/bot.html)"
216.73.216.23 - - [27/Sep/2025:06:47:01 +0000] "GET /';txt%20+=%20'%3C'%20+%20node.getAttribute('src'?fileloc=%2Fvar%2Fwww%2Fvhosts%2Faceitunaslosada.com%2Fweb%2Fcopia%2Fwp-content%2Fuploads%2F2020%2F05%2FIMG_4566-1630x860.jpg&path=%2Fvar%2Fwww%2Fvhosts%2Faceitunaslosada.com%2Fweb%2Fcopia%2Fwp-content%2Fuploads%2F2020%2F05 HTTP/1.0" 200 6444 "-" "Mozilla/5.0 AppleWebKit/537.36 (KHTML, like Gecko; compatible; ClaudeBot/1.0; +claudebot@anthropic.com)"
216.73.216.23 - - [27/Sep/2025:06:47:03 +0000] "GET /';txt%20+=%20'%3C'%20+%20node.getAttribute('src'?fileloc=%2Fvar%2Fwww%2Fvhosts%2Faceitunaslosada.com%2Fweb%2Fcopia%2Fwp-content%2Fuploads%2F2020%2F07%2FIMG_9979-768x1200.jpg&path=%2Fvar%2Fwww%2Fvhosts%2Faceitunaslosada.com%2Fweb%2Fcopia%2Fwp-content%2Fuploads%2F2020%2F07 HTTP/1.0" 200 3528 "-" "Mozilla/5.0 AppleWebKit/537.36 (KHTML, like Gecko; compatible; ClaudeBot/1.0; +claudebot@anthropic.com)"
216.73.216.23 - - [27/Sep/2025:06:47:01 +0000] "GET /';txt%20+=%20'%3C'%20+%20node.getAttribute('src'?fileloc=%2Fvar%2Fwww%2Fvhosts%2Faceitunaslosada.com%2Fweb%2Fcopia%2Fwp-content%2Fuploads%2F2020%2F05%2FIMG_3520-768x768.jpg&path=%2Fvar%2Fwww%2Fvhosts%2Faceitunaslosada.com%2Fweb%2Fcopia%2Fwp-content%2Fuploads%2F2020%2F05 HTTP/1.0" 200 6442 "-" "Mozilla/5.0 AppleWebKit/537.36 (KHTML, like Gecko; compatible; ClaudeBot/1.0; +claudebot@anthropic.com)"
66.249.79.136 - - [27/Sep/2025:06:47:03 +0000] "GET /332252492?items=0331828942 HTTP/1.0" 200 3528 "-" "Mozilla/5.0 (Linux; Android 6.0.1; Nexus 5X Build/MMB29P) AppleWebKit/537.36 (KHTML, like Gecko) Chrome/139.0.7258.127 Mobile Safari/537.36 (compatible; Googlebot/2.1; +http://www.google.com/bot.html)"
216.73.216.23 - - [27/Sep/2025:06:47:03 +0000] "GET /';txt%20+=%20'%3C'%20+%20node.getAttribute('src'?fileloc=%2Fvar%2Fwww%2Fvhosts%2Faceitunaslosada.com%2Fweb%2Fcopia%2Fwp-content%2Fuploads%2F2020%2F07%2FEQUIPO1-2-80x80.jpg&path=%2Fvar%2Fwww%2Fvhosts%2Faceitunaslosada.com%2Fweb%2Fcopia%2Fwp-content%2Fuploads%2F2020%2F07 HTTP/1.0" 200 3528 "-" "Mozilla/5.0 AppleWebKit/537.36 (KHTML, like Gecko; compatible; ClaudeBot/1.0; +claudebot@anthropic.com)"
66.249.79.1 - - [27/Sep/2025:06:47:03 +0000] "GET /1361172149?items=1359434526 HTTP/1.0" 200 3528 "-" "Mozilla/5.0 (Linux; Android 6.0.1; Nexus 5X Build/MMB29P) AppleWebKit/537.36 (KHTML, like Gecko) Chrome/139.0.7258.127 Mobile Safari/537.36 (compatible; Googlebot/2.1; +http://www.google.com/bot.html)"
216.73.216.23 - - [27/Sep/2025:06:47:03 +0000] "GET /';txt%20+=%20'%3C'%20+%20node.getAttribute('src'?fileloc=%2Fvar%2Fwww%2Fvhosts%2Faceitunaslosada.com%2Fweb%2Fcopia%2Fwp-content%2Fuploads%2F2020%2F07%2FIMG_8462-1-960x720.jpg&path=%2Fvar%2Fwww%2Fvhosts%2Faceitunaslosada.com%2Fweb%2Fcopia%2Fwp-content%2Fuploads%2F2020%2F07 HTTP/1.0" 200 3528 "-" "Mozilla/5.0 AppleWebKit/537.36 (KHTML, like Gecko; compatible; ClaudeBot/1.0; +claudebot@anthropic.com)"
35.153.86.200 - - [27/Sep/2025:06:47:03 +0000] "GET /category/unkategorisiert/?fileloc=/var/www/vhosts/aceitunaslosada.com/web/copia/wp-content/plugins/LayerSlider/assets/static/layerslider/skins/carousel/info.json&path=/var/www/vhosts/aceitunaslosada.com/web/copia/wp-content/plugins/LayerSlider/assets/static/layerslider/skins/carousel HTTP/1.0" 200 3528 "-" "Mozilla/5.0 AppleWebKit/537.36 (KHTML, like Gecko; compatible; Amazonbot/0.1; +https://developer.amazon.com/support/amazonbot) Chrome/119.0.6045.214 Safari/537.36"
216.73.216.23 - - [27/Sep/2025:06:47:03 +0000] "GET /';txt%20+=%20'%3C'%20+%20node.getAttribute('src'?fileloc=%2Fvar%2Fwww%2Fvhosts%2Faceitunaslosada.com%2Fweb%2Fcopia%2Fwp-content%2Fuploads%2F2020%2F05%2FIMG_9823-1-1630x860.jpg&path=%2Fvar%2Fwww%2Fvhosts%2Faceitunaslosada.com%2Fweb%2Fcopia%2Fwp-content%2Fuploads%2F2020%2F05 HTTP/1.0" 200 3528 "-" "Mozilla/5.0 AppleWebKit/537.36 (KHTML, like Gecko; compatible; ClaudeBot/1.0; +claudebot@anthropic.com)"
216.73.216.23 - - [27/Sep/2025:06:47:03 +0000] "GET /';txt%20+=%20'%3C'%20+%20node.getAttribute('src'?fileloc=%2Fvar%2Fwww%2Fvhosts%2Faceitunaslosada.com%2Fweb%2Fcopia%2Fwp-content%2Fuploads%2F2020%2F05%2F3.-VERDIAL-1536x1229.jpg&path=%2Fvar%2Fwww%2Fvhosts%2Faceitunaslosada.com%2Fweb%2Fcopia%2Fwp-content%2Fuploads%2F2020%2F05 HTTP/1.0" 200 3528 "-" "Mozilla/5.0 AppleWebKit/537.36 (KHTML, like Gecko; compatible; ClaudeBot/1.0; +claudebot@anthropic.com)"
66.249.79.8 - - [27/Sep/2025:06:47:04 +0000] "GET /1249266078?items=1247671374 HTTP/1.0" 200 3528 "-" "Mozilla/5.0 (Linux; Android 6.0.1; Nexus 5X Build/MMB29P) AppleWebKit/537.36 (KHTML, like Gecko) Chrome/139.0.7258.127 Mobile Safari/537.36 (compatible; Googlebot/2.1; +http://www.google.com/bot.html)"
216.73.216.23 - - [27/Sep/2025:06:47:04 +0000] "GET /';txt%20+=%20'%3C'%20+%20node.getAttribute('src'?fileloc=%2Fvar%2Fwww%2Fvhosts%2Faceitunaslosada.com%2Fweb%2Fcopia%2Fwp-content%2Fuploads%2F2020%2F05%2FIMG_9579-1920x750.jpg&path=%2Fvar%2Fwww%2Fvhosts%2Faceitunaslosada.com%2Fweb%2Fcopia%2Fwp-content%2Fuploads%2F2020%2F05 HTTP/1.0" 200 3528 "-" "Mozilla/5.0 AppleWebKit/537.36 (KHTML, like Gecko; compatible; ClaudeBot/1.0; +claudebot@anthropic.com)"
51.75.128.94 - - [27/Sep/2025:06:47:04 +0000] "GET /robots.txt HTTP/1.0" 200 4036 "-" "Mozilla/5.0 (compatible; MJ12bot/v1.4.8; http://mj12bot.com/)"
216.73.216.23 - - [27/Sep/2025:06:47:04 +0000] "GET /';txt%20+=%20'%3C'%20+%20node.getAttribute('src'?fileloc=%2Fvar%2Fwww%2Fvhosts%2Faceitunaslosada.com%2Fweb%2Fcopia%2Fwp-content%2Fuploads%2F2020%2F05%2Fthumb_IMG_95771_1024.jpg&path=%2Fvar%2Fwww%2Fvhosts%2Faceitunaslosada.com%2Fweb%2Fcopia%2Fwp-content%2Fuploads%2F2020%2F05 HTTP/1.0" 200 3528 "-" "Mozilla/5.0 AppleWebKit/537.36 (KHTML, like Gecko; compatible; ClaudeBot/1.0; +claudebot@anthropic.com)"
20.171.207.44 - - [27/Sep/2025:06:47:04 +0000] "GET /1117322206?path=/ HTTP/1.0" 200 3528 "-" "Mozilla/5.0 AppleWebKit/537.36 (KHTML, like Gecko; compatible; GPTBot/1.2; +https://openai.com/gptbot)"
216.73.216.23 - - [27/Sep/2025:06:47:04 +0000] "GET /';txt%20+=%20'%3C'%20+%20node.getAttribute('src'?fileloc=%2Fvar%2Fwww%2Fvhosts%2Faceitunaslosada.com%2Fweb%2Fcopia%2Fwp-content%2Fuploads%2F2020%2F05%2F2-780x500.jpg&path=%2Fvar%2Fwww%2Fvhosts%2Faceitunaslosada.com%2Fweb%2Fcopia%2Fwp-content%2Fuploads%2F2020%2F05 HTTP/1.0" 200 3528 "-" "Mozilla/5.0 AppleWebKit/537.36 (KHTML, like Gecko; compatible; ClaudeBot/1.0; +claudebot@anthropic.com)"
216.73.216.23 - - [27/Sep/2025:06:47:04 +0000] "GET /';txt%20+=%20'%3C'%20+%20node.getAttribute('src'?fileloc=%2Fvar%2Fwww%2Fvhosts%2Faceitunaslosada.com%2Fweb%2Fcopia%2Fwp-content%2Fuploads%2F2020%2F07%2FGolden_Gate_2-768x331.jpg&path=%2Fvar%2Fwww%2Fvhosts%2Faceitunaslosada.com%2Fweb%2Fcopia%2Fwp-content%2Fuploads%2F2020%2F07 HTTP/1.0" 200 3528 "-" "Mozilla/5.0 AppleWebKit/537.36 (KHTML, like Gecko; compatible; ClaudeBot/1.0; +claudebot@anthropic.com)"
66.249.79.136 - - [27/Sep/2025:06:47:04 +0000] "GET /332228460?items=0331804942 HTTP/1.0" 200 3528 "-" "Mozilla/5.0 (Linux; Android 6.0.1; Nexus 5X Build/MMB29P) AppleWebKit/537.36 (KHTML, like Gecko) Chrome/139.0.7258.127 Mobile Safari/537.36 (compatible; Googlebot/2.1; +http://www.google.com/bot.html)"
216.73.216.23 - - [27/Sep/2025:06:47:05 +0000] "GET /';txt%20+=%20'%3C'%20+%20node.getAttribute('src'?fileloc=%2Fvar%2Fwww%2Fvhosts%2Faceitunaslosada.com%2Fweb%2Fcopia%2Fwp-content%2Fuploads%2F2020%2F07%2FIMG_8717-1-80x80.jpg&path=%2Fvar%2Fwww%2Fvhosts%2Faceitunaslosada.com%2Fweb%2Fcopia%2Fwp-content%2Fuploads%2F2020%2F07 HTTP/1.0" 200 3528 "-" "Mozilla/5.0 AppleWebKit/537.36 (KHTML, like Gecko; compatible; ClaudeBot/1.0; +claudebot@anthropic.com)"
216.73.216.23 - - [27/Sep/2025:06:47:05 +0000] "GET /';txt%20+=%20'%3C'%20+%20node.getAttribute('src'?fileloc=%2Fvar%2Fwww%2Fvhosts%2Faceitunaslosada.com%2Fweb%2Fcopia%2Fwp-content%2Fuploads%2F2020%2F05%2FIMG_9570-1024x576.jpg&path=%2Fvar%2Fwww%2Fvhosts%2Faceitunaslosada.com%2Fweb%2Fcopia%2Fwp-content%2Fuploads%2F2020%2F05 HTTP/1.0" 200 3528 "-" "Mozilla/5.0 AppleWebKit/537.36 (KHTML, like Gecko; compatible; ClaudeBot/1.0; +claudebot@anthropic.com)"
20.171.207.119 - - [27/Sep/2025:06:47:05 +0000] "GET /weight061009054.html?path=/var HTTP/1.0" 200 3528 "-" "Mozilla/5.0 AppleWebKit/537.36 (KHTML, like Gecko; compatible; GPTBot/1.2; +https://openai.com/gptbot)"
216.73.216.23 - - [27/Sep/2025:06:47:05 +0000] "GET /';txt%20+=%20'%3C'%20+%20node.getAttribute('src'?fileloc=%2Fvar%2Fwww%2Fvhosts%2Faceitunaslosada.com%2Fweb%2Fcopia%2Fwp-content%2Fuploads%2F2020%2F05%2F8.-CORNICABRA-1630x860.jpg&path=%2Fvar%2Fwww%2Fvhosts%2Faceitunaslosada.com%2Fweb%2Fcopia%2Fwp-content%2Fuploads%2F2020%2F05 HTTP/1.0" 200 3528 "-" "Mozilla/5.0 AppleWebKit/537.36 (KHTML, like Gecko; compatible; ClaudeBot/1.0; +claudebot@anthropic.com)"
66.249.79.8 - - [27/Sep/2025:06:47:05 +0000] "GET /440383469?items=0439821822 HTTP/1.0" 200 3528 "-" "Mozilla/5.0 (Linux; Android 6.0.1; Nexus 5X Build/MMB29P) AppleWebKit/537.36 (KHTML, like Gecko) Chrome/139.0.7258.127 Mobile Safari/537.36 (compatible; Googlebot/2.1; +http://www.google.com/bot.html)"
216.73.216.23 - - [27/Sep/2025:06:47:05 +0000] "GET /';txt%20+=%20'%3C'%20+%20node.getAttribute('src'?fileloc=%2Fvar%2Fwww%2Fvhosts%2Faceitunaslosada.com%2Fweb%2Fcopia%2Fwp-content%2Fuploads%2F2020%2F05%2FIMG_2350-1024x780.jpg&path=%2Fvar%2Fwww%2Fvhosts%2Faceitunaslosada.com%2Fweb%2Fcopia%2Fwp-content%2Fuploads%2F2020%2F05 HTTP/1.0" 200 3528 "-" "Mozilla/5.0 AppleWebKit/537.36 (KHTML, like Gecko; compatible; ClaudeBot/1.0; +claudebot@anthropic.com)"
51.75.128.94 - - [27/Sep/2025:06:47:05 +0000] "GET /?fileloc=/var/www/vhosts/aceitunaslosada.com/web/wp-content/plugins/host-webfonts-local/.gitattributes&path=/var/www/vhosts/aceitunaslosada.com/web/wp-content/plugins/host-webfonts-local HTTP/1.0" 200 3528 "-" "Mozilla/5.0 (compatible; MJ12bot/v1.4.8; http://mj12bot.com/)"
216.73.216.23 - - [27/Sep/2025:06:47:05 +0000] "GET /';txt%20+=%20'%3C'%20+%20node.getAttribute('src'?fileloc=%2Fvar%2Fwww%2Fvhosts%2Faceitunaslosada.com%2Fweb%2Fcopia%2Fwp-content%2Fuploads%2F2020%2F07%2F26-53x75.jpg&path=%2Fvar%2Fwww%2Fvhosts%2Faceitunaslosada.com%2Fweb%2Fcopia%2Fwp-content%2Fuploads%2F2020%2F07 HTTP/1.0" 200 6436 "-" "Mozilla/5.0 AppleWebKit/537.36 (KHTML, like Gecko; compatible; ClaudeBot/1.0; +claudebot@anthropic.com)"
216.73.216.23 - - [27/Sep/2025:06:47:06 +0000] "GET /';txt%20+=%20'%3C'%20+%20node.getAttribute('src'?fileloc=%2Fvar%2Fwww%2Fvhosts%2Faceitunaslosada.com%2Fweb%2Fcopia%2Fwp-content%2Fuploads%2F2020%2F06%2FIMG_9570-copia-80x80.jpg&path=%2Fvar%2Fwww%2Fvhosts%2Faceitunaslosada.com%2Fweb%2Fcopia%2Fwp-content%2Fuploads%2F2020%2F06 HTTP/1.0" 200 6444 "-" "Mozilla/5.0 AppleWebKit/537.36 (KHTML, like Gecko; compatible; ClaudeBot/1.0; +claudebot@anthropic.com)"
216.73.216.23 - - [27/Sep/2025:06:47:06 +0000] "GET /';txt%20+=%20'%3C'%20+%20node.getAttribute('src'?fileloc=%2Fvar%2Fwww%2Fvhosts%2Faceitunaslosada.com%2Fweb%2Fcopia%2Fwp-content%2Fuploads%2F2020%2F07%2F24-53x75.jpg&path=%2Fvar%2Fwww%2Fvhosts%2Faceitunaslosada.com%2Fweb%2Fcopia%2Fwp-content%2Fuploads%2F2020%2F07 HTTP/1.0" 200 6436 "-" "Mozilla/5.0 AppleWebKit/537.36 (KHTML, like Gecko; compatible; ClaudeBot/1.0; +claudebot@anthropic.com)"
66.249.79.8 - - [27/Sep/2025:06:47:06 +0000] "GET /1361170306?items=1359432686 HTTP/1.0" 200 24645 "-" "Mozilla/5.0 (Linux; Android 6.0.1; Nexus 5X Build/MMB29P) AppleWebKit/537.36 (KHTML, like Gecko) Chrome/139.0.7258.127 Mobile Safari/537.36 (compatible; Googlebot/2.1; +http://www.google.com/bot.html)"
216.73.216.23 - - [27/Sep/2025:06:47:06 +0000] "GET /';txt%20+=%20'%3C'%20+%20node.getAttribute('src'?fileloc=%2Fvar%2Fwww%2Fvhosts%2Faceitunaslosada.com%2Fweb%2Fcopia%2Fwp-content%2Fuploads%2F2020%2F05%2FIMG_6315-1920x750.jpg&path=%2Fvar%2Fwww%2Fvhosts%2Faceitunaslosada.com%2Fweb%2Fcopia%2Fwp-content%2Fuploads%2F2020%2F05 HTTP/1.0" 200 6444 "-" "Mozilla/5.0 AppleWebKit/537.36 (KHTML, like Gecko; compatible; ClaudeBot/1.0; +claudebot@anthropic.com)"
216.73.216.23 - - [27/Sep/2025:06:47:06 +0000] "GET /';txt%20+=%20'%3C'%20+%20node.getAttribute('src'?fileloc=%2Fvar%2Fwww%2Fvhosts%2Faceitunaslosada.com%2Fweb%2Fcopia%2Fwp-content%2Fuploads%2F2020%2F05%2FIMG_0104-2-1152x1536.jpg&path=%2Fvar%2Fwww%2Fvhosts%2Faceitunaslosada.com%2Fweb%2Fcopia%2Fwp-content%2Fuploads%2F2020%2F05 HTTP/1.0" 200 6447 "-" "Mozilla/5.0 AppleWebKit/537.36 (KHTML, like Gecko; compatible; ClaudeBot/1.0; +claudebot@anthropic.com)"
3.89.176.255 - - [27/Sep/2025:06:47:07 +0000] "GET /producto/aceituna-picolimon-natural/?path=/var/www/vhosts/aceitunaslosada.com/web/wp-content/cache/page_enhanced/aceitunaslosada.com//ads.txt HTTP/1.0" 200 6820 "-" "Mozilla/5.0 AppleWebKit/537.36 (KHTML, like Gecko; compatible; Amazonbot/0.1; +https://developer.amazon.com/support/amazonbot) Chrome/119.0.6045.214 Safari/537.36"
216.73.216.23 - - [27/Sep/2025:06:47:07 +0000] "GET /';txt%20+=%20'%3C'%20+%20node.getAttribute('src'?fileloc=%2Fvar%2Fwww%2Fvhosts%2Faceitunaslosada.com%2Fweb%2Fcopia%2Fwp-content%2Fuploads%2F2020%2F05%2FIMG_2029-225x300.jpg&path=%2Fvar%2Fwww%2Fvhosts%2Faceitunaslosada.com%2Fweb%2Fcopia%2Fwp-content%2Fuploads%2F2020%2F05 HTTP/1.0" 200 6442 "-" "Mozilla/5.0 AppleWebKit/537.36 (KHTML, like Gecko; compatible; ClaudeBot/1.0; +claudebot@anthropic.com)"
66.249.79.136 - - [27/Sep/2025:06:47:07 +0000] "GET /332243584?items=0331820046 HTTP/1.0" 200 24901 "-" "Mozilla/5.0 (Linux; Android 6.0.1; Nexus 5X Build/MMB29P) AppleWebKit/537.36 (KHTML, like Gecko) Chrome/139.0.7258.127 Mobile Safari/537.36 (compatible; Googlebot/2.1; +http://www.google.com/bot.html)"
51.75.128.94 - - [27/Sep/2025:06:47:07 +0000] "GET /?fileloc=/var/www/vhosts/aceitunaslosada.com/web/wp-content/plugins/host-webfonts-local/.htaccess&path=/var/www/vhosts/aceitunaslosada.com/web/wp-content/plugins/host-webfonts-local HTTP/1.0" 200 6422 "-" "Mozilla/5.0 (compatible; MJ12bot/v1.4.8; http://mj12bot.com/)"
216.73.216.23 - - [27/Sep/2025:06:47:07 +0000] "GET /';txt%20+=%20'%3C'%20+%20node.getAttribute('src'?fileloc=%2Fvar%2Fwww%2Fvhosts%2Faceitunaslosada.com%2Fweb%2Fcopia%2Fwp-content%2Fuploads%2F2020%2F05%2FIMG_2052-768x1024.jpg&path=%2Fvar%2Fwww%2Fvhosts%2Faceitunaslosada.com%2Fweb%2Fcopia%2Fwp-content%2Fuploads%2F2020%2F05 HTTP/1.0" 200 6444 "-" "Mozilla/5.0 AppleWebKit/537.36 (KHTML, like Gecko; compatible; ClaudeBot/1.0; +claudebot@anthropic.com)"
20.171.207.119 - - [27/Sep/2025:06:47:07 +0000] "GET /middle-class298018327.html?path=/var HTTP/1.0" 200 6382 "-" "Mozilla/5.0 AppleWebKit/537.36 (KHTML, like Gecko; compatible; GPTBot/1.2; +https://openai.com/gptbot)"
216.73.216.23 - - [27/Sep/2025:06:47:08 +0000] "GET /';txt%20+=%20'%3C'%20+%20node.getAttribute('src'?fileloc=%2Fvar%2Fwww%2Fvhosts%2Faceitunaslosada.com%2Fweb%2Fcopia%2Fwp-content%2Fuploads%2F2020%2F05%2F2.-FAMILIA-2048x1152.jpg&path=%2Fvar%2Fwww%2Fvhosts%2Faceitunaslosada.com%2Fweb%2Fcopia%2Fwp-content%2Fuploads%2F2020%2F05 HTTP/1.0" 200 6447 "-" "Mozilla/5.0 AppleWebKit/537.36 (KHTML, like Gecko; compatible; ClaudeBot/1.0; +claudebot@anthropic.com)"
66.249.79.8 - - [27/Sep/2025:06:47:08 +0000] "GET /779554798?items=0778559982 HTTP/1.0" 200 24625 "-" "Mozilla/5.0 (Linux; Android 6.0.1; Nexus 5X Build/MMB29P) AppleWebKit/537.36 (KHTML, like Gecko) Chrome/139.0.7258.127 Mobile Safari/537.36 (compatible; GoogleOther)"
216.73.216.23 - - [27/Sep/2025:06:47:08 +0000] "GET /';txt%20+=%20'%3C'%20+%20node.getAttribute('src'?fileloc=%2Fvar%2Fwww%2Fvhosts%2Faceitunaslosada.com%2Fweb%2Fcopia%2Fwp-content%2Fuploads%2F2020%2F07%2F29-80x80.jpg&path=%2Fvar%2Fwww%2Fvhosts%2Faceitunaslosada.com%2Fweb%2Fcopia%2Fwp-content%2Fuploads%2F2020%2F07 HTTP/1.0" 200 6435 "-" "Mozilla/5.0 AppleWebKit/537.36 (KHTML, like Gecko; compatible; ClaudeBot/1.0; +claudebot@anthropic.com)"
216.73.216.23 - - [27/Sep/2025:06:47:09 +0000] "GET /';txt%20+=%20'%3C'%20+%20node.getAttribute('src'?fileloc=%2Fvar%2Fwww%2Fvhosts%2Faceitunaslosada.com%2Fweb%2Fcopia%2Fwp-content%2Fuploads%2F2020%2F07%2FPPAL-1600x860.jpg&path=%2Fvar%2Fwww%2Fvhosts%2Faceitunaslosada.com%2Fweb%2Fcopia%2Fwp-content%2Fuploads%2F2020%2F07 HTTP/1.0" 200 6440 "-" "Mozilla/5.0 AppleWebKit/537.36 (KHTML, like Gecko; compatible; ClaudeBot/1.0; +claudebot@anthropic.com)"
66.249.79.8 - - [27/Sep/2025:06:47:09 +0000] "GET /8719488?items=0008709134 HTTP/1.0" 200 24427 "-" "Mozilla/5.0 (Linux; Android 6.0.1; Nexus 5X Build/MMB29P) AppleWebKit/537.36 (KHTML, like Gecko) Chrome/139.0.7258.127 Mobile Safari/537.36 (compatible; Googlebot/2.1; +http://www.google.com/bot.html)"
35.168.238.50 - - [27/Sep/2025:06:47:10 +0000] "GET /producto/aceituna-manzanilla-verde-con-hueso-a-las-finas-hierbas-2/?path=/var/www/vhosts/aceitunaslosada.com/web/copia/wp-content/uploads/cache/wpml/twig/5d HTTP/1.0" 200 6884 "-" "Mozilla/5.0 AppleWebKit/537.36 (KHTML, like Gecko; compatible; Amazonbot/0.1; +https://developer.amazon.com/support/amazonbot) Chrome/119.0.6045.214 Safari/537.36"
216.73.216.23 - - [27/Sep/2025:06:47:10 +0000] "GET /';txt%20+=%20'%3C'%20+%20node.getAttribute('src'?fileloc=%2Fvar%2Fwww%2Fvhosts%2Faceitunaslosada.com%2Fweb%2Fcopia%2Fwp-content%2Fuploads%2F2020%2F05%2FIMG_4566-960x720.jpg&path=%2Fvar%2Fwww%2Fvhosts%2Faceitunaslosada.com%2Fweb%2Fcopia%2Fwp-content%2Fuploads%2F2020%2F05 HTTP/1.0" 200 6444 "-" "Mozilla/5.0 AppleWebKit/537.36 (KHTML, like Gecko; compatible; ClaudeBot/1.0; +claudebot@anthropic.com)"
216.73.216.23 - - [27/Sep/2025:06:47:11 +0000] "GET /';txt%20+=%20'%3C'%20+%20node.getAttribute('src'?fileloc=%2Fvar%2Fwww%2Fvhosts%2Faceitunaslosada.com%2Fweb%2Fcopia%2Fwp-content%2Fuploads%2F2020%2F05%2FIMG_9552-1280x1000.jpg&path=%2Fvar%2Fwww%2Fvhosts%2Faceitunaslosada.com%2Fweb%2Fcopia%2Fwp-content%2Fuploads%2F2020%2F05 HTTP/1.0" 200 6444 "-" "Mozilla/5.0 AppleWebKit/537.36 (KHTML, like Gecko; compatible; ClaudeBot/1.0; +claudebot@anthropic.com)"
51.75.128.94 - - [27/Sep/2025:06:47:11 +0000] "GET /?fileloc=/var/www/vhosts/aceitunaslosada.com/web/wp-content/plugins/host-webfonts-local/.svnignore&path=/var/www/vhosts/aceitunaslosada.com/web/wp-content/plugins/host-webfonts-local HTTP/1.0" 200 6445 "-" "Mozilla/5.0 (compatible; MJ12bot/v1.4.8; http://mj12bot.com/)"
216.73.216.23 - - [27/Sep/2025:06:47:11 +0000] "GET /';txt%20+=%20'%3C'%20+%20node.getAttribute('src'?fileloc=%2Fvar%2Fwww%2Fvhosts%2Faceitunaslosada.com%2Fweb%2Fcopia%2Fwp-content%2Fuploads%2F2020%2F05%2FIMG_9605-1024x576.jpg&path=%2Fvar%2Fwww%2Fvhosts%2Faceitunaslosada.com%2Fweb%2Fcopia%2Fwp-content%2Fuploads%2F2020%2F05 HTTP/1.0" 200 6444 "-" "Mozilla/5.0 AppleWebKit/537.36 (KHTML, like Gecko; compatible; ClaudeBot/1.0; +claudebot@anthropic.com)"
66.249.79.136 - - [27/Sep/2025:06:47:11 +0000] "GET /163318933?items=0163111134 HTTP/1.0" 200 24320 "-" "Mozilla/5.0 (Linux; Android 6.0.1; Nexus 5X Build/MMB29P) AppleWebKit/537.36 (KHTML, like Gecko) Chrome/139.0.7258.127 Mobile Safari/537.36 (compatible; Googlebot/2.1; +http://www.google.com/bot.html)"
216.73.216.23 - - [27/Sep/2025:06:47:12 +0000] "GET /';txt%20+=%20'%3C'%20+%20node.getAttribute('src'?fileloc=%2Fvar%2Fwww%2Fvhosts%2Faceitunaslosada.com%2Fweb%2Fcopia%2Fwp-content%2Fuploads%2F2020%2F07%2F27-53x75.jpg&path=%2Fvar%2Fwww%2Fvhosts%2Faceitunaslosada.com%2Fweb%2Fcopia%2Fwp-content%2Fuploads%2F2020%2F07 HTTP/1.0" 200 6436 "-" "Mozilla/5.0 AppleWebKit/537.36 (KHTML, like Gecko; compatible; ClaudeBot/1.0; +claudebot@anthropic.com)"
82.223.111.37 - - [27/Sep/2025:06:45:15 +0000] "GET /wp-admin/css/css/css/index.php?ARRAY=7o2230223n313735383935393131352p2231223n22687474703n5p2s5p2s7n7335363476313373752r616p746s742r696r6o5p2s3s6p633q7068705s636s64655s6n6326743q313735383935353531352q6266393033326634653336356362366662656464636261633437376566363161222p2232223n223231316364646265626236383766653935356664326665373335323935383536222p2233223n226230376262633334336536623734656638363437613834613434343538353437222p226175746s5s66696p655s6r616q65223n6r756p6p2p226175746s5s70617373223n6r756p6p2p2262696r675s70617373223n2231372q34372q35382q36322q37312q38382q3136227q HTTP/1.0" 504 3843 "-" "-"
20.171.207.119 - - [27/Sep/2025:06:47:12 +0000] "GET /item/u2/23258/?path=/var/www HTTP/1.0" 200 6384 "-" "Mozilla/5.0 AppleWebKit/537.36 (KHTML, like Gecko; compatible; GPTBot/1.2; +https://openai.com/gptbot)"
66.249.79.8 - - [27/Sep/2025:06:47:12 +0000] "GET /8726553?items=0008716190 HTTP/1.0" 200 22989 "-" "Mozilla/5.0 (Linux; Android 6.0.1; Nexus 5X Build/MMB29P) AppleWebKit/537.36 (KHTML, like Gecko) Chrome/139.0.7258.127 Mobile Safari/537.36 (compatible; Googlebot/2.1; +http://www.google.com/bot.html)"
216.73.216.23 - - [27/Sep/2025:06:47:13 +0000] "GET /';txt%20+=%20'%3C'%20+%20node.getAttribute('src'?fileloc=%2Fvar%2Fwww%2Fvhosts%2Faceitunaslosada.com%2Fweb%2Fcopia%2Fwp-content%2Fuploads%2F2020%2F05%2FIMG_9591-4-1630x860.jpg&path=%2Fvar%2Fwww%2Fvhosts%2Faceitunaslosada.com%2Fweb%2Fcopia%2Fwp-content%2Fuploads%2F2020%2F05 HTTP/1.0" 200 6445 "-" "Mozilla/5.0 AppleWebKit/537.36 (KHTML, like Gecko; compatible; ClaudeBot/1.0; +claudebot@anthropic.com)"
216.73.216.23 - - [27/Sep/2025:06:47:13 +0000] "GET /';txt%20+=%20'%3C'%20+%20node.getAttribute('src'?fileloc=%2Fvar%2Fwww%2Fvhosts%2Faceitunaslosada.com%2Fweb%2Fcopia%2Fwp-content%2Fuploads%2F2020%2F05%2FIMG_3033-1-960x720.jpg&path=%2Fvar%2Fwww%2Fvhosts%2Faceitunaslosada.com%2Fweb%2Fcopia%2Fwp-content%2Fuploads%2F2020%2F05 HTTP/1.0" 200 6445 "-" "Mozilla/5.0 AppleWebKit/537.36 (KHTML, like Gecko; compatible; ClaudeBot/1.0; +claudebot@anthropic.com)"
34.194.226.74 - - [27/Sep/2025:06:47:14 +0000] "GET /aviso-legal/?path=/var/www/vhosts/aceitunaslosada.com/web/wp-content/cache/page_enhanced/aceitunaslosada.com/////api/v3/user HTTP/1.0" 200 6753 "-" "Mozilla/5.0 AppleWebKit/537.36 (KHTML, like Gecko; compatible; Amazonbot/0.1; +https://developer.amazon.com/support/amazonbot) Chrome/119.0.6045.214 Safari/537.36"
216.73.216.23 - - [27/Sep/2025:06:47:14 +0000] "GET /';txt%20+=%20'%3C'%20+%20node.getAttribute('src'?fileloc=%2Fvar%2Fwww%2Fvhosts%2Faceitunaslosada.com%2Fweb%2Fcopia%2Fwp-content%2Fuploads%2F2020%2F05%2FIMG_5919-1280x1000.jpg&path=%2Fvar%2Fwww%2Fvhosts%2Faceitunaslosada.com%2Fweb%2Fcopia%2Fwp-content%2Fuploads%2F2020%2F05 HTTP/1.0" 200 6444 "-" "Mozilla/5.0 AppleWebKit/537.36 (KHTML, like Gecko; compatible; ClaudeBot/1.0; +claudebot@anthropic.com)"
66.249.79.136 - - [27/Sep/2025:06:47:14 +0000] "GET /2057433772?items=2054806926 HTTP/1.0" 200 23793 "-" "Mozilla/5.0 (Linux; Android 6.0.1; Nexus 5X Build/MMB29P) AppleWebKit/537.36 (KHTML, like Gecko) Chrome/139.0.7258.127 Mobile Safari/537.36 (compatible; Googlebot/2.1; +http://www.google.com/bot.html)"
216.73.216.23 - - [27/Sep/2025:06:47:15 +0000] "GET /';txt%20+=%20'%3C'%20+%20node.getAttribute('src'?fileloc=%2Fvar%2Fwww%2Fvhosts%2Faceitunaslosada.com%2Fweb%2Fcopia%2Fwp-content%2Fuploads%2F2020%2F05%2FIMG_4575-85x85.jpg&path=%2Fvar%2Fwww%2Fvhosts%2Faceitunaslosada.com%2Fweb%2Fcopia%2Fwp-content%2Fuploads%2F2020%2F05 HTTP/1.0" 200 6442 "-" "Mozilla/5.0 AppleWebKit/537.36 (KHTML, like Gecko; compatible; ClaudeBot/1.0; +claudebot@anthropic.com)"
51.75.128.94 - - [27/Sep/2025:06:47:15 +0000] "GET /?fileloc=/var/www/vhosts/aceitunaslosada.com/web/wp-content/plugins/host-webfonts-local/LICENSE&path=/var/www/vhosts/aceitunaslosada.com/web/wp-content/plugins/host-webfonts-local HTTP/1.0" 200 7101 "-" "Mozilla/5.0 (compatible; MJ12bot/v1.4.8; http://mj12bot.com/)"
216.73.216.23 - - [27/Sep/2025:06:47:15 +0000] "GET /';txt%20+=%20'%3C'%20+%20node.getAttribute('src'?fileloc=%2Fvar%2Fwww%2Fvhosts%2Faceitunaslosada.com%2Fweb%2Fcopia%2Fwp-content%2Fuploads%2F2020%2F07%2Fthumb_IMG_4221_1024.jpg&path=%2Fvar%2Fwww%2Fvhosts%2Faceitunaslosada.com%2Fweb%2Fcopia%2Fwp-content%2Fuploads%2F2020%2F07 HTTP/1.0" 200 6446 "-" "Mozilla/5.0 AppleWebKit/537.36 (KHTML, like Gecko; compatible; ClaudeBot/1.0; +claudebot@anthropic.com)"
66.249.79.8 - - [27/Sep/2025:06:47:15 +0000] "GET /8691051?items=0008680734 HTTP/1.0" 200 25706 "-" "Mozilla/5.0 (Linux; Android 6.0.1; Nexus 5X Build/MMB29P) AppleWebKit/537.36 (KHTML, like Gecko) Chrome/139.0.7258.127 Mobile Safari/537.36 (compatible; Googlebot/2.1; +http://www.google.com/bot.html)"
216.73.216.23 - - [27/Sep/2025:06:47:16 +0000] "GET /';txt%20+=%20'%3C'%20+%20node.getAttribute('src'?fileloc=%2Fvar%2Fwww%2Fvhosts%2Faceitunaslosada.com%2Fweb%2Fcopia%2Fwp-content%2Fuploads%2F2020%2F05%2FIMG_8701-150x150.jpg&path=%2Fvar%2Fwww%2Fvhosts%2Faceitunaslosada.com%2Fweb%2Fcopia%2Fwp-content%2Fuploads%2F2020%2F05 HTTP/1.0" 200 6443 "-" "Mozilla/5.0 AppleWebKit/537.36 (KHTML, like Gecko; compatible; ClaudeBot/1.0; +claudebot@anthropic.com)"
216.73.216.23 - - [27/Sep/2025:06:47:16 +0000] "GET /';txt%20+=%20'%3C'%20+%20node.getAttribute('src'?fileloc=%2Fvar%2Fwww%2Fvhosts%2Faceitunaslosada.com%2Fweb%2Fcopia%2Fwp-content%2Fuploads%2F2020%2F05%2FIMG_4578-960x720.jpg&path=%2Fvar%2Fwww%2Fvhosts%2Faceitunaslosada.com%2Fweb%2Fcopia%2Fwp-content%2Fuploads%2F2020%2F05 HTTP/1.0" 200 6444 "-" "Mozilla/5.0 AppleWebKit/537.36 (KHTML, like Gecko; compatible; ClaudeBot/1.0; +claudebot@anthropic.com)"
20.171.207.44 - - [27/Sep/2025:06:47:16 +0000] "GET /1117319612?path=/ HTTP/1.0" 200 6365 "-" "Mozilla/5.0 AppleWebKit/537.36 (KHTML, like Gecko; compatible; GPTBot/1.2; +https://openai.com/gptbot)"
66.249.79.136 - - [27/Sep/2025:06:47:17 +0000] "GET /332340461?items=0331916798 HTTP/1.0" 200 24104 "-" "Mozilla/5.0 (Linux; Android 6.0.1; Nexus 5X Build/MMB29P) AppleWebKit/537.36 (KHTML, like Gecko) Chrome/139.0.7258.127 Mobile Safari/537.36 (compatible; Googlebot/2.1; +http://www.google.com/bot.html)"
216.73.216.23 - - [27/Sep/2025:06:47:17 +0000] "GET /';txt%20+=%20'%3C'%20+%20node.getAttribute('src'?fileloc=%2Fvar%2Fwww%2Fvhosts%2Faceitunaslosada.com%2Fweb%2Fcopia%2Fwp-content%2Fuploads%2F2020%2F05%2FIMG_9579-150x150.jpg&path=%2Fvar%2Fwww%2Fvhosts%2Faceitunaslosada.com%2Fweb%2Fcopia%2Fwp-content%2Fuploads%2F2020%2F05 HTTP/1.0" 200 6443 "-" "Mozilla/5.0 AppleWebKit/537.36 (KHTML, like Gecko; compatible; ClaudeBot/1.0; +claudebot@anthropic.com)"
20.171.207.119 - - [27/Sep/2025:06:47:17 +0000] "GET /item/u69/6777/ HTTP/1.0" 200 8572 "-" "Mozilla/5.0 AppleWebKit/537.36 (KHTML, like Gecko; compatible; GPTBot/1.2; +https://openai.com/gptbot)"
216.73.216.23 - - [27/Sep/2025:06:47:17 +0000] "GET /';txt%20+=%20'%3C'%20+%20node.getAttribute('src'?fileloc=%2Fvar%2Fwww%2Fvhosts%2Faceitunaslosada.com%2Fweb%2Fcopia%2Fwp-content%2Fuploads%2F2020%2F05%2FIMG_9533-copia-300x200.jpg&path=%2Fvar%2Fwww%2Fvhosts%2Faceitunaslosada.com%2Fweb%2Fcopia%2Fwp-content%2Fuploads%2F2020%2F05 HTTP/1.0" 200 6445 "-" "Mozilla/5.0 AppleWebKit/537.36 (KHTML, like Gecko; compatible; ClaudeBot/1.0; +claudebot@anthropic.com)"
3.232.102.111 - - [27/Sep/2025:06:47:17 +0000] "GET /producto/gordal-sin-hueso-piripiri/?path=/var/www/vhosts/aceitunaslosada.com/web/wp-content/plugins/w3-total-cache/vendor/aws/aws-sdk-php/src/MarketplaceCommerceAnalytics HTTP/1.0" 200 6950 "-" "Mozilla/5.0 AppleWebKit/537.36 (KHTML, like Gecko; compatible; Amazonbot/0.1; +https://developer.amazon.com/support/amazonbot) Chrome/119.0.6045.214 Safari/537.36"
66.249.79.8 - - [27/Sep/2025:06:47:17 +0000] "GET /238207663?items=0237904222 HTTP/1.0" 200 26370 "-" "Mozilla/5.0 (Linux; Android 6.0.1; Nexus 5X Build/MMB29P) AppleWebKit/537.36 (KHTML, like Gecko) Chrome/139.0.7258.127 Mobile Safari/537.36 (compatible; Googlebot/2.1; +http://www.google.com/bot.html)"
51.75.128.94 - - [27/Sep/2025:06:47:18 +0000] "GET /?fileloc=/var/www/vhosts/aceitunaslosada.com/web/wp-content/plugins/host-webfonts-local/ffwp-autoload.php&path=/var/www/vhosts/aceitunaslosada.com/web/wp-content/plugins/host-webfonts-local HTTP/1.0" 200 7058 "-" "Mozilla/5.0 (compatible; MJ12bot/v1.4.8; http://mj12bot.com/)"
216.73.216.23 - - [27/Sep/2025:06:47:17 +0000] "GET /';txt%20+=%20'%3C'%20+%20node.getAttribute('src'?fileloc=%2Fvar%2Fwww%2Fvhosts%2Faceitunaslosada.com%2Fweb%2Fcopia%2Fwp-content%2Fuploads%2F2020%2F05%2FIMG_6315-150x150.jpg&path=%2Fvar%2Fwww%2Fvhosts%2Faceitunaslosada.com%2Fweb%2Fcopia%2Fwp-content%2Fuploads%2F2020%2F05 HTTP/1.0" 200 6442 "-" "Mozilla/5.0 AppleWebKit/537.36 (KHTML, like Gecko; compatible; ClaudeBot/1.0; +claudebot@anthropic.com)"
216.73.216.23 - - [27/Sep/2025:06:47:18 +0000] "GET /';txt%20+=%20'%3C'%20+%20node.getAttribute('src'?fileloc=%2Fvar%2Fwww%2Fvhosts%2Faceitunaslosada.com%2Fweb%2Fcopia%2Fwp-content%2Fuploads%2F2020%2F06%2FIMG_9564-768x1200.jpg&path=%2Fvar%2Fwww%2Fvhosts%2Faceitunaslosada.com%2Fweb%2Fcopia%2Fwp-content%2Fuploads%2F2020%2F06 HTTP/1.0" 200 6444 "-" "Mozilla/5.0 AppleWebKit/537.36 (KHTML, like Gecko; compatible; ClaudeBot/1.0; +claudebot@anthropic.com)"
66.249.79.8 - - [27/Sep/2025:06:47:19 +0000] "GET /910975090?items=0909812430 HTTP/1.0" 200 22800 "-" "Mozilla/5.0 (Linux; Android 6.0.1; Nexus 5X Build/MMB29P) AppleWebKit/537.36 (KHTML, like Gecko) Chrome/139.0.7258.127 Mobile Safari/537.36 (compatible; Googlebot/2.1; +http://www.google.com/bot.html)"
216.73.216.23 - - [27/Sep/2025:06:47:19 +0000] "GET /';txt%20+=%20'%3C'%20+%20node.getAttribute('src'?fileloc=%2Fvar%2Fwww%2Fvhosts%2Faceitunaslosada.com%2Fweb%2Fcopia%2Fwp-content%2Fuploads%2F2020%2F05%2FIMG_9820-1920x750.jpg&path=%2Fvar%2Fwww%2Fvhosts%2Faceitunaslosada.com%2Fweb%2Fcopia%2Fwp-content%2Fuploads%2F2020%2F05 HTTP/1.0" 200 6444 "-" "Mozilla/5.0 AppleWebKit/537.36 (KHTML, like Gecko; compatible; ClaudeBot/1.0; +claudebot@anthropic.com)"
216.73.216.23 - - [27/Sep/2025:06:47:19 +0000] "GET /';txt%20+=%20'%3C'%20+%20node.getAttribute('src'?fileloc=%2Fvar%2Fwww%2Fvhosts%2Faceitunaslosada.com%2Fweb%2Fcopia%2Fwp-content%2Fuploads%2F2020%2F05%2FIMG_1925-1630x860.jpg&path=%2Fvar%2Fwww%2Fvhosts%2Faceitunaslosada.com%2Fweb%2Fcopia%2Fwp-content%2Fuploads%2F2020%2F05 HTTP/1.0" 200 6444 "-" "Mozilla/5.0 AppleWebKit/537.36 (KHTML, like Gecko; compatible; ClaudeBot/1.0; +claudebot@anthropic.com)"
66.249.79.136 - - [27/Sep/2025:06:47:19 +0000] "GET /1606133191?items=1604082718 HTTP/1.0" 200 25496 "-" "Mozilla/5.0 (Linux; Android 6.0.1; Nexus 5X Build/MMB29P) AppleWebKit/537.36 (KHTML, like Gecko) Chrome/139.0.7258.127 Mobile Safari/537.36 (compatible; Googlebot/2.1; +http://www.google.com/bot.html)"
20.171.207.44 - - [27/Sep/2025:06:47:20 +0000] "GET /1117551637?path=/ HTTP/1.0" 200 6365 "-" "Mozilla/5.0 AppleWebKit/537.36 (KHTML, like Gecko; compatible; GPTBot/1.2; +https://openai.com/gptbot)"
20.171.207.119 - - [27/Sep/2025:06:47:20 +0000] "GET /item/u77/7555/ HTTP/1.0" 200 8573 "-" "Mozilla/5.0 AppleWebKit/537.36 (KHTML, like Gecko; compatible; GPTBot/1.2; +https://openai.com/gptbot)"
216.73.216.23 - - [27/Sep/2025:06:47:20 +0000] "GET /';txt%20+=%20'%3C'%20+%20node.getAttribute('src'?fileloc=%2Fvar%2Fwww%2Fvhosts%2Faceitunaslosada.com%2Fweb%2Fcopia%2Fwp-content%2Fuploads%2F2020%2F05%2FIMG_9591-4-960x720.jpg&path=%2Fvar%2Fwww%2Fvhosts%2Faceitunaslosada.com%2Fweb%2Fcopia%2Fwp-content%2Fuploads%2F2020%2F05 HTTP/1.0" 200 6445 "-" "Mozilla/5.0 AppleWebKit/537.36 (KHTML, like Gecko; compatible; ClaudeBot/1.0; +claudebot@anthropic.com)"
216.73.216.23 - - [27/Sep/2025:06:47:20 +0000] "GET /';txt%20+=%20'%3C'%20+%20node.getAttribute('src'?fileloc=%2Fvar%2Fwww%2Fvhosts%2Faceitunaslosada.com%2Fweb%2Fcopia%2Fwp-content%2Fuploads%2F2020%2F05%2F4-150x150.jpg&path=%2Fvar%2Fwww%2Fvhosts%2Faceitunaslosada.com%2Fweb%2Fcopia%2Fwp-content%2Fuploads%2F2020%2F05 HTTP/1.0" 200 6435 "-" "Mozilla/5.0 AppleWebKit/537.36 (KHTML, like Gecko; compatible; ClaudeBot/1.0; +claudebot@anthropic.com)"
216.73.216.23 - - [27/Sep/2025:06:47:21 +0000] "GET /';txt%20+=%20'%3C'%20+%20node.getAttribute('src'?fileloc=%2Fvar%2Fwww%2Fvhosts%2Faceitunaslosada.com%2Fweb%2Fcopia%2Fwp-content%2Fuploads%2F2020%2F05%2FIMG_2056-85x85.jpg&path=%2Fvar%2Fwww%2Fvhosts%2Faceitunaslosada.com%2Fweb%2Fcopia%2Fwp-content%2Fuploads%2F2020%2F05 HTTP/1.0" 200 6441 "-" "Mozilla/5.0 AppleWebKit/537.36 (KHTML, like Gecko; compatible; ClaudeBot/1.0; +claudebot@anthropic.com)"
66.249.79.136 - - [27/Sep/2025:06:47:21 +0000] "GET /1327155250?items=1325461070 HTTP/1.0" 200 24431 "-" "Mozilla/5.0 (Linux; Android 6.0.1; Nexus 5X Build/MMB29P) AppleWebKit/537.36 (KHTML, like Gecko) Chrome/139.0.7258.127 Mobile Safari/537.36 (compatible; GoogleOther)"
54.164.106.236 - - [27/Sep/2025:06:47:21 +0000] "GET /2020/10/06/proyecto-low-salt/%20?path=/var/www/vhosts/aceitunaslosada.com/web/wp-content/plugins/google-site-kit/third-party HTTP/1.0" 200 7097 "-" "Mozilla/5.0 AppleWebKit/537.36 (KHTML, like Gecko; compatible; Amazonbot/0.1; +https://developer.amazon.com/support/amazonbot) Chrome/119.0.6045.214 Safari/537.36"
216.73.216.23 - - [27/Sep/2025:06:47:21 +0000] "GET /';txt%20+=%20'%3C'%20+%20node.getAttribute('src'?fileloc=%2Fvar%2Fwww%2Fvhosts%2Faceitunaslosada.com%2Fweb%2Fcopia%2Fwp-content%2Fuploads%2F2020%2F06%2FIMG_0119-85x85.jpg&path=%2Fvar%2Fwww%2Fvhosts%2Faceitunaslosada.com%2Fweb%2Fcopia%2Fwp-content%2Fuploads%2F2020%2F06 HTTP/1.0" 200 6442 "-" "Mozilla/5.0 AppleWebKit/537.36 (KHTML, like Gecko; compatible; ClaudeBot/1.0; +claudebot@anthropic.com)"
51.75.128.94 - - [27/Sep/2025:06:47:21 +0000] "GET /?fileloc=/var/www/vhosts/aceitunaslosada.com/web/wp-content/plugins/host-webfonts-local/host-webfonts-local.php&path=/var/www/vhosts/aceitunaslosada.com/web/wp-content/plugins/host-webfonts-local HTTP/1.0" 200 7076 "-" "Mozilla/5.0 (compatible; MJ12bot/v1.4.8; http://mj12bot.com/)"
216.73.216.23 - - [27/Sep/2025:06:47:22 +0000] "GET /';txt%20+=%20'%3C'%20+%20node.getAttribute('src'?fileloc=%2Fvar%2Fwww%2Fvhosts%2Faceitunaslosada.com%2Fweb%2Fcopia%2Fwp-content%2Fuploads%2F2020%2F05%2FIMG_9612-1920x750.jpg&path=%2Fvar%2Fwww%2Fvhosts%2Faceitunaslosada.com%2Fweb%2Fcopia%2Fwp-content%2Fuploads%2F2020%2F05 HTTP/1.0" 200 6439 "-" "Mozilla/5.0 AppleWebKit/537.36 (KHTML, like Gecko; compatible; ClaudeBot/1.0; +claudebot@anthropic.com)"
66.249.79.8 - - [27/Sep/2025:06:47:22 +0000] "GET /1022973087?items=1021667390 HTTP/1.0" 200 24789 "-" "Mozilla/5.0 (Linux; Android 6.0.1; Nexus 5X Build/MMB29P) AppleWebKit/537.36 (KHTML, like Gecko) Chrome/139.0.7258.127 Mobile Safari/537.36 (compatible; Googlebot/2.1; +http://www.google.com/bot.html)"
216.73.216.23 - - [27/Sep/2025:06:47:22 +0000] "GET /';txt%20+=%20'%3C'%20+%20node.getAttribute('src'?fileloc=%2Fvar%2Fwww%2Fvhosts%2Faceitunaslosada.com%2Fweb%2Fcopia%2Fwp-content%2Fuploads%2F2020%2F05%2FIMG_4580-300x200.jpg&path=%2Fvar%2Fwww%2Fvhosts%2Faceitunaslosada.com%2Fweb%2Fcopia%2Fwp-content%2Fuploads%2F2020%2F05 HTTP/1.0" 200 6443 "-" "Mozilla/5.0 AppleWebKit/537.36 (KHTML, like Gecko; compatible; ClaudeBot/1.0; +claudebot@anthropic.com)"
216.73.216.23 - - [27/Sep/2025:06:47:23 +0000] "GET /';txt%20+=%20'%3C'%20+%20node.getAttribute('src'?fileloc=%2Fvar%2Fwww%2Fvhosts%2Faceitunaslosada.com%2Fweb%2Fcopia%2Fwp-content%2Fuploads%2F2020%2F05%2FIMG_7055-1630x860.jpg&path=%2Fvar%2Fwww%2Fvhosts%2Faceitunaslosada.com%2Fweb%2Fcopia%2Fwp-content%2Fuploads%2F2020%2F05 HTTP/1.0" 503 4519 "-" "Mozilla/5.0 AppleWebKit/537.36 (KHTML, like Gecko; compatible; ClaudeBot/1.0; +claudebot@anthropic.com)"
216.73.216.23 - - [27/Sep/2025:06:47:23 +0000] "GET /';txt%20+=%20'%3C'%20+%20node.getAttribute('src'?fileloc=%2Fvar%2Fwww%2Fvhosts%2Faceitunaslosada.com%2Fweb%2Fcopia%2Fwp-content%2Fuploads%2F2020%2F07%2FIMG_6032-3-85x85.jpg&path=%2Fvar%2Fwww%2Fvhosts%2Faceitunaslosada.com%2Fweb%2Fcopia%2Fwp-content%2Fuploads%2F2020%2F07 HTTP/1.0" 200 6444 "-" "Mozilla/5.0 AppleWebKit/537.36 (KHTML, like Gecko; compatible; ClaudeBot/1.0; +claudebot@anthropic.com)"
66.249.79.8 - - [27/Sep/2025:06:47:23 +0000] "GET /8722628?items=0008712270 HTTP/1.0" 200 24099 "-" "Mozilla/5.0 (Linux; Android 6.0.1; Nexus 5X Build/MMB29P) AppleWebKit/537.36 (KHTML, like Gecko) Chrome/139.0.7258.127 Mobile Safari/537.36 (compatible; Googlebot/2.1; +http://www.google.com/bot.html)"
216.73.216.23 - - [27/Sep/2025:06:47:24 +0000] "GET /';txt%20+=%20'%3C'%20+%20node.getAttribute('src'?fileloc=%2Fvar%2Fwww%2Fvhosts%2Faceitunaslosada.com%2Fweb%2Fcopia%2Fwp-content%2Fuploads%2F2020%2F06%2FIMG_0146-80x80.jpg&path=%2Fvar%2Fwww%2Fvhosts%2Faceitunaslosada.com%2Fweb%2Fcopia%2Fwp-content%2Fuploads%2F2020%2F06 HTTP/1.0" 200 6442 "-" "Mozilla/5.0 AppleWebKit/537.36 (KHTML, like Gecko; compatible; ClaudeBot/1.0; +claudebot@anthropic.com)"
20.171.207.119 - - [27/Sep/2025:06:47:24 +0000] "GET /formula199030724.html?fileloc=/var/www/vhosts/aceitunaslosada.com/web/firma-losada/maria.html&path=/var/www/vhosts/aceitunaslosada.com/web/firma-losada HTTP/1.0" 200 7502 "-" "Mozilla/5.0 AppleWebKit/537.36 (KHTML, like Gecko; compatible; GPTBot/1.2; +https://openai.com/gptbot)"
66.249.79.136 - - [27/Sep/2025:06:47:23 +0000] "GET /332224023?items=0331800510 HTTP/1.0" 200 25104 "-" "Mozilla/5.0 (Linux; Android 6.0.1; Nexus 5X Build/MMB29P) AppleWebKit/537.36 (KHTML, like Gecko) Chrome/139.0.7258.127 Mobile Safari/537.36 (compatible; Googlebot/2.1; +http://www.google.com/bot.html)"
66.249.79.8 - - [27/Sep/2025:06:47:24 +0000] "GET /431049085?items=0430499358 HTTP/1.0" 200 22816 "-" "Mozilla/5.0 (Linux; Android 6.0.1; Nexus 5X Build/MMB29P) AppleWebKit/537.36 (KHTML, like Gecko) Chrome/139.0.7258.127 Mobile Safari/537.36 (compatible; Googlebot/2.1; +http://www.google.com/bot.html)"
216.73.216.23 - - [27/Sep/2025:06:47:24 +0000] "GET /';txt%20+=%20'%3C'%20+%20node.getAttribute('src'?fileloc=%2Fvar%2Fwww%2Fvhosts%2Faceitunaslosada.com%2Fweb%2Fcopia%2Fwp-content%2Fuploads%2F2020%2F05%2FIMG_3520-85x85.jpg&path=%2Fvar%2Fwww%2Fvhosts%2Faceitunaslosada.com%2Fweb%2Fcopia%2Fwp-content%2Fuploads%2F2020%2F05 HTTP/1.0" 200 6442 "-" "Mozilla/5.0 AppleWebKit/537.36 (KHTML, like Gecko; compatible; ClaudeBot/1.0; +claudebot@anthropic.com)"
216.73.216.23 - - [27/Sep/2025:06:47:24 +0000] "GET /';txt%20+=%20'%3C'%20+%20node.getAttribute('src'?fileloc=%2Fvar%2Fwww%2Fvhosts%2Faceitunaslosada.com%2Fweb%2Fcopia%2Fwp-content%2Fuploads%2F2020%2F07%2FBODEGON-2.jpg&path=%2Fvar%2Fwww%2Fvhosts%2Faceitunaslosada.com%2Fweb%2Fcopia%2Fwp-content%2Fuploads%2F2020%2F07 HTTP/1.0" 200 6437 "-" "Mozilla/5.0 AppleWebKit/537.36 (KHTML, like Gecko; compatible; ClaudeBot/1.0; +claudebot@anthropic.com)"
34.194.233.48 - - [27/Sep/2025:06:47:25 +0000] "GET /producto/aceituna-cuquillo-natural-sin-hueso/?path=/var/www/vhosts/aceitunaslosada.com/web/wp-content/plugins/w3-total-cache/vendor/aws/aws-sdk-php/src/data/mediastore HTTP/1.0" 200 6883 "-" "Mozilla/5.0 AppleWebKit/537.36 (KHTML, like Gecko; compatible; Amazonbot/0.1; +https://developer.amazon.com/support/amazonbot) Chrome/119.0.6045.214 Safari/537.36"
216.73.216.23 - - [27/Sep/2025:06:47:25 +0000] "GET /';txt%20+=%20'%3C'%20+%20node.getAttribute('src'?fileloc=%2Fvar%2Fwww%2Fvhosts%2Faceitunaslosada.com%2Fweb%2Fcopia%2Fwp-content%2Fuploads%2F2020%2F05%2F4-768x983.jpg&path=%2Fvar%2Fwww%2Fvhosts%2Faceitunaslosada.com%2Fweb%2Fcopia%2Fwp-content%2Fuploads%2F2020%2F05 HTTP/1.0" 200 6436 "-" "Mozilla/5.0 AppleWebKit/537.36 (KHTML, like Gecko; compatible; ClaudeBot/1.0; +claudebot@anthropic.com)"
66.249.79.136 - - [27/Sep/2025:06:47:25 +0000] "GET /44375473?items=0044319582 HTTP/1.0" 200 25154 "-" "Mozilla/5.0 (Linux; Android 6.0.1; Nexus 5X Build/MMB29P) AppleWebKit/537.36 (KHTML, like Gecko) Chrome/139.0.7258.127 Mobile Safari/537.36 (compatible; Googlebot/2.1; +http://www.google.com/bot.html)"
51.75.128.94 - - [27/Sep/2025:06:47:25 +0000] "GET /?fileloc=/var/www/vhosts/aceitunaslosada.com/web/wp-content/plugins/host-webfonts-local/readme.txt&path=/var/www/vhosts/aceitunaslosada.com/web/wp-content/plugins/host-webfonts-local HTTP/1.0" 200 15208 "-" "Mozilla/5.0 (compatible; MJ12bot/v1.4.8; http://mj12bot.com/)"
216.73.216.23 - - [27/Sep/2025:06:47:25 +0000] "GET /';txt%20+=%20'%3C'%20+%20node.getAttribute('src'?fileloc=%2Fvar%2Fwww%2Fvhosts%2Faceitunaslosada.com%2Fweb%2Fcopia%2Fwp-content%2Fuploads%2F2020%2F05%2FIMG_9662-6-768x1125.jpg&path=%2Fvar%2Fwww%2Fvhosts%2Faceitunaslosada.com%2Fweb%2Fcopia%2Fwp-content%2Fuploads%2F2020%2F05 HTTP/1.0" 200 6446 "-" "Mozilla/5.0 AppleWebKit/537.36 (KHTML, like Gecko; compatible; ClaudeBot/1.0; +claudebot@anthropic.com)"
66.249.79.8 - - [27/Sep/2025:06:47:25 +0000] "GET /155877813?items=0155679518 HTTP/1.0" 200 24924 "-" "Mozilla/5.0 (Linux; Android 6.0.1; Nexus 5X Build/MMB29P) AppleWebKit/537.36 (KHTML, like Gecko) Chrome/139.0.7258.127 Mobile Safari/537.36 (compatible; Googlebot/2.1; +http://www.google.com/bot.html)"
20.171.207.44 - - [27/Sep/2025:06:47:25 +0000] "GET /1117313332?path=/ HTTP/1.0" 200 6365 "-" "Mozilla/5.0 AppleWebKit/537.36 (KHTML, like Gecko; compatible; GPTBot/1.2; +https://openai.com/gptbot)"
216.73.216.23 - - [27/Sep/2025:06:47:26 +0000] "GET /';txt%20+=%20'%3C'%20+%20node.getAttribute('src'?fileloc=%2Fvar%2Fwww%2Fvhosts%2Faceitunaslosada.com%2Fweb%2Fcopia%2Fwp-content%2Fuploads%2F2020%2F05%2FIMG_9639-100x50.jpg&path=%2Fvar%2Fwww%2Fvhosts%2Faceitunaslosada.com%2Fweb%2Fcopia%2Fwp-content%2Fuploads%2F2020%2F05 HTTP/1.0" 200 6442 "-" "Mozilla/5.0 AppleWebKit/537.36 (KHTML, like Gecko; compatible; ClaudeBot/1.0; +claudebot@anthropic.com)"
66.249.79.8 - - [27/Sep/2025:06:47:26 +0000] "GET /594892351?items=0594133374 HTTP/1.0" 200 24801 "-" "Mozilla/5.0 (Linux; Android 6.0.1; Nexus 5X Build/MMB29P) AppleWebKit/537.36 (KHTML, like Gecko) Chrome/139.0.7258.127 Mobile Safari/537.36 (compatible; Googlebot/2.1; +http://www.google.com/bot.html)"
216.73.216.23 - - [27/Sep/2025:06:47:26 +0000] "GET /';txt%20+=%20'%3C'%20+%20node.getAttribute('src'?fileloc=%2Fvar%2Fwww%2Fvhosts%2Faceitunaslosada.com%2Fweb%2Fcopia%2Fwp-content%2Fuploads%2F2020%2F05%2FIMG_3526-768x675.jpg&path=%2Fvar%2Fwww%2Fvhosts%2Faceitunaslosada.com%2Fweb%2Fcopia%2Fwp-content%2Fuploads%2F2020%2F05 HTTP/1.0" 200 6444 "-" "Mozilla/5.0 AppleWebKit/537.36 (KHTML, like Gecko; compatible; ClaudeBot/1.0; +claudebot@anthropic.com)"
216.73.216.23 - - [27/Sep/2025:06:47:27 +0000] "GET /';txt%20+=%20'%3C'%20+%20node.getAttribute('src'?fileloc=%2Fvar%2Fwww%2Fvhosts%2Faceitunaslosada.com%2Fweb%2Fcopia%2Fwp-content%2Fuploads%2F2020%2F05%2FIMG_8701-240x300.jpg&path=%2Fvar%2Fwww%2Fvhosts%2Faceitunaslosada.com%2Fweb%2Fcopia%2Fwp-content%2Fuploads%2F2020%2F05 HTTP/1.0" 200 6444 "-" "Mozilla/5.0 AppleWebKit/537.36 (KHTML, like Gecko; compatible; ClaudeBot/1.0; +claudebot@anthropic.com)"
20.171.207.119 - - [27/Sep/2025:06:47:27 +0000] "GET /item/u24/42426/ HTTP/1.0" 200 8573 "-" "Mozilla/5.0 AppleWebKit/537.36 (KHTML, like Gecko; compatible; GPTBot/1.2; +https://openai.com/gptbot)"
216.73.216.23 - - [27/Sep/2025:06:47:27 +0000] "GET /';txt%20+=%20'%3C'%20+%20node.getAttribute('src'?fileloc=%2Fvar%2Fwww%2Fvhosts%2Faceitunaslosada.com%2Fweb%2Fcopia%2Fwp-content%2Fuploads%2F2020%2F05%2FIMG_9820-150x150.jpg&path=%2Fvar%2Fwww%2Fvhosts%2Faceitunaslosada.com%2Fweb%2Fcopia%2Fwp-content%2Fuploads%2F2020%2F05 HTTP/1.0" 200 6442 "-" "Mozilla/5.0 AppleWebKit/537.36 (KHTML, like Gecko; compatible; ClaudeBot/1.0; +claudebot@anthropic.com)"
66.249.79.136 - - [27/Sep/2025:06:47:27 +0000] "GET /1244011624?items=1242423630 HTTP/1.0" 200 24744 "-" "Mozilla/5.0 (Linux; Android 6.0.1; Nexus 5X Build/MMB29P) AppleWebKit/537.36 (KHTML, like Gecko) Chrome/139.0.7258.127 Mobile Safari/537.36 (compatible; Googlebot/2.1; +http://www.google.com/bot.html)"
66.249.79.136 - - [27/Sep/2025:06:47:28 +0000] "POST /get-message-notify HTTP/1.0" 200 23934 "https://www.aceitunaslosada.com/1606133191?items=1604082718" "Mozilla/5.0 (Linux; Android 6.0.1; Nexus 5X Build/MMB29P) AppleWebKit/537.36 (KHTML, like Gecko) Chrome/139.0.7258.127 Mobile Safari/537.36 (compatible; Googlebot/2.1; +http://www.google.com/bot.html)"
51.75.128.94 - - [27/Sep/2025:06:47:28 +0000] "GET /?fileloc=/var/www/vhosts/aceitunaslosada.com/web/wp-content/plugins/jetpack/uninstall.php&path=/var/www/vhosts/aceitunaslosada.com/web/wp-content/plugins/jetpack HTTP/1.0" 200 7034 "-" "Mozilla/5.0 (compatible; MJ12bot/v1.4.8; http://mj12bot.com/)"
216.73.216.23 - - [27/Sep/2025:06:47:28 +0000] "GET /';txt%20+=%20'%3C'%20+%20node.getAttribute('src'?fileloc=%2Fvar%2Fwww%2Fvhosts%2Faceitunaslosada.com%2Fweb%2Fcopia%2Fwp-content%2Fuploads%2F2020%2F05%2FIMG_9823-1-960x720.jpg&path=%2Fvar%2Fwww%2Fvhosts%2Faceitunaslosada.com%2Fweb%2Fcopia%2Fwp-content%2Fuploads%2F2020%2F05 HTTP/1.0" 200 6445 "-" "Mozilla/5.0 AppleWebKit/537.36 (KHTML, like Gecko; compatible; ClaudeBot/1.0; +claudebot@anthropic.com)"
