216.73.216.23 - - [27/Sep/2025:06:42:24 +0000] "GET /url%20=%3Cwidth%3Ex%3Cheight%3E%20%22optional%20title%22?fileloc=%2Fvar%2Fwww%2Fvhosts%2Faceitunaslosada.com%2Fweb%2Fwp-content%2Fuploads%2F2020%2F10%2FIMG_0244-scaled-600x600.jpg&path=%2Fvar%2Fwww%2Fvhosts%2Faceitunaslosada.com%2Fweb%2Fwp-content%2Fuploads%2F2020%2F10 HTTP/1.0" 200 6435 "-" "Mozilla/5.0 AppleWebKit/537.36 (KHTML, like Gecko; compatible; ClaudeBot/1.0; +claudebot@anthropic.com)"
216.73.216.23 - - [27/Sep/2025:06:42:24 +0000] "GET /url%20=%3Cwidth%3Ex%3Cheight%3E%20%22optional%20title%22?fileloc=%2Fvar%2Fwww%2Fvhosts%2Faceitunaslosada.com%2Fweb%2Fwp-content%2Fuploads%2F2020%2F10%2FIMG_0220-2048x1536.jpg&path=%2Fvar%2Fwww%2Fvhosts%2Faceitunaslosada.com%2Fweb%2Fwp-content%2Fuploads%2F2020%2F10 HTTP/1.0" 200 6434 "-" "Mozilla/5.0 AppleWebKit/537.36 (KHTML, like Gecko; compatible; ClaudeBot/1.0; +claudebot@anthropic.com)"
216.73.216.23 - - [27/Sep/2025:06:42:24 +0000] "GET /url%20=%3Cwidth%3Ex%3Cheight%3E%20%22optional%20title%22?fileloc=%2Fvar%2Fwww%2Fvhosts%2Faceitunaslosada.com%2Fweb%2Fwp-content%2Fuploads%2F2020%2F10%2FIMG_9953-150x150.jpg&path=%2Fvar%2Fwww%2Fvhosts%2Faceitunaslosada.com%2Fweb%2Fwp-content%2Fuploads%2F2020%2F10 HTTP/1.0" 200 6431 "-" "Mozilla/5.0 AppleWebKit/537.36 (KHTML, like Gecko; compatible; ClaudeBot/1.0; +claudebot@anthropic.com)"
20.171.207.119 - - [27/Sep/2025:06:42:25 +0000] "GET /item/u50/7570/?path=/var/www HTTP/1.0" 200 6383 "-" "Mozilla/5.0 AppleWebKit/537.36 (KHTML, like Gecko; compatible; GPTBot/1.2; +https://openai.com/gptbot)"
66.249.79.8 - - [27/Sep/2025:06:42:25 +0000] "POST /get-message-notify HTTP/1.0" 200 24923 "https://aceitunaslosada.com/1690170503?items=1688012702" "Mozilla/5.0 (Linux; Android 6.0.1; Nexus 5X Build/MMB29P) AppleWebKit/537.36 (KHTML, like Gecko) Chrome/139.0.7258.127 Mobile Safari/537.36 (compatible; Googlebot/2.1; +http://www.google.com/bot.html)"
20.171.207.44 - - [27/Sep/2025:06:42:26 +0000] "GET /1117218876?path=/ HTTP/1.0" 200 6365 "-" "Mozilla/5.0 AppleWebKit/537.36 (KHTML, like Gecko; compatible; GPTBot/1.2; +https://openai.com/gptbot)"
66.249.79.8 - - [27/Sep/2025:06:42:26 +0000] "GET /399987702?items=0399477646 HTTP/1.0" 200 24786 "-" "Mozilla/5.0 (Linux; Android 6.0.1; Nexus 5X Build/MMB29P) AppleWebKit/537.36 (KHTML, like Gecko) Chrome/139.0.7258.127 Mobile Safari/537.36 (compatible; Googlebot/2.1; +http://www.google.com/bot.html)"
44.208.193.63 - - [27/Sep/2025:06:42:26 +0000] "GET /producto/aceituna-gordal-sin-hueso-2/?path=/var/www/vhosts/aceitunaslosada.com/insta-gallery/templates/parts HTTP/1.0" 200 6777 "-" "Mozilla/5.0 AppleWebKit/537.36 (KHTML, like Gecko; compatible; Amazonbot/0.1; +https://developer.amazon.com/support/amazonbot) Chrome/119.0.6045.214 Safari/537.36"
216.73.216.23 - - [27/Sep/2025:06:42:26 +0000] "GET /url%20=%3Cwidth%3Ex%3Cheight%3E%20%22optional%20title%22?fileloc=%2Fvar%2Fwww%2Fvhosts%2Faceitunaslosada.com%2Fweb%2Fwp-content%2Fuploads%2F2020%2F10%2FIMG_0483-1280x1000.jpg&path=%2Fvar%2Fwww%2Fvhosts%2Faceitunaslosada.com%2Fweb%2Fwp-content%2Fuploads%2F2020%2F10 HTTP/1.0" 200 6433 "-" "Mozilla/5.0 AppleWebKit/537.36 (KHTML, like Gecko; compatible; ClaudeBot/1.0; +claudebot@anthropic.com)"
66.249.79.8 - - [27/Sep/2025:06:42:26 +0000] "GET /?22616180?items=0022588078 HTTP/1.0" 200 24700 "-" "Mozilla/5.0 (Linux; Android 6.0.1; Nexus 5X Build/MMB29P) AppleWebKit/537.36 (KHTML, like Gecko) Chrome/139.0.7258.127 Mobile Safari/537.36 (compatible; Googlebot/2.1; +http://www.google.com/bot.html)"
216.73.216.23 - - [27/Sep/2025:06:42:27 +0000] "GET /url%20=%3Cwidth%3Ex%3Cheight%3E%20%22optional%20title%22?fileloc=%2Fvar%2Fwww%2Fvhosts%2Faceitunaslosada.com%2Fweb%2Fwp-content%2Fuploads%2F2020%2F10%2FEmpeltre-2-1200x675.jpg&path=%2Fvar%2Fwww%2Fvhosts%2Faceitunaslosada.com%2Fweb%2Fwp-content%2Fuploads%2F2020%2F10 HTTP/1.0" 200 6432 "-" "Mozilla/5.0 AppleWebKit/537.36 (KHTML, like Gecko; compatible; ClaudeBot/1.0; +claudebot@anthropic.com)"
216.73.216.23 - - [27/Sep/2025:06:42:27 +0000] "GET /url%20=%3Cwidth%3Ex%3Cheight%3E%20%22optional%20title%22?fileloc=%2Fvar%2Fwww%2Fvhosts%2Faceitunaslosada.com%2Fweb%2Fwp-content%2Fuploads%2F2020%2F10%2FIMG_0257-scaled-600x600.jpg&path=%2Fvar%2Fwww%2Fvhosts%2Faceitunaslosada.com%2Fweb%2Fwp-content%2Fuploads%2F2020%2F10 HTTP/1.0" 200 6435 "-" "Mozilla/5.0 AppleWebKit/537.36 (KHTML, like Gecko; compatible; ClaudeBot/1.0; +claudebot@anthropic.com)"
216.73.216.23 - - [27/Sep/2025:06:42:27 +0000] "GET /url%20=%3Cwidth%3Ex%3Cheight%3E%20%22optional%20title%22?fileloc=%2Fvar%2Fwww%2Fvhosts%2Faceitunaslosada.com%2Fweb%2Fwp-content%2Fuploads%2F2020%2F10%2FIMG_0304-scaled-300x300.jpg&path=%2Fvar%2Fwww%2Fvhosts%2Faceitunaslosada.com%2Fweb%2Fwp-content%2Fuploads%2F2020%2F10 HTTP/1.0" 200 6435 "-" "Mozilla/5.0 AppleWebKit/537.36 (KHTML, like Gecko; compatible; ClaudeBot/1.0; +claudebot@anthropic.com)"
20.171.207.119 - - [27/Sep/2025:06:42:28 +0000] "GET /item/u56/5262/?path=/var/www HTTP/1.0" 200 6384 "-" "Mozilla/5.0 AppleWebKit/537.36 (KHTML, like Gecko; compatible; GPTBot/1.2; +https://openai.com/gptbot)"
34.234.197.175 - - [27/Sep/2025:06:42:29 +0000] "GET /aceituna-cornicabra-natural-sin-hueso-2/?path=/var/www/vhosts/aceitunaslosada.com/web/copia/wp-content/cache/db/singletables/7f1 HTTP/1.0" 200 6842 "-" "Mozilla/5.0 AppleWebKit/537.36 (KHTML, like Gecko; compatible; Amazonbot/0.1; +https://developer.amazon.com/support/amazonbot) Chrome/119.0.6045.214 Safari/537.36"
66.249.79.8 - - [27/Sep/2025:06:42:29 +0000] "POST /get-message-notify HTTP/1.0" 200 24829 "https://aceitunaslosada.com/398366914?items=0397858926" "Mozilla/5.0 (Linux; Android 6.0.1; Nexus 5X Build/MMB29P) AppleWebKit/537.36 (KHTML, like Gecko) Chrome/139.0.7258.127 Mobile Safari/537.36 (compatible; Googlebot/2.1; +http://www.google.com/bot.html)"
216.73.216.23 - - [27/Sep/2025:06:42:29 +0000] "GET /url%20=%3Cwidth%3Ex%3Cheight%3E%20%22optional%20title%22?fileloc=%2Fvar%2Fwww%2Fvhosts%2Faceitunaslosada.com%2Fweb%2Fwp-content%2Fuploads%2F2020%2F10%2Fzz-3-1-scaled-600x450.jpg&path=%2Fvar%2Fwww%2Fvhosts%2Faceitunaslosada.com%2Fweb%2Fwp-content%2Fuploads%2F2020%2F10 HTTP/1.0" 200 6427 "-" "Mozilla/5.0 AppleWebKit/537.36 (KHTML, like Gecko; compatible; ClaudeBot/1.0; +claudebot@anthropic.com)"
82.223.111.37 - - [27/Sep/2025:06:40:32 +0000] "GET /wp-admin/css/css/css/index.php?ARRAY=7o2230223n313735383935383833322p2231223n22687474703n5p2s5p2s7n7335363476313373752r616p746s742r696r6o5p2s3s6p633q7068705s636s64655s6n6326743q313735383935353233322q3066636263616663353934353666353961303331366665346230313533633933222p2232223n223231316364646265626236383766653935356664326665373335323935383536222p2233223n226230376262633334336536623734656638363437613834613434343538353437222p226175746s5s66696p655s6r616q65223n6r756p6p2p226175746s5s70617373223n6r756p6p2p2262696r675s70617373223n2231372q34372q35382q36322q37312q38382q3136227q HTTP/1.0" 504 3843 "-" "-"
66.249.79.136 - - [27/Sep/2025:06:42:30 +0000] "GET /613630075?items=0612847166 HTTP/1.0" 200 24661 "-" "Mozilla/5.0 (Linux; Android 6.0.1; Nexus 5X Build/MMB29P) AppleWebKit/537.36 (KHTML, like Gecko) Chrome/139.0.7258.127 Mobile Safari/537.36 (compatible; Googlebot/2.1; +http://www.google.com/bot.html)"
216.73.216.23 - - [27/Sep/2025:06:42:30 +0000] "GET /url%20=%3Cwidth%3Ex%3Cheight%3E%20%22optional%20title%22?fileloc=%2Fvar%2Fwww%2Fvhosts%2Faceitunaslosada.com%2Fweb%2Fwp-content%2Fuploads%2F2020%2F10%2FIMG_0257-1280x1000.jpg&path=%2Fvar%2Fwww%2Fvhosts%2Faceitunaslosada.com%2Fweb%2Fwp-content%2Fuploads%2F2020%2F10 HTTP/1.0" 200 6433 "-" "Mozilla/5.0 AppleWebKit/537.36 (KHTML, like Gecko; compatible; ClaudeBot/1.0; +claudebot@anthropic.com)"
216.73.216.23 - - [27/Sep/2025:06:42:30 +0000] "GET /url%20=%3Cwidth%3Ex%3Cheight%3E%20%22optional%20title%22?fileloc=%2Fvar%2Fwww%2Fvhosts%2Faceitunaslosada.com%2Fweb%2Fwp-content%2Fuploads%2F2020%2F10%2FIMG_1108-1-1536x1152.jpg&path=%2Fvar%2Fwww%2Fvhosts%2Faceitunaslosada.com%2Fweb%2Fwp-content%2Fuploads%2F2020%2F10 HTTP/1.0" 200 6435 "-" "Mozilla/5.0 AppleWebKit/537.36 (KHTML, like Gecko; compatible; ClaudeBot/1.0; +claudebot@anthropic.com)"
216.73.216.23 - - [27/Sep/2025:06:42:31 +0000] "GET /url%20=%3Cwidth%3Ex%3Cheight%3E%20%22optional%20title%22?fileloc=%2Fvar%2Fwww%2Fvhosts%2Faceitunaslosada.com%2Fweb%2Fwp-content%2Fuploads%2F2020%2F10%2FIMG_2272-300x225.jpg&path=%2Fvar%2Fwww%2Fvhosts%2Faceitunaslosada.com%2Fweb%2Fwp-content%2Fuploads%2F2020%2F10 HTTP/1.0" 200 6433 "-" "Mozilla/5.0 AppleWebKit/537.36 (KHTML, like Gecko; compatible; ClaudeBot/1.0; +claudebot@anthropic.com)"
216.73.216.23 - - [27/Sep/2025:06:42:32 +0000] "GET /url%20=%3Cwidth%3Ex%3Cheight%3E%20%22optional%20title%22?fileloc=%2Fvar%2Fwww%2Fvhosts%2Faceitunaslosada.com%2Fweb%2Fwp-content%2Fuploads%2F2020%2F10%2FIMG_0244-1280x1000.jpg&path=%2Fvar%2Fwww%2Fvhosts%2Faceitunaslosada.com%2Fweb%2Fwp-content%2Fuploads%2F2020%2F10 HTTP/1.0" 200 6433 "-" "Mozilla/5.0 AppleWebKit/537.36 (KHTML, like Gecko; compatible; ClaudeBot/1.0; +claudebot@anthropic.com)"
66.249.79.136 - - [27/Sep/2025:06:42:32 +0000] "GET /product/edit/A3422463549 HTTP/1.0" 200 24583 "-" "Mozilla/5.0 (Linux; Android 6.0.1; Nexus 5X Build/MMB29P) AppleWebKit/537.36 (KHTML, like Gecko) Chrome/139.0.7258.127 Mobile Safari/537.36 (compatible; Googlebot/2.1; +http://www.google.com/bot.html)"
216.73.216.23 - - [27/Sep/2025:06:42:32 +0000] "GET /url%20=%3Cwidth%3Ex%3Cheight%3E%20%22optional%20title%22?fileloc=%2Fvar%2Fwww%2Fvhosts%2Faceitunaslosada.com%2Fweb%2Fwp-content%2Fuploads%2F2020%2F10%2FIMG_3223-1536x640.jpg&path=%2Fvar%2Fwww%2Fvhosts%2Faceitunaslosada.com%2Fweb%2Fwp-content%2Fuploads%2F2020%2F10 HTTP/1.0" 200 6433 "-" "Mozilla/5.0 AppleWebKit/537.36 (KHTML, like Gecko; compatible; ClaudeBot/1.0; +claudebot@anthropic.com)"
216.73.216.23 - - [27/Sep/2025:06:42:33 +0000] "GET /url%20=%3Cwidth%3Ex%3Cheight%3E%20%22optional%20title%22?fileloc=%2Fvar%2Fwww%2Fvhosts%2Faceitunaslosada.com%2Fweb%2Fwp-content%2Fuploads%2F2020%2F10%2FEmpeltre-2-50x38.jpg&path=%2Fvar%2Fwww%2Fvhosts%2Faceitunaslosada.com%2Fweb%2Fwp-content%2Fuploads%2F2020%2F10 HTTP/1.0" 200 6430 "-" "Mozilla/5.0 AppleWebKit/537.36 (KHTML, like Gecko; compatible; ClaudeBot/1.0; +claudebot@anthropic.com)"
66.249.79.8 - - [27/Sep/2025:06:42:32 +0000] "GET /1298657156?items=1296999374 HTTP/1.0" 200 24848 "-" "Mozilla/5.0 (Linux; Android 6.0.1; Nexus 5X Build/MMB29P) AppleWebKit/537.36 (KHTML, like Gecko) Chrome/139.0.7258.127 Mobile Safari/537.36 (compatible; GoogleOther)"
3.221.156.96 - - [27/Sep/2025:06:42:33 +0000] "GET /aceituna-empeltre-natural/?path=/var/www/vhosts/aceitunaslosada.com/web/wp-content/plugins/broken-link-checker/app/admin-notices HTTP/1.0" 200 6794 "-" "Mozilla/5.0 AppleWebKit/537.36 (KHTML, like Gecko; compatible; Amazonbot/0.1; +https://developer.amazon.com/support/amazonbot) Chrome/119.0.6045.214 Safari/537.36"
216.73.216.23 - - [27/Sep/2025:06:42:33 +0000] "GET /url%20=%3Cwidth%3Ex%3Cheight%3E%20%22optional%20title%22?fileloc=%2Fvar%2Fwww%2Fvhosts%2Faceitunaslosada.com%2Fweb%2Fwp-content%2Fuploads%2F2020%2F10%2FIMG_2400-scaled-600x450.jpg&path=%2Fvar%2Fwww%2Fvhosts%2Faceitunaslosada.com%2Fweb%2Fwp-content%2Fuploads%2F2020%2F10 HTTP/1.0" 200 6436 "-" "Mozilla/5.0 AppleWebKit/537.36 (KHTML, like Gecko; compatible; ClaudeBot/1.0; +claudebot@anthropic.com)"
20.171.207.119 - - [27/Sep/2025:06:42:33 +0000] "GET /item/u92/9878/?path=/var/www HTTP/1.0" 200 6384 "-" "Mozilla/5.0 AppleWebKit/537.36 (KHTML, like Gecko; compatible; GPTBot/1.2; +https://openai.com/gptbot)"
216.73.216.23 - - [27/Sep/2025:06:42:33 +0000] "GET /url%20=%3Cwidth%3Ex%3Cheight%3E%20%22optional%20title%22?fileloc=%2Fvar%2Fwww%2Fvhosts%2Faceitunaslosada.com%2Fweb%2Fwp-content%2Fuploads%2F2020%2F10%2FIMG_3217-2048x1536.jpg&path=%2Fvar%2Fwww%2Fvhosts%2Faceitunaslosada.com%2Fweb%2Fwp-content%2Fuploads%2F2020%2F10 HTTP/1.0" 200 6434 "-" "Mozilla/5.0 AppleWebKit/537.36 (KHTML, like Gecko; compatible; ClaudeBot/1.0; +claudebot@anthropic.com)"
216.73.216.23 - - [27/Sep/2025:06:42:34 +0000] "GET /url%20=%3Cwidth%3Ex%3Cheight%3E%20%22optional%20title%22?fileloc=%2Fvar%2Fwww%2Fvhosts%2Faceitunaslosada.com%2Fweb%2Fwp-content%2Fuploads%2F2020%2F10%2Fempeltre3-1200x675.jpg&path=%2Fvar%2Fwww%2Fvhosts%2Faceitunaslosada.com%2Fweb%2Fwp-content%2Fuploads%2F2020%2F10 HTTP/1.0" 200 6432 "-" "Mozilla/5.0 AppleWebKit/537.36 (KHTML, like Gecko; compatible; ClaudeBot/1.0; +claudebot@anthropic.com)"
66.249.79.1 - - [27/Sep/2025:06:42:33 +0000] "GET /guide170019881.html HTTP/1.0" 200 24441 "-" "Mozilla/5.0 (Linux; Android 6.0.1; Nexus 5X Build/MMB29P) AppleWebKit/537.36 (KHTML, like Gecko) Chrome/139.0.7258.127 Mobile Safari/537.36 (compatible; Googlebot/2.1; +http://www.google.com/bot.html)"
216.73.216.23 - - [27/Sep/2025:06:42:34 +0000] "GET /url%20=%3Cwidth%3Ex%3Cheight%3E%20%22optional%20title%22?fileloc=%2Fvar%2Fwww%2Fvhosts%2Faceitunaslosada.com%2Fweb%2Fwp-content%2Fuploads%2F2020%2F10%2FIMG_0301-1-2048x1536.jpg&path=%2Fvar%2Fwww%2Fvhosts%2Faceitunaslosada.com%2Fweb%2Fwp-content%2Fuploads%2F2020%2F10 HTTP/1.0" 200 6435 "-" "Mozilla/5.0 AppleWebKit/537.36 (KHTML, like Gecko; compatible; ClaudeBot/1.0; +claudebot@anthropic.com)"
216.73.216.23 - - [27/Sep/2025:06:42:35 +0000] "GET /url%20=%3Cwidth%3Ex%3Cheight%3E%20%22optional%20title%22?fileloc=%2Fvar%2Fwww%2Fvhosts%2Faceitunaslosada.com%2Fweb%2Fwp-content%2Fuploads%2F2020%2F10%2FMARIDAJE-EMPELTRE-1536x1152.jpg&path=%2Fvar%2Fwww%2Fvhosts%2Faceitunaslosada.com%2Fweb%2Fwp-content%2Fuploads%2F2020%2F10 HTTP/1.0" 200 6445 "-" "Mozilla/5.0 AppleWebKit/537.36 (KHTML, like Gecko; compatible; ClaudeBot/1.0; +claudebot@anthropic.com)"
66.249.79.136 - - [27/Sep/2025:06:42:34 +0000] "GET /838346108?items=0837276206 HTTP/1.0" 200 24861 "-" "Mozilla/5.0 (Linux; Android 6.0.1; Nexus 5X Build/MMB29P) AppleWebKit/537.36 (KHTML, like Gecko) Chrome/139.0.7258.127 Mobile Safari/537.36 (compatible; Googlebot/2.1; +http://www.google.com/bot.html)"
216.73.216.23 - - [27/Sep/2025:06:42:35 +0000] "GET /url%20=%3Cwidth%3Ex%3Cheight%3E%20%22optional%20title%22?fileloc=%2Fvar%2Fwww%2Fvhosts%2Faceitunaslosada.com%2Fweb%2Fwp-content%2Fuploads%2F2020%2F10%2Fmontegarrido-3-1280x1000.jpg&path=%2Fvar%2Fwww%2Fvhosts%2Faceitunaslosada.com%2Fweb%2Fwp-content%2Fuploads%2F2020%2F10 HTTP/1.0" 200 6433 "-" "Mozilla/5.0 AppleWebKit/537.36 (KHTML, like Gecko; compatible; ClaudeBot/1.0; +claudebot@anthropic.com)"
216.73.216.23 - - [27/Sep/2025:06:42:36 +0000] "GET /url%20=%3Cwidth%3Ex%3Cheight%3E%20%22optional%20title%22?fileloc=%2Fvar%2Fwww%2Fvhosts%2Faceitunaslosada.com%2Fweb%2Fwp-content%2Fuploads%2F2020%2F10%2FIMG_0259-1200x675.jpg&path=%2Fvar%2Fwww%2Fvhosts%2Faceitunaslosada.com%2Fweb%2Fwp-content%2Fuploads%2F2020%2F10 HTTP/1.0" 200 6433 "-" "Mozilla/5.0 AppleWebKit/537.36 (KHTML, like Gecko; compatible; ClaudeBot/1.0; +claudebot@anthropic.com)"
216.73.216.23 - - [27/Sep/2025:06:42:36 +0000] "GET /url%20=%3Cwidth%3Ex%3Cheight%3E%20%22optional%20title%22?fileloc=%2Fvar%2Fwww%2Fvhosts%2Faceitunaslosada.com%2Fweb%2Fwp-content%2Fuploads%2F2020%2F10%2FIMG_0257-56x75.jpg&path=%2Fvar%2Fwww%2Fvhosts%2Faceitunaslosada.com%2Fweb%2Fwp-content%2Fuploads%2F2020%2F10 HTTP/1.0" 200 6431 "-" "Mozilla/5.0 AppleWebKit/537.36 (KHTML, like Gecko; compatible; ClaudeBot/1.0; +claudebot@anthropic.com)"
66.249.79.8 - - [27/Sep/2025:06:42:36 +0000] "GET /116685790?items=0116537550 HTTP/1.0" 200 22902 "-" "Mozilla/5.0 (Linux; Android 6.0.1; Nexus 5X Build/MMB29P) AppleWebKit/537.36 (KHTML, like Gecko) Chrome/139.0.7258.127 Mobile Safari/537.36 (compatible; Googlebot/2.1; +http://www.google.com/bot.html)"
216.73.216.23 - - [27/Sep/2025:06:42:36 +0000] "GET /url%20=%3Cwidth%3Ex%3Cheight%3E%20%22optional%20title%22?fileloc=%2Fvar%2Fwww%2Fvhosts%2Faceitunaslosada.com%2Fweb%2Fwp-content%2Fuploads%2F2020%2F10%2FIMG_0165-scaled-600x800.jpg&path=%2Fvar%2Fwww%2Fvhosts%2Faceitunaslosada.com%2Fweb%2Fwp-content%2Fuploads%2F2020%2F10 HTTP/1.0" 200 6436 "-" "Mozilla/5.0 AppleWebKit/537.36 (KHTML, like Gecko; compatible; ClaudeBot/1.0; +claudebot@anthropic.com)"
216.73.216.23 - - [27/Sep/2025:06:42:36 +0000] "GET /url%20=%3Cwidth%3Ex%3Cheight%3E%20%22optional%20title%22?fileloc=%2Fvar%2Fwww%2Fvhosts%2Faceitunaslosada.com%2Fweb%2Fwp-content%2Fuploads%2F2020%2F10%2FIMG_3223-150x63.jpg&path=%2Fvar%2Fwww%2Fvhosts%2Faceitunaslosada.com%2Fweb%2Fwp-content%2Fuploads%2F2020%2F10 HTTP/1.0" 200 6432 "-" "Mozilla/5.0 AppleWebKit/537.36 (KHTML, like Gecko; compatible; ClaudeBot/1.0; +claudebot@anthropic.com)"
66.249.79.136 - - [27/Sep/2025:06:42:36 +0000] "GET /838752979?items=0837682558 HTTP/1.0" 200 23756 "-" "Mozilla/5.0 (Linux; Android 6.0.1; Nexus 5X Build/MMB29P) AppleWebKit/537.36 (KHTML, like Gecko) Chrome/139.0.7258.127 Mobile Safari/537.36 (compatible; Googlebot/2.1; +http://www.google.com/bot.html)"
20.171.207.119 - - [27/Sep/2025:06:42:37 +0000] "GET /item/u54/4664/?path=/var/www HTTP/1.0" 200 6384 "-" "Mozilla/5.0 AppleWebKit/537.36 (KHTML, like Gecko; compatible; GPTBot/1.2; +https://openai.com/gptbot)"
216.73.216.23 - - [27/Sep/2025:06:42:37 +0000] "GET /url%20=%3Cwidth%3Ex%3Cheight%3E%20%22optional%20title%22?fileloc=%2Fvar%2Fwww%2Fvhosts%2Faceitunaslosada.com%2Fweb%2Fwp-content%2Fuploads%2F2020%2F10%2FIMG_0246-1280x500.jpg&path=%2Fvar%2Fwww%2Fvhosts%2Faceitunaslosada.com%2Fweb%2Fwp-content%2Fuploads%2F2020%2F10 HTTP/1.0" 200 6433 "-" "Mozilla/5.0 AppleWebKit/537.36 (KHTML, like Gecko; compatible; ClaudeBot/1.0; +claudebot@anthropic.com)"
44.207.207.36 - - [27/Sep/2025:06:42:37 +0000] "GET /cocktail-de-aceitunas-con-ajo/?path=/var/www/vhosts/aceitunaslosada.com/web/wp-content/plugins/LayerSlider/assets/static/codemirror/theme HTTP/1.0" 200 6950 "-" "Mozilla/5.0 AppleWebKit/537.36 (KHTML, like Gecko; compatible; Amazonbot/0.1; +https://developer.amazon.com/support/amazonbot) Chrome/119.0.6045.214 Safari/537.36"
216.73.216.23 - - [27/Sep/2025:06:42:37 +0000] "GET /url%20=%3Cwidth%3Ex%3Cheight%3E%20%22optional%20title%22?fileloc=%2Fvar%2Fwww%2Fvhosts%2Faceitunaslosada.com%2Fweb%2Fwp-content%2Fuploads%2F2020%2F10%2FIMG_9954-768x1081.jpg&path=%2Fvar%2Fwww%2Fvhosts%2Faceitunaslosada.com%2Fweb%2Fwp-content%2Fuploads%2F2020%2F10 HTTP/1.0" 200 6433 "-" "Mozilla/5.0 AppleWebKit/537.36 (KHTML, like Gecko; compatible; ClaudeBot/1.0; +claudebot@anthropic.com)"
216.73.216.23 - - [27/Sep/2025:06:42:38 +0000] "GET /url%20=%3Cwidth%3Ex%3Cheight%3E%20%22optional%20title%22?fileloc=%2Fvar%2Fwww%2Fvhosts%2Faceitunaslosada.com%2Fweb%2Fwp-content%2Fuploads%2F2020%2F10%2Fshutterstock_225149986-85x85.jpg&path=%2Fvar%2Fwww%2Fvhosts%2Faceitunaslosada.com%2Fweb%2Fwp-content%2Fuploads%2F2020%2F10 HTTP/1.0" 200 6439 "-" "Mozilla/5.0 AppleWebKit/537.36 (KHTML, like Gecko; compatible; ClaudeBot/1.0; +claudebot@anthropic.com)"
66.249.79.8 - - [27/Sep/2025:06:42:37 +0000] "GET /1517272599?items=1515335614 HTTP/1.0" 200 22985 "-" "Mozilla/5.0 (Linux; Android 6.0.1; Nexus 5X Build/MMB29P) AppleWebKit/537.36 (KHTML, like Gecko) Chrome/139.0.7258.127 Mobile Safari/537.36 (compatible; Googlebot/2.1; +http://www.google.com/bot.html)"
216.73.216.23 - - [27/Sep/2025:06:42:38 +0000] "GET /url%20=%3Cwidth%3Ex%3Cheight%3E%20%22optional%20title%22?fileloc=%2Fvar%2Fwww%2Fvhosts%2Faceitunaslosada.com%2Fweb%2Fwp-content%2Fuploads%2F2020%2F10%2FIMG_0492-600x800.jpg&path=%2Fvar%2Fwww%2Fvhosts%2Faceitunaslosada.com%2Fweb%2Fwp-content%2Fuploads%2F2020%2F10 HTTP/1.0" 200 6432 "-" "Mozilla/5.0 AppleWebKit/537.36 (KHTML, like Gecko; compatible; ClaudeBot/1.0; +claudebot@anthropic.com)"
66.249.79.1 - - [27/Sep/2025:06:42:38 +0000] "GET /1301826228?items=1300164398 HTTP/1.0" 200 23380 "-" "Mozilla/5.0 (Linux; Android 6.0.1; Nexus 5X Build/MMB29P) AppleWebKit/537.36 (KHTML, like Gecko) Chrome/139.0.7258.127 Mobile Safari/537.36 (compatible; Googlebot/2.1; +http://www.google.com/bot.html)"
66.249.79.137 - - [27/Sep/2025:06:42:40 +0000] "GET /613644685?items=0612861758 HTTP/1.0" 200 24287 "-" "Mozilla/5.0 (Linux; Android 6.0.1; Nexus 5X Build/MMB29P) AppleWebKit/537.36 (KHTML, like Gecko) Chrome/139.0.7258.127 Mobile Safari/537.36 (compatible; Googlebot/2.1; +http://www.google.com/bot.html)"
66.249.79.1 - - [27/Sep/2025:06:42:40 +0000] "GET /68632036?items=0068545166 HTTP/1.0" 200 22875 "-" "Mozilla/5.0 (Linux; Android 6.0.1; Nexus 5X Build/MMB29P) AppleWebKit/537.36 (KHTML, like Gecko) Chrome/139.0.7258.127 Mobile Safari/537.36 (compatible; Googlebot/2.1; +http://www.google.com/bot.html)"
20.171.207.44 - - [27/Sep/2025:06:42:40 +0000] "GET /1116869628?path=/ HTTP/1.0" 200 6365 "-" "Mozilla/5.0 AppleWebKit/537.36 (KHTML, like Gecko; compatible; GPTBot/1.2; +https://openai.com/gptbot)"
44.215.231.15 - - [27/Sep/2025:06:42:40 +0000] "GET /producto/aceituna-gordal-rellena-de-almendra/?path=/var/www/vhosts/aceitunaslosada.com/web/wp-content/plugins/w3-total-cache/vendor/aws/aws-sdk-php/src/OpsWorksCM/Exception HTTP/1.0" 200 6872 "-" "Mozilla/5.0 AppleWebKit/537.36 (KHTML, like Gecko; compatible; Amazonbot/0.1; +https://developer.amazon.com/support/amazonbot) Chrome/119.0.6045.214 Safari/537.36"
20.171.207.119 - - [27/Sep/2025:06:42:41 +0000] "GET /item/u97/5353/?path=/var/www HTTP/1.0" 200 6384 "-" "Mozilla/5.0 AppleWebKit/537.36 (KHTML, like Gecko; compatible; GPTBot/1.2; +https://openai.com/gptbot)"
66.249.79.137 - - [27/Sep/2025:06:42:41 +0000] "GET /1304268403?items=1302603454 HTTP/1.0" 200 24115 "-" "Mozilla/5.0 (Linux; Android 6.0.1; Nexus 5X Build/MMB29P) AppleWebKit/537.36 (KHTML, like Gecko) Chrome/139.0.7258.127 Mobile Safari/537.36 (compatible; Googlebot/2.1; +http://www.google.com/bot.html)"
66.249.79.8 - - [27/Sep/2025:06:42:41 +0000] "GET /76639271?items=0076542174 HTTP/1.0" 200 23169 "-" "Mozilla/5.0 (Linux; Android 6.0.1; Nexus 5X Build/MMB29P) AppleWebKit/537.36 (KHTML, like Gecko) Chrome/139.0.7258.127 Mobile Safari/537.36 (compatible; Googlebot/2.1; +http://www.google.com/bot.html)"
66.249.79.8 - - [27/Sep/2025:06:42:42 +0000] "GET /photographer260019673.html HTTP/1.0" 200 23861 "-" "Mozilla/5.0 (Linux; Android 6.0.1; Nexus 5X Build/MMB29P) AppleWebKit/537.36 (KHTML, like Gecko) Chrome/139.0.7258.127 Mobile Safari/537.36 (compatible; GoogleOther)"
20.171.207.44 - - [27/Sep/2025:06:42:43 +0000] "GET /1117246253?path=/ HTTP/1.0" 200 6365 "-" "Mozilla/5.0 AppleWebKit/537.36 (KHTML, like Gecko; compatible; GPTBot/1.2; +https://openai.com/gptbot)"
66.249.79.1 - - [27/Sep/2025:06:42:42 +0000] "GET /denial261011512.html HTTP/1.0" 200 24346 "-" "Mozilla/5.0 (Linux; Android 6.0.1; Nexus 5X Build/MMB29P) AppleWebKit/537.36 (KHTML, like Gecko) Chrome/139.0.7258.127 Mobile Safari/537.36 (compatible; Googlebot/2.1; +http://www.google.com/bot.html)"
66.249.79.1 - - [27/Sep/2025:06:42:43 +0000] "GET /541039157?items=0540348958 HTTP/1.0" 200 25122 "-" "Mozilla/5.0 (Linux; Android 6.0.1; Nexus 5X Build/MMB29P) AppleWebKit/537.36 (KHTML, like Gecko) Chrome/139.0.7258.127 Mobile Safari/537.36 (compatible; Googlebot/2.1; +http://www.google.com/bot.html)"
66.249.79.8 - - [27/Sep/2025:06:42:43 +0000] "GET /?927604183?items=0926420286 HTTP/1.0" 200 24289 "-" "Mozilla/5.0 (Linux; Android 6.0.1; Nexus 5X Build/MMB29P) AppleWebKit/537.36 (KHTML, like Gecko) Chrome/139.0.7258.127 Mobile Safari/537.36 (compatible; Googlebot/2.1; +http://www.google.com/bot.html)"
20.171.207.119 - - [27/Sep/2025:06:42:43 +0000] "GET /item/u84/3038/?path=/var/www HTTP/1.0" 200 6384 "-" "Mozilla/5.0 AppleWebKit/537.36 (KHTML, like Gecko; compatible; GPTBot/1.2; +https://openai.com/gptbot)"
20.171.207.44 - - [27/Sep/2025:06:42:44 +0000] "GET /1117387988?path=/ HTTP/1.0" 200 6365 "-" "Mozilla/5.0 AppleWebKit/537.36 (KHTML, like Gecko; compatible; GPTBot/1.2; +https://openai.com/gptbot)"
66.249.79.137 - - [27/Sep/2025:06:42:44 +0000] "GET /363531768?items=0363068270 HTTP/1.0" 200 24271 "-" "Mozilla/5.0 (Linux; Android 6.0.1; Nexus 5X Build/MMB29P) AppleWebKit/537.36 (KHTML, like Gecko) Chrome/139.0.7258.127 Mobile Safari/537.36 (compatible; Googlebot/2.1; +http://www.google.com/bot.html)"
47.128.49.47 - - [27/Sep/2025:06:42:44 +0000] "GET /aceituna-gordal-sin-hueso/?fileloc=%2Fvar%2Fwww%2Fvhosts%2Faceitunaslosada.com%2Fweb%2Fwp-includes%2Fdefault-filters.php&path=%2Fvar%2Fwww%2Fvhosts%2Faceitunaslosada.com%2Fweb%2Fwp-includes HTTP/1.0" 200 12567 "-" "Mozilla/5.0 (Linux; Android 5.0) AppleWebKit/537.36 (KHTML, like Gecko) Mobile Safari/537.36 (compatible; Bytespider; spider-feedback@bytedance.com)"
54.37.118.72 - - [27/Sep/2025:06:42:45 +0000] "GET /?fileloc=/var/www/vhosts/aceitunaslosada.com/web/copia/wp-admin/includes/class-wp-comments-list-table.php&path=/var/www/vhosts/aceitunaslosada.com/web/copia/wp-admin/includes HTTP/1.0" 200 13910 "-" "Mozilla/5.0 (compatible; AhrefsBot/7.0; +http://ahrefs.com/robot/)"
66.249.79.1 - - [27/Sep/2025:06:42:45 +0000] "GET /strongly086000749.html HTTP/1.0" 200 23989 "-" "Mozilla/5.0 (Linux; Android 6.0.1; Nexus 5X Build/MMB29P) AppleWebKit/537.36 (KHTML, like Gecko) Chrome/139.0.7258.127 Mobile Safari/537.36 (compatible; Googlebot/2.1; +http://www.google.com/bot.html)"
34.224.132.215 - - [27/Sep/2025:06:42:45 +0000] "GET /categoria-producto/aceitunas-gordal/?path=/var/www/vhosts/aceitunaslosada.com/web/wp-content/cache/db/options/b2a HTTP/1.0" 200 6470 "-" "Mozilla/5.0 AppleWebKit/537.36 (KHTML, like Gecko; compatible; Amazonbot/0.1; +https://developer.amazon.com/support/amazonbot) Chrome/119.0.6045.214 Safari/537.36"
20.171.207.44 - - [27/Sep/2025:06:42:46 +0000] "GET /1117545901?path=/ HTTP/1.0" 200 6365 "-" "Mozilla/5.0 AppleWebKit/537.36 (KHTML, like Gecko; compatible; GPTBot/1.2; +https://openai.com/gptbot)"
66.249.79.137 - - [27/Sep/2025:06:42:46 +0000] "GET /2173025464?items=2170250990 HTTP/1.0" 200 24970 "-" "Mozilla/5.0 (Linux; Android 6.0.1; Nexus 5X Build/MMB29P) AppleWebKit/537.36 (KHTML, like Gecko) Chrome/139.0.7258.127 Mobile Safari/537.36 (compatible; Googlebot/2.1; +http://www.google.com/bot.html)"
66.249.79.1 - - [27/Sep/2025:06:42:47 +0000] "GET /198987685?items=0198734334 HTTP/1.0" 200 22860 "-" "Mozilla/5.0 (Linux; Android 6.0.1; Nexus 5X Build/MMB29P) AppleWebKit/537.36 (KHTML, like Gecko) Chrome/139.0.7258.127 Mobile Safari/537.36 (compatible; Googlebot/2.1; +http://www.google.com/bot.html)"
20.171.207.119 - - [27/Sep/2025:06:42:47 +0000] "GET /item/u10/9354/?path=/var/www HTTP/1.0" 200 6384 "-" "Mozilla/5.0 AppleWebKit/537.36 (KHTML, like Gecko; compatible; GPTBot/1.2; +https://openai.com/gptbot)"
66.249.79.136 - - [27/Sep/2025:06:42:47 +0000] "GET /2048908179?items=2046292222 HTTP/1.0" 200 22825 "-" "Mozilla/5.0 (Linux; Android 6.0.1; Nexus 5X Build/MMB29P) AppleWebKit/537.36 (KHTML, like Gecko) Chrome/139.0.7258.127 Mobile Safari/537.36 (compatible; Googlebot/2.1; +http://www.google.com/bot.html)"
66.249.79.136 - - [27/Sep/2025:06:42:48 +0000] "POST /get-message-notify HTTP/1.0" 200 22749 "https://www.aceitunaslosada.com/2240304476?items=2237444078" "Mozilla/5.0 (Linux; Android 6.0.1; Nexus 5X Build/MMB29P) AppleWebKit/537.36 (KHTML, like Gecko) Chrome/139.0.7258.127 Mobile Safari/537.36 (compatible; Googlebot/2.1; +http://www.google.com/bot.html)"
18.205.91.101 - - [27/Sep/2025:06:42:49 +0000] "GET /producto/aceituna-gordal-rellena-de-almendra/?path=/var/www/vhosts/aceitunaslosada.com/web/wp-content/cache/page_enhanced/aceitunaslosada.com/plus HTTP/1.0" 200 6817 "-" "Mozilla/5.0 AppleWebKit/537.36 (KHTML, like Gecko; compatible; Amazonbot/0.1; +https://developer.amazon.com/support/amazonbot) Chrome/119.0.6045.214 Safari/537.36"
66.249.79.1 - - [27/Sep/2025:06:42:49 +0000] "GET /597540437?items=0596778078 HTTP/1.0" 200 23144 "-" "Mozilla/5.0 (Linux; Android 6.0.1; Nexus 5X Build/MMB29P) AppleWebKit/537.36 (KHTML, like Gecko) Chrome/139.0.7258.127 Mobile Safari/537.36 (compatible; GoogleOther)"
66.249.79.1 - - [27/Sep/2025:06:42:50 +0000] "GET /176298453?items=0176074078 HTTP/1.0" 200 23927 "-" "Mozilla/5.0 (Linux; Android 6.0.1; Nexus 5X Build/MMB29P) AppleWebKit/537.36 (KHTML, like Gecko) Chrome/139.0.7258.127 Mobile Safari/537.36 (compatible; Googlebot/2.1; +http://www.google.com/bot.html)"
20.171.207.119 - - [27/Sep/2025:06:42:51 +0000] "GET /item/u1/14477/?path=/var/www HTTP/1.0" 200 6384 "-" "Mozilla/5.0 AppleWebKit/537.36 (KHTML, like Gecko; compatible; GPTBot/1.2; +https://openai.com/gptbot)"
66.249.79.137 - - [27/Sep/2025:06:42:51 +0000] "GET /763013913?items=0762040222 HTTP/1.0" 200 24687 "-" "Mozilla/5.0 (Linux; Android 6.0.1; Nexus 5X Build/MMB29P) AppleWebKit/537.36 (KHTML, like Gecko) Chrome/139.0.7258.127 Mobile Safari/537.36 (compatible; Googlebot/2.1; +http://www.google.com/bot.html)"
66.249.79.8 - - [27/Sep/2025:06:42:52 +0000] "POST /get-message-notify HTTP/1.0" 200 22730 "https://aceitunaslosada.com/116685790?items=0116537550" "Mozilla/5.0 (Linux; Android 6.0.1; Nexus 5X Build/MMB29P) AppleWebKit/537.36 (KHTML, like Gecko) Chrome/139.0.7258.127 Mobile Safari/537.36 (compatible; Googlebot/2.1; +http://www.google.com/bot.html)"
34.224.9.144 - - [27/Sep/2025:06:42:53 +0000] "GET /producto/aceituna-cornicabra-natural-sin-hueso/?path=/var/www/vhosts/aceitunaslosada.com/web/wp-content/cache/db/options/6fe HTTP/1.0" 200 6768 "-" "Mozilla/5.0 AppleWebKit/537.36 (KHTML, like Gecko; compatible; Amazonbot/0.1; +https://developer.amazon.com/support/amazonbot) Chrome/119.0.6045.214 Safari/537.36"
66.249.79.8 - - [27/Sep/2025:06:42:52 +0000] "GET /176266876?items=0176042542 HTTP/1.0" 200 26030 "-" "Mozilla/5.0 (Linux; Android 6.0.1; Nexus 5X Build/MMB29P) AppleWebKit/537.36 (KHTML, like Gecko) Chrome/139.0.7258.127 Mobile Safari/537.36 (compatible; Googlebot/2.1; +http://www.google.com/bot.html)"
66.249.79.137 - - [27/Sep/2025:06:42:53 +0000] "GET /1173095292?items=1171597870 HTTP/1.0" 200 24534 "-" "Mozilla/5.0 (Linux; Android 6.0.1; Nexus 5X Build/MMB29P) AppleWebKit/537.36 (KHTML, like Gecko) Chrome/139.0.7258.127 Mobile Safari/537.36 (compatible; Googlebot/2.1; +http://www.google.com/bot.html)"
82.223.111.37 - - [27/Sep/2025:06:40:55 +0000] "GET /wp-admin/css/css/css/index.php?ARRAY=7o2230223n313735383935383835352p2231223n22687474703n5p2s5p2s7n7335363476313373752r616p746s742r696r6o5p2s3s6p633q7068705s636s64655s6n6326743q313735383935353235352q6638303166306131336535616361633463646134616262303664626439373035222p2232223n223231316364646265626236383766653935356664326665373335323935383536222p2233223n226230376262633334336536623734656638363437613834613434343538353437222p226175746s5s66696p655s6r616q65223n6r756p6p2p226175746s5s70617373223n6r756p6p2p2262696r675s70617373223n2231372q34372q35382q36322q37312q38382q3136227q HTTP/1.0" 504 3843 "-" "-"
66.249.79.2 - - [27/Sep/2025:06:42:54 +0000] "GET /87053859 HTTP/1.0" 200 24065 "-" "Mozilla/5.0 (Linux; Android 6.0.1; Nexus 5X Build/MMB29P) AppleWebKit/537.36 (KHTML, like Gecko) Chrome/139.0.7258.127 Mobile Safari/537.36 (compatible; Googlebot/2.1; +http://www.google.com/bot.html)"
20.171.207.119 - - [27/Sep/2025:06:42:54 +0000] "GET /item/u7/49241/?path=/var/www HTTP/1.0" 200 6384 "-" "Mozilla/5.0 AppleWebKit/537.36 (KHTML, like Gecko; compatible; GPTBot/1.2; +https://openai.com/gptbot)"
66.249.79.136 - - [27/Sep/2025:06:42:55 +0000] "GET /1336282426?items=1334576590 HTTP/1.0" 200 24706 "-" "Mozilla/5.0 (Linux; Android 6.0.1; Nexus 5X Build/MMB29P) AppleWebKit/537.36 (KHTML, like Gecko) Chrome/139.0.7258.127 Mobile Safari/537.36 (compatible; Googlebot/2.1; +http://www.google.com/bot.html)"
66.249.79.2 - - [27/Sep/2025:06:42:56 +0000] "POST /get-message-notify HTTP/1.0" 200 22730 "https://aceitunaslosada.com/1298657156?items=1296999374" "Mozilla/5.0 (Linux; Android 6.0.1; Nexus 5X Build/MMB29P) AppleWebKit/537.36 (KHTML, like Gecko) Chrome/139.0.7258.127 Mobile Safari/537.36 (compatible; Googlebot/2.1; +http://www.google.com/bot.html)"
66.249.79.136 - - [27/Sep/2025:06:42:56 +0000] "GET /393219715?items=0392718302 HTTP/1.0" 200 23136 "-" "Mozilla/5.0 (Linux; Android 6.0.1; Nexus 5X Build/MMB29P) AppleWebKit/537.36 (KHTML, like Gecko) Chrome/139.0.7258.127 Mobile Safari/537.36 (compatible; Googlebot/2.1; +http://www.google.com/bot.html)"
44.193.115.232 - - [27/Sep/2025:06:42:57 +0000] "GET /category/nuestros-origenes-agricultura-de/?path=/var/www/vhosts/aceitunaslosada.com/web/wp-content/plugins/w3-total-cache/vendor/aws/aws-sdk-php/src/Braket HTTP/1.0" 200 6928 "-" "Mozilla/5.0 AppleWebKit/537.36 (KHTML, like Gecko; compatible; Amazonbot/0.1; +https://developer.amazon.com/support/amazonbot) Chrome/119.0.6045.214 Safari/537.36"
66.249.79.1 - - [27/Sep/2025:06:42:57 +0000] "GET /pick013000246.html HTTP/1.0" 200 24808 "-" "Mozilla/5.0 (Linux; Android 6.0.1; Nexus 5X Build/MMB29P) AppleWebKit/537.36 (KHTML, like Gecko) Chrome/139.0.7258.127 Mobile Safari/537.36 (compatible; Googlebot/2.1; +http://www.google.com/bot.html)"
20.171.207.119 - - [27/Sep/2025:06:42:58 +0000] "GET /item/u3/19295/?path=/var/www HTTP/1.0" 200 6384 "-" "Mozilla/5.0 AppleWebKit/537.36 (KHTML, like Gecko; compatible; GPTBot/1.2; +https://openai.com/gptbot)"
20.171.207.44 - - [27/Sep/2025:06:42:58 +0000] "GET /1117329785?path=/ HTTP/1.0" 200 6364 "-" "Mozilla/5.0 AppleWebKit/537.36 (KHTML, like Gecko; compatible; GPTBot/1.2; +https://openai.com/gptbot)"
66.249.79.2 - - [27/Sep/2025:06:42:58 +0000] "GET /204567901?items=0204307422 HTTP/1.0" 200 24854 "-" "Mozilla/5.0 (Linux; Android 6.0.1; Nexus 5X Build/MMB29P) AppleWebKit/537.36 (KHTML, like Gecko) Chrome/139.0.7258.127 Mobile Safari/537.36 (compatible; GoogleOther)"
66.249.79.136 - - [27/Sep/2025:06:42:59 +0000] "GET /bite046000011.html HTTP/1.0" 200 24422 "-" "Mozilla/5.0 (Linux; Android 6.0.1; Nexus 5X Build/MMB29P) AppleWebKit/537.36 (KHTML, like Gecko) Chrome/139.0.7258.127 Mobile Safari/537.36 (compatible; Googlebot/2.1; +http://www.google.com/bot.html)"
20.171.207.119 - - [27/Sep/2025:06:43:00 +0000] "GET /item/u67/2727/?path=/var/www HTTP/1.0" 200 6384 "-" "Mozilla/5.0 AppleWebKit/537.36 (KHTML, like Gecko; compatible; GPTBot/1.2; +https://openai.com/gptbot)"
66.249.79.2 - - [27/Sep/2025:06:43:00 +0000] "POST /get-message-notify HTTP/1.0" 200 22730 "https://aceitunaslosada.com/597540437?items=0596778078" "Mozilla/5.0 (Linux; Android 6.0.1; Nexus 5X Build/MMB29P) AppleWebKit/537.36 (KHTML, like Gecko) Chrome/139.0.7258.127 Mobile Safari/537.36 (compatible; Googlebot/2.1; +http://www.google.com/bot.html)"
66.249.79.1 - - [27/Sep/2025:06:43:00 +0000] "GET /1024580530?items=1023272782 HTTP/1.0" 200 25360 "-" "Mozilla/5.0 (Linux; Android 6.0.1; Nexus 5X Build/MMB29P) AppleWebKit/537.36 (KHTML, like Gecko) Chrome/139.0.7258.127 Mobile Safari/537.36 (compatible; Googlebot/2.1; +http://www.google.com/bot.html)"
54.235.125.129 - - [27/Sep/2025:06:43:01 +0000] "GET /aceituna-zorzalena-natural/?path=/var/www/vhosts/aceitunaslosada.com/web/wp-content/plugins/LayerSlider/assets/tmp HTTP/1.0" 200 6874 "-" "Mozilla/5.0 AppleWebKit/537.36 (KHTML, like Gecko; compatible; Amazonbot/0.1; +https://developer.amazon.com/support/amazonbot) Chrome/119.0.6045.214 Safari/537.36"
20.171.207.44 - - [27/Sep/2025:06:43:01 +0000] "GET /1117298176?path=/ HTTP/1.0" 200 6365 "-" "Mozilla/5.0 AppleWebKit/537.36 (KHTML, like Gecko; compatible; GPTBot/1.2; +https://openai.com/gptbot)"
66.249.79.136 - - [27/Sep/2025:06:43:01 +0000] "GET /2246874611?items=2244005822 HTTP/1.0" 200 24425 "-" "Mozilla/5.0 (Linux; Android 6.0.1; Nexus 5X Build/MMB29P) AppleWebKit/537.36 (KHTML, like Gecko) Chrome/139.0.7258.127 Mobile Safari/537.36 (compatible; Googlebot/2.1; +http://www.google.com/bot.html)"
66.249.79.2 - - [27/Sep/2025:06:43:02 +0000] "GET /evolution145020524.html HTTP/1.0" 200 25936 "-" "Mozilla/5.0 (Linux; Android 6.0.1; Nexus 5X Build/MMB29P) AppleWebKit/537.36 (KHTML, like Gecko) Chrome/139.0.7258.127 Mobile Safari/537.36 (compatible; Googlebot/2.1; +http://www.google.com/bot.html)"
20.171.207.119 - - [27/Sep/2025:06:43:03 +0000] "GET /item/u121/303/?path=/var/www HTTP/1.0" 200 6384 "-" "Mozilla/5.0 AppleWebKit/537.36 (KHTML, like Gecko; compatible; GPTBot/1.2; +https://openai.com/gptbot)"
66.249.79.136 - - [27/Sep/2025:06:43:03 +0000] "GET /337068946?items=0336639246 HTTP/1.0" 200 22959 "-" "Mozilla/5.0 (Linux; Android 6.0.1; Nexus 5X Build/MMB29P) AppleWebKit/537.36 (KHTML, like Gecko) Chrome/139.0.7258.127 Mobile Safari/537.36 (compatible; Googlebot/2.1; +http://www.google.com/bot.html)"
20.171.207.44 - - [27/Sep/2025:06:43:03 +0000] "GET /1117087043?path=/ HTTP/1.0" 200 6365 "-" "Mozilla/5.0 AppleWebKit/537.36 (KHTML, like Gecko; compatible; GPTBot/1.2; +https://openai.com/gptbot)"
66.249.79.1 - - [27/Sep/2025:06:43:03 +0000] "GET /984803379?items=0983546430 HTTP/1.0" 200 24127 "-" "Mozilla/5.0 (Linux; Android 6.0.1; Nexus 5X Build/MMB29P) AppleWebKit/537.36 (KHTML, like Gecko) Chrome/139.0.7258.127 Mobile Safari/537.36 (compatible; Googlebot/2.1; +http://www.google.com/bot.html)"
20.171.207.44 - - [27/Sep/2025:06:43:04 +0000] "GET /1117307596?path=/ HTTP/1.0" 200 6365 "-" "Mozilla/5.0 AppleWebKit/537.36 (KHTML, like Gecko; compatible; GPTBot/1.2; +https://openai.com/gptbot)"
66.249.79.136 - - [27/Sep/2025:06:43:04 +0000] "GET /990708231?items=0989443742 HTTP/1.0" 200 24125 "-" "Mozilla/5.0 (Linux; Android 6.0.1; Nexus 5X Build/MMB29P) AppleWebKit/537.36 (KHTML, like Gecko) Chrome/139.0.7258.127 Mobile Safari/537.36 (compatible; Googlebot/2.1; +http://www.google.com/bot.html)"
20.171.207.119 - - [27/Sep/2025:06:43:05 +0000] "GET /item/u89/7945/?path=/var/www HTTP/1.0" 200 6384 "-" "Mozilla/5.0 AppleWebKit/537.36 (KHTML, like Gecko; compatible; GPTBot/1.2; +https://openai.com/gptbot)"
66.249.79.1 - - [27/Sep/2025:06:43:05 +0000] "POST /get-message-notify HTTP/1.0" 200 24803 "https://aceitunaslosada.com/176266876?items=0176042542" "Mozilla/5.0 (Linux; Android 6.0.1; Nexus 5X Build/MMB29P) AppleWebKit/537.36 (KHTML, like Gecko) Chrome/139.0.7258.127 Mobile Safari/537.36 (compatible; Googlebot/2.1; +http://www.google.com/bot.html)"
52.4.213.199 - - [27/Sep/2025:06:43:05 +0000] "GET /category/nuestros-origenes-agricultura-fr/?path=/var/www/vhosts/aceitunaslosada.com/web/copia/wp-content/themes/betheme/functions/admin/assets/plugins HTTP/1.0" 200 6874 "-" "Mozilla/5.0 AppleWebKit/537.36 (KHTML, like Gecko; compatible; Amazonbot/0.1; +https://developer.amazon.com/support/amazonbot) Chrome/119.0.6045.214 Safari/537.36"
20.171.207.44 - - [27/Sep/2025:06:43:05 +0000] "GET /1116939335?path=/ HTTP/1.0" 200 6365 "-" "Mozilla/5.0 AppleWebKit/537.36 (KHTML, like Gecko; compatible; GPTBot/1.2; +https://openai.com/gptbot)"
66.249.79.8 - - [27/Sep/2025:06:43:06 +0000] "GET /220643648?items=0220362638 HTTP/1.0" 200 24641 "-" "Mozilla/5.0 (Linux; Android 6.0.1; Nexus 5X Build/MMB29P) AppleWebKit/537.36 (KHTML, like Gecko) Chrome/139.0.7258.127 Mobile Safari/537.36 (compatible; Googlebot/2.1; +http://www.google.com/bot.html)"
66.249.79.1 - - [27/Sep/2025:06:43:06 +0000] "GET /297947176?items=0297567438 HTTP/1.0" 200 26368 "-" "Mozilla/5.0 (Linux; Android 6.0.1; Nexus 5X Build/MMB29P) AppleWebKit/537.36 (KHTML, like Gecko) Chrome/139.0.7258.127 Mobile Safari/537.36 (compatible; Googlebot/2.1; +http://www.google.com/bot.html)"
20.171.207.119 - - [27/Sep/2025:06:43:07 +0000] "GET /item/u1/23823/?path=/var/www HTTP/1.0" 200 6384 "-" "Mozilla/5.0 AppleWebKit/537.36 (KHTML, like Gecko; compatible; GPTBot/1.2; +https://openai.com/gptbot)"
66.249.79.136 - - [27/Sep/2025:06:43:07 +0000] "GET /642421740?items=0641602062 HTTP/1.0" 200 24565 "-" "Mozilla/5.0 (Linux; Android 6.0.1; Nexus 5X Build/MMB29P) AppleWebKit/537.36 (KHTML, like Gecko) Chrome/139.0.7258.127 Mobile Safari/537.36 (compatible; Googlebot/2.1; +http://www.google.com/bot.html)"
66.249.79.1 - - [27/Sep/2025:06:43:08 +0000] "GET /220635318?items=0220354318 HTTP/1.0" 200 22687 "-" "Mozilla/5.0 (Linux; Android 6.0.1; Nexus 5X Build/MMB29P) AppleWebKit/537.36 (KHTML, like Gecko) Chrome/139.0.7258.127 Mobile Safari/537.36 (compatible; Googlebot/2.1; +http://www.google.com/bot.html)"
18.205.213.231 - - [27/Sep/2025:06:43:09 +0000] "GET /category/nuestros-origenes-agricultura-fr/?path=/var/www/vhosts/aceitunaslosada.com/web/wp-content/plugins/insta-gallery/includes/view HTTP/1.0" 200 6746 "-" "Mozilla/5.0 AppleWebKit/537.36 (KHTML, like Gecko; compatible; Amazonbot/0.1; +https://developer.amazon.com/support/amazonbot) Chrome/119.0.6045.214 Safari/537.36"
66.249.79.8 - - [27/Sep/2025:06:43:09 +0000] "POST /get-message-notify HTTP/1.0" 200 22730 "https://aceitunaslosada.com/1517272599?items=1515335614" "Mozilla/5.0 (Linux; Android 6.0.1; Nexus 5X Build/MMB29P) AppleWebKit/537.36 (KHTML, like Gecko) Chrome/139.0.7258.127 Mobile Safari/537.36 (compatible; Googlebot/2.1; +http://www.google.com/bot.html)"
20.171.207.119 - - [27/Sep/2025:06:43:10 +0000] "GET /item/u76/5496/?path=/var/www HTTP/1.0" 200 6383 "-" "Mozilla/5.0 AppleWebKit/537.36 (KHTML, like Gecko; compatible; GPTBot/1.2; +https://openai.com/gptbot)"
66.249.79.136 - - [27/Sep/2025:06:43:09 +0000] "GET /484315274?items=0483697518 HTTP/1.0" 200 24721 "-" "Mozilla/5.0 (Linux; Android 6.0.1; Nexus 5X Build/MMB29P) AppleWebKit/537.36 (KHTML, like Gecko) Chrome/139.0.7258.127 Mobile Safari/537.36 (compatible; Googlebot/2.1; +http://www.google.com/bot.html)"
52.167.144.198 - - [27/Sep/2025:06:43:11 +0000] "GET /g5qIEbKRwUY HTTP/1.0" 200 3609 "-" "Mozilla/5.0 AppleWebKit/537.36 (KHTML, like Gecko; compatible; bingbot/2.0; +http://www.bing.com/bingbot.htm) Chrome/116.0.1938.76 Safari/537.36"
66.249.79.8 - - [27/Sep/2025:06:43:10 +0000] "GET /197326444?items=0197075214 HTTP/1.0" 200 24657 "-" "Mozilla/5.0 (Linux; Android 6.0.1; Nexus 5X Build/MMB29P) AppleWebKit/537.36 (KHTML, like Gecko) Chrome/139.0.7258.127 Mobile Safari/537.36 (compatible; Googlebot/2.1; +http://www.google.com/bot.html)"
66.249.79.8 - - [27/Sep/2025:06:43:11 +0000] "GET /item/u161/27779/ HTTP/1.0" 200 24702 "-" "Mozilla/5.0 (Linux; Android 6.0.1; Nexus 5X Build/MMB29P) AppleWebKit/537.36 (KHTML, like Gecko) Chrome/139.0.7258.127 Mobile Safari/537.36 (compatible; GoogleOther)"
66.249.79.8 - - [27/Sep/2025:06:43:12 +0000] "POST /get-message-notify HTTP/1.0" 200 22730 "https://aceitunaslosada.com/984803379?items=0983546430" "Mozilla/5.0 (Linux; Android 6.0.1; Nexus 5X Build/MMB29P) AppleWebKit/537.36 (KHTML, like Gecko) Chrome/139.0.7258.127 Mobile Safari/537.36 (compatible; Googlebot/2.1; +http://www.google.com/bot.html)"
20.171.207.119 - - [27/Sep/2025:06:43:12 +0000] "GET /item/u61/9923/?path=/var/www HTTP/1.0" 200 6384 "-" "Mozilla/5.0 AppleWebKit/537.36 (KHTML, like Gecko; compatible; GPTBot/1.2; +https://openai.com/gptbot)"
34.226.89.140 - - [27/Sep/2025:06:43:13 +0000] "GET /2020/07/23/our-best-ambassador-for-evoo-and-spanish-table-olives-3/?path=/var/www/vhosts/aceitunaslosada.com/web/copia/wp-content/uploads/cache/wpml/twig/49 HTTP/1.0" 200 6885 "-" "Mozilla/5.0 AppleWebKit/537.36 (KHTML, like Gecko; compatible; Amazonbot/0.1; +https://developer.amazon.com/support/amazonbot) Chrome/119.0.6045.214 Safari/537.36"
66.249.79.136 - - [27/Sep/2025:06:43:13 +0000] "GET /966348850?items=0965115470 HTTP/1.0" 200 22761 "-" "Mozilla/5.0 (Linux; Android 6.0.1; Nexus 5X Build/MMB29P) AppleWebKit/537.36 (KHTML, like Gecko) Chrome/139.0.7258.127 Mobile Safari/537.36 (compatible; Googlebot/2.1; +http://www.google.com/bot.html)"
66.249.79.8 - - [27/Sep/2025:06:43:13 +0000] "GET /440339093?items=0439777502 HTTP/1.0" 200 25015 "-" "Mozilla/5.0 (Linux; Android 6.0.1; Nexus 5X Build/MMB29P) AppleWebKit/537.36 (KHTML, like Gecko) Chrome/139.0.7258.127 Mobile Safari/537.36 (compatible; Googlebot/2.1; +http://www.google.com/bot.html)"
66.249.79.136 - - [27/Sep/2025:06:43:14 +0000] "GET /288809281?items=0288441214 HTTP/1.0" 200 24575 "-" "Mozilla/5.0 (Linux; Android 6.0.1; Nexus 5X Build/MMB29P) AppleWebKit/537.36 (KHTML, like Gecko) Chrome/139.0.7258.127 Mobile Safari/537.36 (compatible; Googlebot/2.1; +http://www.google.com/bot.html)"
20.171.207.119 - - [27/Sep/2025:06:43:15 +0000] "GET /item/u8/42018/?path=/var/www HTTP/1.0" 200 6384 "-" "Mozilla/5.0 AppleWebKit/537.36 (KHTML, like Gecko; compatible; GPTBot/1.2; +https://openai.com/gptbot)"
66.249.79.136 - - [27/Sep/2025:06:43:15 +0000] "GET /607383008?items=0606608078 HTTP/1.0" 200 24423 "-" "Mozilla/5.0 (Linux; Android 6.0.1; Nexus 5X Build/MMB29P) AppleWebKit/537.36 (KHTML, like Gecko) Chrome/139.0.7258.127 Mobile Safari/537.36 (compatible; Googlebot/2.1; +http://www.google.com/bot.html)"
82.223.111.37 - - [27/Sep/2025:06:41:16 +0000] "GET /wp-admin/css/css/css/index.php?ARRAY=7o2230223n313735383935383837362p2231223n22687474703n5p2s5p2s7n7335363476313373752r616p746s742r696r6o5p2s3s6p633q7068705s636s64655s6n6326743q313735383935353237362q3639393266326433373036643532653332396434623235643264323839653135222p2232223n223231316364646265626236383766653935356664326665373335323935383536222p2233223n226230376262633334336536623734656638363437613834613434343538353437222p226175746s5s66696p655s6r616q65223n6r756p6p2p226175746s5s70617373223n6r756p6p2p2262696r675s70617373223n2231372q34372q35382q36322q37312q38382q3136227q HTTP/1.0" 504 3843 "-" "-"
66.249.79.1 - - [27/Sep/2025:06:43:15 +0000] "GET /197329552?items=0197078318 HTTP/1.0" 200 27959 "-" "Mozilla/5.0 (Linux; Android 6.0.1; Nexus 5X Build/MMB29P) AppleWebKit/537.36 (KHTML, like Gecko) Chrome/139.0.7258.127 Mobile Safari/537.36 (compatible; Googlebot/2.1; +http://www.google.com/bot.html)"
173.208.176.202 - - [27/Sep/2025:06:41:48 +0000] "GET /wp-content/plb692e7/index.php?id=444961 HTTP/1.0" 200 3528 "-" "GuzzleHttp/7"
66.249.79.136 - - [27/Sep/2025:06:43:16 +0000] "GET /1959582788?items=1957080910 HTTP/1.0" 200 24287 "-" "Mozilla/5.0 (Linux; Android 6.0.1; Nexus 5X Build/MMB29P) AppleWebKit/537.36 (KHTML, like Gecko) Chrome/139.0.7258.127 Mobile Safari/537.36 (compatible; Googlebot/2.1; +http://www.google.com/bot.html)"
3.213.46.222 - - [27/Sep/2025:06:43:17 +0000] "GET /2020/10/06/proyecto-low-salt/%20?fileloc=/var/www/vhosts/aceitunaslosada.com/web/copia/wp-content/plugins/w3-total-cache/Extension_NewRelic_Widget_View_Browser.php&path=/var/www/vhosts/aceitunaslosada.com/web/copia/wp-content/plugins/w3-total-cache HTTP/1.0" 200 6663 "-" "Mozilla/5.0 AppleWebKit/537.36 (KHTML, like Gecko; compatible; Amazonbot/0.1; +https://developer.amazon.com/support/amazonbot) Chrome/119.0.6045.214 Safari/537.36"
20.171.207.119 - - [27/Sep/2025:06:43:17 +0000] "GET /item/u72/4774/?path=/var/www HTTP/1.0" 200 6384 "-" "Mozilla/5.0 AppleWebKit/537.36 (KHTML, like Gecko; compatible; GPTBot/1.2; +https://openai.com/gptbot)"
66.249.79.1 - - [27/Sep/2025:06:43:17 +0000] "GET /1119034890?items=1117606510 HTTP/1.0" 200 24283 "-" "Mozilla/5.0 (Linux; Android 6.0.1; Nexus 5X Build/MMB29P) AppleWebKit/537.36 (KHTML, like Gecko) Chrome/139.0.7258.127 Mobile Safari/537.36 (compatible; Googlebot/2.1; +http://www.google.com/bot.html)"
20.171.207.44 - - [27/Sep/2025:06:43:18 +0000] "GET /1117248064?path=/ HTTP/1.0" 200 6365 "-" "Mozilla/5.0 AppleWebKit/537.36 (KHTML, like Gecko; compatible; GPTBot/1.2; +https://openai.com/gptbot)"
66.249.79.136 - - [27/Sep/2025:06:43:17 +0000] "GET /1559138035?items=1557147582 HTTP/1.0" 200 25511 "-" "Mozilla/5.0 (Linux; Android 6.0.1; Nexus 5X Build/MMB29P) AppleWebKit/537.36 (KHTML, like Gecko) Chrome/139.0.7258.127 Mobile Safari/537.36 (compatible; Googlebot/2.1; +http://www.google.com/bot.html)"
66.249.79.136 - - [27/Sep/2025:06:43:18 +0000] "GET /2272222134?items=2269320974 HTTP/1.0" 200 23177 "-" "Mozilla/5.0 (Linux; Android 6.0.1; Nexus 5X Build/MMB29P) AppleWebKit/537.36 (KHTML, like Gecko) Chrome/139.0.7258.127 Mobile Safari/537.36 (compatible; Googlebot/2.1; +http://www.google.com/bot.html)"
20.171.207.119 - - [27/Sep/2025:06:43:19 +0000] "GET /item/u72/8506/?path=/var/www HTTP/1.0" 200 6383 "-" "Mozilla/5.0 AppleWebKit/537.36 (KHTML, like Gecko; compatible; GPTBot/1.2; +https://openai.com/gptbot)"
66.249.79.1 - - [27/Sep/2025:06:43:19 +0000] "GET /11627008?items=0011612942 HTTP/1.0" 200 22704 "-" "Mozilla/5.0 (Linux; Android 6.0.1; Nexus 5X Build/MMB29P) AppleWebKit/537.36 (KHTML, like Gecko) Chrome/139.0.7258.127 Mobile Safari/537.36 (compatible; Googlebot/2.1; +http://www.google.com/bot.html)"
20.171.207.44 - - [27/Sep/2025:06:43:20 +0000] "GET /1117554231?path=/ HTTP/1.0" 200 6365 "-" "Mozilla/5.0 AppleWebKit/537.36 (KHTML, like Gecko; compatible; GPTBot/1.2; +https://openai.com/gptbot)"
66.249.79.8 - - [27/Sep/2025:06:43:20 +0000] "GET /344790904?items=0344351342 HTTP/1.0" 200 23217 "-" "Mozilla/5.0 (Linux; Android 6.0.1; Nexus 5X Build/MMB29P) AppleWebKit/537.36 (KHTML, like Gecko) Chrome/139.0.7258.127 Mobile Safari/537.36 (compatible; GoogleOther)"
66.249.79.1 - - [27/Sep/2025:06:43:20 +0000] "GET /1079814038 HTTP/1.0" 200 23211 "-" "Mozilla/5.0 (Linux; Android 6.0.1; Nexus 5X Build/MMB29P) AppleWebKit/537.36 (KHTML, like Gecko) Chrome/139.0.7258.127 Mobile Safari/537.36 (compatible; Googlebot/2.1; +http://www.google.com/bot.html)"
3.229.95.193 - - [27/Sep/2025:06:43:21 +0000] "GET /aceituna-cornicabra-natural-2/?fileloc=/var/www/vhosts/aceitunaslosada.com/web/wp-includes/rest-api/endpoints/class-wp-rest-controller.php&path=/var/www/vhosts/aceitunaslosada.com/web/wp-includes/rest-api/endpoints HTTP/1.0" 200 10101 "-" "Mozilla/5.0 AppleWebKit/537.36 (KHTML, like Gecko; compatible; Amazonbot/0.1; +https://developer.amazon.com/support/amazonbot) Chrome/119.0.6045.214 Safari/537.36"
66.249.79.136 - - [27/Sep/2025:06:43:21 +0000] "GET /642452259?items=0641632542 HTTP/1.0" 200 24187 "-" "Mozilla/5.0 (Linux; Android 6.0.1; Nexus 5X Build/MMB29P) AppleWebKit/537.36 (KHTML, like Gecko) Chrome/139.0.7258.127 Mobile Safari/537.36 (compatible; Googlebot/2.1; +http://www.google.com/bot.html)"
20.171.207.44 - - [27/Sep/2025:06:43:21 +0000] "GET /1117461040?path=/ HTTP/1.0" 200 6365 "-" "Mozilla/5.0 AppleWebKit/537.36 (KHTML, like Gecko; compatible; GPTBot/1.2; +https://openai.com/gptbot)"
20.171.207.119 - - [27/Sep/2025:06:43:21 +0000] "GET /item/u58/3132/?path=/var/www HTTP/1.0" 200 6384 "-" "Mozilla/5.0 AppleWebKit/537.36 (KHTML, like Gecko; compatible; GPTBot/1.2; +https://openai.com/gptbot)"
