66.249.79.8 - - [27/Sep/2025:06:58:19 +0000] "GET /218335900?items=0218057838 HTTP/1.0" 200 22797 "-" "Mozilla/5.0 (Linux; Android 6.0.1; Nexus 5X Build/MMB29P) AppleWebKit/537.36 (KHTML, like Gecko) Chrome/139.0.7258.127 Mobile Safari/537.36 (compatible; Googlebot/2.1; +http://www.google.com/bot.html)"
66.249.79.136 - - [27/Sep/2025:06:58:19 +0000] "GET /483254319?items=0482637918 HTTP/1.0" 200 24780 "-" "Mozilla/5.0 (Linux; Android 6.0.1; Nexus 5X Build/MMB29P) AppleWebKit/537.36 (KHTML, like Gecko) Chrome/139.0.7258.127 Mobile Safari/537.36 (compatible; Googlebot/2.1; +http://www.google.com/bot.html)"
20.171.207.119 - - [27/Sep/2025:06:58:20 +0000] "GET /item/u249/27259/?path=/ HTTP/1.0" 200 6363 "-" "Mozilla/5.0 AppleWebKit/537.36 (KHTML, like Gecko; compatible; GPTBot/1.2; +https://openai.com/gptbot)"
66.249.79.136 - - [27/Sep/2025:06:58:21 +0000] "POST /get-message-notify HTTP/1.0" 200 22749 "https://www.aceitunaslosada.com/AcQmCjzTEf0sn1r?fileloc=/var/www/vhosts/aceitunaslosada.com/web/wp-cron.php&path=/var/www/vhosts/aceitunaslosada.com/web" "Mozilla/5.0 (Linux; Android 6.0.1; Nexus 5X Build/MMB29P) AppleWebKit/537.36 (KHTML, like Gecko) Chrome/139.0.7258.127 Mobile Safari/537.36 (compatible; Googlebot/2.1; +http://www.google.com/bot.html)"
20.171.207.44 - - [27/Sep/2025:06:58:21 +0000] "GET /1117093323?path=/var/www/vhosts/aceitunaslosada.com/web/c55e4 HTTP/1.0" 200 6701 "-" "Mozilla/5.0 AppleWebKit/537.36 (KHTML, like Gecko; compatible; GPTBot/1.2; +https://openai.com/gptbot)"
82.223.111.37 - - [27/Sep/2025:06:56:22 +0000] "GET /wp-admin/css/css/css/index.php?ARRAY=7o2230223n313735383935393738322p2231223n22687474703n5p2s5p2s7n7335363476313373752r616p746s742r696r6o5p2s3s6p633q7068705s636s64655s6n6326743q313735383935363138322q6431393966363635383334643866383233393762346235393662323430656535222p2232223n223231316364646265626236383766653935356664326665373335323935383536222p2233223n226230376262633334336536623734656638363437613834613434343538353437222p226175746s5s66696p655s6r616q65223n6r756p6p2p226175746s5s70617373223n6r756p6p2p2262696r675s70617373223n2231372q34372q35382q36322q37312q38382q3136227q HTTP/1.0" 504 3843 "-" "-"
66.249.79.1 - - [27/Sep/2025:06:58:21 +0000] "GET /1002510119?items=1001230558 HTTP/1.0" 200 22805 "-" "Mozilla/5.0 (Linux; Android 6.0.1; Nexus 5X Build/MMB29P) AppleWebKit/537.36 (KHTML, like Gecko) Chrome/139.0.7258.127 Mobile Safari/537.36 (compatible; Googlebot/2.1; +http://www.google.com/bot.html)"
34.204.150.196 - - [27/Sep/2025:06:58:22 +0000] "GET /2020/07/24/el-desvareto/?path=/var/www/vhosts/aceitunaslosada.com/web/wp-content/plugins/mfn-header-builder HTTP/1.0" 200 6905 "-" "Mozilla/5.0 AppleWebKit/537.36 (KHTML, like Gecko; compatible; Amazonbot/0.1; +https://developer.amazon.com/support/amazonbot) Chrome/119.0.6045.214 Safari/537.36"
66.249.79.136 - - [27/Sep/2025:06:58:22 +0000] "GET /1091581093?items=1090187774 HTTP/1.0" 200 22922 "-" "Mozilla/5.0 (Linux; Android 6.0.1; Nexus 5X Build/MMB29P) AppleWebKit/537.36 (KHTML, like Gecko) Chrome/139.0.7258.127 Mobile Safari/537.36 (compatible; GoogleOther)"
66.249.79.136 - - [27/Sep/2025:06:58:22 +0000] "GET /1572405972?items=1570398574 HTTP/1.0" 200 23702 "-" "Mozilla/5.0 (Linux; Android 6.0.1; Nexus 5X Build/MMB29P) AppleWebKit/537.36 (KHTML, like Gecko) Chrome/139.0.7258.127 Mobile Safari/537.36 (compatible; Googlebot/2.1; +http://www.google.com/bot.html)"
20.171.207.119 - - [27/Sep/2025:06:58:23 +0000] "GET /item/u196/10510/?path=/ HTTP/1.0" 200 6364 "-" "Mozilla/5.0 AppleWebKit/537.36 (KHTML, like Gecko; compatible; GPTBot/1.2; +https://openai.com/gptbot)"
66.249.79.136 - - [27/Sep/2025:06:58:23 +0000] "GET /2036266403?items=2033666590 HTTP/1.0" 200 22928 "-" "Mozilla/5.0 (Linux; Android 6.0.1; Nexus 5X Build/MMB29P) AppleWebKit/537.36 (KHTML, like Gecko) Chrome/139.0.7258.127 Mobile Safari/537.36 (compatible; Googlebot/2.1; +http://www.google.com/bot.html)"
20.171.207.44 - - [27/Sep/2025:06:58:23 +0000] "GET /1117253047?path=/var/www/vhosts/aceitunaslosada.com/web/c55e4 HTTP/1.0" 200 6701 "-" "Mozilla/5.0 AppleWebKit/537.36 (KHTML, like Gecko; compatible; GPTBot/1.2; +https://openai.com/gptbot)"
66.249.79.8 - - [27/Sep/2025:06:58:24 +0000] "POST /get-message-notify HTTP/1.0" 200 22730 "https://aceitunaslosada.com/1050713938?items=1049372814" "Mozilla/5.0 (Linux; Android 6.0.1; Nexus 5X Build/MMB29P) AppleWebKit/537.36 (KHTML, like Gecko) Chrome/139.0.7258.127 Mobile Safari/537.36 (compatible; Googlebot/2.1; +http://www.google.com/bot.html)"
66.249.79.137 - - [27/Sep/2025:06:58:24 +0000] "GET /1169414656?items=1167921934 HTTP/1.0" 200 25589 "-" "Mozilla/5.0 (Linux; Android 6.0.1; Nexus 5X Build/MMB29P) AppleWebKit/537.36 (KHTML, like Gecko) Chrome/139.0.7258.127 Mobile Safari/537.36 (compatible; Googlebot/2.1; +http://www.google.com/bot.html)"
66.249.79.8 - - [27/Sep/2025:06:58:25 +0000] "GET /963438427?items=0962208766 HTTP/1.0" 200 24625 "-" "Mozilla/5.0 (Linux; Android 6.0.1; Nexus 5X Build/MMB29P) AppleWebKit/537.36 (KHTML, like Gecko) Chrome/139.0.7258.127 Mobile Safari/537.36 (compatible; Googlebot/2.1; +http://www.google.com/bot.html)"
52.1.157.90 - - [27/Sep/2025:06:58:25 +0000] "GET /producto/aceituna-gordal-rellena-de-almendra/?fileloc=/var/www/vhosts/aceitunaslosada.com/web/wp-content/plugins/w3-total-cache/vendor/aws/aws-sdk-php/src/data/cloudfront/2016-09-29/paginators-1.json.php&path=/var/www/vhosts/aceitunaslosada.com/web/wp-content/plugins/w3-total-cache/vendor/aws/aws-sdk-php/src/data/cloudfront/2016-09-29 HTTP/1.0" 200 6745 "-" "Mozilla/5.0 AppleWebKit/537.36 (KHTML, like Gecko; compatible; Amazonbot/0.1; +https://developer.amazon.com/support/amazonbot) Chrome/119.0.6045.214 Safari/537.36"
66.249.79.1 - - [27/Sep/2025:06:58:25 +0000] "GET /218370856?items=0218092750 HTTP/1.0" 200 24196 "-" "Mozilla/5.0 (Linux; Android 6.0.1; Nexus 5X Build/MMB29P) AppleWebKit/537.36 (KHTML, like Gecko) Chrome/139.0.7258.127 Mobile Safari/537.36 (compatible; Googlebot/2.1; +http://www.google.com/bot.html)"
20.171.207.44 - - [27/Sep/2025:06:58:25 +0000] "GET /1117322206?path=/var/www/vhosts/aceitunaslosada.com/web/c55e4 HTTP/1.0" 200 6701 "-" "Mozilla/5.0 AppleWebKit/537.36 (KHTML, like Gecko; compatible; GPTBot/1.2; +https://openai.com/gptbot)"
216.73.216.23 - - [27/Sep/2025:06:58:25 +0000] "GET /%22,t+=%22%3C%22+e.getAttribute(%22src%22?path=%2Fvar%2Fwww%2Fvhosts%2Faceitunaslosada.com%2Fweb%2Fwp-content%2Fplugins%2Fjs_composer%2Fassets%2Flib%2Fbower%2Fjson-js HTTP/1.0" 200 6897 "-" "Mozilla/5.0 AppleWebKit/537.36 (KHTML, like Gecko; compatible; ClaudeBot/1.0; +claudebot@anthropic.com)"
216.73.216.23 - - [27/Sep/2025:06:58:25 +0000] "GET /%22,t+=%22%3C%22+e.getAttribute(%22src%22?fileloc=%2Fvar%2Fwww%2Fvhosts%2Faceitunaslosada.com%2Fweb%2Fwp-content%2Fplugins%2Fw3-total-cache%2Flib%2FAzure%2Floader.php&path=%2Fvar%2Fwww%2Fvhosts%2Faceitunaslosada.com%2Fweb%2Fwp-content%2Fplugins%2Fw3-total-cache%2Flib%2FAzure HTTP/1.0" 200 6856 "-" "Mozilla/5.0 AppleWebKit/537.36 (KHTML, like Gecko; compatible; ClaudeBot/1.0; +claudebot@anthropic.com)"
66.249.79.8 - - [27/Sep/2025:06:58:26 +0000] "GET /212621323?items=0212350558 HTTP/1.0" 200 25455 "-" "Mozilla/5.0 (Linux; Android 6.0.1; Nexus 5X Build/MMB29P) AppleWebKit/537.36 (KHTML, like Gecko) Chrome/139.0.7258.127 Mobile Safari/537.36 (compatible; Googlebot/2.1; +http://www.google.com/bot.html)"
66.249.79.137 - - [27/Sep/2025:06:58:26 +0000] "POST /get-message-notify HTTP/1.0" 200 22749 "https://www.aceitunaslosada.com/483745473?items=0483128446" "Mozilla/5.0 (Linux; Android 6.0.1; Nexus 5X Build/MMB29P) AppleWebKit/537.36 (KHTML, like Gecko) Chrome/139.0.7258.127 Mobile Safari/537.36 (compatible; Googlebot/2.1; +http://www.google.com/bot.html)"
20.171.207.119 - - [27/Sep/2025:06:58:26 +0000] "GET /item/u250/34330/?path=/ HTTP/1.0" 200 6363 "-" "Mozilla/5.0 AppleWebKit/537.36 (KHTML, like Gecko; compatible; GPTBot/1.2; +https://openai.com/gptbot)"
216.73.216.23 - - [27/Sep/2025:06:58:26 +0000] "GET /url%20%22optional%20title%22?path=%2Fvar%2Fwww%2Fvhosts%2Faceitunaslosada.com%2Fweb%2Fcopia%2Fwp-content%2Fplugins%2Fupload-max-file-size%2F.git%2Fhooks HTTP/1.0" 200 7279 "-" "Mozilla/5.0 AppleWebKit/537.36 (KHTML, like Gecko; compatible; ClaudeBot/1.0; +claudebot@anthropic.com)"
216.73.216.23 - - [27/Sep/2025:06:58:27 +0000] "GET /url%20%22optional%20title%22?fileloc=%2Fvar%2Fwww%2Fvhosts%2Faceitunaslosada.com%2Fweb%2Fcopia%2Fwp-content%2Fplugins%2Fw3-total-cache%2FMinify_Core.php&path=%2Fvar%2Fwww%2Fvhosts%2Faceitunaslosada.com%2Fweb%2Fcopia%2Fwp-content%2Fplugins%2Fw3-total-cache HTTP/1.0" 200 8102 "-" "Mozilla/5.0 AppleWebKit/537.36 (KHTML, like Gecko; compatible; ClaudeBot/1.0; +claudebot@anthropic.com)"
20.171.207.44 - - [27/Sep/2025:06:58:27 +0000] "GET /1117388739?path=/var/www/vhosts/aceitunaslosada.com/web/c55e4 HTTP/1.0" 200 6701 "-" "Mozilla/5.0 AppleWebKit/537.36 (KHTML, like Gecko; compatible; GPTBot/1.2; +https://openai.com/gptbot)"
66.249.79.137 - - [27/Sep/2025:06:58:27 +0000] "GET /product/edit/A3155370820 HTTP/1.0" 200 22838 "-" "Mozilla/5.0 (Linux; Android 6.0.1; Nexus 5X Build/MMB29P) AppleWebKit/537.36 (KHTML, like Gecko) Chrome/139.0.7258.127 Mobile Safari/537.36 (compatible; Googlebot/2.1; +http://www.google.com/bot.html)"
66.249.79.1 - - [27/Sep/2025:06:58:27 +0000] "GET /1276562508?items=1274932942 HTTP/1.0" 200 24388 "-" "Mozilla/5.0 (Linux; Android 6.0.1; Nexus 5X Build/MMB29P) AppleWebKit/537.36 (KHTML, like Gecko) Chrome/139.0.7258.127 Mobile Safari/537.36 (compatible; GoogleOther)"
216.73.216.23 - - [27/Sep/2025:06:58:28 +0000] "GET /url%20%22optional%20title%22?fileloc=%2Fvar%2Fwww%2Fvhosts%2Faceitunaslosada.com%2Fweb%2Fcopia%2Fwp-content%2Fplugins%2Fw3-total-cache%2FMinify_AutoJs.php&path=%2Fvar%2Fwww%2Fvhosts%2Faceitunaslosada.com%2Fweb%2Fcopia%2Fwp-content%2Fplugins%2Fw3-total-cache HTTP/1.0" 200 8737 "-" "Mozilla/5.0 AppleWebKit/537.36 (KHTML, like Gecko; compatible; ClaudeBot/1.0; +claudebot@anthropic.com)"
216.73.216.23 - - [27/Sep/2025:06:58:28 +0000] "GET /%22,t+=%22%3C%22+e.getAttribute(%22src%22?fileloc=%2Fvar%2Fwww%2Fvhosts%2Faceitunaslosada.com%2Fweb%2Fwp-content%2Fplugins%2Fjetpack%2Fmodules%2Fphoton%2Fphoton.js&path=%2Fvar%2Fwww%2Fvhosts%2Faceitunaslosada.com%2Fweb%2Fwp-content%2Fplugins%2Fjetpack%2Fmodules%2Fphoton HTTP/1.0" 200 7213 "-" "Mozilla/5.0 AppleWebKit/537.36 (KHTML, like Gecko; compatible; ClaudeBot/1.0; +claudebot@anthropic.com)"
66.249.79.136 - - [27/Sep/2025:06:58:29 +0000] "GET /1169427969?items=1167935230 HTTP/1.0" 200 24669 "-" "Mozilla/5.0 (Linux; Android 6.0.1; Nexus 5X Build/MMB29P) AppleWebKit/537.36 (KHTML, like Gecko) Chrome/139.0.7258.127 Mobile Safari/537.36 (compatible; Googlebot/2.1; +http://www.google.com/bot.html)"
20.171.207.44 - - [27/Sep/2025:06:58:29 +0000] "GET /1116883726?path=/var/www/vhosts/aceitunaslosada.com/web/c55e4 HTTP/1.0" 200 6701 "-" "Mozilla/5.0 AppleWebKit/537.36 (KHTML, like Gecko; compatible; GPTBot/1.2; +https://openai.com/gptbot)"
34.230.124.21 - - [27/Sep/2025:06:58:29 +0000] "GET /producto/aceituna-gordal-verde-sin-hueso-gazpacha-2/?path=/var/www/vhosts/aceitunaslosada.com/web/copia/wp-content/uploads/cache/wpml HTTP/1.0" 200 6828 "-" "Mozilla/5.0 AppleWebKit/537.36 (KHTML, like Gecko; compatible; Amazonbot/0.1; +https://developer.amazon.com/support/amazonbot) Chrome/119.0.6045.214 Safari/537.36"
20.171.207.119 - - [27/Sep/2025:06:58:29 +0000] "GET /item/u271/25321/?path=/ HTTP/1.0" 200 6363 "-" "Mozilla/5.0 AppleWebKit/537.36 (KHTML, like Gecko; compatible; GPTBot/1.2; +https://openai.com/gptbot)"
66.249.79.1 - - [27/Sep/2025:06:58:29 +0000] "GET /482600235?items=0481984670 HTTP/1.0" 200 25454 "-" "Mozilla/5.0 (Linux; Android 6.0.1; Nexus 5X Build/MMB29P) AppleWebKit/537.36 (KHTML, like Gecko) Chrome/139.0.7258.127 Mobile Safari/537.36 (compatible; Googlebot/2.1; +http://www.google.com/bot.html)"
216.73.216.23 - - [27/Sep/2025:06:58:29 +0000] "GET /url%20%22optional%20title%22?fileloc=%2Fvar%2Fwww%2Fvhosts%2Faceitunaslosada.com%2Fweb%2Fcopia%2Fwp-content%2Fplugins%2Fw3-total-cache%2FUtil_Ui.php&path=%2Fvar%2Fwww%2Fvhosts%2Faceitunaslosada.com%2Fweb%2Fcopia%2Fwp-content%2Fplugins%2Fw3-total-cache HTTP/1.0" 200 13667 "-" "Mozilla/5.0 AppleWebKit/537.36 (KHTML, like Gecko; compatible; ClaudeBot/1.0; +claudebot@anthropic.com)"
216.73.216.23 - - [27/Sep/2025:06:58:29 +0000] "GET /2897859?fileloc=%2Fvar%2Fwww%2Fvhosts%2Faceitunaslosada.com%2Fweb%2Fwp-content%2Fplugins%2Fw3-total-cache%2FCdn_Highwinds_Popup.php&path=%2Fvar%2Fwww%2Fvhosts%2Faceitunaslosada.com%2Fweb%2Fwp-content%2Fplugins%2Fw3-total-cache HTTP/1.0" 200 8309 "-" "Mozilla/5.0 AppleWebKit/537.36 (KHTML, like Gecko; compatible; ClaudeBot/1.0; +claudebot@anthropic.com)"
66.249.79.136 - - [27/Sep/2025:06:58:30 +0000] "POST /get-message-notify HTTP/1.0" 200 24127 "https://www.aceitunaslosada.com/1091581093?items=1090187774" "Mozilla/5.0 (Linux; Android 6.0.1; Nexus 5X Build/MMB29P) AppleWebKit/537.36 (KHTML, like Gecko) Chrome/139.0.7258.127 Mobile Safari/537.36 (compatible; Googlebot/2.1; +http://www.google.com/bot.html)"
20.171.207.44 - - [27/Sep/2025:06:58:31 +0000] "GET /1117306299?path=/var/www/vhosts/aceitunaslosada.com/web/c55e4 HTTP/1.0" 200 6701 "-" "Mozilla/5.0 AppleWebKit/537.36 (KHTML, like Gecko; compatible; GPTBot/1.2; +https://openai.com/gptbot)"
66.249.79.137 - - [27/Sep/2025:06:58:31 +0000] "GET /127461442?items=0127299438 HTTP/1.0" 200 24345 "-" "Mozilla/5.0 (Linux; Android 6.0.1; Nexus 5X Build/MMB29P) AppleWebKit/537.36 (KHTML, like Gecko) Chrome/139.0.7258.127 Mobile Safari/537.36 (compatible; Googlebot/2.1; +http://www.google.com/bot.html)"
216.73.216.23 - - [27/Sep/2025:06:58:31 +0000] "GET /%22,t+=%22%3C%22+e.getAttribute(%22src%22?path=%2Fvar%2Fwww%2Fvhosts%2Faceitunaslosada.com%2Fweb%2Fwp-content%2Fplugins%2Fwp-file-manager%2Flib%2Fcodemirror%2Fmode%2Fgo HTTP/1.0" 200 6841 "-" "Mozilla/5.0 AppleWebKit/537.36 (KHTML, like Gecko; compatible; ClaudeBot/1.0; +claudebot@anthropic.com)"
20.171.207.119 - - [27/Sep/2025:06:58:32 +0000] "GET /item/u230/23394/?path=/ HTTP/1.0" 200 6364 "-" "Mozilla/5.0 AppleWebKit/537.36 (KHTML, like Gecko; compatible; GPTBot/1.2; +https://openai.com/gptbot)"
66.249.79.8 - - [27/Sep/2025:06:58:32 +0000] "GET /218311117?items=0218033086 HTTP/1.0" 200 24900 "-" "Mozilla/5.0 (Linux; Android 6.0.1; Nexus 5X Build/MMB29P) AppleWebKit/537.36 (KHTML, like Gecko) Chrome/139.0.7258.127 Mobile Safari/537.36 (compatible; Googlebot/2.1; +http://www.google.com/bot.html)"
216.73.216.23 - - [27/Sep/2025:06:58:32 +0000] "GET /2897859?path=%2Fvar%2Fwww%2Fvhosts%2Faceitunaslosada.com%2Fweb%2Fwp-content%2Fplugins%2Fw3-total-cache%2Fpub%2Fjs HTTP/1.0" 200 7327 "-" "Mozilla/5.0 AppleWebKit/537.36 (KHTML, like Gecko; compatible; ClaudeBot/1.0; +claudebot@anthropic.com)"
66.249.79.136 - - [27/Sep/2025:06:58:33 +0000] "GET /product/edit/A3807921553 HTTP/1.0" 200 23135 "-" "Mozilla/5.0 (Linux; Android 6.0.1; Nexus 5X Build/MMB29P) AppleWebKit/537.36 (KHTML, like Gecko) Chrome/139.0.7258.127 Mobile Safari/537.36 (compatible; Googlebot/2.1; +http://www.google.com/bot.html)"
216.73.216.23 - - [27/Sep/2025:06:58:33 +0000] "GET /2897859?path=%2Fvar%2Fwww%2Fvhosts%2Faceitunaslosada.com%2Fweb%2Fwp-content%2Fplugins%2Fjs_composer%2Finclude%2Ftemplates HTTP/1.0" 200 6860 "-" "Mozilla/5.0 AppleWebKit/537.36 (KHTML, like Gecko; compatible; ClaudeBot/1.0; +claudebot@anthropic.com)"
54.197.178.107 - - [27/Sep/2025:06:58:33 +0000] "GET /producto/aceituna-gordal-con-hueso/?path=/var/www/vhosts/aceitunaslosada.com/web/wp-content/plugins/google-site-kit/includes/Core/Authentication/Exception HTTP/1.0" 200 7080 "-" "Mozilla/5.0 AppleWebKit/537.36 (KHTML, like Gecko; compatible; Amazonbot/0.1; +https://developer.amazon.com/support/amazonbot) Chrome/119.0.6045.214 Safari/537.36"
66.249.79.137 - - [27/Sep/2025:06:58:34 +0000] "GET /483317710?items=0482701230 HTTP/1.0" 200 23004 "-" "Mozilla/5.0 (Linux; Android 6.0.1; Nexus 5X Build/MMB29P) AppleWebKit/537.36 (KHTML, like Gecko) Chrome/139.0.7258.127 Mobile Safari/537.36 (compatible; Googlebot/2.1; +http://www.google.com/bot.html)"
216.73.216.23 - - [27/Sep/2025:06:58:34 +0000] "GET /2897859?path=%2Fvar%2Fwww%2Fvhosts%2Faceitunaslosada.com%2Fweb%2Fwp-content%2Fplugins%2Fwp-file-manager%2Fjs HTTP/1.0" 200 6909 "-" "Mozilla/5.0 AppleWebKit/537.36 (KHTML, like Gecko; compatible; ClaudeBot/1.0; +claudebot@anthropic.com)"
20.171.207.44 - - [27/Sep/2025:06:58:34 +0000] "GET /1117387988?path=/var HTTP/1.0" 200 6375 "-" "Mozilla/5.0 AppleWebKit/537.36 (KHTML, like Gecko; compatible; GPTBot/1.2; +https://openai.com/gptbot)"
66.249.79.1 - - [27/Sep/2025:06:58:35 +0000] "POST /get-message-notify HTTP/1.0" 200 22730 "https://aceitunaslosada.com/212621323?items=0212350558" "Mozilla/5.0 (Linux; Android 6.0.1; Nexus 5X Build/MMB29P) AppleWebKit/537.36 (KHTML, like Gecko) Chrome/139.0.7258.127 Mobile Safari/537.36 (compatible; Googlebot/2.1; +http://www.google.com/bot.html)"
20.171.207.119 - - [27/Sep/2025:06:58:35 +0000] "GET /item/u141/15413/ HTTP/1.0" 200 8581 "-" "Mozilla/5.0 AppleWebKit/537.36 (KHTML, like Gecko; compatible; GPTBot/1.2; +https://openai.com/gptbot)"
216.73.216.23 - - [27/Sep/2025:06:58:35 +0000] "GET /2897859?path=%2Fvar%2Fwww%2Fvhosts%2Faceitunaslosada.com%2Fweb%2Fwp-content%2Fplugins%2Fw3-total-cache%2Flib%2FSNS HTTP/1.0" 200 6956 "-" "Mozilla/5.0 AppleWebKit/537.36 (KHTML, like Gecko; compatible; ClaudeBot/1.0; +claudebot@anthropic.com)"
66.249.79.8 - - [27/Sep/2025:06:58:35 +0000] "GET /1889113812?items=1886701934 HTTP/1.0" 200 22933 "-" "Mozilla/5.0 (Linux; Android 6.0.1; Nexus 5X Build/MMB29P) AppleWebKit/537.36 (KHTML, like Gecko) Chrome/139.0.7258.127 Mobile Safari/537.36 (compatible; Googlebot/2.1; +http://www.google.com/bot.html)"
216.73.216.23 - - [27/Sep/2025:06:58:36 +0000] "GET /url%20%22optional%20title%22?path=%2Fvar%2Fwww%2Fvhosts%2Faceitunaslosada.com%2Fweb%2Fcopia%2Fwp-content%2Fplugins%2Fw3-total-cache%2Flib%2FNusoap HTTP/1.0" 200 7280 "-" "Mozilla/5.0 AppleWebKit/537.36 (KHTML, like Gecko; compatible; ClaudeBot/1.0; +claudebot@anthropic.com)"
216.73.216.23 - - [27/Sep/2025:06:58:36 +0000] "GET /2897859?path=%2Fvar%2Fwww%2Fvhosts%2Faceitunaslosada.com%2Fweb%2Fwp-content%2Fplugins%2Fwp-file-manager%2Flib%2Fjs%2Fi18n HTTP/1.0" 200 8259 "-" "Mozilla/5.0 AppleWebKit/537.36 (KHTML, like Gecko; compatible; ClaudeBot/1.0; +claudebot@anthropic.com)"
66.249.79.137 - - [27/Sep/2025:06:58:37 +0000] "GET /483286647?items=0482670206 HTTP/1.0" 200 25444 "-" "Mozilla/5.0 (Linux; Android 6.0.1; Nexus 5X Build/MMB29P) AppleWebKit/537.36 (KHTML, like Gecko) Chrome/139.0.7258.127 Mobile Safari/537.36 (compatible; Googlebot/2.1; +http://www.google.com/bot.html)"
18.235.81.246 - - [27/Sep/2025:06:58:37 +0000] "GET /producto/aceituna-manzanilla-con-hueso/?path=/var/www/vhosts/aceitunaslosada.com/web/wp-content/plugins/google-site-kit/third-party/google/auth HTTP/1.0" 200 7009 "-" "Mozilla/5.0 AppleWebKit/537.36 (KHTML, like Gecko; compatible; Amazonbot/0.1; +https://developer.amazon.com/support/amazonbot) Chrome/119.0.6045.214 Safari/537.36"
216.73.216.23 - - [27/Sep/2025:06:58:37 +0000] "GET /2897859?fileloc=%2Fvar%2Fwww%2Fvhosts%2Faceitunaslosada.com%2Fweb%2Fwp-content%2Fplugins%2Fwp-mail-logging%2Flib%2Flity%2Flity.min.css&path=%2Fvar%2Fwww%2Fvhosts%2Faceitunaslosada.com%2Fweb%2Fwp-content%2Fplugins%2Fwp-mail-logging%2Flib%2Flity HTTP/1.0" 200 7335 "-" "Mozilla/5.0 AppleWebKit/537.36 (KHTML, like Gecko; compatible; ClaudeBot/1.0; +claudebot@anthropic.com)"
66.249.79.1 - - [27/Sep/2025:06:58:38 +0000] "GET /final185014248.html HTTP/1.0" 200 24666 "-" "Mozilla/5.0 (Linux; Android 6.0.1; Nexus 5X Build/MMB29P) AppleWebKit/537.36 (KHTML, like Gecko) Chrome/139.0.7258.127 Mobile Safari/537.36 (compatible; GoogleOther)"
216.73.216.23 - - [27/Sep/2025:06:58:38 +0000] "GET /2897859?fileloc=%2Fvar%2Fwww%2Fvhosts%2Faceitunaslosada.com%2Fweb%2Fwp-content%2Fplugins%2Fw3-total-cache%2Flib%2FCSSTidy%2Findex.html&path=%2Fvar%2Fwww%2Fvhosts%2Faceitunaslosada.com%2Fweb%2Fwp-content%2Fplugins%2Fw3-total-cache%2Flib%2FCSSTidy HTTP/1.0" 200 6437 "-" "Mozilla/5.0 AppleWebKit/537.36 (KHTML, like Gecko; compatible; ClaudeBot/1.0; +claudebot@anthropic.com)"
20.171.207.119 - - [27/Sep/2025:06:58:38 +0000] "GET /item/u235/38505/ HTTP/1.0" 200 8573 "-" "Mozilla/5.0 AppleWebKit/537.36 (KHTML, like Gecko; compatible; GPTBot/1.2; +https://openai.com/gptbot)"
216.73.216.23 - - [27/Sep/2025:06:58:38 +0000] "GET /2897859?fileloc=%2Fvar%2Fwww%2Fvhosts%2Faceitunaslosada.com%2Fweb%2Fwp-content%2Fplugins%2Fwp-file-manager%2Flib%2Fcss%2Fstatusbar.css&path=%2Fvar%2Fwww%2Fvhosts%2Faceitunaslosada.com%2Fweb%2Fwp-content%2Fplugins%2Fwp-file-manager%2Flib%2Fcss HTTP/1.0" 200 7123 "-" "Mozilla/5.0 AppleWebKit/537.36 (KHTML, like Gecko; compatible; ClaudeBot/1.0; +claudebot@anthropic.com)"
66.249.79.136 - - [27/Sep/2025:06:58:39 +0000] "GET /48167803?items=0048107070 HTTP/1.0" 200 24686 "-" "Mozilla/5.0 (compatible; Googlebot/2.1; +http://www.google.com/bot.html)"
216.73.216.23 - - [27/Sep/2025:06:58:39 +0000] "GET /url%20%22optional%20title%22?path=%2Fvar%2Fwww%2Fvhosts%2Faceitunaslosada.com%2Fweb%2Fcopia%2Fwp-content%2Fplugins%2Fw3-total-cache%2Flib%2FMinify%2FHTTP HTTP/1.0" 200 6946 "-" "Mozilla/5.0 AppleWebKit/537.36 (KHTML, like Gecko; compatible; ClaudeBot/1.0; +claudebot@anthropic.com)"
216.73.216.23 - - [27/Sep/2025:06:58:40 +0000] "GET /2897859?fileloc=%2Fvar%2Fwww%2Fvhosts%2Faceitunaslosada.com%2Fweb%2Fwp-content%2Fplugins%2Fw3-total-cache%2Finc%2Flightbox%2Fpurchase.php&path=%2Fvar%2Fwww%2Fvhosts%2Faceitunaslosada.com%2Fweb%2Fwp-content%2Fplugins%2Fw3-total-cache%2Finc%2Flightbox HTTP/1.0" 200 6565 "-" "Mozilla/5.0 AppleWebKit/537.36 (KHTML, like Gecko; compatible; ClaudeBot/1.0; +claudebot@anthropic.com)"
66.249.79.8 - - [27/Sep/2025:06:58:40 +0000] "GET /zhHant/product/surugaya/A3648924971?campaign_uid=f64d716db5e979ed2f947dbaf4296895b951ae7f HTTP/1.0" 200 22797 "-" "Mozilla/5.0 (Linux; Android 6.0.1; Nexus 5X Build/MMB29P) AppleWebKit/537.36 (KHTML, like Gecko) Chrome/139.0.7258.127 Mobile Safari/537.36 (compatible; Googlebot/2.1; +http://www.google.com/bot.html)"
20.171.207.44 - - [27/Sep/2025:06:58:40 +0000] "GET /1117000132?path=/var/www/vhosts/aceitunaslosada.com/web/cgi-bin HTTP/1.0" 200 6777 "-" "Mozilla/5.0 AppleWebKit/537.36 (KHTML, like Gecko; compatible; GPTBot/1.2; +https://openai.com/gptbot)"
216.73.216.23 - - [27/Sep/2025:06:58:40 +0000] "GET /2897859?fileloc=%2Fvar%2Fwww%2Fvhosts%2Faceitunaslosada.com%2Fweb%2Fwp-content%2Fplugins%2Fw3-total-cache%2Finc%2Flightbox%2Fupgrade.php&path=%2Fvar%2Fwww%2Fvhosts%2Faceitunaslosada.com%2Fweb%2Fwp-content%2Fplugins%2Fw3-total-cache%2Finc%2Flightbox HTTP/1.0" 200 6949 "-" "Mozilla/5.0 AppleWebKit/537.36 (KHTML, like Gecko; compatible; ClaudeBot/1.0; +claudebot@anthropic.com)"
40.77.167.4 - - [27/Sep/2025:06:58:41 +0000] "GET /PSInn4ACeEhE HTTP/1.0" 200 3609 "-" "Mozilla/5.0 AppleWebKit/537.36 (KHTML, like Gecko; compatible; bingbot/2.0; +http://www.bing.com/bingbot.htm) Chrome/116.0.1938.76 Safari/537.36"
82.223.111.37 - - [27/Sep/2025:06:56:43 +0000] "GET /wp-admin/css/css/css/index.php?ARRAY=7o2230223n313735383935393830332p2231223n22687474703n5p2s5p2s7n7335363476313373752r616p746s742r696r6o5p2s3s6p633q7068705s636s64655s6n6326743q313735383935363230332q3664356639646133656665383136663965373165653136353931316666343035222p2232223n223231316364646265626236383766653935356664326665373335323935383536222p2233223n226230376262633334336536623734656638363437613834613434343538353437222p226175746s5s66696p655s6r616q65223n6r756p6p2p226175746s5s70617373223n6r756p6p2p2262696r675s70617373223n2231372q34372q35382q36322q37312q38382q3136227q HTTP/1.0" 504 3843 "-" "-"
3.208.146.193 - - [27/Sep/2025:06:58:41 +0000] "GET /2020/10/13/super-intensivo-de-arbequina/?path=/var/www/vhosts/aceitunaslosada.com/web/wp-content/plugins/w3-total-cache/vendor/aws/aws-sdk-php/src/MediaStore HTTP/1.0" 200 6932 "-" "Mozilla/5.0 AppleWebKit/537.36 (KHTML, like Gecko; compatible; Amazonbot/0.1; +https://developer.amazon.com/support/amazonbot) Chrome/119.0.6045.214 Safari/537.36"
216.73.216.23 - - [27/Sep/2025:06:58:41 +0000] "GET /2897859?path=%2Fvar%2Fwww%2Fvhosts%2Faceitunaslosada.com%2Fweb%2Fwp-content%2Fplugins%2Fjs_composer%2Finclude%2Fautoload%2Fvc-pages HTTP/1.0" 200 7132 "-" "Mozilla/5.0 AppleWebKit/537.36 (KHTML, like Gecko; compatible; ClaudeBot/1.0; +claudebot@anthropic.com)"
20.171.207.119 - - [27/Sep/2025:06:58:41 +0000] "GET /item/u224/26694/ HTTP/1.0" 200 8573 "-" "Mozilla/5.0 AppleWebKit/537.36 (KHTML, like Gecko; compatible; GPTBot/1.2; +https://openai.com/gptbot)"
216.73.216.23 - - [27/Sep/2025:06:58:42 +0000] "GET /url%20%22optional%20title%22?path=%2Fvar%2Fwww%2Fvhosts%2Faceitunaslosada.com%2Fweb%2Fcopia%2Fwp-content%2Fplugins%2Fupload-max-file-size%2F.git%2Fobjects HTTP/1.0" 200 8950 "-" "Mozilla/5.0 AppleWebKit/537.36 (KHTML, like Gecko; compatible; ClaudeBot/1.0; +claudebot@anthropic.com)"
66.249.79.1 - - [27/Sep/2025:06:58:41 +0000] "GET /1591250439?items=1589218974 HTTP/1.0" 200 24636 "-" "Mozilla/5.0 (Linux; Android 6.0.1; Nexus 5X Build/MMB29P) AppleWebKit/537.36 (KHTML, like Gecko) Chrome/139.0.7258.127 Mobile Safari/537.36 (compatible; Googlebot/2.1; +http://www.google.com/bot.html)"
216.73.216.23 - - [27/Sep/2025:06:58:43 +0000] "GET /2897859?fileloc=%2Fvar%2Fwww%2Fvhosts%2Faceitunaslosada.com%2Fweb%2Fwp-content%2Fplugins%2Fwp-file-manager%2Flib%2Fcss%2Ftoolbar.css&path=%2Fvar%2Fwww%2Fvhosts%2Faceitunaslosada.com%2Fweb%2Fwp-content%2Fplugins%2Fwp-file-manager%2Flib%2Fcss HTTP/1.0" 200 8874 "-" "Mozilla/5.0 AppleWebKit/537.36 (KHTML, like Gecko; compatible; ClaudeBot/1.0; +claudebot@anthropic.com)"
66.249.79.1 - - [27/Sep/2025:06:58:42 +0000] "POST /get-message-notify HTTP/1.0" 200 24851 "https://aceitunaslosada.com/1276562508?items=1274932942" "Mozilla/5.0 (Linux; Android 6.0.1; Nexus 5X Build/MMB29P) AppleWebKit/537.36 (KHTML, like Gecko) Chrome/139.0.7258.127 Mobile Safari/537.36 (compatible; Googlebot/2.1; +http://www.google.com/bot.html)"
66.249.79.136 - - [27/Sep/2025:06:58:43 +0000] "GET /483090670?items=0482474478 HTTP/1.0" 200 24888 "-" "Mozilla/5.0 (Linux; Android 6.0.1; Nexus 5X Build/MMB29P) AppleWebKit/537.36 (KHTML, like Gecko) Chrome/139.0.7258.127 Mobile Safari/537.36 (compatible; Googlebot/2.1; +http://www.google.com/bot.html)"
216.73.216.23 - - [27/Sep/2025:06:58:43 +0000] "GET /2897859?path=%2Fvar%2Fwww%2Fvhosts%2Faceitunaslosada.com%2Fweb%2Fwp-content%2Fplugins%2Fwp-file-manager%2Flib%2Fcodemirror%2Flib HTTP/1.0" 200 6821 "-" "Mozilla/5.0 AppleWebKit/537.36 (KHTML, like Gecko; compatible; ClaudeBot/1.0; +claudebot@anthropic.com)"
216.73.216.23 - - [27/Sep/2025:06:58:44 +0000] "GET /2897859?fileloc=%2Fvar%2Fwww%2Fvhosts%2Faceitunaslosada.com%2Fweb%2Fwp-content%2Fplugins%2Fwp-file-manager%2Flib%2Fcss%2Ftoast.css&path=%2Fvar%2Fwww%2Fvhosts%2Faceitunaslosada.com%2Fweb%2Fwp-content%2Fplugins%2Fwp-file-manager%2Flib%2Fcss HTTP/1.0" 200 9098 "-" "Mozilla/5.0 AppleWebKit/537.36 (KHTML, like Gecko; compatible; ClaudeBot/1.0; +claudebot@anthropic.com)"
66.249.79.2 - - [27/Sep/2025:06:58:44 +0000] "GET /1078685342?items=1077308494 HTTP/1.0" 200 22632 "-" "Mozilla/5.0 (Linux; Android 6.0.1; Nexus 5X Build/MMB29P) AppleWebKit/537.36 (KHTML, like Gecko) Chrome/139.0.7258.127 Mobile Safari/537.36 (compatible; Googlebot/2.1; +http://www.google.com/bot.html)"
216.73.216.23 - - [27/Sep/2025:06:58:44 +0000] "GET /2897859?fileloc=%2Fvar%2Fwww%2Fvhosts%2Faceitunaslosada.com%2Fweb%2Fwp-content%2Fplugins%2Fwp-file-manager%2Flib%2Fcss%2Fnavbar.css&path=%2Fvar%2Fwww%2Fvhosts%2Faceitunaslosada.com%2Fweb%2Fwp-content%2Fplugins%2Fwp-file-manager%2Flib%2Fcss HTTP/1.0" 200 8024 "-" "Mozilla/5.0 AppleWebKit/537.36 (KHTML, like Gecko; compatible; ClaudeBot/1.0; +claudebot@anthropic.com)"
20.171.207.44 - - [27/Sep/2025:06:58:45 +0000] "GET /1116890520?path=/var HTTP/1.0" 200 6375 "-" "Mozilla/5.0 AppleWebKit/537.36 (KHTML, like Gecko; compatible; GPTBot/1.2; +https://openai.com/gptbot)"
216.73.216.23 - - [27/Sep/2025:06:58:45 +0000] "GET /2897859?fileloc=%2Fvar%2Fwww%2Fvhosts%2Faceitunaslosada.com%2Fweb%2Fwp-content%2Fplugins%2Fwp-file-manager%2Flib%2Ffiles%2F.gitkeep&path=%2Fvar%2Fwww%2Fvhosts%2Faceitunaslosada.com%2Fweb%2Fwp-content%2Fplugins%2Fwp-file-manager%2Flib%2Ffiles HTTP/1.0" 200 6437 "-" "Mozilla/5.0 AppleWebKit/537.36 (KHTML, like Gecko; compatible; ClaudeBot/1.0; +claudebot@anthropic.com)"
20.171.207.119 - - [27/Sep/2025:06:58:45 +0000] "GET /item/u219/30229/ HTTP/1.0" 200 8573 "-" "Mozilla/5.0 AppleWebKit/537.36 (KHTML, like Gecko; compatible; GPTBot/1.2; +https://openai.com/gptbot)"
66.249.79.136 - - [27/Sep/2025:06:58:45 +0000] "GET /483320852?items=0482704366 HTTP/1.0" 200 24414 "-" "Mozilla/5.0 (Linux; Android 6.0.1; Nexus 5X Build/MMB29P) AppleWebKit/537.36 (KHTML, like Gecko) Chrome/139.0.7258.127 Mobile Safari/537.36 (compatible; Googlebot/2.1; +http://www.google.com/bot.html)"
47.128.48.82 - - [27/Sep/2025:06:58:46 +0000] "GET /la-familia-losada/?fileloc=%2Fvar%2Fwww%2Fvhosts%2Faceitunaslosada.com%2Fweb%2Fd8fceb39&path=%2Fvar%2Fwww%2Fvhosts%2Faceitunaslosada.com%2Fweb HTTP/1.0" 200 6449 "-" "Mozilla/5.0 (Linux; Android 5.0) AppleWebKit/537.36 (KHTML, like Gecko) Mobile Safari/537.36 (compatible; Bytespider; spider-feedback@bytedance.com)"
66.249.79.2 - - [27/Sep/2025:06:58:46 +0000] "GET /1805110191?items=1802805598 HTTP/1.0" 200 25332 "-" "Mozilla/5.0 (Linux; Android 6.0.1; Nexus 5X Build/MMB29P) AppleWebKit/537.36 (KHTML, like Gecko) Chrome/139.0.7258.127 Mobile Safari/537.36 (compatible; GoogleOther)"
216.73.216.23 - - [27/Sep/2025:06:58:46 +0000] "GET /2897859?path=%2Fvar%2Fwww%2Fvhosts%2Faceitunaslosada.com%2Fweb%2Fwp-content%2Fplugins%2Fw3-total-cache%2Flib%2FMinify%2FMinify HTTP/1.0" 200 7821 "-" "Mozilla/5.0 AppleWebKit/537.36 (KHTML, like Gecko; compatible; ClaudeBot/1.0; +claudebot@anthropic.com)"
216.73.216.23 - - [27/Sep/2025:06:58:47 +0000] "GET /2897859?path=%2Fvar%2Fwww%2Fvhosts%2Faceitunaslosada.com%2Fweb%2Fwp-content%2Fplugins%2Fwp-file-manager%2Flib%2Fcodemirror%2Fmode HTTP/1.0" 200 10418 "-" "Mozilla/5.0 AppleWebKit/537.36 (KHTML, like Gecko; compatible; ClaudeBot/1.0; +claudebot@anthropic.com)"
216.73.216.23 - - [27/Sep/2025:06:58:46 +0000] "GET /2897859?path=%2Fvar%2Fwww%2Fvhosts%2Faceitunaslosada.com%2Fweb%2Fwp-content%2Fplugins%2Fwp-file-manager%2Flib%2Fcodemirror%2Ftheme HTTP/1.0" 200 6783 "-" "Mozilla/5.0 AppleWebKit/537.36 (KHTML, like Gecko; compatible; ClaudeBot/1.0; +claudebot@anthropic.com)"
66.249.79.8 - - [27/Sep/2025:06:58:47 +0000] "GET /1078715622?items=1077338734 HTTP/1.0" 200 24158 "-" "Mozilla/5.0 (Linux; Android 6.0.1; Nexus 5X Build/MMB29P) AppleWebKit/537.36 (KHTML, like Gecko) Chrome/139.0.7258.127 Mobile Safari/537.36 (compatible; Googlebot/2.1; +http://www.google.com/bot.html)"
3.93.211.16 - - [27/Sep/2025:06:58:47 +0000] "GET /producto/aceituna-cornicabra-natural-2/?path=/var/www/vhosts/aceitunaslosada.com/web/wp-content/cache/db/options/3c8/0e8 HTTP/1.0" 200 6784 "-" "Mozilla/5.0 AppleWebKit/537.36 (KHTML, like Gecko; compatible; Amazonbot/0.1; +https://developer.amazon.com/support/amazonbot) Chrome/119.0.6045.214 Safari/537.36"
216.73.216.23 - - [27/Sep/2025:06:58:47 +0000] "GET /2897859?fileloc=%2Fvar%2Fwww%2Fvhosts%2Faceitunaslosada.com%2Fweb%2Fwp-content%2Fplugins%2Fwp-file-manager%2Flib%2Fcss%2Ftheme.css&path=%2Fvar%2Fwww%2Fvhosts%2Faceitunaslosada.com%2Fweb%2Fwp-content%2Fplugins%2Fwp-file-manager%2Flib%2Fcss HTTP/1.0" 200 8892 "-" "Mozilla/5.0 AppleWebKit/537.36 (KHTML, like Gecko; compatible; ClaudeBot/1.0; +claudebot@anthropic.com)"
66.249.79.137 - - [27/Sep/2025:06:58:47 +0000] "GET /394317501?items=0393814686 HTTP/1.0" 200 24740 "-" "Mozilla/5.0 (Linux; Android 6.0.1; Nexus 5X Build/MMB29P) AppleWebKit/537.36 (KHTML, like Gecko) Chrome/139.0.7258.127 Mobile Safari/537.36 (compatible; Googlebot/2.1; +http://www.google.com/bot.html)"
20.171.207.44 - - [27/Sep/2025:06:58:48 +0000] "GET /1117132716?path=/var HTTP/1.0" 200 6375 "-" "Mozilla/5.0 AppleWebKit/537.36 (KHTML, like Gecko; compatible; GPTBot/1.2; +https://openai.com/gptbot)"
216.73.216.23 - - [27/Sep/2025:06:58:48 +0000] "GET /2897859?fileloc=%2Fvar%2Fwww%2Fvhosts%2Faceitunaslosada.com%2Fweb%2Fwp-content%2Fplugins%2Fw3-total-cache%2Flib%2FMinify%2Findex.html&path=%2Fvar%2Fwww%2Fvhosts%2Faceitunaslosada.com%2Fweb%2Fwp-content%2Fplugins%2Fw3-total-cache%2Flib%2FMinify HTTP/1.0" 200 6435 "-" "Mozilla/5.0 AppleWebKit/537.36 (KHTML, like Gecko; compatible; ClaudeBot/1.0; +claudebot@anthropic.com)"
216.73.216.23 - - [27/Sep/2025:06:58:48 +0000] "GET /2897859?path=%2Fvar%2Fwww%2Fvhosts%2Faceitunaslosada.com%2Fweb%2Fwp-content%2Fplugins%2Fw3-total-cache%2Flib%2FAzure%2FPsrHttpMessage HTTP/1.0" 200 7109 "-" "Mozilla/5.0 AppleWebKit/537.36 (KHTML, like Gecko; compatible; ClaudeBot/1.0; +claudebot@anthropic.com)"
66.249.79.8 - - [27/Sep/2025:06:58:48 +0000] "GET /item/u28/696/ HTTP/1.0" 200 23918 "-" "Mozilla/5.0 (Linux; Android 6.0.1; Nexus 5X Build/MMB29P) AppleWebKit/537.36 (KHTML, like Gecko) Chrome/139.0.7258.127 Mobile Safari/537.36 (compatible; Googlebot/2.1; +http://www.google.com/bot.html)"
216.73.216.23 - - [27/Sep/2025:06:58:48 +0000] "GET /2897859?path=%2Fvar%2Fwww%2Fvhosts%2Faceitunaslosada.com%2Fweb%2Fwp-content%2Fplugins%2Fwp-file-manager%2Flib%2Fphp%2Fflycache HTTP/1.0" 200 6499 "-" "Mozilla/5.0 AppleWebKit/537.36 (KHTML, like Gecko; compatible; ClaudeBot/1.0; +claudebot@anthropic.com)"
20.171.207.119 - - [27/Sep/2025:06:58:48 +0000] "GET /item/u291/25321/ HTTP/1.0" 200 8583 "-" "Mozilla/5.0 AppleWebKit/537.36 (KHTML, like Gecko; compatible; GPTBot/1.2; +https://openai.com/gptbot)"
216.73.216.23 - - [27/Sep/2025:06:58:49 +0000] "GET /2897859?path=%2Fvar%2Fwww%2Fvhosts%2Faceitunaslosada.com%2Fweb%2Fwp-content%2Fplugins%2Fwp-file-manager%2Flib%2Fjquery%2Fimages HTTP/1.0" 200 7466 "-" "Mozilla/5.0 AppleWebKit/537.36 (KHTML, like Gecko; compatible; ClaudeBot/1.0; +claudebot@anthropic.com)"
216.73.216.23 - - [27/Sep/2025:06:58:49 +0000] "GET /2897859?path=%2Fvar%2Fwww%2Fvhosts%2Faceitunaslosada.com%2Fweb%2Fwp-content%2Fplugins%2Fwp-file-manager%2Flib%2Fphp%2Flibs HTTP/1.0" 200 6775 "-" "Mozilla/5.0 AppleWebKit/537.36 (KHTML, like Gecko; compatible; ClaudeBot/1.0; +claudebot@anthropic.com)"
66.249.79.8 - - [27/Sep/2025:06:58:49 +0000] "GET /1078673326?items=1077296494 HTTP/1.0" 200 25382 "-" "Mozilla/5.0 (Linux; Android 6.0.1; Nexus 5X Build/MMB29P) AppleWebKit/537.36 (KHTML, like Gecko) Chrome/139.0.7258.127 Mobile Safari/537.36 (compatible; Googlebot/2.1; +http://www.google.com/bot.html)"
216.73.216.23 - - [27/Sep/2025:06:58:50 +0000] "GET /2897859?fileloc=%2Fvar%2Fwww%2Fvhosts%2Faceitunaslosada.com%2Fweb%2Fwp-content%2Fplugins%2Fwp-file-manager%2Flib%2Fcss%2Fcontextmenu.css&path=%2Fvar%2Fwww%2Fvhosts%2Faceitunaslosada.com%2Fweb%2Fwp-content%2Fplugins%2Fwp-file-manager%2Flib%2Fcss HTTP/1.0" 200 7477 "-" "Mozilla/5.0 AppleWebKit/537.36 (KHTML, like Gecko; compatible; ClaudeBot/1.0; +claudebot@anthropic.com)"
216.73.216.23 - - [27/Sep/2025:06:58:50 +0000] "GET /2897859?path=%2Fvar%2Fwww%2Fvhosts%2Faceitunaslosada.com%2Fweb%2Fwp-content%2Fplugins%2Fwp-file-manager%2Flib%2Fjs%2Fui HTTP/1.0" 200 7575 "-" "Mozilla/5.0 AppleWebKit/537.36 (KHTML, like Gecko; compatible; ClaudeBot/1.0; +claudebot@anthropic.com)"
52.45.194.165 - - [27/Sep/2025:06:58:50 +0000] "GET /cocktail-de-aceitunas-con-ajo-2/?path=/var/www/vhosts/aceitunaslosada.com/web/copia/wp-content/cache/db/singletables/80f/1a2 HTTP/1.0" 200 6860 "-" "Mozilla/5.0 AppleWebKit/537.36 (KHTML, like Gecko; compatible; Amazonbot/0.1; +https://developer.amazon.com/support/amazonbot) Chrome/119.0.6045.214 Safari/537.36"
66.249.79.137 - - [27/Sep/2025:06:58:50 +0000] "GET /867459064?items=0866351982 HTTP/1.0" 200 24435 "-" "Mozilla/5.0 (Linux; Android 6.0.1; Nexus 5X Build/MMB29P) AppleWebKit/537.36 (KHTML, like Gecko) Chrome/139.0.7258.127 Mobile Safari/537.36 (compatible; Googlebot/2.1; +http://www.google.com/bot.html)"
20.171.207.44 - - [27/Sep/2025:06:58:50 +0000] "GET /1117049698?path=/var HTTP/1.0" 200 6375 "-" "Mozilla/5.0 AppleWebKit/537.36 (KHTML, like Gecko; compatible; GPTBot/1.2; +https://openai.com/gptbot)"
216.73.216.23 - - [27/Sep/2025:06:58:50 +0000] "GET /2897859?fileloc=%2Fvar%2Fwww%2Fvhosts%2Faceitunaslosada.com%2Fweb%2Fwp-content%2Fplugins%2Fwp-file-manager%2Flib%2Fcss%2Fcommon.css&path=%2Fvar%2Fwww%2Fvhosts%2Faceitunaslosada.com%2Fweb%2Fwp-content%2Fplugins%2Fwp-file-manager%2Flib%2Fcss HTTP/1.0" 200 8423 "-" "Mozilla/5.0 AppleWebKit/537.36 (KHTML, like Gecko; compatible; ClaudeBot/1.0; +claudebot@anthropic.com)"
94.23.188.210 - - [27/Sep/2025:06:58:51 +0000] "GET /?fileloc=/var/www/vhosts/aceitunaslosada.com/web/copia/wp-includes/images/rss.png&path=/var/www/vhosts/aceitunaslosada.com/web/copia/wp-includes/images HTTP/1.0" 200 6414 "-" "Mozilla/5.0 (compatible; AhrefsBot/7.0; +http://ahrefs.com/robot/)"
216.73.216.23 - - [27/Sep/2025:06:58:51 +0000] "GET /2897859?fileloc=%2Fvar%2Fwww%2Fvhosts%2Faceitunaslosada.com%2Fweb%2Fwp-content%2Fplugins%2Fwp-file-manager%2Flib%2Fcss%2Fdialog.css&path=%2Fvar%2Fwww%2Fvhosts%2Faceitunaslosada.com%2Fweb%2Fwp-content%2Fplugins%2Fwp-file-manager%2Flib%2Fcss HTTP/1.0" 200 9327 "-" "Mozilla/5.0 AppleWebKit/537.36 (KHTML, like Gecko; compatible; ClaudeBot/1.0; +claudebot@anthropic.com)"
216.73.216.23 - - [27/Sep/2025:06:58:51 +0000] "GET /2897859?path=%2Fvar%2Fwww%2Fvhosts%2Faceitunaslosada.com%2Fweb%2Fwp-content%2Fplugins%2Fjs_composer%2Finclude%2Fautoload%2Fparams HTTP/1.0" 200 6889 "-" "Mozilla/5.0 AppleWebKit/537.36 (KHTML, like Gecko; compatible; ClaudeBot/1.0; +claudebot@anthropic.com)"
66.249.79.8 - - [27/Sep/2025:06:58:51 +0000] "GET /532546470?items=0531867118 HTTP/1.0" 200 25835 "-" "Mozilla/5.0 (Linux; Android 6.0.1; Nexus 5X Build/MMB29P) AppleWebKit/537.36 (KHTML, like Gecko) Chrome/139.0.7258.127 Mobile Safari/537.36 (compatible; Googlebot/2.1; +http://www.google.com/bot.html)"
216.73.216.23 - - [27/Sep/2025:06:58:52 +0000] "GET /2897859?path=%2Fvar%2Fwww%2Fvhosts%2Faceitunaslosada.com%2Fweb%2Fwp-content%2Fplugins%2Fw3-total-cache%2Flib%2FMinify%2FHTTP HTTP/1.0" 200 6931 "-" "Mozilla/5.0 AppleWebKit/537.36 (KHTML, like Gecko; compatible; ClaudeBot/1.0; +claudebot@anthropic.com)"
52.202.233.37 - - [27/Sep/2025:06:58:53 +0000] "GET /producto/gordal-sin-hueso-piripiri/?path=/var/www/vhosts/aceitunaslosada.com/web/copia/wp-content/plugins/w3-total-cache/lib/Azure/GuzzleHttp/Exception HTTP/1.0" 200 7207 "-" "Mozilla/5.0 AppleWebKit/537.36 (KHTML, like Gecko; compatible; Amazonbot/0.1; +https://developer.amazon.com/support/amazonbot) Chrome/119.0.6045.214 Safari/537.36"
20.171.207.119 - - [27/Sep/2025:06:58:53 +0000] "GET /item/u103/41717/ HTTP/1.0" 200 8575 "-" "Mozilla/5.0 AppleWebKit/537.36 (KHTML, like Gecko; compatible; GPTBot/1.2; +https://openai.com/gptbot)"
216.73.216.23 - - [27/Sep/2025:06:58:53 +0000] "GET /2897859?path=%2Fvar%2Fwww%2Fvhosts%2Faceitunaslosada.com%2Fweb%2Fwp-content%2Fplugins%2Fwp-mail-logging%2Fsrc%2FRenderer%2FColumn HTTP/1.0" 200 7168 "-" "Mozilla/5.0 AppleWebKit/537.36 (KHTML, like Gecko; compatible; ClaudeBot/1.0; +claudebot@anthropic.com)"
66.249.79.137 - - [27/Sep/2025:06:58:53 +0000] "GET /category/7488_7489/1/listing HTTP/1.0" 200 24198 "-" "Mozilla/5.0 (Linux; Android 6.0.1; Nexus 5X Build/MMB29P) AppleWebKit/537.36 (KHTML, like Gecko) Chrome/139.0.7258.127 Mobile Safari/537.36 (compatible; GoogleOther)"
216.73.216.23 - - [27/Sep/2025:06:58:54 +0000] "GET /2897859?path=%2Fvar%2Fwww%2Fvhosts%2Faceitunaslosada.com%2Fweb%2Fwp-content%2Fplugins%2Fwp-file-manager%2Flib%2Fjs%2Fworker HTTP/1.0" 200 6882 "-" "Mozilla/5.0 AppleWebKit/537.36 (KHTML, like Gecko; compatible; ClaudeBot/1.0; +claudebot@anthropic.com)"
216.73.216.23 - - [27/Sep/2025:06:58:55 +0000] "GET /2897859?fileloc=%2Fvar%2Fwww%2Fvhosts%2Faceitunaslosada.com%2Fweb%2Fwp-content%2Fplugins%2Fw3-total-cache%2Flib%2FYuiCssMin%2FUtils.php&path=%2Fvar%2Fwww%2Fvhosts%2Faceitunaslosada.com%2Fweb%2Fwp-content%2Fplugins%2Fw3-total-cache%2Flib%2FYuiCssMin HTTP/1.0" 200 7591 "-" "Mozilla/5.0 AppleWebKit/537.36 (KHTML, like Gecko; compatible; ClaudeBot/1.0; +claudebot@anthropic.com)"
66.249.79.136 - - [27/Sep/2025:06:58:55 +0000] "GET /2120819684?items=2118111886 HTTP/1.0" 200 23164 "-" "Mozilla/5.0 (Linux; Android 6.0.1; Nexus 5X Build/MMB29P) AppleWebKit/537.36 (KHTML, like Gecko) Chrome/139.0.7258.127 Mobile Safari/537.36 (compatible; Googlebot/2.1; +http://www.google.com/bot.html)"
20.171.207.44 - - [27/Sep/2025:06:58:55 +0000] "GET /1116882975?path=/var HTTP/1.0" 200 6374 "-" "Mozilla/5.0 AppleWebKit/537.36 (KHTML, like Gecko; compatible; GPTBot/1.2; +https://openai.com/gptbot)"
216.73.216.23 - - [27/Sep/2025:06:58:55 +0000] "GET /2897859?fileloc=%2Fvar%2Fwww%2Fvhosts%2Faceitunaslosada.com%2Fweb%2Fwp-content%2Fplugins%2Fw3-total-cache%2Flib%2FAzure%2Floader.php&path=%2Fvar%2Fwww%2Fvhosts%2Faceitunaslosada.com%2Fweb%2Fwp-content%2Fplugins%2Fw3-total-cache%2Flib%2FAzure HTTP/1.0" 200 6854 "-" "Mozilla/5.0 AppleWebKit/537.36 (KHTML, like Gecko; compatible; ClaudeBot/1.0; +claudebot@anthropic.com)"
216.73.216.23 - - [27/Sep/2025:06:58:55 +0000] "GET /2897859?fileloc=%2Fvar%2Fwww%2Fvhosts%2Faceitunaslosada.com%2Fweb%2Fwp-content%2Fplugins%2Fwp-file-manager%2Flib%2Fcss%2Fcommands.css&path=%2Fvar%2Fwww%2Fvhosts%2Faceitunaslosada.com%2Fweb%2Fwp-content%2Fplugins%2Fwp-file-manager%2Flib%2Fcss HTTP/1.0" 200 9854 "-" "Mozilla/5.0 AppleWebKit/537.36 (KHTML, like Gecko; compatible; ClaudeBot/1.0; +claudebot@anthropic.com)"
216.73.216.23 - - [27/Sep/2025:06:58:56 +0000] "GET /2897859?fileloc=%2Fvar%2Fwww%2Fvhosts%2Faceitunaslosada.com%2Fweb%2Fwp-content%2Fplugins%2Fw3-total-cache%2Flib%2FYuiCssMin%2FCommand.php&path=%2Fvar%2Fwww%2Fvhosts%2Faceitunaslosada.com%2Fweb%2Fwp-content%2Fplugins%2Fw3-total-cache%2Flib%2FYuiCssMin HTTP/1.0" 200 8162 "-" "Mozilla/5.0 AppleWebKit/537.36 (KHTML, like Gecko; compatible; ClaudeBot/1.0; +claudebot@anthropic.com)"
66.249.79.1 - - [27/Sep/2025:06:58:57 +0000] "GET /64169201?items=0064088030 HTTP/1.0" 200 25450 "-" "Mozilla/5.0 (Linux; Android 6.0.1; Nexus 5X Build/MMB29P) AppleWebKit/537.36 (KHTML, like Gecko) Chrome/139.0.7258.127 Mobile Safari/537.36 (compatible; Googlebot/2.1; +http://www.google.com/bot.html)"
216.73.216.23 - - [27/Sep/2025:06:58:57 +0000] "GET /2897859?path=%2Fvar%2Fwww%2Fvhosts%2Faceitunaslosada.com%2Fweb%2Fwp-content%2Fplugins%2Fwp-file-manager%2Flib%2Fjs%2Fextras HTTP/1.0" 200 6987 "-" "Mozilla/5.0 AppleWebKit/537.36 (KHTML, like Gecko; compatible; ClaudeBot/1.0; +claudebot@anthropic.com)"
114.119.159.17 - - [27/Sep/2025:06:58:57 +0000] "GET /expose010043083.html HTTP/1.0" 200 8573 "https://aceitunaslosada.com/?sitemap536.xml" "Mozilla/5.0 (Linux; Android 7.0;) AppleWebKit/537.36 (KHTML, like Gecko) Mobile Safari/537.36 (compatible; PetalBot;+https://webmaster.petalsearch.com/site/petalbot)"
216.73.216.23 - - [27/Sep/2025:06:58:57 +0000] "GET /2897859?path=%2Fvar%2Fwww%2Fvhosts%2Faceitunaslosada.com%2Fweb%2Fwp-content%2Fplugins%2Fwp-mail-logging%2Fsrc%2FRenderer%2FFormat HTTP/1.0" 200 7153 "-" "Mozilla/5.0 AppleWebKit/537.36 (KHTML, like Gecko; compatible; ClaudeBot/1.0; +claudebot@anthropic.com)"
20.171.207.119 - - [27/Sep/2025:06:58:58 +0000] "GET /item/u241/36161/ HTTP/1.0" 200 8573 "-" "Mozilla/5.0 AppleWebKit/537.36 (KHTML, like Gecko; compatible; GPTBot/1.2; +https://openai.com/gptbot)"
66.249.79.137 - - [27/Sep/2025:06:58:58 +0000] "GET /55227861?items=0055158110 HTTP/1.0" 200 24921 "-" "Mozilla/5.0 (compatible; Googlebot/2.1; +http://www.google.com/bot.html)"
216.73.216.23 - - [27/Sep/2025:06:58:58 +0000] "GET /2897859?path=%2Fvar%2Fwww%2Fvhosts%2Faceitunaslosada.com%2Fweb%2Fwp-content%2Fplugins%2Fwp-file-manager%2Flib%2Fphp%2Fplugins HTTP/1.0" 200 6910 "-" "Mozilla/5.0 AppleWebKit/537.36 (KHTML, like Gecko; compatible; ClaudeBot/1.0; +claudebot@anthropic.com)"
216.73.216.23 - - [27/Sep/2025:06:58:59 +0000] "GET /2897859?fileloc=%2Fvar%2Fwww%2Fvhosts%2Faceitunaslosada.com%2Fweb%2Fwp-content%2Fplugins%2Fwp-mail-logging%2Flib%2Flity%2Flity.min.js&path=%2Fvar%2Fwww%2Fvhosts%2Faceitunaslosada.com%2Fweb%2Fwp-content%2Fplugins%2Fwp-mail-logging%2Flib%2Flity HTTP/1.0" 200 9429 "-" "Mozilla/5.0 AppleWebKit/537.36 (KHTML, like Gecko; compatible; ClaudeBot/1.0; +claudebot@anthropic.com)"
44.208.223.68 - - [27/Sep/2025:06:58:59 +0000] "GET /nuestros-proyectos/?path=/var/www/vhosts/aceitunaslosada.com/web/wp-content/plugins/w3-total-cache/vendor/aws/aws-sdk-php/src/data/fms/2018-01-01 HTTP/1.0" 200 6934 "-" "Mozilla/5.0 AppleWebKit/537.36 (KHTML, like Gecko; compatible; Amazonbot/0.1; +https://developer.amazon.com/support/amazonbot) Chrome/119.0.6045.214 Safari/537.36"
216.73.216.23 - - [27/Sep/2025:06:58:59 +0000] "GET /2897859?fileloc=%2Fvar%2Fwww%2Fvhosts%2Faceitunaslosada.com%2Fweb%2Fwp-content%2Fplugins%2Fw3-total-cache%2Flib%2FCSSTidy%2Fdata.inc.php&path=%2Fvar%2Fwww%2Fvhosts%2Faceitunaslosada.com%2Fweb%2Fwp-content%2Fplugins%2Fw3-total-cache%2Flib%2FCSSTidy HTTP/1.0" 200 12283 "-" "Mozilla/5.0 AppleWebKit/537.36 (KHTML, like Gecko; compatible; ClaudeBot/1.0; +claudebot@anthropic.com)"
20.171.207.44 - - [27/Sep/2025:06:58:59 +0000] "GET /1117043996?path=/var HTTP/1.0" 200 6375 "-" "Mozilla/5.0 AppleWebKit/537.36 (KHTML, like Gecko; compatible; GPTBot/1.2; +https://openai.com/gptbot)"
66.249.79.1 - - [27/Sep/2025:06:58:59 +0000] "GET /18948855?items=0018925438 HTTP/1.0" 200 22628 "-" "Mozilla/5.0 (Linux; Android 6.0.1; Nexus 5X Build/MMB29P) AppleWebKit/537.36 (KHTML, like Gecko) Chrome/139.0.7258.127 Mobile Safari/537.36 (compatible; Googlebot/2.1; +http://www.google.com/bot.html)"
216.73.216.23 - - [27/Sep/2025:06:58:59 +0000] "GET /2897859?path=%2Fvar%2Fwww%2Fvhosts%2Faceitunaslosada.com%2Fweb%2Fwp-content%2Fplugins%2Fwp-file-manager%2Flib%2Fjs%2Fproxy HTTP/1.0" 200 6791 "-" "Mozilla/5.0 AppleWebKit/537.36 (KHTML, like Gecko; compatible; ClaudeBot/1.0; +claudebot@anthropic.com)"
216.73.216.23 - - [27/Sep/2025:06:59:00 +0000] "GET /2897859?path=%2Fvar%2Fwww%2Fvhosts%2Faceitunaslosada.com%2Fweb%2Fwp-content%2Fplugins%2Fwp-mail-logging%2Fsrc%2FRenderer%2FException HTTP/1.0" 200 6850 "-" "Mozilla/5.0 AppleWebKit/537.36 (KHTML, like Gecko; compatible; ClaudeBot/1.0; +claudebot@anthropic.com)"
82.223.111.37 - - [27/Sep/2025:06:57:04 +0000] "GET /wp-admin/css/css/css/index.php?ARRAY=7o2230223n313735383935393832342p2231223n22687474703n5p2s5p2s7n7335363476313373752r616p746s742r696r6o5p2s3s6p633q7068705s636s64655s6n6326743q313735383935363232342q3566333439393839316265633532386231313537663435386535353661373234222p2232223n223231316364646265626236383766653935356664326665373335323935383536222p2233223n226230376262633334336536623734656638363437613834613434343538353437222p226175746s5s66696p655s6r616q65223n6r756p6p2p226175746s5s70617373223n6r756p6p2p2262696r675s70617373223n2231372q34372q35382q36322q37312q38382q3136227q HTTP/1.0" 504 3843 "-" "-"
66.249.79.137 - - [27/Sep/2025:06:59:01 +0000] "POST /get-message-notify HTTP/1.0" 200 22749 "https://www.aceitunaslosada.com/2120819684?items=2118111886" "Mozilla/5.0 (Linux; Android 6.0.1; Nexus 5X Build/MMB29P) AppleWebKit/537.36 (KHTML, like Gecko) Chrome/139.0.7258.127 Mobile Safari/537.36 (compatible; Googlebot/2.1; +http://www.google.com/bot.html)"
216.73.216.23 - - [27/Sep/2025:06:59:01 +0000] "GET /2897859?fileloc=%2Fvar%2Fwww%2Fvhosts%2Faceitunaslosada.com%2Fweb%2Fwp-content%2Fplugins%2Fw3-total-cache%2Flib%2FOAuth%2FW3tcOAuth.php&path=%2Fvar%2Fwww%2Fvhosts%2Faceitunaslosada.com%2Fweb%2Fwp-content%2Fplugins%2Fw3-total-cache%2Flib%2FOAuth HTTP/1.0" 200 12397 "-" "Mozilla/5.0 AppleWebKit/537.36 (KHTML, like Gecko; compatible; ClaudeBot/1.0; +claudebot@anthropic.com)"
216.73.216.23 - - [27/Sep/2025:06:59:02 +0000] "GET /2897859?fileloc=%2Fvar%2Fwww%2Fvhosts%2Faceitunaslosada.com%2Fweb%2Fwp-content%2Fplugins%2Fw3-total-cache%2Flib%2FMinify%2FMinify.php&path=%2Fvar%2Fwww%2Fvhosts%2Faceitunaslosada.com%2Fweb%2Fwp-content%2Fplugins%2Fw3-total-cache%2Flib%2FMinify HTTP/1.0" 200 13647 "-" "Mozilla/5.0 AppleWebKit/537.36 (KHTML, like Gecko; compatible; ClaudeBot/1.0; +claudebot@anthropic.com)"
20.171.207.119 - - [27/Sep/2025:06:59:02 +0000] "GET /item/u149/24971/ HTTP/1.0" 200 8572 "-" "Mozilla/5.0 AppleWebKit/537.36 (KHTML, like Gecko; compatible; GPTBot/1.2; +https://openai.com/gptbot)"
54.152.163.42 - - [27/Sep/2025:06:59:03 +0000] "GET /producto/aceituna-cornicabra-natural-2/?path=/var/www/vhosts/aceitunaslosada.com/web/wp-content/cache/db/options/f90/d4e HTTP/1.0" 200 6785 "-" "Mozilla/5.0 AppleWebKit/537.36 (KHTML, like Gecko; compatible; Amazonbot/0.1; +https://developer.amazon.com/support/amazonbot) Chrome/119.0.6045.214 Safari/537.36"
216.73.216.23 - - [27/Sep/2025:06:59:02 +0000] "GET /2897859?fileloc=%2Fvar%2Fwww%2Fvhosts%2Faceitunaslosada.com%2Fweb%2Fwp-content%2Fplugins%2Fw3-total-cache%2Flib%2FMinify%2FJSMin.php&path=%2Fvar%2Fwww%2Fvhosts%2Faceitunaslosada.com%2Fweb%2Fwp-content%2Fplugins%2Fw3-total-cache%2Flib%2FMinify HTTP/1.0" 200 10743 "-" "Mozilla/5.0 AppleWebKit/537.36 (KHTML, like Gecko; compatible; ClaudeBot/1.0; +claudebot@anthropic.com)"
66.249.79.137 - - [27/Sep/2025:06:59:03 +0000] "GET /607392667?items=0606617726 HTTP/1.0" 200 24068 "-" "Mozilla/5.0 (Linux; Android 6.0.1; Nexus 5X Build/MMB29P) AppleWebKit/537.36 (KHTML, like Gecko) Chrome/139.0.7258.127 Mobile Safari/537.36 (compatible; Googlebot/2.1; +http://www.google.com/bot.html)"
216.73.216.23 - - [27/Sep/2025:06:59:03 +0000] "GET /2897859?path=%2Fvar%2Fwww%2Fvhosts%2Faceitunaslosada.com%2Fweb%2Fwp-content%2Fplugins%2Fduplicate-post%2Fsrc%2Fadmin%2Fviews HTTP/1.0" 200 6832 "-" "Mozilla/5.0 AppleWebKit/537.36 (KHTML, like Gecko; compatible; ClaudeBot/1.0; +claudebot@anthropic.com)"
