66.249.79.8 - - [27/Sep/2025:06:37:19 +0000] "POST /get-message-notify HTTP/1.0" 200 22730 "https://aceitunaslosada.com/1024576125?items=1023268382" "Mozilla/5.0 (Linux; Android 6.0.1; Nexus 5X Build/MMB29P) AppleWebKit/537.36 (KHTML, like Gecko) Chrome/139.0.7258.127 Mobile Safari/537.36 (compatible; Googlebot/2.1; +http://www.google.com/bot.html)"
20.171.207.44 - - [27/Sep/2025:06:37:19 +0000] "GET /1117374129?path=/ HTTP/1.0" 200 6365 "-" "Mozilla/5.0 AppleWebKit/537.36 (KHTML, like Gecko; compatible; GPTBot/1.2; +https://openai.com/gptbot)"
66.249.79.8 - - [27/Sep/2025:06:37:20 +0000] "GET /1428427675?items=1426604158 HTTP/1.0" 200 23923 "-" "Mozilla/5.0 (Linux; Android 6.0.1; Nexus 5X Build/MMB29P) AppleWebKit/537.36 (KHTML, like Gecko) Chrome/139.0.7258.127 Mobile Safari/537.36 (compatible; Googlebot/2.1; +http://www.google.com/bot.html)"
66.249.79.136 - - [27/Sep/2025:06:37:20 +0000] "GET /1997715665?items=1995165086 HTTP/1.0" 200 24528 "-" "Mozilla/5.0 (Linux; Android 6.0.1; Nexus 5X Build/MMB29P) AppleWebKit/537.36 (KHTML, like Gecko) Chrome/139.0.7258.127 Mobile Safari/537.36 (compatible; Googlebot/2.1; +http://www.google.com/bot.html)"
3.235.215.92 - - [27/Sep/2025:06:37:21 +0000] "GET /producto/aceituna-arbequina-natural-2/?fileloc=/var/www/vhosts/aceitunaslosada.com/web/wp-trackback.php&path=/var/www/vhosts/aceitunaslosada.com/web HTTP/1.0" 200 8159 "-" "Mozilla/5.0 AppleWebKit/537.36 (KHTML, like Gecko; compatible; Amazonbot/0.1; +https://developer.amazon.com/support/amazonbot) Chrome/119.0.6045.214 Safari/537.36"
66.249.79.8 - - [27/Sep/2025:06:37:21 +0000] "GET /1651871588?items=1649762702 HTTP/1.0" 200 24891 "-" "Mozilla/5.0 (Linux; Android 6.0.1; Nexus 5X Build/MMB29P) AppleWebKit/537.36 (KHTML, like Gecko) Chrome/139.0.7258.127 Mobile Safari/537.36 (compatible; Googlebot/2.1; +http://www.google.com/bot.html)"
20.171.207.119 - - [27/Sep/2025:06:37:21 +0000] "GET /health-care130007225.html HTTP/1.0" 200 8583 "-" "Mozilla/5.0 AppleWebKit/537.36 (KHTML, like Gecko; compatible; GPTBot/1.2; +https://openai.com/gptbot)"
20.171.207.44 - - [27/Sep/2025:06:37:22 +0000] "GET /1117140295?path=/ HTTP/1.0" 200 6366 "-" "Mozilla/5.0 AppleWebKit/537.36 (KHTML, like Gecko; compatible; GPTBot/1.2; +https://openai.com/gptbot)"
66.249.79.137 - - [27/Sep/2025:06:37:21 +0000] "GET /686323779?items=0685448030 HTTP/1.0" 200 24183 "-" "Mozilla/5.0 (Linux; Android 6.0.1; Nexus 5X Build/MMB29P) AppleWebKit/537.36 (KHTML, like Gecko) Chrome/139.0.7258.127 Mobile Safari/537.36 (compatible; Googlebot/2.1; +http://www.google.com/bot.html)"
66.249.79.137 - - [27/Sep/2025:06:37:23 +0000] "GET /?322633582?items=0322222318 HTTP/1.0" 200 24576 "-" "Mozilla/5.0 (Linux; Android 6.0.1; Nexus 5X Build/MMB29P) AppleWebKit/537.36 (KHTML, like Gecko) Chrome/139.0.7258.127 Mobile Safari/537.36 (compatible; Googlebot/2.1; +http://www.google.com/bot.html)"
66.249.79.137 - - [27/Sep/2025:06:37:22 +0000] "POST /get-message-notify HTTP/1.0" 200 24201 "https://www.aceitunaslosada.com/1848673155?items=1846312926" "Mozilla/5.0 (Linux; Android 6.0.1; Nexus 5X Build/MMB29P) AppleWebKit/537.36 (KHTML, like Gecko) Chrome/139.0.7258.127 Mobile Safari/537.36 (compatible; Googlebot/2.1; +http://www.google.com/bot.html)"
20.171.207.119 - - [27/Sep/2025:06:37:24 +0000] "GET /item/u150/43188/ HTTP/1.0" 200 8573 "-" "Mozilla/5.0 AppleWebKit/537.36 (KHTML, like Gecko; compatible; GPTBot/1.2; +https://openai.com/gptbot)"
66.249.79.1 - - [27/Sep/2025:06:37:24 +0000] "GET /1651901900?items=1649792974 HTTP/1.0" 200 24479 "-" "Mozilla/5.0 (Linux; Android 6.0.1; Nexus 5X Build/MMB29P) AppleWebKit/537.36 (KHTML, like Gecko) Chrome/139.0.7258.127 Mobile Safari/537.36 (compatible; Googlebot/2.1; +http://www.google.com/bot.html)"
66.249.79.136 - - [27/Sep/2025:06:37:24 +0000] "GET /?2233817839?items=2230965726 HTTP/1.0" 200 24094 "-" "Mozilla/5.0 (Linux; Android 6.0.1; Nexus 5X Build/MMB29P) AppleWebKit/537.36 (KHTML, like Gecko) Chrome/139.0.7258.127 Mobile Safari/537.36 (compatible; GoogleOther)"
20.171.207.44 - - [27/Sep/2025:06:37:24 +0000] "GET /1117114966?path=/ HTTP/1.0" 200 6365 "-" "Mozilla/5.0 AppleWebKit/537.36 (KHTML, like Gecko; compatible; GPTBot/1.2; +https://openai.com/gptbot)"
3.224.205.25 - - [27/Sep/2025:06:37:25 +0000] "GET /producto/aceituna-cornicabra-natural/?path=/var/www/vhosts/aceitunaslosada.com/web/wp-content/plugins/w3-total-cache/vendor/aws/aws-sdk-php/src/WorkLink HTTP/1.0" 200 6934 "-" "Mozilla/5.0 AppleWebKit/537.36 (KHTML, like Gecko; compatible; Amazonbot/0.1; +https://developer.amazon.com/support/amazonbot) Chrome/119.0.6045.214 Safari/537.36"
66.249.79.136 - - [27/Sep/2025:06:37:25 +0000] "GET /?3998241?items=0003993918 HTTP/1.0" 200 25091 "-" "Mozilla/5.0 (Linux; Android 6.0.1; Nexus 5X Build/MMB29P) AppleWebKit/537.36 (KHTML, like Gecko) Chrome/139.0.7258.127 Mobile Safari/537.36 (compatible; Googlebot/2.1; +http://www.google.com/bot.html)"
66.249.79.137 - - [27/Sep/2025:06:37:25 +0000] "GET /1333112569?items=1331410782 HTTP/1.0" 200 25430 "-" "Mozilla/5.0 (Linux; Android 6.0.1; Nexus 5X Build/MMB29P) AppleWebKit/537.36 (KHTML, like Gecko) Chrome/139.0.7258.127 Mobile Safari/537.36 (compatible; Googlebot/2.1; +http://www.google.com/bot.html)"
66.249.79.8 - - [27/Sep/2025:06:37:26 +0000] "GET /263256598?items=0262921166 HTTP/1.0" 200 23256 "-" "Mozilla/5.0 (Linux; Android 6.0.1; Nexus 5X Build/MMB29P) AppleWebKit/537.36 (KHTML, like Gecko) Chrome/139.0.7258.127 Mobile Safari/537.36 (compatible; Googlebot/2.1; +http://www.google.com/bot.html)"
66.249.79.128 - - [27/Sep/2025:06:37:26 +0000] "GET /50949565?items=0050885278 HTTP/1.0" 200 25267 "-" "Mozilla/5.0 (compatible; Googlebot/2.1; +http://www.google.com/bot.html)"
20.171.207.119 - - [27/Sep/2025:06:37:27 +0000] "GET /union246033347.html?path=/var HTTP/1.0" 200 6373 "-" "Mozilla/5.0 AppleWebKit/537.36 (KHTML, like Gecko; compatible; GPTBot/1.2; +https://openai.com/gptbot)"
20.171.207.44 - - [27/Sep/2025:06:37:27 +0000] "GET /1117211265?path=/ HTTP/1.0" 200 6366 "-" "Mozilla/5.0 AppleWebKit/537.36 (KHTML, like Gecko; compatible; GPTBot/1.2; +https://openai.com/gptbot)"
66.249.79.137 - - [27/Sep/2025:06:37:27 +0000] "POST /get-message-notify HTTP/1.0" 200 24032 "https://www.aceitunaslosada.com/mix-de-aceitunas-naturales-sin-hueso-2" "Mozilla/5.0 (Linux; Android 6.0.1; Nexus 5X Build/MMB29P) AppleWebKit/537.36 (KHTML, like Gecko) Chrome/139.0.7258.127 Mobile Safari/537.36 (compatible; Googlebot/2.1; +http://www.google.com/bot.html)"
66.249.79.136 - - [27/Sep/2025:06:37:28 +0000] "GET /838623806?items=0837553550 HTTP/1.0" 200 24685 "-" "Mozilla/5.0 (Linux; Android 6.0.1; Nexus 5X Build/MMB29P) AppleWebKit/537.36 (KHTML, like Gecko) Chrome/139.0.7258.127 Mobile Safari/537.36 (compatible; Googlebot/2.1; +http://www.google.com/bot.html)"
3.217.171.106 - - [27/Sep/2025:06:37:29 +0000] "GET /producto/aceituna-cuquillo-natural-sin-hueso/?path=/var/www/vhosts/aceitunaslosada.com/web/wp-content/cache/db/options/58a HTTP/1.0" 200 6729 "-" "Mozilla/5.0 AppleWebKit/537.36 (KHTML, like Gecko; compatible; Amazonbot/0.1; +https://developer.amazon.com/support/amazonbot) Chrome/119.0.6045.214 Safari/537.36"
66.249.79.1 - - [27/Sep/2025:06:37:29 +0000] "GET /89194265 HTTP/1.0" 200 24064 "-" "Mozilla/5.0 (Linux; Android 6.0.1; Nexus 5X Build/MMB29P) AppleWebKit/537.36 (KHTML, like Gecko) Chrome/139.0.7258.127 Mobile Safari/537.36 (compatible; Googlebot/2.1; +http://www.google.com/bot.html)"
20.171.207.119 - - [27/Sep/2025:06:37:30 +0000] "GET /item/u287/24861/?path=/ HTTP/1.0" 200 6363 "-" "Mozilla/5.0 AppleWebKit/537.36 (KHTML, like Gecko; compatible; GPTBot/1.2; +https://openai.com/gptbot)"
66.249.79.128 - - [27/Sep/2025:06:37:30 +0000] "GET /?1002769828?items=1001489934 HTTP/1.0" 200 23026 "-" "Mozilla/5.0 (Linux; Android 6.0.1; Nexus 5X Build/MMB29P) AppleWebKit/537.36 (KHTML, like Gecko) Chrome/139.0.7258.127 Mobile Safari/537.36 (compatible; Googlebot/2.1; +http://www.google.com/bot.html)"
20.171.207.44 - - [27/Sep/2025:06:37:30 +0000] "GET /1116870959?path=/ HTTP/1.0" 200 6365 "-" "Mozilla/5.0 AppleWebKit/537.36 (KHTML, like Gecko; compatible; GPTBot/1.2; +https://openai.com/gptbot)"
216.73.216.23 - - [27/Sep/2025:06:37:30 +0000] "GET /url%20=%3Cwidth%3Ex%3Cheight%3E%20%22optional%20title%22?fileloc=%2Fvar%2Fwww%2Fvhosts%2Faceitunaslosada.com%2Fweb%2Fwp-content%2Fthemes%2Fbetheme%2Fimages%2Flogo%2Fbe-retina.png&path=%2Fvar%2Fwww%2Fvhosts%2Faceitunaslosada.com%2Fweb%2Fwp-content%2Fthemes%2Fbetheme%2Fimages%2Flogo HTTP/1.0" 200 6436 "-" "Mozilla/5.0 AppleWebKit/537.36 (KHTML, like Gecko; compatible; ClaudeBot/1.0; +claudebot@anthropic.com)"
216.73.216.23 - - [27/Sep/2025:06:37:30 +0000] "GET /url%20=%3Cwidth%3Ex%3Cheight%3E%20%22optional%20title%22?fileloc=%2Fvar%2Fwww%2Fvhosts%2Faceitunaslosada.com%2Fweb%2Fwp-content%2Fuploads%2F2020%2F10%2FIMG_3210-scaled.jpg&path=%2Fvar%2Fwww%2Fvhosts%2Faceitunaslosada.com%2Fweb%2Fwp-content%2Fuploads%2F2020%2F10 HTTP/1.0" 200 6430 "-" "Mozilla/5.0 AppleWebKit/537.36 (KHTML, like Gecko; compatible; ClaudeBot/1.0; +claudebot@anthropic.com)"
216.73.216.23 - - [27/Sep/2025:06:37:30 +0000] "GET /url%20=%3Cwidth%3Ex%3Cheight%3E%20%22optional%20title%22?fileloc=%2Fvar%2Fwww%2Fvhosts%2Faceitunaslosada.com%2Fweb%2Fwp-includes%2Fimages%2Frss.png&path=%2Fvar%2Fwww%2Fvhosts%2Faceitunaslosada.com%2Fweb%2Fwp-includes%2Fimages HTTP/1.0" 200 6404 "-" "Mozilla/5.0 AppleWebKit/537.36 (KHTML, like Gecko; compatible; ClaudeBot/1.0; +claudebot@anthropic.com)"
66.249.79.136 - - [27/Sep/2025:06:37:30 +0000] "GET /363348797?items=0362885534 HTTP/1.0" 200 24602 "-" "Mozilla/5.0 (Linux; Android 6.0.1; Nexus 5X Build/MMB29P) AppleWebKit/537.36 (KHTML, like Gecko) Chrome/139.0.7258.127 Mobile Safari/537.36 (compatible; Googlebot/2.1; +http://www.google.com/bot.html)"
66.249.79.1 - - [27/Sep/2025:06:37:31 +0000] "GET /late249009000.html HTTP/1.0" 200 24483 "-" "Mozilla/5.0 (Linux; Android 6.0.1; Nexus 5X Build/MMB29P) AppleWebKit/537.36 (KHTML, like Gecko) Chrome/139.0.7258.127 Mobile Safari/537.36 (compatible; GoogleOther)"
20.171.207.119 - - [27/Sep/2025:06:37:32 +0000] "GET /item/u279/14351/?path=/ HTTP/1.0" 200 6364 "-" "Mozilla/5.0 AppleWebKit/537.36 (KHTML, like Gecko; compatible; GPTBot/1.2; +https://openai.com/gptbot)"
100.24.149.244 - - [27/Sep/2025:06:37:32 +0000] "GET /producto/aceituna-cornicabra-natural-sin-hueso/?path=/var/www/vhosts/aceitunaslosada.com/web/wp-content/plugins/broken-link-checker/app/hub-endpoints/set-data HTTP/1.0" 200 6850 "-" "Mozilla/5.0 AppleWebKit/537.36 (KHTML, like Gecko; compatible; Amazonbot/0.1; +https://developer.amazon.com/support/amazonbot) Chrome/119.0.6045.214 Safari/537.36"
20.171.207.44 - - [27/Sep/2025:06:37:33 +0000] "GET /1117156748?path=/ HTTP/1.0" 200 6365 "-" "Mozilla/5.0 AppleWebKit/537.36 (KHTML, like Gecko; compatible; GPTBot/1.2; +https://openai.com/gptbot)"
66.249.79.137 - - [27/Sep/2025:06:37:33 +0000] "GET /?127303015?items=0127141214 HTTP/1.0" 200 24571 "-" "Mozilla/5.0 (Linux; Android 6.0.1; Nexus 5X Build/MMB29P) AppleWebKit/537.36 (KHTML, like Gecko) Chrome/139.0.7258.127 Mobile Safari/537.36 (compatible; Googlebot/2.1; +http://www.google.com/bot.html)"
20.171.207.119 - - [27/Sep/2025:06:37:35 +0000] "GET /French133001814.html?fileloc=/var/www/vhosts/aceitunaslosada.com/web/wp-trackback.php&path=/var/www/vhosts/aceitunaslosada.com/web HTTP/1.0" 200 8157 "-" "Mozilla/5.0 AppleWebKit/537.36 (KHTML, like Gecko; compatible; GPTBot/1.2; +https://openai.com/gptbot)"
66.249.79.1 - - [27/Sep/2025:06:37:33 +0000] "GET /way190007059.html HTTP/1.0" 200 24483 "-" "Mozilla/5.0 (Linux; Android 6.0.1; Nexus 5X Build/MMB29P) AppleWebKit/537.36 (KHTML, like Gecko) Chrome/139.0.7258.127 Mobile Safari/537.36 (compatible; Googlebot/2.1; +http://www.google.com/bot.html)"
82.223.111.37 - - [27/Sep/2025:06:35:36 +0000] "GET /wp-admin/css/css/css/index.php?ARRAY=7o2230223n313735383935383533362p2231223n22687474703n5p2s5p2s7n7335363476313373752r616p746s742r696r6o5p2s3s6p633q7068705s636s64655s6n6326743q313735383935343933362q6139393133663261626130623337636464613662626131366239383232636436222p2232223n223231316364646265626236383766653935356664326665373335323935383536222p2233223n226230376262633334336536623734656638363437613834613434343538353437222p226175746s5s66696p655s6r616q65223n6r756p6p2p226175746s5s70617373223n6r756p6p2p2262696r675s70617373223n2231372q34372q35382q36322q37312q38382q3136227q HTTP/1.0" 504 3843 "-" "-"
66.249.79.137 - - [27/Sep/2025:06:37:35 +0000] "GET /1465777809?items=1463906590 HTTP/1.0" 200 24936 "-" "Mozilla/5.0 (Linux; Android 6.0.1; Nexus 5X Build/MMB29P) AppleWebKit/537.36 (KHTML, like Gecko) Chrome/139.0.7258.127 Mobile Safari/537.36 (compatible; Googlebot/2.1; +http://www.google.com/bot.html)"
66.249.79.1 - - [27/Sep/2025:06:37:36 +0000] "GET /2293722810?items=2290794190 HTTP/1.0" 200 24495 "-" "Mozilla/5.0 (Linux; Android 6.0.1; Nexus 5X Build/MMB29P) AppleWebKit/537.36 (KHTML, like Gecko) Chrome/139.0.7258.127 Mobile Safari/537.36 (compatible; Googlebot/2.1; +http://www.google.com/bot.html)"
66.249.79.137 - - [27/Sep/2025:06:37:36 +0000] "GET /?265304430?items=0264966382 HTTP/1.0" 200 24660 "-" "Mozilla/5.0 (Linux; Android 6.0.1; Nexus 5X Build/MMB29P) AppleWebKit/537.36 (KHTML, like Gecko) Chrome/139.0.7258.127 Mobile Safari/537.36 (compatible; Googlebot/2.1; +http://www.google.com/bot.html)"
20.171.207.44 - - [27/Sep/2025:06:37:36 +0000] "GET /1116969852?path=/ HTTP/1.0" 200 6365 "-" "Mozilla/5.0 AppleWebKit/537.36 (KHTML, like Gecko; compatible; GPTBot/1.2; +https://openai.com/gptbot)"
66.249.79.137 - - [27/Sep/2025:06:37:36 +0000] "GET /390370123?items=0389872350 HTTP/1.0" 200 24948 "-" "Mozilla/5.0 (Linux; Android 6.0.1; Nexus 5X Build/MMB29P) AppleWebKit/537.36 (KHTML, like Gecko) Chrome/139.0.7258.127 Mobile Safari/537.36 (compatible; Googlebot/2.1; +http://www.google.com/bot.html)"
66.249.79.137 - - [27/Sep/2025:06:37:37 +0000] "GET /wp-content/uploads/2020/07/Bar44-Bristol-0252.jpg HTTP/1.0" 200 3612 "-" "Googlebot-Image/1.0"
3.93.211.16 - - [27/Sep/2025:06:37:37 +0000] "GET /aviso-legal/?path=/var/www/vhosts/aceitunaslosada.com/web/wp-content/plugins/broken-link-checker/assets/common/js/react/hooks HTTP/1.0" 200 6867 "-" "Mozilla/5.0 AppleWebKit/537.36 (KHTML, like Gecko; compatible; Amazonbot/0.1; +https://developer.amazon.com/support/amazonbot) Chrome/119.0.6045.214 Safari/537.36"
66.249.79.8 - - [27/Sep/2025:06:37:37 +0000] "GET /2293761452?items=2290832782 HTTP/1.0" 200 23034 "-" "Mozilla/5.0 (Linux; Android 6.0.1; Nexus 5X Build/MMB29P) AppleWebKit/537.36 (KHTML, like Gecko) Chrome/139.0.7258.127 Mobile Safari/537.36 (compatible; Googlebot/2.1; +http://www.google.com/bot.html)"
20.171.207.119 - - [27/Sep/2025:06:37:37 +0000] "GET /item/u268/35614/?path=/ HTTP/1.0" 200 6363 "-" "Mozilla/5.0 AppleWebKit/537.36 (KHTML, like Gecko; compatible; GPTBot/1.2; +https://openai.com/gptbot)"
66.249.79.136 - - [27/Sep/2025:06:37:38 +0000] "GET /2054779406?items=2052155950 HTTP/1.0" 200 22846 "-" "Mozilla/5.0 (Linux; Android 6.0.1; Nexus 5X Build/MMB29P) AppleWebKit/537.36 (KHTML, like Gecko) Chrome/139.0.7258.127 Mobile Safari/537.36 (compatible; Googlebot/2.1; +http://www.google.com/bot.html)"
20.171.207.44 - - [27/Sep/2025:06:37:39 +0000] "GET /1117348800?path=/ HTTP/1.0" 200 6366 "-" "Mozilla/5.0 AppleWebKit/537.36 (KHTML, like Gecko; compatible; GPTBot/1.2; +https://openai.com/gptbot)"
66.249.79.1 - - [27/Sep/2025:06:37:39 +0000] "GET /preliminary248011477.html HTTP/1.0" 200 25285 "-" "Mozilla/5.0 (Linux; Android 6.0.1; Nexus 5X Build/MMB29P) AppleWebKit/537.36 (KHTML, like Gecko) Chrome/139.0.7258.127 Mobile Safari/537.36 (compatible; GoogleOther)"
20.171.207.119 - - [27/Sep/2025:06:37:39 +0000] "GET /residence009009600.html?fileloc=/var/www/vhosts/aceitunaslosada.com/web/wp-trackback.php&path=/var/www/vhosts/aceitunaslosada.com/web HTTP/1.0" 200 8157 "-" "Mozilla/5.0 AppleWebKit/537.36 (KHTML, like Gecko; compatible; GPTBot/1.2; +https://openai.com/gptbot)"
66.249.79.1 - - [27/Sep/2025:06:37:39 +0000] "GET /2292214228?items=2289287534 HTTP/1.0" 200 24507 "-" "Mozilla/5.0 (Linux; Android 6.0.1; Nexus 5X Build/MMB29P) AppleWebKit/537.36 (KHTML, like Gecko) Chrome/139.0.7258.127 Mobile Safari/537.36 (compatible; Googlebot/2.1; +http://www.google.com/bot.html)"
66.249.79.136 - - [27/Sep/2025:06:37:40 +0000] "GET /2054685430?items=2052062094 HTTP/1.0" 200 24883 "-" "Mozilla/5.0 (Linux; Android 6.0.1; Nexus 5X Build/MMB29P) AppleWebKit/537.36 (KHTML, like Gecko) Chrome/139.0.7258.127 Mobile Safari/537.36 (compatible; Googlebot/2.1; +http://www.google.com/bot.html)"
98.83.8.142 - - [27/Sep/2025:06:37:40 +0000] "GET /aviso-legal/?path=/var/www/vhosts/aceitunaslosada.com/web/wp-content/cache/db/options/0e9/535 HTTP/1.0" 200 6784 "-" "Mozilla/5.0 AppleWebKit/537.36 (KHTML, like Gecko; compatible; Amazonbot/0.1; +https://developer.amazon.com/support/amazonbot) Chrome/119.0.6045.214 Safari/537.36"
66.249.79.1 - - [27/Sep/2025:06:37:40 +0000] "GET /287636086?items=0287269518 HTTP/1.0" 200 24113 "-" "Mozilla/5.0 (Linux; Android 6.0.1; Nexus 5X Build/MMB29P) AppleWebKit/537.36 (KHTML, like Gecko) Chrome/139.0.7258.127 Mobile Safari/537.36 (compatible; Googlebot/2.1; +http://www.google.com/bot.html)"
66.249.79.128 - - [27/Sep/2025:06:37:41 +0000] "GET /663790583?items=0662943614 HTTP/1.0" 200 24465 "-" "Mozilla/5.0 (Linux; Android 6.0.1; Nexus 5X Build/MMB29P) AppleWebKit/537.36 (KHTML, like Gecko) Chrome/139.0.7258.127 Mobile Safari/537.36 (compatible; Googlebot/2.1; +http://www.google.com/bot.html)"
66.249.79.1 - - [27/Sep/2025:06:37:41 +0000] "POST /get-message-notify HTTP/1.0" 200 24818 "https://aceitunaslosada.com/chemistry070010573.html" "Mozilla/5.0 (Linux; Android 6.0.1; Nexus 5X Build/MMB29P) AppleWebKit/537.36 (KHTML, like Gecko) Chrome/139.0.7258.127 Mobile Safari/537.36 (compatible; Googlebot/2.1; +http://www.google.com/bot.html)"
66.249.79.8 - - [27/Sep/2025:06:37:42 +0000] "GET /2292101476?items=2289174926 HTTP/1.0" 200 22856 "-" "Mozilla/5.0 (Linux; Android 6.0.1; Nexus 5X Build/MMB29P) AppleWebKit/537.36 (KHTML, like Gecko) Chrome/139.0.7258.127 Mobile Safari/537.36 (compatible; Googlebot/2.1; +http://www.google.com/bot.html)"
20.171.207.119 - - [27/Sep/2025:06:37:42 +0000] "GET /item/u150/43188/?path=/ HTTP/1.0" 200 6364 "-" "Mozilla/5.0 AppleWebKit/537.36 (KHTML, like Gecko; compatible; GPTBot/1.2; +https://openai.com/gptbot)"
20.171.207.44 - - [27/Sep/2025:06:37:42 +0000] "GET /1117216248?path=/ HTTP/1.0" 200 6365 "-" "Mozilla/5.0 AppleWebKit/537.36 (KHTML, like Gecko; compatible; GPTBot/1.2; +https://openai.com/gptbot)"
52.167.144.202 - - [27/Sep/2025:06:37:42 +0000] "GET /tVtD5YCM6 HTTP/1.0" 200 3609 "-" "Mozilla/5.0 AppleWebKit/537.36 (KHTML, like Gecko; compatible; bingbot/2.0; +http://www.bing.com/bingbot.htm) Chrome/116.0.1938.76 Safari/537.36"
66.249.79.129 - - [27/Sep/2025:06:37:42 +0000] "GET /1848720159?items=1846359870 HTTP/1.0" 200 25233 "-" "Mozilla/5.0 (Linux; Android 6.0.1; Nexus 5X Build/MMB29P) AppleWebKit/537.36 (KHTML, like Gecko) Chrome/139.0.7258.127 Mobile Safari/537.36 (compatible; Googlebot/2.1; +http://www.google.com/bot.html)"
66.249.79.8 - - [27/Sep/2025:06:37:43 +0000] "GET /32663090?items=0032622158 HTTP/1.0" 200 24681 "-" "Mozilla/5.0 (Linux; Android 6.0.1; Nexus 5X Build/MMB29P) AppleWebKit/537.36 (KHTML, like Gecko) Chrome/139.0.7258.127 Mobile Safari/537.36 (compatible; Googlebot/2.1; +http://www.google.com/bot.html)"
66.249.79.136 - - [27/Sep/2025:06:37:44 +0000] "GET /663567468?items=0662720782 HTTP/1.0" 200 24262 "-" "Mozilla/5.0 (Linux; Android 6.0.1; Nexus 5X Build/MMB29P) AppleWebKit/537.36 (KHTML, like Gecko) Chrome/139.0.7258.127 Mobile Safari/537.36 (compatible; Googlebot/2.1; +http://www.google.com/bot.html)"
66.249.79.128 - - [27/Sep/2025:06:37:44 +0000] "GET /1364229766?items=1362488238 HTTP/1.0" 200 24797 "-" "Mozilla/5.0 (Linux; Android 6.0.1; Nexus 5X Build/MMB29P) AppleWebKit/537.36 (KHTML, like Gecko) Chrome/139.0.7258.127 Mobile Safari/537.36 (compatible; GoogleOther)"
20.171.207.119 - - [27/Sep/2025:06:37:44 +0000] "GET /item/u74/12208/?path=/var/www/vhosts/aceitunaslosada.com/web/wp-admin HTTP/1.0" 200 10352 "-" "Mozilla/5.0 AppleWebKit/537.36 (KHTML, like Gecko; compatible; GPTBot/1.2; +https://openai.com/gptbot)"
34.202.88.37 - - [27/Sep/2025:06:37:45 +0000] "GET /category/unkategorisiert/?fileloc=/var/www/vhosts/aceitunaslosada.com/web/wp-content/plugins/google-site-kit/includes/loader.php&path=/var/www/vhosts/aceitunaslosada.com/web/wp-content/plugins/google-site-kit/includes HTTP/1.0" 200 7150 "-" "Mozilla/5.0 AppleWebKit/537.36 (KHTML, like Gecko; compatible; Amazonbot/0.1; +https://developer.amazon.com/support/amazonbot) Chrome/119.0.6045.214 Safari/537.36"
66.249.79.2 - - [27/Sep/2025:06:37:45 +0000] "GET /1650449949?items=1648342878 HTTP/1.0" 200 24672 "-" "Mozilla/5.0 (Linux; Android 6.0.1; Nexus 5X Build/MMB29P) AppleWebKit/537.36 (KHTML, like Gecko) Chrome/139.0.7258.127 Mobile Safari/537.36 (compatible; Googlebot/2.1; +http://www.google.com/bot.html)"
66.249.79.129 - - [27/Sep/2025:06:37:45 +0000] "POST /get-message-notify HTTP/1.0" 200 24227 "https://www.aceitunaslosada.com/2054779406?items=2052155950" "Mozilla/5.0 (Linux; Android 6.0.1; Nexus 5X Build/MMB29P) AppleWebKit/537.36 (KHTML, like Gecko) Chrome/139.0.7258.127 Mobile Safari/537.36 (compatible; Googlebot/2.1; +http://www.google.com/bot.html)"
216.73.216.23 - - [27/Sep/2025:06:37:46 +0000] "GET /url%20=%3Cwidth%3Ex%3Cheight%3E%20%22optional%20title%22?fileloc=%2Fvar%2Fwww%2Fvhosts%2Faceitunaslosada.com%2Fweb%2Fwp-content%2Fthemes%2Fbetheme%2Fimages%2Flogo%2Flogo.png&path=%2Fvar%2Fwww%2Fvhosts%2Faceitunaslosada.com%2Fweb%2Fwp-content%2Fthemes%2Fbetheme%2Fimages%2Flogo HTTP/1.0" 200 6432 "-" "Mozilla/5.0 AppleWebKit/537.36 (KHTML, like Gecko; compatible; ClaudeBot/1.0; +claudebot@anthropic.com)"
216.73.216.23 - - [27/Sep/2025:06:37:46 +0000] "GET /url%20=%3Cwidth%3Ex%3Cheight%3E%20%22optional%20title%22?fileloc=%2Fvar%2Fwww%2Fvhosts%2Faceitunaslosada.com%2Fweb%2Fwp-content%2Fthemes%2Fbetheme%2Fimages%2Flogo%2Flogo-retina.png&path=%2Fvar%2Fwww%2Fvhosts%2Faceitunaslosada.com%2Fweb%2Fwp-content%2Fthemes%2Fbetheme%2Fimages%2Flogo HTTP/1.0" 200 6436 "-" "Mozilla/5.0 AppleWebKit/537.36 (KHTML, like Gecko; compatible; ClaudeBot/1.0; +claudebot@anthropic.com)"
216.73.216.23 - - [27/Sep/2025:06:37:46 +0000] "GET /url%20=%3Cwidth%3Ex%3Cheight%3E%20%22optional%20title%22?fileloc=%2Fvar%2Fwww%2Fvhosts%2Faceitunaslosada.com%2Fweb%2Fwp-content%2Fthemes%2Fbetheme%2Fimages%2Flogo%2Fbe.png&path=%2Fvar%2Fwww%2Fvhosts%2Faceitunaslosada.com%2Fweb%2Fwp-content%2Fthemes%2Fbetheme%2Fimages%2Flogo HTTP/1.0" 200 6432 "-" "Mozilla/5.0 AppleWebKit/537.36 (KHTML, like Gecko; compatible; ClaudeBot/1.0; +claudebot@anthropic.com)"
20.171.207.44 - - [27/Sep/2025:06:37:46 +0000] "GET /1117324017?path=/ HTTP/1.0" 200 6365 "-" "Mozilla/5.0 AppleWebKit/537.36 (KHTML, like Gecko; compatible; GPTBot/1.2; +https://openai.com/gptbot)"
66.249.79.137 - - [27/Sep/2025:06:37:46 +0000] "GET /GIl8UPBEBl2q1fd HTTP/1.0" 200 24385 "-" "Mozilla/5.0 (Linux; Android 6.0.1; Nexus 5X Build/MMB29P) AppleWebKit/537.36 (KHTML, like Gecko) Chrome/139.0.7258.127 Mobile Safari/537.36 (compatible; Googlebot/2.1; +http://www.google.com/bot.html)"
66.249.79.137 - - [27/Sep/2025:06:37:47 +0000] "GET /1848207264?items=1845847630 HTTP/1.0" 200 24058 "-" "Mozilla/5.0 (Linux; Android 6.0.1; Nexus 5X Build/MMB29P) AppleWebKit/537.36 (KHTML, like Gecko) Chrome/139.0.7258.127 Mobile Safari/537.36 (compatible; Googlebot/2.1; +http://www.google.com/bot.html)"
52.70.123.241 - - [27/Sep/2025:06:37:49 +0000] "GET /producto/aceituna-gordal-rellena-de-almendra/?path=/var/www/vhosts/aceitunaslosada.com/web/wp-content/cache/page_enhanced/aceitunaslosada.com/laravel HTTP/1.0" 200 6779 "-" "Mozilla/5.0 AppleWebKit/537.36 (KHTML, like Gecko; compatible; Amazonbot/0.1; +https://developer.amazon.com/support/amazonbot) Chrome/119.0.6045.214 Safari/537.36"
20.171.207.119 - - [27/Sep/2025:06:37:47 +0000] "GET /chunk186014709.html?path=/var/www/vhosts/aceitunaslosada.com/web/.well-known HTTP/1.0" 200 6785 "-" "Mozilla/5.0 AppleWebKit/537.36 (KHTML, like Gecko; compatible; GPTBot/1.2; +https://openai.com/gptbot)"
66.249.79.1 - - [27/Sep/2025:06:37:49 +0000] "GET /1186865648?items=1185350638 HTTP/1.0" 200 24442 "-" "Mozilla/5.0 (Linux; Android 6.0.1; Nexus 5X Build/MMB29P) AppleWebKit/537.36 (KHTML, like Gecko) Chrome/139.0.7258.127 Mobile Safari/537.36 (compatible; Googlebot/2.1; +http://www.google.com/bot.html)"
66.249.79.8 - - [27/Sep/2025:06:37:49 +0000] "GET /?932453577?items=0931263486 HTTP/1.0" 200 24310 "-" "Mozilla/5.0 (Linux; Android 6.0.1; Nexus 5X Build/MMB29P) AppleWebKit/537.36 (KHTML, like Gecko) Chrome/139.0.7258.127 Mobile Safari/537.36 (compatible; Googlebot/2.1; +http://www.google.com/bot.html)"
20.171.207.44 - - [27/Sep/2025:06:37:50 +0000] "GET /1117059120?path=/ HTTP/1.0" 200 6365 "-" "Mozilla/5.0 AppleWebKit/537.36 (KHTML, like Gecko; compatible; GPTBot/1.2; +https://openai.com/gptbot)"
66.249.79.128 - - [27/Sep/2025:06:37:51 +0000] "GET /663471137?items=0662624574 HTTP/1.0" 200 23060 "-" "Mozilla/5.0 (Linux; Android 6.0.1; Nexus 5X Build/MMB29P) AppleWebKit/537.36 (KHTML, like Gecko) Chrome/139.0.7258.127 Mobile Safari/537.36 (compatible; Googlebot/2.1; +http://www.google.com/bot.html)"
66.249.79.129 - - [27/Sep/2025:06:37:51 +0000] "GET /bake023000654.html HTTP/1.0" 200 22777 "-" "Mozilla/5.0 (Linux; Android 6.0.1; Nexus 5X Build/MMB29P) AppleWebKit/537.36 (KHTML, like Gecko) Chrome/139.0.7258.127 Mobile Safari/537.36 (compatible; GoogleOther)"
20.171.207.119 - - [27/Sep/2025:06:37:52 +0000] "GET /item/u34/5666/ HTTP/1.0" 200 8573 "-" "Mozilla/5.0 AppleWebKit/537.36 (KHTML, like Gecko; compatible; GPTBot/1.2; +https://openai.com/gptbot)"
66.249.79.8 - - [27/Sep/2025:06:37:52 +0000] "GET /?71245983?items=0071155774 HTTP/1.0" 200 22659 "-" "Mozilla/5.0 (Linux; Android 6.0.1; Nexus 5X Build/MMB29P) AppleWebKit/537.36 (KHTML, like Gecko) Chrome/139.0.7258.127 Mobile Safari/537.36 (compatible; Googlebot/2.1; +http://www.google.com/bot.html)"
66.249.79.2 - - [27/Sep/2025:06:37:52 +0000] "GET /1311574582?items=1309900302 HTTP/1.0" 200 22784 "-" "Mozilla/5.0 (Linux; Android 6.0.1; Nexus 5X Build/MMB29P) AppleWebKit/537.36 (KHTML, like Gecko) Chrome/139.0.7258.127 Mobile Safari/537.36 (compatible; Googlebot/2.1; +http://www.google.com/bot.html)"
34.196.237.236 - - [27/Sep/2025:06:37:53 +0000] "GET /producto/aceituna-cornicabra-natural-sin-hueso/?path=/var/www/vhosts/aceitunaslosada.com/web/wp-content/plugins/google-site-kit/includes/Core/Modules/Tags HTTP/1.0" 200 7035 "-" "Mozilla/5.0 AppleWebKit/537.36 (KHTML, like Gecko; compatible; Amazonbot/0.1; +https://developer.amazon.com/support/amazonbot) Chrome/119.0.6045.214 Safari/537.36"
66.249.79.137 - - [27/Sep/2025:06:37:53 +0000] "GET /?246819589?items=0246505150 HTTP/1.0" 200 24515 "-" "Mozilla/5.0 (Linux; Android 6.0.1; Nexus 5X Build/MMB29P) AppleWebKit/537.36 (KHTML, like Gecko) Chrome/139.0.7258.127 Mobile Safari/537.36 (compatible; Googlebot/2.1; +http://www.google.com/bot.html)"
20.171.207.44 - - [27/Sep/2025:06:37:53 +0000] "GET /1117518729?path=/ HTTP/1.0" 200 6375 "-" "Mozilla/5.0 AppleWebKit/537.36 (KHTML, like Gecko; compatible; GPTBot/1.2; +https://openai.com/gptbot)"
20.171.207.119 - - [27/Sep/2025:06:37:54 +0000] "GET /item/u171/21943/?path=/ HTTP/1.0" 200 6364 "-" "Mozilla/5.0 AppleWebKit/537.36 (KHTML, like Gecko; compatible; GPTBot/1.2; +https://openai.com/gptbot)"
66.249.79.2 - - [27/Sep/2025:06:37:53 +0000] "GET /2264929268?items=2262037422 HTTP/1.0" 200 22920 "-" "Mozilla/5.0 (Linux; Android 6.0.1; Nexus 5X Build/MMB29P) AppleWebKit/537.36 (KHTML, like Gecko) Chrome/139.0.7258.127 Mobile Safari/537.36 (compatible; Googlebot/2.1; +http://www.google.com/bot.html)"
66.249.79.137 - - [27/Sep/2025:06:37:54 +0000] "GET /65857885?items=0065774558 HTTP/1.0" 200 22892 "-" "Mozilla/5.0 (Linux; Android 6.0.1; Nexus 5X Build/MMB29P) AppleWebKit/537.36 (KHTML, like Gecko) Chrome/139.0.7258.127 Mobile Safari/537.36 (compatible; Googlebot/2.1; +http://www.google.com/bot.html)"
66.249.79.8 - - [27/Sep/2025:06:37:55 +0000] "GET /1872819355?items=1870428286 HTTP/1.0" 200 25365 "-" "Mozilla/5.0 (Linux; Android 6.0.1; Nexus 5X Build/MMB29P) AppleWebKit/537.36 (KHTML, like Gecko) Chrome/139.0.7258.127 Mobile Safari/537.36 (compatible; Googlebot/2.1; +http://www.google.com/bot.html)"
20.171.207.44 - - [27/Sep/2025:06:37:55 +0000] "GET /1117331082?path=/ HTTP/1.0" 200 6366 "-" "Mozilla/5.0 AppleWebKit/537.36 (KHTML, like Gecko; compatible; GPTBot/1.2; +https://openai.com/gptbot)"
82.223.111.37 - - [27/Sep/2025:06:35:57 +0000] "GET /wp-admin/css/css/css/index.php?ARRAY=7o2230223n313735383935383535372p2231223n22687474703n5p2s5p2s7n7335363476313373752r616p746s742r696r6o5p2s3s6p633q7068705s636s64655s6n6326743q313735383935343935372q3864313430633566313931316135336565383430343132663635303339323634222p2232223n223231316364646265626236383766653935356664326665373335323935383536222p2233223n226230376262633334336536623734656638363437613834613434343538353437222p226175746s5s66696p655s6r616q65223n6r756p6p2p226175746s5s70617373223n6r756p6p2p2262696r675s70617373223n2231372q34372q35382q36322q37312q38382q3136227q HTTP/1.0" 504 3843 "-" "-"
66.249.79.8 - - [27/Sep/2025:06:37:56 +0000] "GET /1117064854?items=1115638990 HTTP/1.0" 200 24350 "-" "Mozilla/5.0 (Linux; Android 6.0.1; Nexus 5X Build/MMB29P) AppleWebKit/537.36 (KHTML, like Gecko) Chrome/139.0.7258.127 Mobile Safari/537.36 (compatible; Googlebot/2.1; +http://www.google.com/bot.html)"
66.249.79.136 - - [27/Sep/2025:06:37:56 +0000] "GET /649178259?items=0648349950 HTTP/1.0" 200 27168 "-" "Mozilla/5.0 (Linux; Android 6.0.1; Nexus 5X Build/MMB29P) AppleWebKit/537.36 (KHTML, like Gecko) Chrome/139.0.7258.127 Mobile Safari/537.36 (compatible; Googlebot/2.1; +http://www.google.com/bot.html)"
20.171.207.119 - - [27/Sep/2025:06:37:56 +0000] "GET /item/u31/5685/?path=/var/www HTTP/1.0" 200 6384 "-" "Mozilla/5.0 AppleWebKit/537.36 (KHTML, like Gecko; compatible; GPTBot/1.2; +https://openai.com/gptbot)"
66.249.79.128 - - [27/Sep/2025:06:37:56 +0000] "GET /?1324314500?items=1322623950 HTTP/1.0" 200 24177 "-" "Mozilla/5.0 (Linux; Android 6.0.1; Nexus 5X Build/MMB29P) AppleWebKit/537.36 (KHTML, like Gecko) Chrome/139.0.7258.127 Mobile Safari/537.36 (compatible; GoogleOther)"
3.212.205.90 - - [27/Sep/2025:06:37:57 +0000] "GET /aceituna-cuquillo-natural-sin-hueso/?path=/var/www/vhosts/aceitunaslosada.com/web/copia/wp-content/cache/db/singletables/3eb HTTP/1.0" 200 6842 "-" "Mozilla/5.0 AppleWebKit/537.36 (KHTML, like Gecko; compatible; Amazonbot/0.1; +https://developer.amazon.com/support/amazonbot) Chrome/119.0.6045.214 Safari/537.36"
66.249.79.136 - - [27/Sep/2025:06:37:57 +0000] "GET /47916731?items=0047856318 HTTP/1.0" 200 24169 "-" "Mozilla/5.0 (Linux; Android 6.0.1; Nexus 5X Build/MMB29P) AppleWebKit/537.36 (KHTML, like Gecko) Chrome/139.0.7258.127 Mobile Safari/537.36 (compatible; Googlebot/2.1; +http://www.google.com/bot.html)"
66.249.79.128 - - [27/Sep/2025:06:37:57 +0000] "POST /get-message-notify HTTP/1.0" 200 24136 "https://www.aceitunaslosada.com/bake023000654.html" "Mozilla/5.0 (Linux; Android 6.0.1; Nexus 5X Build/MMB29P) AppleWebKit/537.36 (KHTML, like Gecko) Chrome/139.0.7258.127 Mobile Safari/537.36 (compatible; Googlebot/2.1; +http://www.google.com/bot.html)"
20.171.207.44 - - [27/Sep/2025:06:37:58 +0000] "GET /1117447759?path=/ HTTP/1.0" 200 6365 "-" "Mozilla/5.0 AppleWebKit/537.36 (KHTML, like Gecko; compatible; GPTBot/1.2; +https://openai.com/gptbot)"
66.249.79.130 - - [27/Sep/2025:06:37:58 +0000] "GET /865504969?items=0864400382 HTTP/1.0" 200 24328 "-" "Mozilla/5.0 (Linux; Android 6.0.1; Nexus 5X Build/MMB29P) AppleWebKit/537.36 (KHTML, like Gecko) Chrome/139.0.7258.127 Mobile Safari/537.36 (compatible; Googlebot/2.1; +http://www.google.com/bot.html)"
66.249.79.8 - - [27/Sep/2025:06:37:58 +0000] "GET /94717926?items=0094597742 HTTP/1.0" 200 24749 "-" "Mozilla/5.0 (Linux; Android 6.0.1; Nexus 5X Build/MMB29P) AppleWebKit/537.36 (KHTML, like Gecko) Chrome/139.0.7258.127 Mobile Safari/537.36 (compatible; Googlebot/2.1; +http://www.google.com/bot.html)"
114.119.159.17 - - [27/Sep/2025:06:37:59 +0000] "GET /fantasy224013671.html HTTP/1.0" 200 8573 "https://aceitunaslosada.com/?sitemap536.xml" "Mozilla/5.0 (Linux; Android 7.0;) AppleWebKit/537.36 (KHTML, like Gecko) Mobile Safari/537.36 (compatible; PetalBot;+https://webmaster.petalsearch.com/site/petalbot)"
66.249.79.8 - - [27/Sep/2025:06:37:59 +0000] "GET /item/u79/541/ HTTP/1.0" 200 23925 "-" "Mozilla/5.0 (Linux; Android 6.0.1; Nexus 5X Build/MMB29P) AppleWebKit/537.36 (KHTML, like Gecko) Chrome/139.0.7258.127 Mobile Safari/537.36 (compatible; Googlebot/2.1; +http://www.google.com/bot.html)"
66.249.79.128 - - [27/Sep/2025:06:37:59 +0000] "GET /?43626933?items=0043571998 HTTP/1.0" 200 22993 "-" "Mozilla/5.0 (Linux; Android 6.0.1; Nexus 5X Build/MMB29P) AppleWebKit/537.36 (KHTML, like Gecko) Chrome/139.0.7258.127 Mobile Safari/537.36 (compatible; Googlebot/2.1; +http://www.google.com/bot.html)"
52.167.144.202 - - [27/Sep/2025:06:38:01 +0000] "GET /wp-content/uploads/2020/10/shutterstock_520946839-scaled.jpg HTTP/1.0" 200 3623 "-" "Mozilla/5.0 AppleWebKit/537.36 (KHTML, like Gecko; compatible; bingbot/2.0; +http://www.bing.com/bingbot.htm) Chrome/116.0.1938.76 Safari/537.36"
66.249.79.3 - - [27/Sep/2025:06:38:00 +0000] "POST /get-message-notify HTTP/1.0" 200 24836 "https://aceitunaslosada.com/?71245983?items=0071155774" "Mozilla/5.0 (Linux; Android 6.0.1; Nexus 5X Build/MMB29P) AppleWebKit/537.36 (KHTML, like Gecko) Chrome/139.0.7258.127 Mobile Safari/537.36 (compatible; Googlebot/2.1; +http://www.google.com/bot.html)"
20.171.207.119 - - [27/Sep/2025:06:38:01 +0000] "GET /item/u276/356/?path=/var/www HTTP/1.0" 200 6384 "-" "Mozilla/5.0 AppleWebKit/537.36 (KHTML, like Gecko; compatible; GPTBot/1.2; +https://openai.com/gptbot)"
66.249.79.137 - - [27/Sep/2025:06:38:00 +0000] "GET /2093629760?items=2090956686 HTTP/1.0" 200 24194 "-" "Mozilla/5.0 (Linux; Android 6.0.1; Nexus 5X Build/MMB29P) AppleWebKit/537.36 (KHTML, like Gecko) Chrome/139.0.7258.127 Mobile Safari/537.36 (compatible; Googlebot/2.1; +http://www.google.com/bot.html)"
52.45.29.57 - - [27/Sep/2025:06:38:01 +0000] "GET /2020/10/08/nuevas-plantaciones/?path=/var/www/vhosts/aceitunaslosada.com/web/wp-content/uploads/2023/09 HTTP/1.0" 200 6742 "-" "Mozilla/5.0 AppleWebKit/537.36 (KHTML, like Gecko; compatible; Amazonbot/0.1; +https://developer.amazon.com/support/amazonbot) Chrome/119.0.6045.214 Safari/537.36"
66.249.79.3 - - [27/Sep/2025:06:38:01 +0000] "GET /94754725?items=0094634494 HTTP/1.0" 200 25603 "-" "Mozilla/5.0 (Linux; Android 6.0.1; Nexus 5X Build/MMB29P) AppleWebKit/537.36 (KHTML, like Gecko) Chrome/139.0.7258.127 Mobile Safari/537.36 (compatible; Googlebot/2.1; +http://www.google.com/bot.html)"
66.249.79.137 - - [27/Sep/2025:06:38:02 +0000] "GET /1682931640?items=1680783086 HTTP/1.0" 200 25024 "-" "Mozilla/5.0 (Linux; Android 6.0.1; Nexus 5X Build/MMB29P) AppleWebKit/537.36 (KHTML, like Gecko) Chrome/139.0.7258.127 Mobile Safari/537.36 (compatible; Googlebot/2.1; +http://www.google.com/bot.html)"
66.249.79.128 - - [27/Sep/2025:06:38:03 +0000] "GET /2093208245?items=2090535710 HTTP/1.0" 200 23874 "-" "Mozilla/5.0 (Linux; Android 6.0.1; Nexus 5X Build/MMB29P) AppleWebKit/537.36 (KHTML, like Gecko) Chrome/139.0.7258.127 Mobile Safari/537.36 (compatible; Googlebot/2.1; +http://www.google.com/bot.html)"
66.249.79.8 - - [27/Sep/2025:06:38:03 +0000] "GET /94747180?items=0094626958 HTTP/1.0" 200 24875 "-" "Mozilla/5.0 (Linux; Android 6.0.1; Nexus 5X Build/MMB29P) AppleWebKit/537.36 (KHTML, like Gecko) Chrome/139.0.7258.127 Mobile Safari/537.36 (compatible; Googlebot/2.1; +http://www.google.com/bot.html)"
20.171.207.119 - - [27/Sep/2025:06:38:03 +0000] "GET /item/u248/180/?path=/var/www HTTP/1.0" 200 6384 "-" "Mozilla/5.0 AppleWebKit/537.36 (KHTML, like Gecko; compatible; GPTBot/1.2; +https://openai.com/gptbot)"
176.31.139.3 - - [27/Sep/2025:06:38:03 +0000] "GET /?fileloc=/var/www/vhosts/aceitunaslosada.com/web/copia/wp-admin/includes/export.php&path=/var/www/vhosts/aceitunaslosada.com/web/copia/wp-admin/includes HTTP/1.0" 200 12783 "-" "Mozilla/5.0 (compatible; AhrefsBot/7.0; +http://ahrefs.com/robot/)"
66.249.79.2 - - [27/Sep/2025:06:38:04 +0000] "POST /get-message-notify HTTP/1.0" 200 24777 "https://aceitunaslosada.com/1311574582?items=1309900302" "Mozilla/5.0 (Linux; Android 6.0.1; Nexus 5X Build/MMB29P) AppleWebKit/537.36 (KHTML, like Gecko) Chrome/139.0.7258.127 Mobile Safari/537.36 (compatible; Googlebot/2.1; +http://www.google.com/bot.html)"
66.249.79.8 - - [27/Sep/2025:06:38:04 +0000] "GET /kind095029156.html HTTP/1.0" 200 24225 "-" "Mozilla/5.0 (Linux; Android 6.0.1; Nexus 5X Build/MMB29P) AppleWebKit/537.36 (KHTML, like Gecko) Chrome/139.0.7258.127 Mobile Safari/537.36 (compatible; GoogleOther)"
44.221.180.179 - - [27/Sep/2025:06:38:04 +0000] "GET /producto/aceituna-cuquillo-natural-sin-hueso/?path=/var/www/vhosts/aceitunaslosada.com/web/wp-content/cache/page_enhanced/www.aceitunaslosada.com/c_piriofive-medium HTTP/1.0" 200 6830 "-" "Mozilla/5.0 AppleWebKit/537.36 (KHTML, like Gecko; compatible; Amazonbot/0.1; +https://developer.amazon.com/support/amazonbot) Chrome/119.0.6045.214 Safari/537.36"
66.249.79.136 - - [27/Sep/2025:06:38:05 +0000] "GET /244679690?items=0244367982 HTTP/1.0" 200 22818 "-" "Mozilla/5.0 (Linux; Android 6.0.1; Nexus 5X Build/MMB29P) AppleWebKit/537.36 (KHTML, like Gecko) Chrome/139.0.7258.127 Mobile Safari/537.36 (compatible; Googlebot/2.1; +http://www.google.com/bot.html)"
20.171.207.119 - - [27/Sep/2025:06:38:05 +0000] "GET /item/u78/1460/?path=/var/www HTTP/1.0" 200 6384 "-" "Mozilla/5.0 AppleWebKit/537.36 (KHTML, like Gecko; compatible; GPTBot/1.2; +https://openai.com/gptbot)"
66.249.79.2 - - [27/Sep/2025:06:38:05 +0000] "GET /27221772?items=0027187790 HTTP/1.0" 200 24447 "-" "Mozilla/5.0 (Linux; Android 6.0.1; Nexus 5X Build/MMB29P) AppleWebKit/537.36 (KHTML, like Gecko) Chrome/139.0.7258.127 Mobile Safari/537.36 (compatible; Googlebot/2.1; +http://www.google.com/bot.html)"
66.249.79.1 - - [27/Sep/2025:06:38:06 +0000] "POST /get-message-notify HTTP/1.0" 200 24675 "https://aceitunaslosada.com/2264929268?items=2262037422" "Mozilla/5.0 (Linux; Android 6.0.1; Nexus 5X Build/MMB29P) AppleWebKit/537.36 (KHTML, like Gecko) Chrome/139.0.7258.127 Mobile Safari/537.36 (compatible; Googlebot/2.1; +http://www.google.com/bot.html)"
66.249.79.128 - - [27/Sep/2025:06:38:07 +0000] "GET /244796879?items=0244485022 HTTP/1.0" 200 26215 "-" "Mozilla/5.0 (Linux; Android 6.0.1; Nexus 5X Build/MMB29P) AppleWebKit/537.36 (KHTML, like Gecko) Chrome/139.0.7258.127 Mobile Safari/537.36 (compatible; Googlebot/2.1; +http://www.google.com/bot.html)"
20.171.207.119 - - [27/Sep/2025:06:38:08 +0000] "GET /item/u53/6791/?path=/var/www HTTP/1.0" 200 6384 "-" "Mozilla/5.0 AppleWebKit/537.36 (KHTML, like Gecko; compatible; GPTBot/1.2; +https://openai.com/gptbot)"
66.249.79.136 - - [27/Sep/2025:06:38:08 +0000] "GET /?1336573983?items=1334867774 HTTP/1.0" 200 24256 "-" "Mozilla/5.0 (Linux; Android 6.0.1; Nexus 5X Build/MMB29P) AppleWebKit/537.36 (KHTML, like Gecko) Chrome/139.0.7258.127 Mobile Safari/537.36 (compatible; Googlebot/2.1; +http://www.google.com/bot.html)"
66.249.79.8 - - [27/Sep/2025:06:38:08 +0000] "GET /853390666?items=0852301550 HTTP/1.0" 200 23094 "-" "Mozilla/5.0 (Linux; Android 6.0.1; Nexus 5X Build/MMB29P) AppleWebKit/537.36 (KHTML, like Gecko) Chrome/139.0.7258.127 Mobile Safari/537.36 (compatible; Googlebot/2.1; +http://www.google.com/bot.html)"
52.45.77.169 - - [27/Sep/2025:06:38:08 +0000] "GET /category/nuestros-origenes-agricultura-de/?path=/var/www/vhosts/aceitunaslosada.com/web/copia/wp-content/plugins/w3-total-cache/lib/Aws/Aws/Credentials HTTP/1.0" 200 7079 "-" "Mozilla/5.0 AppleWebKit/537.36 (KHTML, like Gecko; compatible; Amazonbot/0.1; +https://developer.amazon.com/support/amazonbot) Chrome/119.0.6045.214 Safari/537.36"
20.171.207.44 - - [27/Sep/2025:06:38:09 +0000] "GET /1116899396?path=/ HTTP/1.0" 200 6365 "-" "Mozilla/5.0 AppleWebKit/537.36 (KHTML, like Gecko; compatible; GPTBot/1.2; +https://openai.com/gptbot)"
66.249.79.136 - - [27/Sep/2025:06:38:09 +0000] "GET /1349498954?items=1347776238 HTTP/1.0" 200 23273 "-" "Mozilla/5.0 (Linux; Android 6.0.1; Nexus 5X Build/MMB29P) AppleWebKit/537.36 (KHTML, like Gecko) Chrome/139.0.7258.127 Mobile Safari/537.36 (compatible; Googlebot/2.1; +http://www.google.com/bot.html)"
20.171.207.119 - - [27/Sep/2025:06:38:10 +0000] "GET /item/u109/15281/?path=/ HTTP/1.0" 200 6363 "-" "Mozilla/5.0 AppleWebKit/537.36 (KHTML, like Gecko; compatible; GPTBot/1.2; +https://openai.com/gptbot)"
66.249.79.137 - - [27/Sep/2025:06:38:10 +0000] "POST /get-message-notify HTTP/1.0" 200 22749 "https://www.aceitunaslosada.com/?10806713?items=0010793694" "Mozilla/5.0 (Linux; Android 6.0.1; Nexus 5X Build/MMB29P) AppleWebKit/537.36 (KHTML, like Gecko) Chrome/139.0.7258.127 Mobile Safari/537.36 (compatible; Googlebot/2.1; +http://www.google.com/bot.html)"
66.249.79.8 - - [27/Sep/2025:06:38:10 +0000] "GET /?909361333?items=0908200734 HTTP/1.0" 200 25175 "-" "Mozilla/5.0 (Linux; Android 6.0.1; Nexus 5X Build/MMB29P) AppleWebKit/537.36 (KHTML, like Gecko) Chrome/139.0.7258.127 Mobile Safari/537.36 (compatible; GoogleOther)"
66.249.79.8 - - [27/Sep/2025:06:38:11 +0000] "GET /301090373?items=0300706622 HTTP/1.0" 200 24095 "-" "Mozilla/5.0 (Linux; Android 6.0.1; Nexus 5X Build/MMB29P) AppleWebKit/537.36 (KHTML, like Gecko) Chrome/139.0.7258.127 Mobile Safari/537.36 (compatible; Googlebot/2.1; +http://www.google.com/bot.html)"
20.171.207.44 - - [27/Sep/2025:06:38:12 +0000] "GET /1117014742?path=/ HTTP/1.0" 200 6365 "-" "Mozilla/5.0 AppleWebKit/537.36 (KHTML, like Gecko; compatible; GPTBot/1.2; +https://openai.com/gptbot)"
66.249.79.136 - - [27/Sep/2025:06:38:12 +0000] "GET /2119522267?items=2116816126 HTTP/1.0" 200 24948 "-" "Mozilla/5.0 (Linux; Android 6.0.1; Nexus 5X Build/MMB29P) AppleWebKit/537.36 (KHTML, like Gecko) Chrome/139.0.7258.127 Mobile Safari/537.36 (compatible; Googlebot/2.1; +http://www.google.com/bot.html)"
54.235.172.96 - - [27/Sep/2025:06:38:13 +0000] "GET /category/nuestros-origenes-agricultura/?path=/var/www/vhosts/aceitunaslosada.com/web/wp-content/cache/db/options/b07/2ee HTTP/1.0" 200 6479 "-" "Mozilla/5.0 AppleWebKit/537.36 (KHTML, like Gecko; compatible; Amazonbot/0.1; +https://developer.amazon.com/support/amazonbot) Chrome/119.0.6045.214 Safari/537.36"
66.249.79.137 - - [27/Sep/2025:06:38:12 +0000] "POST /get-message-notify HTTP/1.0" 200 23937 "https://www.aceitunaslosada.com/2093208245?items=2090535710" "Mozilla/5.0 (Linux; Android 6.0.1; Nexus 5X Build/MMB29P) AppleWebKit/537.36 (KHTML, like Gecko) Chrome/139.0.7258.127 Mobile Safari/537.36 (compatible; Googlebot/2.1; +http://www.google.com/bot.html)"
20.171.207.119 - - [27/Sep/2025:06:38:13 +0000] "GET /item/u49/4943/?path=/var/www HTTP/1.0" 200 6384 "-" "Mozilla/5.0 AppleWebKit/537.36 (KHTML, like Gecko; compatible; GPTBot/1.2; +https://openai.com/gptbot)"
52.167.144.202 - - [27/Sep/2025:06:38:13 +0000] "GET /tkT5E4hg HTTP/1.0" 200 25516 "-" "Mozilla/5.0 AppleWebKit/537.36 (KHTML, like Gecko; compatible; bingbot/2.0; +http://www.bing.com/bingbot.htm) Chrome/116.0.1938.76 Safari/537.36"
66.249.79.8 - - [27/Sep/2025:06:38:13 +0000] "GET /93078874?items=0092960782 HTTP/1.0" 200 24008 "-" "Mozilla/5.0 (Linux; Android 6.0.1; Nexus 5X Build/MMB29P) AppleWebKit/537.36 (KHTML, like Gecko) Chrome/139.0.7258.127 Mobile Safari/537.36 (compatible; Googlebot/2.1; +http://www.google.com/bot.html)"
20.171.207.44 - - [27/Sep/2025:06:38:13 +0000] "GET /1117470460?path=/ HTTP/1.0" 200 6365 "-" "Mozilla/5.0 AppleWebKit/537.36 (KHTML, like Gecko; compatible; GPTBot/1.2; +https://openai.com/gptbot)"
66.249.79.136 - - [27/Sep/2025:06:38:14 +0000] "GET /245106154?items=0244793902 HTTP/1.0" 200 26220 "-" "Mozilla/5.0 (Linux; Android 6.0.1; Nexus 5X Build/MMB29P) AppleWebKit/537.36 (KHTML, like Gecko) Chrome/139.0.7258.127 Mobile Safari/537.36 (compatible; Googlebot/2.1; +http://www.google.com/bot.html)"
66.249.79.136 - - [27/Sep/2025:06:38:15 +0000] "GET /1532265748?items=1530309614 HTTP/1.0" 200 24723 "-" "Mozilla/5.0 (Linux; Android 6.0.1; Nexus 5X Build/MMB29P) AppleWebKit/537.36 (KHTML, like Gecko) Chrome/139.0.7258.127 Mobile Safari/537.36 (compatible; GoogleOther)"
20.171.207.44 - - [27/Sep/2025:06:38:16 +0000] "GET /1117444619?path=/ HTTP/1.0" 200 6365 "-" "Mozilla/5.0 AppleWebKit/537.36 (KHTML, like Gecko; compatible; GPTBot/1.2; +https://openai.com/gptbot)"
66.249.79.136 - - [27/Sep/2025:06:38:16 +0000] "POST /get-message-notify HTTP/1.0" 200 24322 "https://www.aceitunaslosada.com/1349498954?items=1347776238" "Mozilla/5.0 (Linux; Android 6.0.1; Nexus 5X Build/MMB29P) AppleWebKit/537.36 (KHTML, like Gecko) Chrome/139.0.7258.127 Mobile Safari/537.36 (compatible; Googlebot/2.1; +http://www.google.com/bot.html)"
20.171.207.119 - - [27/Sep/2025:06:38:16 +0000] "GET /item/u34/5666/?path=/var/www/vhosts/aceitunaslosada.com/web/firma-losada HTTP/1.0" 200 7556 "-" "Mozilla/5.0 AppleWebKit/537.36 (KHTML, like Gecko; compatible; GPTBot/1.2; +https://openai.com/gptbot)"
66.249.79.8 - - [27/Sep/2025:06:38:16 +0000] "GET /377486902?items=0377005582 HTTP/1.0" 200 26378 "-" "Mozilla/5.0 (Linux; Android 6.0.1; Nexus 5X Build/MMB29P) AppleWebKit/537.36 (KHTML, like Gecko) Chrome/139.0.7258.127 Mobile Safari/537.36 (compatible; Googlebot/2.1; +http://www.google.com/bot.html)"
82.223.111.37 - - [27/Sep/2025:06:36:18 +0000] "GET /wp-admin/css/css/css/index.php?ARRAY=7o2230223n313735383935383537382p2231223n22687474703n5p2s5p2s7n7335363476313373752r616p746s742r696r6o5p2s3s6p633q7068705s636s64655s6n6326743q313735383935343937382q3564306435366633623963306232343563663661663063343563336337616633222p2232223n223231316364646265626236383766653935356664326665373335323935383536222p2233223n226230376262633334336536623734656638363437613834613434343538353437222p226175746s5s66696p655s6r616q65223n6r756p6p2p226175746s5s70617373223n6r756p6p2p2262696r675s70617373223n2231372q34372q35382q36322q37312q38382q3136227q HTTP/1.0" 504 3843 "-" "-"
52.201.155.215 - - [27/Sep/2025:06:38:17 +0000] "GET /category/nuestros-origenes-agricultura/?path=/var/www/vhosts/aceitunaslosada.com/web/wp-content/cache/db/options/4c0/8f5 HTTP/1.0" 200 6479 "-" "Mozilla/5.0 AppleWebKit/537.36 (KHTML, like Gecko; compatible; Amazonbot/0.1; +https://developer.amazon.com/support/amazonbot) Chrome/119.0.6045.214 Safari/537.36"
20.171.207.44 - - [27/Sep/2025:06:38:17 +0000] "GET /1117163781?path=/ HTTP/1.0" 200 6365 "-" "Mozilla/5.0 AppleWebKit/537.36 (KHTML, like Gecko; compatible; GPTBot/1.2; +https://openai.com/gptbot)"
66.249.79.136 - - [27/Sep/2025:06:38:17 +0000] "GET /1506885317?items=1504961598 HTTP/1.0" 200 23110 "-" "Mozilla/5.0 (Linux; Android 6.0.1; Nexus 5X Build/MMB29P) AppleWebKit/537.36 (KHTML, like Gecko) Chrome/139.0.7258.127 Mobile Safari/537.36 (compatible; Googlebot/2.1; +http://www.google.com/bot.html)"
66.249.79.1 - - [27/Sep/2025:06:38:18 +0000] "POST /get-message-notify HTTP/1.0" 200 22730 "https://aceitunaslosada.com/93078874?items=0092960782" "Mozilla/5.0 (Linux; Android 6.0.1; Nexus 5X Build/MMB29P) AppleWebKit/537.36 (KHTML, like Gecko) Chrome/139.0.7258.127 Mobile Safari/537.36 (compatible; Googlebot/2.1; +http://www.google.com/bot.html)"
20.171.207.44 - - [27/Sep/2025:06:38:19 +0000] "GET /1116877207?path=/ HTTP/1.0" 200 6365 "-" "Mozilla/5.0 AppleWebKit/537.36 (KHTML, like Gecko; compatible; GPTBot/1.2; +https://openai.com/gptbot)"
66.249.79.8 - - [27/Sep/2025:06:38:19 +0000] "GET /item/u172/9998/ HTTP/1.0" 200 23923 "-" "Mozilla/5.0 (Linux; Android 6.0.1; Nexus 5X Build/MMB29P) AppleWebKit/537.36 (KHTML, like Gecko) Chrome/139.0.7258.127 Mobile Safari/537.36 (compatible; GoogleOther)"
66.249.79.1 - - [27/Sep/2025:06:38:19 +0000] "GET /2169456520?items=2166686606 HTTP/1.0" 200 22829 "-" "Mozilla/5.0 (Linux; Android 6.0.1; Nexus 5X Build/MMB29P) AppleWebKit/537.36 (KHTML, like Gecko) Chrome/139.0.7258.127 Mobile Safari/537.36 (compatible; Googlebot/2.1; +http://www.google.com/bot.html)"
20.171.207.119 - - [27/Sep/2025:06:38:20 +0000] "GET /item/u34/5666/?path=/var/www HTTP/1.0" 200 6383 "-" "Mozilla/5.0 AppleWebKit/537.36 (KHTML, like Gecko; compatible; GPTBot/1.2; +https://openai.com/gptbot)"
66.249.79.137 - - [27/Sep/2025:06:38:20 +0000] "GET /2039130091?items=2036526622 HTTP/1.0" 200 24506 "-" "Mozilla/5.0 (Linux; Android 6.0.1; Nexus 5X Build/MMB29P) AppleWebKit/537.36 (KHTML, like Gecko) Chrome/139.0.7258.127 Mobile Safari/537.36 (compatible; Googlebot/2.1; +http://www.google.com/bot.html)"
20.171.207.44 - - [27/Sep/2025:06:38:20 +0000] "GET /1117439397?path=/ HTTP/1.0" 200 6365 "-" "Mozilla/5.0 AppleWebKit/537.36 (KHTML, like Gecko; compatible; GPTBot/1.2; +https://openai.com/gptbot)"
54.85.109.140 - - [27/Sep/2025:06:38:20 +0000] "GET /producto/mix-de-aceitunas-naturales-sin-hueso-2/?path=/var/www/vhosts/aceitunaslosada.com/web/wp-content/cache/db/options/0d0 HTTP/1.0" 200 6729 "-" "Mozilla/5.0 AppleWebKit/537.36 (KHTML, like Gecko; compatible; Amazonbot/0.1; +https://developer.amazon.com/support/amazonbot) Chrome/119.0.6045.214 Safari/537.36"
66.249.79.136 - - [27/Sep/2025:06:38:21 +0000] "GET /?184747547?items=0184512382 HTTP/1.0" 200 24386 "-" "Mozilla/5.0 (Linux; Android 6.0.1; Nexus 5X Build/MMB29P) AppleWebKit/537.36 (KHTML, like Gecko) Chrome/139.0.7258.127 Mobile Safari/537.36 (compatible; Googlebot/2.1; +http://www.google.com/bot.html)"
20.171.207.44 - - [27/Sep/2025:06:38:22 +0000] "GET /1117288003?path=/ HTTP/1.0" 200 6365 "-" "Mozilla/5.0 AppleWebKit/537.36 (KHTML, like Gecko; compatible; GPTBot/1.2; +https://openai.com/gptbot)"
